CREATE TABLE `mz0b_amazon_pending_refund` (
  `entity_id` int(10) unsigned NOT NULL AUTO_INCREMENT COMMENT 'Entity_id',
  `refund_id` varchar(255) NOT NULL COMMENT 'Refund_id',
  `created_at` datetime NOT NULL COMMENT 'Created_at',
  `order_id` int(10) unsigned NOT NULL COMMENT 'Order_id',
  `payment_id` int(10) unsigned NOT NULL COMMENT 'Payment_id',
  PRIMARY KEY (`entity_id`),
  UNIQUE KEY `MZ0B_AMAZON_PENDING_REFUND_ORDER_ID_PAYMENT_ID_REFUND_ID` (`order_id`,`payment_id`,`refund_id`)
) ENGINE=InnoDB DEFAULT CHARSET=utf8 COMMENT='mz0b_amazon_pending_refund';
CREATE TABLE `mz0b_amazon_quote` (
  `entity_id` int(10) unsigned NOT NULL AUTO_INCREMENT COMMENT 'Entity ID',
  `quote_id` int(10) unsigned NOT NULL COMMENT 'Quote ID',
  `amazon_order_reference_id` varchar(255) NOT NULL COMMENT 'Amazon Order Reference ID',
  `sandbox_simulation_reference` varchar(255) DEFAULT NULL COMMENT 'Sandbox simulation reference',
  `confirmed` smallint(5) unsigned NOT NULL DEFAULT '0' COMMENT 'Quote confirmed with Amazon',
  PRIMARY KEY (`entity_id`),
  UNIQUE KEY `MZ0B_AMAZON_QUOTE_QUOTE_ID` (`quote_id`)
) ENGINE=InnoDB DEFAULT CHARSET=utf8 COMMENT='amazon_quote';
CREATE TABLE `mz0b_amazon_sales_order` (
  `entity_id` int(10) unsigned NOT NULL AUTO_INCREMENT COMMENT 'Entity ID',
  `order_id` int(10) unsigned NOT NULL COMMENT 'Order ID',
  `amazon_order_reference_id` varchar(255) NOT NULL COMMENT 'Amazon Order Reference ID',
  PRIMARY KEY (`entity_id`),
  UNIQUE KEY `MZ0B_AMAZON_SALES_ORDER_ORDER_ID` (`order_id`)
) ENGINE=InnoDB DEFAULT CHARSET=utf8 COMMENT='amazon_sales_order';
CREATE TABLE `mz0b_authorization_role` (
  `role_id` int(10) unsigned NOT NULL AUTO_INCREMENT COMMENT 'Role ID',
  `parent_id` int(10) unsigned NOT NULL DEFAULT '0' COMMENT 'Parent Role ID',
  `tree_level` smallint(5) unsigned NOT NULL DEFAULT '0' COMMENT 'Role Tree Level',
  `sort_order` smallint(5) unsigned NOT NULL DEFAULT '0' COMMENT 'Role Sort Order',
  `role_type` varchar(1) NOT NULL DEFAULT '0' COMMENT 'Role Type',
  `user_id` int(10) unsigned NOT NULL DEFAULT '0' COMMENT 'User ID',
  `user_type` varchar(16) DEFAULT NULL COMMENT 'User Type',
  `role_name` varchar(50) DEFAULT NULL COMMENT 'Role Name',
  PRIMARY KEY (`role_id`),
  KEY `MZ0B_AUTHORIZATION_ROLE_PARENT_ID_SORT_ORDER` (`parent_id`,`sort_order`),
  KEY `MZ0B_AUTHORIZATION_ROLE_TREE_LEVEL` (`tree_level`)
) ENGINE=InnoDB AUTO_INCREMENT=4 DEFAULT CHARSET=utf8 COMMENT='Admin Role Table';
INSERT INTO `mz0b_authorization_role` VALUES (1,0,1,1,'G',0,'2','Administrators'),(2,1,2,0,'U',1,'2','admin'),(3,0,1,0,'U',1,'1','11');
CREATE TABLE `mz0b_authorization_rule` (
  `rule_id` int(10) unsigned NOT NULL AUTO_INCREMENT COMMENT 'Rule ID',
  `role_id` int(10) unsigned NOT NULL DEFAULT '0' COMMENT 'Role ID',
  `resource_id` varchar(255) DEFAULT NULL COMMENT 'Resource ID',
  `privileges` varchar(20) DEFAULT NULL COMMENT 'Privileges',
  `permission` varchar(10) DEFAULT NULL COMMENT 'Permission',
  PRIMARY KEY (`rule_id`),
  KEY `MZ0B_AUTHORIZATION_RULE_RESOURCE_ID_ROLE_ID` (`resource_id`,`role_id`),
  KEY `MZ0B_AUTHORIZATION_RULE_ROLE_ID_RESOURCE_ID` (`role_id`,`resource_id`)
) ENGINE=InnoDB AUTO_INCREMENT=13052 DEFAULT CHARSET=utf8 COMMENT='Admin Rule Table';
INSERT INTO `mz0b_authorization_rule` VALUES (1,1,'Magento_Backend::all',NULL,'allow'),(12786,3,'Magento_Backend::all',NULL,'deny'),(12787,3,'Magento_Backend::admin',NULL,'allow'),(12788,3,'Magento_Backend::dashboard',NULL,'deny'),(12789,3,'Ebizmarts_MailChimp::main_menu',NULL,'deny'),(12790,3,'Ebizmarts_MailChimp::error_grid',NULL,'deny'),(12791,3,'Ebizmarts_MailChimp::stores_grid',NULL,'deny'),(12792,3,'Ebizmarts_MailChimp::stores_edit',NULL,'deny'),(12793,3,'Magento_Analytics::analytics',NULL,'allow'),(12794,3,'Magento_Analytics::analytics_api',NULL,'allow'),(12795,3,'Magento_Sales::sales',NULL,'deny'),(12796,3,'Magento_Sales::sales_operation',NULL,'deny'),(12797,3,'Magento_Sales::sales_order',NULL,'deny'),(12798,3,'Magento_Sales::actions',NULL,'deny'),(12799,3,'Magento_Sales::create',NULL,'deny'),(12800,3,'Magento_Sales::actions_view',NULL,'deny'),(12801,3,'Magento_Sales::email',NULL,'deny'),(12802,3,'Magento_Sales::reorder',NULL,'deny'),(12803,3,'Magento_Sales::actions_edit',NULL,'deny'),(12804,3,'Magento_Sales::cancel',NULL,'deny'),(12805,3,'Magento_Sales::review_payment',NULL,'deny'),(12806,3,'Magento_Sales::capture',NULL,'deny'),(12807,3,'Magento_Sales::invoice',NULL,'deny'),(12808,3,'Magento_Sales::creditmemo',NULL,'deny'),(12809,3,'Magento_Sales::hold',NULL,'deny'),(12810,3,'Magento_Sales::unhold',NULL,'deny'),(12811,3,'Magento_Sales::ship',NULL,'deny'),(12812,3,'Magento_Sales::comment',NULL,'deny'),(12813,3,'Magento_Sales::emails',NULL,'deny'),(12814,3,'Magento_Paypal::authorization',NULL,'deny'),(12815,3,'Magento_Braintree::get_client_token',NULL,'deny'),(12816,3,'Magento_Sales::sales_invoice',NULL,'deny'),(12817,3,'Magento_Sales::shipment',NULL,'deny'),(12818,3,'Temando_Shipping::dispatches',NULL,'deny'),(12819,3,'Temando_Shipping::pickups',NULL,'deny'),(12820,3,'Temando_Shipping::batches',NULL,'deny'),(12821,3,'Magento_Sales::sales_creditmemo',NULL,'deny'),(12822,3,'Magento_Paypal::billing_agreement',NULL,'deny'),(12823,3,'Magento_Paypal::billing_agreement_actions',NULL,'deny'),(12824,3,'Magento_Paypal::billing_agreement_actions_view',NULL,'deny'),(12825,3,'Magento_Paypal::actions_manage',NULL,'deny'),(12826,3,'Magento_Paypal::use',NULL,'deny'),(12827,3,'Magento_Sales::transactions',NULL,'deny'),(12828,3,'Magento_Sales::transactions_fetch',NULL,'deny'),(12829,3,'Magento_Catalog::catalog',NULL,'deny'),(12830,3,'Magento_Catalog::catalog_inventory',NULL,'deny'),(12831,3,'Magento_Catalog::products',NULL,'deny'),(12832,3,'Magento_Catalog::edit_product_design',NULL,'deny'),(12833,3,'Magento_Catalog::categories',NULL,'deny'),(12834,3,'Magento_Catalog::edit_category_design',NULL,'deny'),(12835,3,'Magento_Customer::customer',NULL,'deny'),(12836,3,'Magento_Customer::manage',NULL,'deny'),(12837,3,'Magento_Customer::actions',NULL,'deny'),(12838,3,'Magento_Customer::delete',NULL,'deny'),(12839,3,'Magento_Customer::reset_password',NULL,'deny'),(12840,3,'Magento_Customer::invalidate_tokens',NULL,'deny'),(12841,3,'Magento_Customer::online',NULL,'deny'),(12842,3,'Magento_Customer::group',NULL,'deny'),(12843,3,'Magento_Cart::cart',NULL,'deny'),(12844,3,'Magento_Cart::manage',NULL,'deny'),(12845,3,'Magento_Backend::myaccount',NULL,'deny'),(12846,3,'Magento_Backend::marketing',NULL,'deny'),(12847,3,'Magento_CatalogRule::promo',NULL,'deny'),(12848,3,'Magento_CatalogRule::promo_catalog',NULL,'deny'),(12849,3,'Magento_SalesRule::quote',NULL,'deny'),(12850,3,'Dotdigitalgroup_Email::automation',NULL,'deny'),(12851,3,'Dotdigitalgroup_Email::automation_studio',NULL,'deny'),(12852,3,'Dotdigitalgroup_Email::exclusion_rules',NULL,'deny'),(12853,3,'Magento_Backend::marketing_communications',NULL,'deny'),(12854,3,'Magento_Email::template',NULL,'deny'),(12855,3,'Magento_Newsletter::template',NULL,'deny'),(12856,3,'Magento_Newsletter::queue',NULL,'deny'),(12857,3,'Magento_Newsletter::subscriber',NULL,'deny'),(12858,3,'Magento_Backend::marketing_seo',NULL,'deny'),(12859,3,'Magento_Search::search',NULL,'deny'),(12860,3,'Magento_Search::synonyms',NULL,'deny'),(12861,3,'Magento_UrlRewrite::urlrewrite',NULL,'deny'),(12862,3,'Magento_Sitemap::sitemap',NULL,'deny'),(12863,3,'Magento_Backend::marketing_user_content',NULL,'deny'),(12864,3,'Magento_Review::reviews_all',NULL,'deny'),(12865,3,'Magento_Review::pending',NULL,'deny'),(12866,3,'Yotpo_Yotpo::yotpo_report_reviews',NULL,'deny'),(12867,3,'Magento_Backend::content',NULL,'deny'),(12868,3,'Magento_Backend::content_elements',NULL,'deny'),(12869,3,'Magento_Cms::page',NULL,'deny'),(12870,3,'Magento_Cms::save',NULL,'deny'),(12871,3,'Magento_Cms::save_design',NULL,'deny'),(12872,3,'Magento_Cms::page_delete',NULL,'deny'),(12873,3,'Magento_Cms::block',NULL,'deny'),(12874,3,'Magento_Widget::widget_instance',NULL,'deny'),(12875,3,'Magento_Cms::media_gallery',NULL,'deny'),(12876,3,'Magento_Backend::design',NULL,'deny'),(12877,3,'Magento_Theme::theme',NULL,'deny'),(12878,3,'Magento_Backend::schedule',NULL,'deny'),(12879,3,'Magento_Backend::content_translation',NULL,'deny'),(12880,3,'Magento_Reports::report',NULL,'deny'),(12881,3,'Dotdigitalgroup_Email::reports',NULL,'deny'),(12882,3,'Dotdigitalgroup_Email::contact',NULL,'deny'),(12883,3,'Dotdigitalgroup_Email::order',NULL,'deny'),(12884,3,'Dotdigitalgroup_Email::review',NULL,'deny'),(12885,3,'Dotdigitalgroup_Email::wishlist',NULL,'deny'),(12886,3,'Dotdigitalgroup_Email::catalog',NULL,'deny'),(12887,3,'Dotdigitalgroup_Email::importer',NULL,'deny'),(12888,3,'Dotdigitalgroup_Email::campaign',NULL,'deny'),(12889,3,'Dotdigitalgroup_Email::cron',NULL,'deny'),(12890,3,'Dotdigitalgroup_Email::dashboard',NULL,'deny'),(12891,3,'Dotdigitalgroup_Email::automation_enrollment',NULL,'deny'),(12892,3,'Dotdigitalgroup_Email::logviewer',NULL,'deny'),(12893,3,'Magento_Reports::report_marketing',NULL,'deny'),(12894,3,'Magento_Reports::shopcart',NULL,'deny'),(12895,3,'Magento_Reports::product',NULL,'deny'),(12896,3,'Magento_Reports::abandoned',NULL,'deny'),(12897,3,'Magento_Reports::report_search',NULL,'deny'),(12898,3,'Magento_Newsletter::problem',NULL,'deny'),(12899,3,'Magento_Reports::review',NULL,'deny'),(12900,3,'Magento_Reports::review_customer',NULL,'deny'),(12901,3,'Magento_Reports::review_product',NULL,'deny'),(12902,3,'Yotpo_Yotpo::yotpo_reviews_external',NULL,'deny'),(12903,3,'Magento_Reports::salesroot',NULL,'deny'),(12904,3,'Magento_Reports::salesroot_sales',NULL,'deny'),(12905,3,'Magento_Reports::tax',NULL,'deny'),(12906,3,'Magento_Reports::invoiced',NULL,'deny'),(12907,3,'Magento_Reports::shipping',NULL,'deny'),(12908,3,'Magento_Reports::refunded',NULL,'deny'),(12909,3,'Magento_Reports::coupons',NULL,'deny'),(12910,3,'Magento_Paypal::paypal_settlement_reports',NULL,'deny'),(12911,3,'Magento_Paypal::paypal_settlement_reports_view',NULL,'deny'),(12912,3,'Magento_Paypal::fetch',NULL,'deny'),(12913,3,'Magento_Braintree::settlement_report',NULL,'deny'),(12914,3,'Magento_Reports::customers',NULL,'deny'),(12915,3,'Magento_Reports::totals',NULL,'deny'),(12916,3,'Magento_Reports::customers_orders',NULL,'deny'),(12917,3,'Magento_Reports::accounts',NULL,'deny'),(12918,3,'Magento_Reports::report_products',NULL,'deny'),(12919,3,'Magento_Reports::viewed',NULL,'deny'),(12920,3,'Magento_Reports::bestsellers',NULL,'deny'),(12921,3,'Magento_Reports::lowstock',NULL,'deny'),(12922,3,'Magento_Reports::sold',NULL,'deny'),(12923,3,'Magento_Reports::downloads',NULL,'deny'),(12924,3,'Magento_Reports::statistics',NULL,'deny'),(12925,3,'Magento_Reports::statistics_refresh',NULL,'deny'),(12926,3,'Magento_Analytics::business_intelligence',NULL,'deny'),(12927,3,'Magento_Analytics::advanced_reporting',NULL,'deny'),(12928,3,'Magento_Analytics::bi_essentials',NULL,'deny'),(12929,3,'Yotpo_Yotpo::yotpo_analytics_external',NULL,'deny'),(12930,3,'Magento_Backend::stores',NULL,'deny'),(12931,3,'Magento_Backend::stores_settings',NULL,'deny'),(12932,3,'Magento_Backend::store',NULL,'deny'),(12933,3,'Magento_Config::config',NULL,'deny'),(12934,3,'Magento_Downloadable::downloadable',NULL,'deny'),(12935,3,'Magento_Cms::config_cms',NULL,'deny'),(12936,3,'Magento_Newsletter::newsletter',NULL,'deny'),(12937,3,'Magento_GoogleAnalytics::google',NULL,'deny'),(12938,3,'Magento_Sales::fraud_protection',NULL,'deny'),(12939,3,'Magento_Contact::contact',NULL,'deny'),(12940,3,'Magento_Payment::payment',NULL,'deny'),(12941,3,'Magento_CatalogInventory::cataloginventory',NULL,'deny'),(12942,3,'Magento_Catalog::config_catalog',NULL,'deny'),(12943,3,'Magento_CatalogSearch::config_catalog_search',NULL,'deny'),(12944,3,'Magento_Payment::payment_services',NULL,'deny'),(12945,3,'Dotdigitalgroup_Email::config',NULL,'deny'),(12946,3,'Magento_Shipping::carriers',NULL,'deny'),(12947,3,'Magento_Shipping::shipping_policy',NULL,'deny'),(12948,3,'Magento_Shipping::config_shipping',NULL,'deny'),(12949,3,'Magento_Multishipping::config_multishipping',NULL,'deny'),(12950,3,'Magento_Config::config_general',NULL,'deny'),(12951,3,'Magento_Config::web',NULL,'deny'),(12952,3,'Magento_Config::config_design',NULL,'deny'),(12953,3,'MSP_SecuritySuite::config',NULL,'deny'),(12954,3,'MSP_ReCaptcha::config',NULL,'deny'),(12955,3,'MSP_TwoFactorAuth::config',NULL,'deny'),(12956,3,'Magento_Customer::config_customer',NULL,'deny'),(12957,3,'Magento_Paypal::paypal',NULL,'deny'),(12958,3,'Magento_Tax::config_tax',NULL,'deny'),(12959,3,'Magento_Checkout::checkout',NULL,'deny'),(12960,3,'Ebizmarts_MailChimp::config_mailchimp',NULL,'deny'),(12961,3,'Magento_Sales::config_sales',NULL,'deny'),(12962,3,'Magento_Persistent::persistent',NULL,'deny'),(12963,3,'Magento_Sales::sales_email',NULL,'deny'),(12964,3,'Magento_Sales::sales_pdf',NULL,'deny'),(12965,3,'Magento_Sitemap::config_sitemap',NULL,'deny'),(12966,3,'Magento_Reports::reports',NULL,'deny'),(12967,3,'Magento_Wishlist::config_wishlist',NULL,'deny'),(12968,3,'Yotpo_Core::config',NULL,'deny'),(12969,3,'Yotpo_Yotpo::config',NULL,'deny'),(12970,3,'Magento_Config::config_system',NULL,'deny'),(12971,3,'Magento_SalesRule::config_promo',NULL,'deny'),(12972,3,'Magento_Config::advanced',NULL,'deny'),(12973,3,'Magento_Config::config_admin',NULL,'deny'),(12974,3,'Magento_Config::trans_email',NULL,'deny'),(12975,3,'Magento_Config::dev',NULL,'deny'),(12976,3,'Magento_Config::currency',NULL,'deny'),(12977,3,'Magento_Rss::rss',NULL,'deny'),(12978,3,'Magento_Config::sendfriend',NULL,'deny'),(12979,3,'Magento_Analytics::analytics_settings',NULL,'deny'),(12980,3,'Magento_NewRelicReporting::config_newrelicreporting',NULL,'deny'),(12981,3,'Magento_CheckoutAgreements::checkoutagreement',NULL,'deny'),(12982,3,'Magento_Sales::order_statuses',NULL,'deny'),(12983,3,'Magento_InventoryApi::inventory',NULL,'deny'),(12984,3,'Magento_InventoryApi::source',NULL,'deny'),(12985,3,'Magento_InventoryApi::source_edit',NULL,'deny'),(12986,3,'Magento_InventoryApi::stock',NULL,'deny'),(12987,3,'Magento_InventoryApi::stock_edit',NULL,'deny'),(12988,3,'Magento_InventoryApi::stock_delete',NULL,'deny'),(12989,3,'Magento_InventoryApi::source_stock_link',NULL,'deny'),(12990,3,'Magento_InventorySalesApi::stock',NULL,'deny'),(12991,3,'Temando_Shipping::shipping',NULL,'deny'),(12992,3,'Temando_Shipping::carriers',NULL,'deny'),(12993,3,'Temando_Shipping::locations',NULL,'deny'),(12994,3,'Temando_Shipping::packaging',NULL,'deny'),(12995,3,'Temando_Shipping::portal',NULL,'deny'),(12996,3,'Magento_Tax::manage_tax',NULL,'deny'),(12997,3,'Magento_CurrencySymbol::system_currency',NULL,'deny'),(12998,3,'Magento_CurrencySymbol::currency_rates',NULL,'deny'),(12999,3,'Magento_CurrencySymbol::symbols',NULL,'deny'),(13000,3,'Magento_Backend::stores_attributes',NULL,'deny'),(13001,3,'Magento_Catalog::attributes_attributes',NULL,'deny'),(13002,3,'Magento_Catalog::update_attributes',NULL,'deny'),(13003,3,'Magento_Catalog::sets',NULL,'deny'),(13004,3,'Magento_Review::ratings',NULL,'deny'),(13005,3,'Magento_Swatches::iframe',NULL,'deny'),(13006,3,'Magento_Backend::stores_other_settings',NULL,'deny'),(13007,3,'Magento_Backend::system',NULL,'deny'),(13008,3,'Magento_Backend::convert',NULL,'deny'),(13009,3,'Magento_ImportExport::import',NULL,'deny'),(13010,3,'Magento_ImportExport::export',NULL,'deny'),(13011,3,'Magento_TaxImportExport::import_export',NULL,'deny'),(13012,3,'Magento_ImportExport::history',NULL,'deny'),(13013,3,'Magento_Backend::extensions',NULL,'deny'),(13014,3,'Magento_Backend::local',NULL,'deny'),(13015,3,'Magento_Backend::custom',NULL,'deny'),(13016,3,'Magento_Integration::extensions',NULL,'deny'),(13017,3,'Magento_Integration::integrations',NULL,'deny'),(13018,3,'Magento_Backend::tools',NULL,'deny'),(13019,3,'Magento_Backend::cache',NULL,'deny'),(13020,3,'Magento_Backend::main_actions',NULL,'deny'),(13021,3,'Magento_Backend::flush_cache_storage',NULL,'deny'),(13022,3,'Magento_Backend::flush_magento_cache',NULL,'deny'),(13023,3,'Magento_Backend::mass_actions',NULL,'deny'),(13024,3,'Magento_Backend::toggling_cache_type',NULL,'deny'),(13025,3,'Magento_Backend::refresh_cache_type',NULL,'deny'),(13026,3,'Magento_Backend::additional_cache_management',NULL,'deny'),(13027,3,'Magento_Backend::flush_catalog_images',NULL,'deny'),(13028,3,'Magento_Backend::flush_js_css',NULL,'deny'),(13029,3,'Magento_Backend::flush_static_files',NULL,'deny'),(13030,3,'Magento_Backend::setup_wizard',NULL,'deny'),(13031,3,'Magento_Backup::backup',NULL,'deny'),(13032,3,'Magento_Backup::rollback',NULL,'deny'),(13033,3,'Magento_Indexer::index',NULL,'deny'),(13034,3,'Magento_Indexer::changeMode',NULL,'deny'),(13035,3,'Magento_User::acl',NULL,'deny'),(13036,3,'Magento_User::acl_users',NULL,'deny'),(13037,3,'MSP_TwoFactorAuth::tfa',NULL,'deny'),(13038,3,'Magento_User::locks',NULL,'deny'),(13039,3,'Magento_User::acl_roles',NULL,'deny'),(13040,3,'Magento_Logging::magento_logging',NULL,'deny'),(13041,3,'Magento_Logging::magento_logging_events',NULL,'deny'),(13042,3,'Magento_Logging::system_magento_logging_bulk_operations',NULL,'deny'),(13043,3,'Magento_Backend::system_other_settings',NULL,'deny'),(13044,3,'Magento_AdminNotification::adminnotification',NULL,'deny'),(13045,3,'Magento_AdminNotification::show_toolbar',NULL,'deny'),(13046,3,'Magento_AdminNotification::show_list',NULL,'deny'),(13047,3,'Magento_AdminNotification::mark_as_read',NULL,'deny'),(13048,3,'Magento_AdminNotification::adminnotification_remove',NULL,'deny'),(13049,3,'Magento_Variable::variable',NULL,'deny'),(13050,3,'Magento_EncryptionKey::crypt_key',NULL,'deny'),(13051,3,'Magento_Backend::global_search',NULL,'deny');
CREATE TABLE `mz0b_cache` (
  `id` varchar(200) NOT NULL COMMENT 'Cache Id',
  `data` mediumblob COMMENT 'Cache Data',
  `create_time` int(11) DEFAULT NULL COMMENT 'Cache Creation Time',
  `update_time` int(11) DEFAULT NULL COMMENT 'Time of Cache Updating',
  `expire_time` int(11) DEFAULT NULL COMMENT 'Cache Expiration Time',
  PRIMARY KEY (`id`),
  KEY `MZ0B_CACHE_EXPIRE_TIME` (`expire_time`)
) ENGINE=InnoDB DEFAULT CHARSET=utf8 COMMENT='Caches';
CREATE TABLE `mz0b_cache_tag` (
  `tag` varchar(100) NOT NULL COMMENT 'Tag',
  `cache_id` varchar(200) NOT NULL COMMENT 'Cache Id',
  PRIMARY KEY (`tag`,`cache_id`),
  KEY `MZ0B_CACHE_TAG_CACHE_ID` (`cache_id`)
) ENGINE=InnoDB DEFAULT CHARSET=utf8 COMMENT='Tag Caches';
CREATE TABLE `mz0b_captcha_log` (
  `type` varchar(32) NOT NULL COMMENT 'Type',
  `value` varchar(255) NOT NULL COMMENT 'Value',
  `count` int(10) unsigned NOT NULL DEFAULT '0' COMMENT 'Count',
  `updated_at` timestamp NULL DEFAULT NULL COMMENT 'Update Time',
  PRIMARY KEY (`type`,`value`)
) ENGINE=InnoDB DEFAULT CHARSET=utf8 COMMENT='Count Login Attempts';
CREATE TABLE `mz0b_catalog_category_entity` (
  `entity_id` int(10) unsigned NOT NULL AUTO_INCREMENT COMMENT 'Entity ID',
  `attribute_set_id` smallint(5) unsigned NOT NULL DEFAULT '0' COMMENT 'Attribute Set ID',
  `parent_id` int(10) unsigned NOT NULL DEFAULT '0' COMMENT 'Parent Category ID',
  `created_at` timestamp NOT NULL DEFAULT CURRENT_TIMESTAMP COMMENT 'Creation Time',
  `updated_at` timestamp NOT NULL DEFAULT CURRENT_TIMESTAMP ON UPDATE CURRENT_TIMESTAMP COMMENT 'Update Time',
  `path` varchar(255) NOT NULL COMMENT 'Tree Path',
  `position` int(11) NOT NULL COMMENT 'Position',
  `level` int(11) NOT NULL DEFAULT '0' COMMENT 'Tree Level',
  `children_count` int(11) NOT NULL COMMENT 'Child Count',
  PRIMARY KEY (`entity_id`),
  KEY `MZ0B_CATALOG_CATEGORY_ENTITY_LEVEL` (`level`),
  KEY `MZ0B_CATALOG_CATEGORY_ENTITY_PATH` (`path`)
) ENGINE=InnoDB AUTO_INCREMENT=30 DEFAULT CHARSET=utf8 COMMENT='Catalog Category Table';
INSERT INTO `mz0b_catalog_category_entity` VALUES (1,3,0,'2019-07-23 22:56:55','2019-08-25 22:50:54','1',0,0,28),(2,3,1,'2019-07-23 22:56:55','2019-08-16 20:53:01','1/2',1,1,0),(3,3,1,'2019-08-16 20:19:36','2019-08-25 22:50:54','1/3',2,1,26),(4,3,3,'2019-08-16 20:20:12','2019-08-22 23:01:33','1/3/4',1,2,0),(5,3,3,'2019-08-16 20:20:35','2019-08-17 22:42:06','1/3/5',2,2,11),(6,3,5,'2019-08-16 20:50:08','2019-08-22 23:01:55','1/3/5/6',1,3,0),(7,3,5,'2019-08-16 20:50:34','2019-08-22 23:03:05','1/3/5/7',2,3,0),(8,3,3,'2019-08-16 20:50:56','2019-08-25 22:57:18','1/3/8',3,2,6),(9,3,3,'2019-08-16 20:51:36','2019-08-22 22:56:57','1/3/9',4,2,0),(10,3,3,'2019-08-16 20:55:29','2019-08-25 21:16:06','1/3/10',5,2,4),(11,3,5,'2019-08-17 22:30:27','2019-08-22 23:02:26','1/3/5/11',3,3,0),(12,3,5,'2019-08-17 22:37:11','2019-08-17 22:37:11','1/3/5/12',4,3,0),(13,3,5,'2019-08-17 22:37:39','2019-08-29 23:02:06','1/3/5/13',5,3,0),(14,3,5,'2019-08-17 22:38:45','2019-08-29 23:02:07','1/3/5/14',6,3,0),(15,3,5,'2019-08-17 22:39:13','2019-09-06 20:01:33','1/3/5/15',7,3,0),(16,3,5,'2019-08-17 22:39:48','2019-08-17 22:39:48','1/3/5/16',8,3,0),(17,3,5,'2019-08-17 22:40:40','2019-08-17 22:40:40','1/3/5/17',9,3,0),(18,3,5,'2019-08-17 22:41:05','2019-08-28 22:14:11','1/3/5/18',10,3,0),(19,3,5,'2019-08-17 22:42:06','2019-08-17 22:42:06','1/3/5/19',11,3,0),(20,3,10,'2019-08-25 21:06:38','2019-08-25 23:04:59','1/3/10/20',2,3,0),(21,3,10,'2019-08-25 21:07:12','2019-08-25 22:33:45','1/3/10/21',3,3,0),(22,3,10,'2019-08-25 21:07:48','2019-08-25 21:09:22','1/3/10/22',4,3,0),(23,3,10,'2019-08-25 21:09:09','2019-08-25 21:14:53','1/3/10/23',1,3,0),(24,3,8,'2019-08-25 22:43:12','2019-09-18 22:13:37','1/3/8/24',1,3,0),(25,3,8,'2019-08-25 22:44:39','2019-09-18 22:27:00','1/3/8/25',2,3,0),(26,3,8,'2019-08-25 22:45:52','2019-09-18 22:38:12','1/3/8/26',3,3,0),(27,3,8,'2019-08-25 22:47:49','2019-09-18 22:41:04','1/3/8/27',4,3,0),(28,3,8,'2019-08-25 22:49:52','2019-09-18 22:42:25','1/3/8/28',5,3,0),(29,3,8,'2019-08-25 22:50:54','2019-09-28 22:17:46','1/3/8/29',6,3,0);
CREATE TABLE `mz0b_catalog_category_entity_datetime` (
  `value_id` int(11) NOT NULL AUTO_INCREMENT COMMENT 'Value ID',
  `attribute_id` smallint(5) unsigned NOT NULL DEFAULT '0' COMMENT 'Attribute ID',
  `store_id` smallint(5) unsigned NOT NULL DEFAULT '0' COMMENT 'Store ID',
  `entity_id` int(10) unsigned NOT NULL DEFAULT '0' COMMENT 'Entity ID',
  `value` datetime DEFAULT NULL COMMENT 'Value',
  PRIMARY KEY (`value_id`),
  UNIQUE KEY `MZ0B_CAT_CTGR_ENTT_DTIME_ENTT_ID_ATTR_ID_STORE_ID` (`entity_id`,`attribute_id`,`store_id`),
  KEY `MZ0B_CATALOG_CATEGORY_ENTITY_DATETIME_ENTITY_ID` (`entity_id`),
  KEY `MZ0B_CATALOG_CATEGORY_ENTITY_DATETIME_ATTRIBUTE_ID` (`attribute_id`),
  KEY `MZ0B_CATALOG_CATEGORY_ENTITY_DATETIME_STORE_ID` (`store_id`)
) ENGINE=InnoDB AUTO_INCREMENT=43 DEFAULT CHARSET=utf8 COMMENT='Catalog Category Datetime Attribute Backend Table';
INSERT INTO `mz0b_catalog_category_entity_datetime` VALUES (1,61,0,2,NULL),(2,62,0,2,NULL),(3,61,0,3,NULL),(4,62,0,3,NULL),(5,61,0,5,NULL),(6,62,0,5,NULL),(7,61,0,10,NULL),(8,62,0,10,NULL),(9,61,0,4,NULL),(10,62,0,4,NULL),(11,61,0,6,NULL),(12,62,0,6,NULL),(13,61,0,11,NULL),(14,62,0,11,NULL),(17,61,0,9,NULL),(18,62,0,9,NULL),(19,61,0,7,NULL),(20,62,0,7,NULL),(21,61,0,23,NULL),(22,62,0,23,NULL),(23,61,0,20,NULL),(24,62,0,20,NULL),(25,61,0,21,NULL),(26,62,0,21,NULL),(27,61,0,27,NULL),(28,62,0,27,NULL),(29,61,0,29,NULL),(30,62,0,29,NULL),(31,61,0,8,NULL),(32,62,0,8,NULL),(33,61,0,15,NULL),(34,62,0,15,NULL),(35,61,0,24,NULL),(36,62,0,24,NULL),(37,61,0,25,NULL),(38,62,0,25,NULL),(39,61,0,26,NULL),(40,62,0,26,NULL),(41,61,0,28,NULL),(42,62,0,28,NULL);
CREATE TABLE `mz0b_catalog_category_entity_decimal` (
  `value_id` int(11) NOT NULL AUTO_INCREMENT COMMENT 'Value ID',
  `attribute_id` smallint(5) unsigned NOT NULL DEFAULT '0' COMMENT 'Attribute ID',
  `store_id` smallint(5) unsigned NOT NULL DEFAULT '0' COMMENT 'Store ID',
  `entity_id` int(10) unsigned NOT NULL DEFAULT '0' COMMENT 'Entity ID',
  `value` decimal(20,6) DEFAULT NULL COMMENT 'Value',
  PRIMARY KEY (`value_id`),
  UNIQUE KEY `MZ0B_CAT_CTGR_ENTT_DEC_ENTT_ID_ATTR_ID_STORE_ID` (`entity_id`,`attribute_id`,`store_id`),
  KEY `MZ0B_CATALOG_CATEGORY_ENTITY_DECIMAL_ENTITY_ID` (`entity_id`),
  KEY `MZ0B_CATALOG_CATEGORY_ENTITY_DECIMAL_ATTRIBUTE_ID` (`attribute_id`),
  KEY `MZ0B_CATALOG_CATEGORY_ENTITY_DECIMAL_STORE_ID` (`store_id`)
) ENGINE=InnoDB DEFAULT CHARSET=utf8 COMMENT='Catalog Category Decimal Attribute Backend Table';
CREATE TABLE `mz0b_catalog_category_entity_int` (
  `value_id` int(11) NOT NULL AUTO_INCREMENT COMMENT 'Value ID',
  `attribute_id` smallint(5) unsigned NOT NULL DEFAULT '0' COMMENT 'Attribute ID',
  `store_id` smallint(5) unsigned NOT NULL DEFAULT '0' COMMENT 'Store ID',
  `entity_id` int(10) unsigned NOT NULL DEFAULT '0' COMMENT 'Entity ID',
  `value` int(11) DEFAULT NULL COMMENT 'Value',
  PRIMARY KEY (`value_id`),
  UNIQUE KEY `MZ0B_CATALOG_CATEGORY_ENTITY_INT_ENTITY_ID_ATTRIBUTE_ID_STORE_ID` (`entity_id`,`attribute_id`,`store_id`),
  KEY `MZ0B_CATALOG_CATEGORY_ENTITY_INT_ENTITY_ID` (`entity_id`),
  KEY `MZ0B_CATALOG_CATEGORY_ENTITY_INT_ATTRIBUTE_ID` (`attribute_id`),
  KEY `MZ0B_CATALOG_CATEGORY_ENTITY_INT_STORE_ID` (`store_id`)
) ENGINE=InnoDB AUTO_INCREMENT=163 DEFAULT CHARSET=utf8 COMMENT='Catalog Category Integer Attribute Backend Table';
INSERT INTO `mz0b_catalog_category_entity_int` VALUES (1,69,0,1,1),(2,46,0,2,1),(3,69,0,2,1),(4,53,0,2,NULL),(5,54,0,2,1),(6,70,0,2,0),(7,71,0,2,0),(8,46,0,3,1),(9,54,0,3,1),(10,69,0,3,1),(11,70,0,3,0),(12,71,0,3,0),(13,46,0,4,1),(14,54,0,4,1),(15,69,0,4,1),(16,70,0,4,0),(17,71,0,4,0),(18,46,0,5,1),(19,54,0,5,1),(20,69,0,5,1),(21,70,0,5,0),(22,71,0,5,0),(23,53,0,3,NULL),(24,53,0,5,NULL),(25,46,0,6,1),(26,54,0,6,1),(27,69,0,6,1),(28,70,0,6,0),(29,71,0,6,0),(30,46,0,7,1),(31,54,0,7,1),(32,69,0,7,1),(33,70,0,7,0),(34,71,0,7,0),(35,46,0,8,1),(36,54,0,8,1),(37,69,0,8,1),(38,70,0,8,0),(39,71,0,8,0),(40,46,0,9,1),(41,54,0,9,1),(42,69,0,9,1),(43,70,0,9,0),(44,71,0,9,0),(45,46,0,10,1),(46,54,0,10,1),(47,69,0,10,1),(48,70,0,10,0),(49,71,0,10,0),(50,53,0,10,NULL),(51,46,0,11,1),(52,54,0,11,1),(53,69,0,11,1),(54,70,0,11,0),(55,71,0,11,0),(56,53,0,4,NULL),(57,53,0,6,NULL),(58,53,0,11,NULL),(59,46,0,12,1),(60,54,0,12,1),(61,69,0,12,1),(62,70,0,12,0),(63,71,0,12,0),(64,46,0,13,1),(65,54,0,13,1),(66,69,0,13,1),(67,70,0,13,0),(68,71,0,13,0),(70,46,0,14,1),(71,54,0,14,1),(72,69,0,14,1),(73,70,0,14,0),(74,71,0,14,0),(75,46,0,15,1),(76,54,0,15,1),(77,69,0,15,1),(78,70,0,15,0),(79,71,0,15,0),(80,46,0,16,1),(81,54,0,16,1),(82,69,0,16,1),(83,70,0,16,0),(84,71,0,16,0),(85,46,0,17,1),(86,54,0,17,1),(87,69,0,17,1),(88,70,0,17,0),(89,71,0,17,0),(90,46,0,18,1),(91,54,0,18,1),(92,69,0,18,1),(93,70,0,18,0),(94,71,0,18,0),(95,46,0,19,1),(96,54,0,19,1),(97,69,0,19,1),(98,70,0,19,0),(99,71,0,19,0),(100,53,0,9,NULL),(101,53,0,7,NULL),(102,46,0,20,1),(103,54,0,20,1),(104,69,0,20,1),(105,70,0,20,0),(106,71,0,20,0),(107,46,0,21,1),(108,54,0,21,1),(109,69,0,21,1),(110,70,0,21,0),(111,71,0,21,0),(112,46,0,22,1),(113,54,0,22,1),(114,69,0,22,1),(115,70,0,22,0),(116,71,0,22,0),(117,46,0,23,1),(118,54,0,23,1),(119,69,0,23,1),(120,70,0,23,0),(121,71,0,23,0),(122,53,0,23,NULL),(123,53,0,20,NULL),(124,53,0,21,NULL),(125,46,0,24,1),(126,54,0,24,1),(127,69,0,24,1),(128,70,0,24,0),(129,71,0,24,0),(130,46,0,25,1),(131,54,0,25,1),(132,69,0,25,1),(133,70,0,25,0),(134,71,0,25,0),(135,46,0,26,1),(136,54,0,26,1),(137,69,0,26,1),(138,70,0,26,0),(139,71,0,26,0),(140,46,0,27,1),(141,54,0,27,1),(142,69,0,27,1),(143,70,0,27,0),(144,71,0,27,0),(145,53,0,27,NULL),(146,46,0,28,1),(147,54,0,28,1),(148,69,0,28,1),(149,70,0,28,0),(150,71,0,28,0),(151,46,0,29,1),(152,54,0,29,1),(153,69,0,29,1),(154,70,0,29,0),(155,71,0,29,0),(156,53,0,29,NULL),(157,53,0,8,NULL),(158,53,0,15,NULL),(159,53,0,24,NULL),(160,53,0,25,NULL),(161,53,0,26,NULL),(162,53,0,28,NULL);
CREATE TABLE `mz0b_catalog_category_entity_text` (
  `value_id` int(11) NOT NULL AUTO_INCREMENT COMMENT 'Value ID',
  `attribute_id` smallint(5) unsigned NOT NULL DEFAULT '0' COMMENT 'Attribute ID',
  `store_id` smallint(5) unsigned NOT NULL DEFAULT '0' COMMENT 'Store ID',
  `entity_id` int(10) unsigned NOT NULL DEFAULT '0' COMMENT 'Entity ID',
  `value` text COMMENT 'Value',
  PRIMARY KEY (`value_id`),
  UNIQUE KEY `MZ0B_CAT_CTGR_ENTT_TEXT_ENTT_ID_ATTR_ID_STORE_ID` (`entity_id`,`attribute_id`,`store_id`),
  KEY `MZ0B_CATALOG_CATEGORY_ENTITY_TEXT_ENTITY_ID` (`entity_id`),
  KEY `MZ0B_CATALOG_CATEGORY_ENTITY_TEXT_ATTRIBUTE_ID` (`attribute_id`),
  KEY `MZ0B_CATALOG_CATEGORY_ENTITY_TEXT_STORE_ID` (`store_id`)
) ENGINE=InnoDB AUTO_INCREMENT=85 DEFAULT CHARSET=utf8 COMMENT='Catalog Category Text Attribute Backend Table';
INSERT INTO `mz0b_catalog_category_entity_text` VALUES (1,47,0,2,NULL),(2,50,0,2,NULL),(3,51,0,2,NULL),(4,64,0,2,NULL),(5,47,0,3,NULL),(6,50,0,3,NULL),(7,51,0,3,NULL),(8,64,0,3,NULL),(9,47,0,5,NULL),(10,50,0,5,NULL),(11,51,0,5,NULL),(12,64,0,5,NULL),(13,47,0,10,'<p style=\"background-color: transparent; color: #2f2f2f; font-family: Arial,Helvetica,sans-serif; font-size: 12px; font-style: normal; font-variant: normal; font-weight: 400; letter-spacing: normal; orphans: 2; text-align: center; text-decoration: none; text-indent: 0px; text-transform: none; -webkit-text-stroke-width: 0px; white-space: normal; word-spacing: 0px; padding: 0px; margin: 0px 0px 10px 0px;\"><span class=\"Normal-_Web_-C\" style=\"color: #008000; padding: 0px; margin: 0px;\"><strong style=\"font-weight: bold; padding: 0px; margin: 0px;\">Frogs \'n\' Things is located in Hilltown PA, just 10min from the PA tpk NE extension (476), approximately 30 min south of Allentown PA (I78) and 40 min north of Philadelphia. It is a small business officially founded in 2011, although we have been keeping and breeding amphibians for &gt;30 years.</strong> </span></p>\r\n<p style=\"background-color: transparent; color: #2f2f2f; font-family: Arial,Helvetica,sans-serif; font-size: 12px; font-style: normal; font-variant: normal; font-weight: 400; letter-spacing: normal; orphans: 2; text-align: center; text-decoration: none; text-indent: 0px; text-transform: none; -webkit-text-stroke-width: 0px; white-space: normal; word-spacing: 0px; padding: 0px; margin: 0px 0px 10px 0px;\"> </p>\r\n<p class=\"Normal-_Web_-P\" style=\"background-color: transparent; color: #2f2f2f; font-family: Arial,Helvetica,sans-serif; font-size: 12px; font-style: normal; font-variant: normal; font-weight: 400; letter-spacing: normal; orphans: 2; text-align: center; text-decoration: none; text-indent: 0px; text-transform: none; -webkit-text-stroke-width: 0px; white-space: normal; word-spacing: 0px; padding: 0px; margin: 0px 0px 10px 0px;\"><span style=\"color: #ff0000; padding: 0px; margin: 0px;\"><strong style=\"font-weight: bold; padding: 0px; margin: 0px;\"><span class=\"Normal-_Web_-C1\" style=\"padding: 0px; margin: 0px;\">Keith Q. Tanis, Ph.D. - </span></strong></span><span style=\"color: #ff0000; padding: 0px; margin: 0px;\"><strong style=\"font-weight: bold; padding: 0px; margin: 0px;\"><span class=\"Normal-_Web_-C1\" style=\"padding: 0px; margin: 0px;\">Founder and Proprietor</span></strong></span></p>\r\n<p class=\"Normal-_Web_-P\" style=\"background-color: transparent; color: #2f2f2f; font-family: Arial,Helvetica,sans-serif; font-size: 12px; font-style: normal; font-variant: normal; font-weight: 400; letter-spacing: normal; orphans: 2; text-align: center; text-decoration: none; text-indent: 0px; text-transform: none; -webkit-text-stroke-width: 0px; white-space: normal; word-spacing: 0px; padding: 0px; margin: 0px 0px 10px 0px;\"><span class=\"Normal-_Web_-C1\" style=\"padding: 0px; margin: 0px;\"><img style=\"border-image-outset: 0; border-image-repeat: stretch; border-image-slice: 100%; border-image-source: none; border-image-width: 1; vertical-align: top; padding: 0px; margin: 0px; border: 0px none #2f2f2f;\" src=\"https://www.frogsnthings.com/storefront/media/wysiwyg/wpa3e36268.png\" alt=\"\" /></span></p>\r\n<p class=\"Normal-_Web_-P\" style=\"background-color: transparent; color: #2f2f2f; font-family: Arial,Helvetica,sans-serif; font-size: 12px; font-style: normal; font-variant: normal; font-weight: 400; letter-spacing: normal; orphans: 2; text-align: center; text-decoration: none; text-indent: 0px; text-transform: none; -webkit-text-stroke-width: 0px; white-space: normal; word-spacing: 0px; padding: 0px; margin: 0px 0px 10px 0px;\"> <span class=\"Normal-_Web_-C\" style=\"padding: 0px; margin: 0px;\">Ask Keith why he’s obsessed with frogs and he’ll shrug his shoulders. He just always was.  Maybe it’s that they are the clowns of the rainforest.  Maybe it’s that they are the most toxic animals on earth.  Or maybe it’s having a slice of creation right in his basement.  Regardless, its an obsession that many of you understand. </span></p>\r\n<p class=\"Normal-_Web_-P1\" style=\"background-color: transparent; color: #2f2f2f; font-family: Arial,Helvetica,sans-serif; font-size: 12px; font-style: normal; font-variant: normal; font-weight: 400; letter-spacing: normal; orphans: 2; text-align: center; text-decoration: none; text-indent: 0px; text-transform: none; -webkit-text-stroke-width: 0px; white-space: normal; word-spacing: 0px; padding: 0px; margin: 0px 0px 10px 0px;\"><span class=\"Normal-_Web_-C\" style=\"padding: 0px; margin: 0px;\">So, did he really need all that schooling to sell frogs? </span></p>\r\n<p class=\"Normal-_Web_-P1\" style=\"background-color: transparent; color: #2f2f2f; font-family: Arial,Helvetica,sans-serif; font-size: 12px; font-style: normal; font-variant: normal; font-weight: 400; letter-spacing: normal; orphans: 2; text-align: center; text-decoration: none; text-indent: 0px; text-transform: none; -webkit-text-stroke-width: 0px; white-space: normal; word-spacing: 0px; padding: 0px; margin: 0px 0px 10px 0px;\"><span class=\"Normal-_Web_-C\" style=\"padding: 0px; margin: 0px;\">In his spare time, Keith applies genetics and genomics technologies for the development of new and safer medicines and therapeutics.  It’s a great distraction from the stress of the frog business! Check out his publications <a style=\"color: #1e7ec8; text-decoration: underline; padding: 0px; margin: 0px;\" href=\"http://www.ncbi.nlm.nih.gov/sites/entrez?db=pubmed&amp;cmd=DetailsSearch&amp;term=tanis+kq\" target=\"_blank\" rel=\"noopener\">here</a>.</span></p>'),(14,50,0,10,NULL),(15,51,0,10,NULL),(16,64,0,10,NULL),(17,47,0,4,'<address style=\"background-color: transparent; color: #2f2f2f; font-family: Arial,Helvetica,sans-serif; font-size: 12px; font-style: normal; font-variant: normal; font-weight: 400; letter-spacing: normal; line-height: 16.2px; orphans: 2; text-align: center; text-decoration: none; text-indent: 0px; text-transform: none; -webkit-text-stroke-width: 0px; white-space: normal; word-spacing: 0px; padding: 0px; margin: 0px 0px 12px 0px;\"><span style=\"color: #008000; font-size: 16px; padding: 0px; margin: 0px;\"><strong style=\"font-weight: bold; padding: 0px; margin: 0px;\">All froglets for sale are more than 2 months out of the water</strong></span></address><address style=\"background-color: transparent; color: #2f2f2f; font-family: Arial,Helvetica,sans-serif; font-size: 12px; font-style: normal; font-variant: normal; font-weight: 400; letter-spacing: normal; line-height: 16.2px; orphans: 2; text-align: center; text-decoration: none; text-indent: 0px; text-transform: none; -webkit-text-stroke-width: 0px; white-space: normal; word-spacing: 0px; padding: 0px; margin: 0px 0px 12px 0px;\"><span style=\"color: #ff0000; font-size: 16px; padding: 0px; margin: 0px;\"><strong style=\"font-weight: bold; padding: 0px; margin: 0px;\">Frogs ship throughout continential USA when route temperatures are between 20F-90F</strong></span></address><address style=\"background-color: transparent; color: #2f2f2f; font-family: Arial,Helvetica,sans-serif; font-size: 12px; font-style: normal; font-variant: normal; font-weight: 400; letter-spacing: normal; line-height: 16.2px; orphans: 2; text-align: center; text-decoration: none; text-indent: 0px; text-transform: none; -webkit-text-stroke-width: 0px; white-space: normal; word-spacing: 0px; padding: 0px; margin: 0px 0px 12px 0px;\"><span style=\"color: #008000; font-size: 16px; padding: 0px; margin: 0px;\"><strong style=\"font-weight: bold; padding: 0px; margin: 0px;\">Free pickup can be specified during checkout - we\'ll contact you for an appointment</strong></span></address><address style=\"background-color: transparent; color: #2f2f2f; font-family: Arial,Helvetica,sans-serif; font-size: 12px; font-style: normal; font-variant: normal; font-weight: 400; letter-spacing: normal; line-height: 16.2px; orphans: 2; text-align: center; text-decoration: none; text-indent: 0px; text-transform: none; -webkit-text-stroke-width: 0px; white-space: normal; word-spacing: 0px; padding: 0px; margin: 0px 0px 12px 0px;\"><span style=\"color: #008000; font-size: 16px; padding: 0px; margin: 0px;\">Check back regularly for updated stock and breeding progress</span></address>'),(18,50,0,4,NULL),(19,51,0,4,NULL),(20,64,0,4,NULL),(21,47,0,6,'<address style=\"background-color: transparent; color: #2f2f2f; font-family: Arial,Helvetica,sans-serif; font-size: 12px; font-style: normal; font-variant: normal; font-weight: 400; letter-spacing: normal; line-height: 16.2px; orphans: 2; text-align: center; text-decoration: none; text-indent: 0px; text-transform: none; -webkit-text-stroke-width: 0px; white-space: normal; word-spacing: 0px; padding: 0px; margin: 0px 0px 12px 0px;\"><span style=\"color: #008000; font-size: 16px; padding: 0px; margin: 0px;\"><strong style=\"font-weight: bold; padding: 0px; margin: 0px;\">All froglets for sale are more than 2 months out of the water</strong></span></address><address style=\"background-color: transparent; color: #2f2f2f; font-family: Arial,Helvetica,sans-serif; font-size: 12px; font-style: normal; font-variant: normal; font-weight: 400; letter-spacing: normal; line-height: 16.2px; orphans: 2; text-align: center; text-decoration: none; text-indent: 0px; text-transform: none; -webkit-text-stroke-width: 0px; white-space: normal; word-spacing: 0px; padding: 0px; margin: 0px 0px 12px 0px;\"><span style=\"color: #ff0000; font-size: 16px; padding: 0px; margin: 0px;\"><strong style=\"font-weight: bold; padding: 0px; margin: 0px;\">Frogs ship throughout continential USA when route temperatures are between 20F-90F</strong></span></address><address style=\"background-color: transparent; color: #2f2f2f; font-family: Arial,Helvetica,sans-serif; font-size: 12px; font-style: normal; font-variant: normal; font-weight: 400; letter-spacing: normal; line-height: 16.2px; orphans: 2; text-align: center; text-decoration: none; text-indent: 0px; text-transform: none; -webkit-text-stroke-width: 0px; white-space: normal; word-spacing: 0px; padding: 0px; margin: 0px 0px 12px 0px;\"><span style=\"color: #008000; font-size: 16px; padding: 0px; margin: 0px;\"><strong style=\"font-weight: bold; padding: 0px; margin: 0px;\">Free pickup can be specified during checkout - we\'ll contact you for an appointment</strong></span></address><address style=\"background-color: transparent; color: #2f2f2f; font-family: Arial,Helvetica,sans-serif; font-size: 12px; font-style: normal; font-variant: normal; font-weight: 400; letter-spacing: normal; line-height: 16.2px; orphans: 2; text-align: center; text-decoration: none; text-indent: 0px; text-transform: none; -webkit-text-stroke-width: 0px; white-space: normal; word-spacing: 0px; padding: 0px; margin: 0px 0px 12px 0px;\"><span style=\"color: #008000; font-size: 16px; padding: 0px; margin: 0px;\">Check back regularly for updated stock and breeding progress</span></address>'),(22,50,0,6,NULL),(23,51,0,6,NULL),(24,64,0,6,NULL),(25,47,0,11,'<address style=\"background-color: transparent; color: #2f2f2f; font-family: Arial,Helvetica,sans-serif; font-size: 12px; font-style: normal; font-variant: normal; font-weight: 400; letter-spacing: normal; line-height: 16.2px; orphans: 2; text-align: center; text-decoration: none; text-indent: 0px; text-transform: none; -webkit-text-stroke-width: 0px; white-space: normal; word-spacing: 0px; padding: 0px; margin: 0px 0px 12px 0px;\"><span style=\"color: #ff0000; font-size: 16px; padding: 0px; margin: 0px;\"><strong style=\"font-weight: bold; padding: 0px; margin: 0px;\"><span style=\"color: #008000; padding: 0px; margin: 0px;\">Fruit flies (Drosophila) ship throughout the continental USA when temps are 34F-79F</span></strong><br style=\"padding: 0px; margin: 0px;\" /></span></address><address style=\"background-color: transparent; color: #2f2f2f; font-family: Arial,Helvetica,sans-serif; font-size: 12px; font-style: normal; font-variant: normal; font-weight: 400; letter-spacing: normal; line-height: 16.2px; orphans: 2; text-align: center; text-decoration: none; text-indent: 0px; text-transform: none; -webkit-text-stroke-width: 0px; white-space: normal; word-spacing: 0px; padding: 0px; margin: 0px 0px 12px 0px;\"><span style=\"color: #ff0000; font-size: 16px; padding: 0px; margin: 0px;\"><strong style=\"font-weight: bold; padding: 0px; margin: 0px;\">Insects other than fruit flies ship within PA only. <a style=\"color: #1e7ec8; text-decoration: underline; padding: 0px; margin: 0px;\" href=\"https://www.aphis.usda.gov/aphis/ourfocus/planthealth/import-information/permits/regulated-organism-and-soil-permits/insects-and-mites/ct_insects_faqs\" target=\"_blank\" rel=\"noopener\">Here\'s why</a>.</strong></span></address><address style=\"background-color: transparent; color: #2f2f2f; font-family: Arial,Helvetica,sans-serif; font-size: 12px; font-style: normal; font-variant: normal; font-weight: 400; letter-spacing: normal; line-height: 16.2px; orphans: 2; text-align: center; text-decoration: none; text-indent: 0px; text-transform: none; -webkit-text-stroke-width: 0px; white-space: normal; word-spacing: 0px; padding: 0px; margin: 0px 0px 12px 0px;\"><span style=\"color: #008000; font-size: 16px; padding: 0px; margin: 0px;\"><strong style=\"font-weight: bold; padding: 0px; margin: 0px;\">Free pickup can be specified during checkout - we\'ll contact you for an appointment</strong></span></address>'),(26,50,0,11,NULL),(27,51,0,11,NULL),(28,64,0,11,NULL),(33,47,0,9,'<p class=\"Normal-P1\" style=\"background-color: transparent; color: #2f2f2f; font-family: Arial,Helvetica,sans-serif; font-size: 20px; font-style: normal; font-variant: normal; font-weight: 400; letter-spacing: normal; orphans: 2; text-align: center; text-decoration: none; text-indent: 0px; text-transform: none; -webkit-text-stroke-width: 0px; white-space: normal; word-spacing: 0px; padding: 0px; margin: 0px 0px 10px 0px;\"><span style=\"font-size: 20px; padding: 0px; margin: 0px;\"><strong style=\"font-weight: bold; padding: 0px; margin: 0px;\"><span class=\"Normal-C7\" style=\"color: #008000; padding: 0px; margin: 0px;\"><img src=\"{{media url=&quot;wp93681711.png&quot;}}\" alt=\"Hamburg\" width=\"600\" /></span></strong></span></p>\r\n<h2 class=\"Normal-P1\" style=\"background-color: transparent; color: #2f2f2f; font-family: Arial,Helvetica,sans-serif; font-size: 12px; font-style: normal; font-variant: normal; font-weight: 400; letter-spacing: normal; orphans: 2; text-align: center; text-decoration: none; text-indent: 0px; text-transform: none; -webkit-text-stroke-width: 0px; white-space: normal; word-spacing: 0px; padding: 0px; margin: 0px 0px 10px 0px;\"><span style=\"font-size: 20px; padding: 0px; margin: 0px;\"><strong style=\"font-weight: bold; padding: 0px; margin: 0px;\"><span class=\"Normal-C7\" style=\"color: #008000; padding: 0px; margin: 0px;\">Frogs \'n\' Things will be a vendor at:</span></strong></span></h2>\r\n<h2 class=\"Normal-P1\" style=\"background-color: transparent; color: #2f2f2f; font-family: Arial,Helvetica,sans-serif; font-size: 12px; font-style: normal; font-variant: normal; font-weight: 400; letter-spacing: normal; orphans: 2; text-align: center; text-decoration: none; text-indent: 0px; text-transform: none; -webkit-text-stroke-width: 0px; white-space: normal; word-spacing: 0px; padding: 0px; margin: 0px 0px 10px 0px;\"><span style=\"font-size: 20px; padding: 0px; margin: 0px;\"><strong style=\"font-weight: bold; padding: 0px; margin: 0px;\"><span class=\"Normal-C8\" style=\"color: #008000; padding: 0px; margin: 0px;\">Northwestern Berks Reptile Show and Sale, Hamburg PA</span></strong></span><br style=\"padding: 0px; margin: 0px;\" /><span style=\"font-size: 20px; padding: 0px; margin: 0px;\"><strong style=\"font-weight: bold; padding: 0px; margin: 0px;\"><span class=\"Normal-C7\" style=\"color: #008000; padding: 0px; margin: 0px;\">on the following dates:</span></strong></span></h2>\r\n<h2 style=\"background-color: transparent; color: #2f2f2f; font-family: Arial,Helvetica,sans-serif; font-size: 12px; font-style: normal; font-variant: normal; font-weight: 400; letter-spacing: normal; orphans: 2; text-align: center; text-decoration: none; text-indent: 0px; text-transform: none; -webkit-text-stroke-width: 0px; white-space: normal; word-spacing: 0px; padding: 0px; margin: 0px 0px 10px 0px;\"><span style=\"font-size: 20px; padding: 0px; margin: 0px;\"><strong style=\"font-weight: bold; padding: 0px; margin: 0px;\"><span style=\"font-family: &amp;quot; trebuchet ms&amp;quot;,tahoma,verdana,arial,helvetica,sans-serif,sans-serif; margin-bottom: 0px; margin-left: 0px; margin-right: 0px; margin-top: 0px; padding: 0px;\">  <span style=\"font-family: Trebuchet MS; padding: 0px; margin: 0px;\"><span style=\"color: #ff0000; padding: 0px; margin: 0px;\">December 1st, 2018</span></span></span></strong></span></h2>\r\n<h2 style=\"background-color: transparent; color: #2f2f2f; font-family: Arial,Helvetica,sans-serif; font-size: 12px; font-style: normal; font-variant: normal; font-weight: 400; letter-spacing: normal; orphans: 2; text-align: center; text-decoration: none; text-indent: 0px; text-transform: none; -webkit-text-stroke-width: 0px; white-space: normal; word-spacing: 0px; padding: 0px; margin: 0px 0px 10px 0px;\"><span style=\"font-size: 20px; padding: 0px; margin: 0px;\"><strong style=\"font-weight: bold; padding: 0px; margin: 0px;\"><span style=\"font-family: &amp;quot; trebuchet ms&amp;quot;,tahoma,verdana,arial,helvetica,sans-serif,sans-serif; margin-bottom: 0px; margin-left: 0px; margin-right: 0px; margin-top: 0px; padding: 0px;\"><span style=\"font-family: Trebuchet MS; padding: 0px; margin: 0px;\"><span style=\"color: #ff0000; padding: 0px; margin: 0px;\">February 23rd, 2019<br style=\"padding: 0px; margin: 0px;\" />   April 27th, 2019<br style=\"padding: 0px; margin: 0px;\" />  June 8th, 2019<br style=\"padding: 0px; margin: 0px;\" />  August 3rd, 2019<br style=\"padding: 0px; margin: 0px;\" />  October 19th, 2019<br style=\"padding: 0px; margin: 0px;\" />  December 7th, 2019</span></span></span></strong></span></h2>\r\n<h2 style=\"background-color: transparent; color: #2f2f2f; font-family: Arial,Helvetica,sans-serif; font-size: 12px; font-style: normal; font-variant: normal; font-weight: 400; letter-spacing: normal; orphans: 2; text-align: center; text-decoration: none; text-indent: 0px; text-transform: none; -webkit-text-stroke-width: 0px; white-space: normal; word-spacing: 0px; padding: 0px; margin: 0px 0px 10px 0px;\"><span style=\"font-size: 20px; padding: 0px; margin: 0px;\"><strong style=\"font-weight: bold; padding: 0px; margin: 0px;\"><span class=\"Normal-C5\" style=\"padding: 0px; margin: 0px;\">Click <a style=\"color: #1e7ec8; text-decoration: underline; padding: 0px; margin: 0px;\" href=\"http://www.hamburgreptileshow.com/\" target=\"_blank\" rel=\"noopener\">here</a> for show details and directions</span></strong></span></h2>'),(34,50,0,9,NULL),(35,51,0,9,NULL),(36,64,0,9,NULL),(37,47,0,7,'<address style=\"background-color: transparent; color: #2f2f2f; font-family: Arial,Helvetica,sans-serif; font-size: 12px; font-style: normal; font-variant: normal; font-weight: 400; letter-spacing: normal; line-height: 16.2px; orphans: 2; text-align: center; text-decoration: none; text-indent: 0px; text-transform: none; -webkit-text-stroke-width: 0px; white-space: normal; word-spacing: 0px; padding: 0px; margin: 0px 0px 12px 0px;\"><span style=\"color: #008000; font-size: 16px; padding: 0px; margin: 0px;\"><strong style=\"font-weight: bold; padding: 0px; margin: 0px;\">All plants for sale are fresh cuttings of varieties that will thrive in a dart frog vivarium.  Full spectrum lighting and quality potting soil is recommended for optimal growth.  Plant directly into vivarium or in organic potting soil for later use. </strong></span></address><address style=\"background-color: transparent; color: #2f2f2f; font-family: Arial,Helvetica,sans-serif; font-size: 12px; font-style: normal; font-variant: normal; font-weight: 400; letter-spacing: normal; line-height: 16.2px; orphans: 2; text-align: center; text-decoration: none; text-indent: 0px; text-transform: none; -webkit-text-stroke-width: 0px; white-space: normal; word-spacing: 0px; padding: 0px; margin: 0px 0px 12px 0px;\"><span style=\"color: #ff0000; font-size: 16px; padding: 0px; margin: 0px;\"><strong style=\"font-weight: bold; padding: 0px; margin: 0px;\"><span style=\"text-decoration: underline; padding: 0px; margin: 0px;\">Plants ship when temperatures are between 40F-79F for the shipping duration.  FedEx Priority shipping is required outside of this range.</span></strong></span></address><address style=\"background-color: transparent; color: #2f2f2f; font-family: Arial,Helvetica,sans-serif; font-size: 12px; font-style: normal; font-variant: normal; font-weight: 400; letter-spacing: normal; line-height: 16.2px; orphans: 2; text-align: center; text-decoration: none; text-indent: 0px; text-transform: none; -webkit-text-stroke-width: 0px; white-space: normal; word-spacing: 0px; padding: 0px; margin: 0px 0px 12px 0px;\"><span style=\"color: #008000; font-size: 16px; padding: 0px; margin: 0px;\"><strong style=\"font-weight: bold; padding: 0px; margin: 0px;\">Free pickup can be still specified during checkout - we\'ll contact you for an appointment</strong></span></address>'),(38,50,0,7,NULL),(39,51,0,7,NULL),(40,64,0,7,NULL),(41,47,0,23,'<p style=\"background-color: transparent; color: #2f2f2f; font-family: Arial,Helvetica,sans-serif; font-size: 12px; font-style: normal; font-variant: normal; font-weight: 400; letter-spacing: normal; orphans: 2; text-align: center; text-decoration: none; text-indent: 0px; text-transform: none; -webkit-text-stroke-width: 0px; white-space: normal; word-spacing: 0px; padding: 0px; margin: 0px 0px 10px 0px;\"><span class=\"Normal-_Web_-C\" style=\"color: #008000; padding: 0px; margin: 0px;\"><strong style=\"font-weight: bold; padding: 0px; margin: 0px;\">Frogs \'n\' Things is located in Hilltown PA, just 10min from the PA tpk NE extension (476), approximately 30 min south of Allentown PA (I78) and 40 min north of Philadelphia. It is a small business officially founded in 2011, although we have been keeping and breeding amphibians for &gt;30 years.</strong> </span></p>\r\n<p style=\"background-color: transparent; color: #2f2f2f; font-family: Arial,Helvetica,sans-serif; font-size: 12px; font-style: normal; font-variant: normal; font-weight: 400; letter-spacing: normal; orphans: 2; text-align: center; text-decoration: none; text-indent: 0px; text-transform: none; -webkit-text-stroke-width: 0px; white-space: normal; word-spacing: 0px; padding: 0px; margin: 0px 0px 10px 0px;\"> </p>\r\n<p class=\"Normal-_Web_-P\" style=\"background-color: transparent; color: #2f2f2f; font-family: Arial,Helvetica,sans-serif; font-size: 12px; font-style: normal; font-variant: normal; font-weight: 400; letter-spacing: normal; orphans: 2; text-align: center; text-decoration: none; text-indent: 0px; text-transform: none; -webkit-text-stroke-width: 0px; white-space: normal; word-spacing: 0px; padding: 0px; margin: 0px 0px 10px 0px;\"><span style=\"color: #ff0000; padding: 0px; margin: 0px;\"><strong style=\"font-weight: bold; padding: 0px; margin: 0px;\"><span class=\"Normal-_Web_-C1\" style=\"padding: 0px; margin: 0px;\">Keith Q. Tanis, Ph.D. - </span></strong></span><span style=\"color: #ff0000; padding: 0px; margin: 0px;\"><strong style=\"font-weight: bold; padding: 0px; margin: 0px;\"><span class=\"Normal-_Web_-C1\" style=\"padding: 0px; margin: 0px;\">Founder and Proprietor</span></strong></span></p>\r\n<p class=\"Normal-_Web_-P\" style=\"background-color: transparent; color: #2f2f2f; font-family: Arial,Helvetica,sans-serif; font-size: 12px; font-style: normal; font-variant: normal; font-weight: 400; letter-spacing: normal; orphans: 2; text-align: center; text-decoration: none; text-indent: 0px; text-transform: none; -webkit-text-stroke-width: 0px; white-space: normal; word-spacing: 0px; padding: 0px; margin: 0px 0px 10px 0px;\"><span class=\"Normal-_Web_-C1\" style=\"padding: 0px; margin: 0px;\"><img style=\"border-image-outset: 0; border-image-repeat: stretch; border-image-slice: 100%; border-image-source: none; border-image-width: 1; vertical-align: top; padding: 0px; margin: 0px; border: 0px none #2f2f2f;\" src=\"https://www.frogsnthings.com/storefront/media/wysiwyg/wpa3e36268.png\" alt=\"\" /></span></p>\r\n<p class=\"Normal-_Web_-P\" style=\"background-color: transparent; color: #2f2f2f; font-family: Arial,Helvetica,sans-serif; font-size: 12px; font-style: normal; font-variant: normal; font-weight: 400; letter-spacing: normal; orphans: 2; text-align: center; text-decoration: none; text-indent: 0px; text-transform: none; -webkit-text-stroke-width: 0px; white-space: normal; word-spacing: 0px; padding: 0px; margin: 0px 0px 10px 0px;\"> <span class=\"Normal-_Web_-C\" style=\"padding: 0px; margin: 0px;\">Ask Keith why he’s obsessed with frogs and he’ll shrug his shoulders. He just always was.  Maybe it’s that they are the clowns of the rainforest.  Maybe it’s that they are the most toxic animals on earth.  Or maybe it’s having a slice of creation right in his basement.  Regardless, its an obsession that many of you understand. </span></p>\r\n<p class=\"Normal-_Web_-P1\" style=\"background-color: transparent; color: #2f2f2f; font-family: Arial,Helvetica,sans-serif; font-size: 12px; font-style: normal; font-variant: normal; font-weight: 400; letter-spacing: normal; orphans: 2; text-align: center; text-decoration: none; text-indent: 0px; text-transform: none; -webkit-text-stroke-width: 0px; white-space: normal; word-spacing: 0px; padding: 0px; margin: 0px 0px 10px 0px;\"><span class=\"Normal-_Web_-C\" style=\"padding: 0px; margin: 0px;\">So, did he really need all that schooling to sell frogs? </span></p>\r\n<p class=\"Normal-_Web_-P1\" style=\"background-color: transparent; color: #2f2f2f; font-family: Arial,Helvetica,sans-serif; font-size: 12px; font-style: normal; font-variant: normal; font-weight: 400; letter-spacing: normal; orphans: 2; text-align: center; text-decoration: none; text-indent: 0px; text-transform: none; -webkit-text-stroke-width: 0px; white-space: normal; word-spacing: 0px; padding: 0px; margin: 0px 0px 10px 0px;\"><span class=\"Normal-_Web_-C\" style=\"padding: 0px; margin: 0px;\">In his spare time, Keith applies genetics and genomics technologies for the development of new and safer medicines and therapeutics.  It’s a great distraction from the stress of the frog business! Check out his publications <a style=\"color: #1e7ec8; text-decoration: underline; padding: 0px; margin: 0px;\" href=\"http://www.ncbi.nlm.nih.gov/sites/entrez?db=pubmed&amp;cmd=DetailsSearch&amp;term=tanis+kq\" target=\"_blank\" rel=\"noopener\">here</a>. </span></p>'),(42,50,0,23,NULL),(43,51,0,23,NULL),(44,64,0,23,NULL),(45,47,0,20,'<h1 style=\"text-align: left;\">Please contact us with any questions. </h1>\r\n<h2 style=\"text-align: left;\">The quickest way to reach us is via the form <a title=\"Contact Form\" href=\"https://store.frogsnthings.com/contact/\">here</a>.</h2>\r\n<h2>215.536.2407 (Leave a message and we\'ll return your call ASAP)</h2>\r\n<h2>We typically respond the same day, so if you do not hear back from us in 24 hrs please try again.</h2>'),(46,50,0,20,NULL),(47,51,0,20,NULL),(48,64,0,20,NULL),(49,47,0,21,'<div class=\"col-main\" style=\"background-color: transparent; clear: none; color: #2f2f2f; display: block; float: none; font-family: Arial,Helvetica,sans-serif; font-size: 12px; font-style: normal; font-variant: normal; font-weight: 400; height: 808px; letter-spacing: normal; line-height: 18.6px; orphans: 2; overflow: visible; text-align: left; text-decoration: none; text-indent: 0px; text-transform: none; -webkit-text-stroke-width: 0px; white-space: normal; width: 900px; word-spacing: 0px; padding: 0px 0px 1px 0px; margin: 0px;\">\r\n<div class=\"Normal-P0\" style=\"padding: 0px; margin: 0px;\"><span class=\"Normal-C0\" style=\"padding: 0px; margin: 0px;\"><a style=\"color: #1e7ec8; text-decoration: underline; padding: 0px; margin: 0px;\" href=\"https://store.frogsnthings.com/about-us/customer-service.html#Shipping\">Shipping &amp; Delivery</a><br style=\"padding: 0px; margin: 0px;\" /></span></div>\r\n<div class=\"Normal-P0\" style=\"padding: 0px; margin: 0px;\"><span class=\"Normal-C0\" style=\"padding: 0px; margin: 0px;\"><a style=\"color: #1e7ec8; text-decoration: underline; padding: 0px; margin: 0px;\" href=\"https://store.frogsnthings.com/about-us/customer-service.html#Privacy\">Privacy and Security</a><br style=\"padding: 0px; margin: 0px;\" /></span></div>\r\n<div class=\"Normal-P0\" style=\"padding: 0px; margin: 0px;\"><span class=\"Normal-C0\" style=\"padding: 0px; margin: 0px;\"><a style=\"color: #1e7ec8; text-decoration: underline; padding: 0px; margin: 0px;\" href=\"https://store.frogsnthings.com/about-us/customer-service.html#Returns\">Returns and Replacements</a><br style=\"padding: 0px; margin: 0px;\" /></span></div>\r\n<div class=\"Normal-P0\" style=\"padding: 0px; margin: 0px;\"><span class=\"Normal-C0\" style=\"padding: 0px; margin: 0px;\"><a style=\"color: #1e7ec8; text-decoration: underline; padding: 0px; margin: 0px;\" href=\"https://store.frogsnthings.com/about-us/customer-service.html#Ordering\">Ordering</a></span></div>\r\n<div class=\"Normal-P0\" style=\"padding: 0px; margin: 0px;\"><strong style=\"font-weight: bold; padding: 0px; margin: 0px;\"><span class=\"Normal-C0\" style=\"padding: 0px; margin: 0px;\"> </span></strong></div>\r\n<address class=\"Normal-P0\" style=\"font-style: normal; line-height: 16.2px; padding: 0px; margin: 0px;\"><strong style=\"font-weight: bold; padding: 0px; margin: 0px;\"><span class=\"Normal-C0\" style=\"padding: 0px; margin: 0px;\">Please contact us with any questions:</span></strong></address>\r\n<div class=\"Normal-P0\" style=\"padding: 0px; margin: 0px;\"><address style=\"font-style: normal; line-height: 16.2px; padding: 0px; margin: 0px;\"><span style=\"color: #008000; padding: 0px; margin: 0px;\"><strong style=\"font-weight: bold; padding: 0px; margin: 0px;\"><span style=\"color: #333333; padding: 0px; margin: 0px;\">By Phone:</span> 215.536.2407</strong></span></address><address style=\"font-style: normal; line-height: 16.2px; padding: 0px; margin: 0px;\"><span style=\"color: #008000; padding: 0px; margin: 0px;\"><strong style=\"font-weight: bold; padding: 0px; margin: 0px;\"><span style=\"color: #333333; padding: 0px; margin: 0px;\">By eMail:</span> Use form <a style=\"color: #1e7ec8; text-decoration: underline; padding: 0px; margin: 0px;\" href=\"https://store.frogsnthings.com/contact/\">here</a></strong></span></address><span class=\"Normal-C0\" style=\"padding: 0px; margin: 0px;\"><br style=\"padding: 0px; margin: 0px;\" /> </span></div>\r\n<div class=\"Normal-P0\" style=\"padding: 0px; margin: 0px;\"><a style=\"color: #1e7ec8; text-decoration: underline; padding: 0px; margin: 0px;\" name=\"Shipping\"></a><span class=\"Normal-C0\" style=\"padding: 0px; margin: 0px;\"><strong style=\"font-weight: bold; padding: 0px; margin: 0px;\">Shipping &amp; Delivery</strong><br style=\"padding: 0px; margin: 0px;\" /></span>\r\n<div class=\"Normal-P1\" style=\"padding: 0px; margin: 0px;\"><span class=\"Normal-C1\" style=\"padding: 0px; margin: 0px;\">You are welcome to pick up orders in Hilltown, PA or at a show. Simply select pickup under shipping options. We ship orders anywhere in the contiguous United States. <br style=\"padding: 0px; margin: 0px;\" /></span><span class=\"Normal-C1\" style=\"padding: 0px; margin: 0px;\"><br style=\"padding: 0px; margin: 0px;\" /></span><span class=\"Normal-C1\" style=\"padding: 0px; margin: 0px;\">Orders are typically shipped within 1-2 business days of receipt. The shipping we charge is what that carrier charges us. We recognize that this makes our shipping charges higher than other\'s, but we trust it is offset by the ubiquitous low prices of our products. We prefer not to role shipping costs into the prices of our products as that effects all customers regardless of their shipping needs.</span></div>\r\n<div class=\"Normal-P1\" style=\"padding: 0px; margin: 0px;\"><span class=\"Normal-C1\" style=\"padding: 0px; margin: 0px;\"><br style=\"padding: 0px; margin: 0px;\" /></span><span class=\"Normal-C1\" style=\"padding: 0px; margin: 0px;\"><span class=\"Normal-C2\" style=\"color: #ff0000; padding: 0px; margin: 0px;\">Orders containing frogs must ship FedEx Priority Overnight.  <span style=\"color: #000000; padding: 0px; margin: 0px;\">Other items should be ordered separately from frogs unless they can all fit inside a 6x6x2 inch space. </span></span></span></div>\r\n<div class=\"Normal-P1\" style=\"padding: 0px; margin: 0px;\">\r\n<div class=\"Normal-P1\" style=\"padding: 0px; margin: 0px;\"><span class=\"Normal-C2\" style=\"color: #ff0000; padding: 0px; margin: 0px;\">Orders containing other live items can ship any USPS/UPS/FedEx service that will arrive the next day to your location from 18951. </span><span class=\"Normal-C1\" style=\"padding: 0px; margin: 0px;\"> Feel free to use the lowest rate service meeting these requirements. You can determine the required UPS method <a style=\"color: #1e7ec8; text-decoration: underline; padding: 0px; margin: 0px;\" href=\"https://wwwapps.ups.com/ctc/request?loc=en_US&amp;WT.svl=PNRO_L1\" target=\"_blank\" rel=\"noopener\">here</a>. We will send you an invoice for additional shipping charges if needed to meet these requirements.</span></div>\r\n<div class=\"Normal-P1\" style=\"padding: 0px; margin: 0px;\"><span class=\"Normal-C1\" style=\"padding: 0px; margin: 0px;\"><br style=\"padding: 0px; margin: 0px;\" /></span><span class=\"Normal-C1\" style=\"padding: 0px; margin: 0px;\">Frogs ship Mon-Wed when the temperatures between 19440 and the destination are forecasted between 40F and 89F for the shipping duration. We do not ship tadpoles. Insects ship Mon-Thurs when the temperatures between 19440 and the destination are forecasted between 34F and 79F for the shipping duration. You can check the forecasted temps <a style=\"color: #1e7ec8; text-decoration: underline; padding: 0px; margin: 0px;\" href=\"http://graphical.weather.gov/sectors/conus.php?element=T\" target=\"_blank\" rel=\"noopener\">here</a>. <span style=\"color: #ff0000; padding: 0px; margin: 0px;\">By law, insects other than fruit flies can only be shipped within PA</span>. Fruit flies can ship anywhere in the USA.</span></div>\r\n</div>\r\n<div class=\"Normal-P0\" style=\"padding: 0px; margin: 0px;\"><span class=\"Normal-C1\" style=\"padding: 0px; margin: 0px;\"><br style=\"padding: 0px; margin: 0px;\" /></span><strong style=\"font-weight: bold; padding: 0px; margin: 0px;\"><a style=\"color: #1e7ec8; text-decoration: underline; padding: 0px; margin: 0px;\" name=\"Privacy\"></a><span class=\"Normal-C0\" style=\"padding: 0px; margin: 0px;\">Privacy &amp; Security</span><span class=\"Normal-C1\" style=\"padding: 0px; margin: 0px;\"><br style=\"padding: 0px; margin: 0px;\" /></span></strong></div>\r\n<div class=\"Normal-P1\" style=\"padding: 0px; margin: 0px;\"><span class=\"Normal-C1\" style=\"padding: 0px; margin: 0px;\">Your privacy and secruity of any supplied information is very important to us. Please see our detailed policy <a style=\"color: #1e7ec8; text-decoration: underline; padding: 0px; margin: 0px;\" href=\"https://store.frogsnthings.com/privacy-policy-cookie-restriction-mode/\" target=\"_blank\" rel=\"noopener\">here</a>. <br style=\"padding: 0px; margin: 0px;\" /></span><span class=\"Normal-C1\" style=\"padding: 0px; margin: 0px;\"><br style=\"padding: 0px; margin: 0px;\" /></span></div>\r\n<div class=\"Normal-P0\" style=\"padding: 0px; margin: 0px;\"><strong style=\"font-weight: bold; padding: 0px; margin: 0px;\"><a style=\"color: #1e7ec8; text-decoration: underline; padding: 0px; margin: 0px;\" name=\"Returns\"></a></strong><span class=\"Normal-C0\" style=\"padding: 0px; margin: 0px;\"><strong style=\"font-weight: bold; padding: 0px; margin: 0px;\">Returns &amp; Replacements</strong><br style=\"padding: 0px; margin: 0px;\" /></span></div>\r\n<div class=\"Normal-P1\" style=\"padding: 0px; margin: 0px;\"><span class=\"Normal-C1\" style=\"padding: 0px; margin: 0px;\">Your satisfaction is our top priority. We guarantee your full satisfaction with all orders as well as healthy arrival of frogs and insects. Please contact us by email to request a return.  In the event products arrive damaged or unhealthy, please photo-document the problem immediately upon receipt and notify us by email. <span style=\"color: #ff0000; padding: 0px; margin: 0px;\"><strong style=\"font-weight: bold; padding: 0px; margin: 0px;\">Photo documentation of frogs that arrive unhealthy or deceased must be supplied within 2 hrs of delivery confirmation. </strong></span>We will gladly send you either a replacement or full refund at our discretion. Replacement shipping is free up until the original order total. Because of the sensitivity of dart frogs to their environment, we cannot provide a blanket guarantee on their long term health. However, we encourage you to contact us if you have any issues proximal to receipt. We take pride in our business ethics and in your satisfaction, and will stand behind our animals if there is no reason to suspect issues outside of our control.<br style=\"padding: 0px; margin: 0px;\" /></span></div>\r\n<div class=\"Normal-P0\" style=\"padding: 0px; margin: 0px;\"><span class=\"Normal-C1\" style=\"padding: 0px; margin: 0px;\"><br style=\"padding: 0px; margin: 0px;\" /></span><strong style=\"font-weight: bold; padding: 0px; margin: 0px;\"><a style=\"color: #1e7ec8; text-decoration: underline; padding: 0px; margin: 0px;\" name=\"Ordering\"></a><span class=\"Normal-C0\" style=\"padding: 0px; margin: 0px;\">Ordering<br style=\"padding: 0px; margin: 0px;\" /></span></strong></div>\r\n<div class=\"Body-P\" style=\"padding: 0px; margin: 0px;\"><span class=\"Normal-C1\" style=\"padding: 0px; margin: 0px;\">We accept all major credit cards through PayPal. You do NOT need a PayPal account to pay through PayPal. Simply select the “continue” link under “Don’t have a PayPay account?”. For pick up orders, we accept cash or credit card in person, or you can pay online in advance if you prefer. Simply check your preference during checkout. </span></div>\r\n</div>\r\n</div>\r\n<p> </p>'),(50,50,0,21,NULL),(51,51,0,21,NULL),(52,64,0,21,NULL),(53,47,0,24,'<p class=\"Heading-3-P\" style=\"background-color: transparent; color: #2f2f2f; font-family: Arial,Helvetica,sans-serif; font-size: 12px; font-style: normal; font-variant: normal; font-weight: 400; letter-spacing: normal; orphans: 2; text-align: center; text-decoration: none; text-indent: 0px; text-transform: none; -webkit-text-stroke-width: 0px; white-space: normal; word-spacing: 0px; padding: 0px; margin: 0px 0px 12px 0px;\"> </p>\r\n<p class=\"Heading-3-P\" style=\"background-color: transparent; color: #2f2f2f; font-family: Arial,Helvetica,sans-serif; font-size: 12px; font-style: normal; font-variant: normal; font-weight: 400; letter-spacing: normal; orphans: 2; text-align: center; text-decoration: none; text-indent: 0px; text-transform: none; -webkit-text-stroke-width: 0px; white-space: normal; word-spacing: 0px; padding: 0px; margin: 0px 0px 12px 0px;\"><span style=\"font-size: 13.33px; padding: 0px; margin: 0px;\"><em style=\"font-style: italic; padding: 0px; margin: 0px;\"><span style=\"color: #ff0000; padding: 0px; margin: 0px;\"><strong style=\"font-weight: bold; padding: 0px; margin: 0px;\"><span class=\"Strong-C0\" style=\"padding: 0px; margin: 0px;\">Poison dart frogs thrive in captivity, and with a few simple guidelines, caring for them is straight forward. Below are some general guidelines for dart frog care as well as some recommended web sites for additional info.</span></strong></span></em></span></p>\r\n<p class=\"Heading-3-P\" style=\"background-color: transparent; color: #2f2f2f; font-family: Arial,Helvetica,sans-serif; font-size: 12px; font-style: normal; font-variant: normal; font-weight: 400; letter-spacing: normal; orphans: 2; text-align: center; text-decoration: none; text-indent: 0px; text-transform: none; -webkit-text-stroke-width: 0px; white-space: normal; word-spacing: 0px; padding: 0px; margin: 0px 0px 12px 0px;\"> </p>\r\n<p class=\"Heading-3-P\" style=\"background-color: transparent; color: #2f2f2f; font-family: Arial,Helvetica,sans-serif; font-size: 12px; font-style: normal; font-variant: normal; font-weight: 400; letter-spacing: normal; orphans: 2; text-align: center; text-decoration: none; text-indent: 0px; text-transform: none; -webkit-text-stroke-width: 0px; white-space: normal; word-spacing: 0px; padding: 0px; margin: 0px 0px 12px 0px;\"><span style=\"color: #339966; padding: 0px; margin: 0px;\"><strong style=\"font-weight: bold; padding: 0px; margin: 0px;\"><span class=\"Strong-C1\" style=\"padding: 0px; margin: 0px;\">An Overview of Poison Dart Frog Care</span></strong></span></p>\r\n<p class=\"Normal-_Web_-P\" style=\"background-color: transparent; color: #2f2f2f; font-family: Arial,Helvetica,sans-serif; font-size: 12px; font-style: normal; font-variant: normal; font-weight: 400; letter-spacing: normal; orphans: 2; text-align: center; text-decoration: none; text-indent: 0px; text-transform: none; -webkit-text-stroke-width: 0px; white-space: normal; word-spacing: 0px; padding: 0px; margin: 0px 0px 12px 0px;\"><span class=\"Strong-C2\" style=\"color: #339966; padding: 0px; margin: 0px;\">• Eggs should be kept in an enclosed container on a moistened paper towel to maintain humidity. They should not be submersed in water.</span></p>\r\n<p class=\"Normal-_Web_-P\" style=\"background-color: transparent; color: #2f2f2f; font-family: Arial,Helvetica,sans-serif; font-size: 12px; font-style: normal; font-variant: normal; font-weight: 400; letter-spacing: normal; orphans: 2; text-align: center; text-decoration: none; text-indent: 0px; text-transform: none; -webkit-text-stroke-width: 0px; white-space: normal; word-spacing: 0px; padding: 0px; margin: 0px 0px 12px 0px;\"><span style=\"color: #339966; padding: 0px; margin: 0px;\"><span class=\"Strong-C2\" style=\"padding: 0px; margin: 0px;\">• Hatched tadpoles can be raised at room temperature in just a few ounces of distilled water. Water should be changed every 2-3 days. Feed tadpoles at each water change with a small pinch of </span><span class=\"Hyperlink-C\" style=\"padding: 0px; margin: 0px;\"><a style=\"color: #1e7ec8; text-decoration: underline; padding: 0px; margin: 0px;\" href=\"https://store.frogsnthings.com/plants/health-and-medications.html\">FNT\'s Fortified Tadpole Chow</a></span><span class=\"Strong-C2\" style=\"padding: 0px; margin: 0px;\">.</span></span></p>\r\n<p class=\"Normal-_Web_-P\" style=\"background-color: transparent; color: #2f2f2f; font-family: Arial,Helvetica,sans-serif; font-size: 12px; font-style: normal; font-variant: normal; font-weight: 400; letter-spacing: normal; orphans: 2; text-align: center; text-decoration: none; text-indent: 0px; text-transform: none; -webkit-text-stroke-width: 0px; white-space: normal; word-spacing: 0px; padding: 0px; margin: 0px 0px 12px 0px;\"><span class=\"Strong-C2\" style=\"color: #339966; padding: 0px; margin: 0px;\">• Once all 4 legs emerge (~3 months), place tadpoles in a tilted container so that they can climb out of the water when they are ready.</span></p>\r\n<p class=\"Normal-_Web_-P\" style=\"background-color: transparent; color: #2f2f2f; font-family: Arial,Helvetica,sans-serif; font-size: 12px; font-style: normal; font-variant: normal; font-weight: 400; letter-spacing: normal; orphans: 2; text-align: center; text-decoration: none; text-indent: 0px; text-transform: none; -webkit-text-stroke-width: 0px; white-space: normal; word-spacing: 0px; padding: 0px; margin: 0px 0px 12px 0px;\"><span class=\"Strong-C2\" style=\"color: #339966; padding: 0px; margin: 0px;\">• Froglets should be kept in a small (&lt;5 gal) container with constant food availability until they learn to hunt and eat well (~2 months out of the water).</span></p>\r\n<p class=\"Normal-_Web_-P\" style=\"background-color: transparent; color: #2f2f2f; font-family: Arial,Helvetica,sans-serif; font-size: 12px; font-style: normal; font-variant: normal; font-weight: 400; letter-spacing: normal; orphans: 2; text-align: center; text-decoration: none; text-indent: 0px; text-transform: none; -webkit-text-stroke-width: 0px; white-space: normal; word-spacing: 0px; padding: 0px; margin: 0px 0px 12px 0px;\"><span class=\"Strong-C2\" style=\"color: #339966; padding: 0px; margin: 0px;\">• Most adult dendrobates are best kept in pairs in at least a 10 gallon vivarium although some non-dendrobates species will do well in higher numbers.</span></p>\r\n<p class=\"Normal-_Web_-P\" style=\"background-color: transparent; color: #2f2f2f; font-family: Arial,Helvetica,sans-serif; font-size: 12px; font-style: normal; font-variant: normal; font-weight: 400; letter-spacing: normal; orphans: 2; text-align: center; text-decoration: none; text-indent: 0px; text-transform: none; -webkit-text-stroke-width: 0px; white-space: normal; word-spacing: 0px; padding: 0px; margin: 0px 0px 12px 0px;\"><span class=\"Strong-C2\" style=\"color: #339966; padding: 0px; margin: 0px;\">• The temperature should be maintained at ~74-78°F, although brief fluctuations between 68-82°F (such as during cool evenings) are tolerated.</span></p>\r\n<p class=\"Normal-_Web_-P\" style=\"background-color: transparent; color: #2f2f2f; font-family: Arial,Helvetica,sans-serif; font-size: 12px; font-style: normal; font-variant: normal; font-weight: 400; letter-spacing: normal; orphans: 2; text-align: center; text-decoration: none; text-indent: 0px; text-transform: none; -webkit-text-stroke-width: 0px; white-space: normal; word-spacing: 0px; padding: 0px; margin: 0px 0px 12px 0px;\"><span class=\"Strong-C2\" style=\"color: #339966; padding: 0px; margin: 0px;\">• The humidity should be maintained at &gt;90%. This can be achieved by covering the tank with a glass canopy and misting thoroughly with distilled water 1-2x per day.</span></p>\r\n<p class=\"Normal-_Web_-P\" style=\"background-color: transparent; color: #2f2f2f; font-family: Arial,Helvetica,sans-serif; font-size: 12px; font-style: normal; font-variant: normal; font-weight: 400; letter-spacing: normal; orphans: 2; text-align: center; text-decoration: none; text-indent: 0px; text-transform: none; -webkit-text-stroke-width: 0px; white-space: normal; word-spacing: 0px; padding: 0px; margin: 0px 0px 12px 0px;\"><span style=\"color: #339966; padding: 0px; margin: 0px;\"><span class=\"Strong-C2\" style=\"padding: 0px; margin: 0px;\">• A false-bottom aquarium containing a heater and a waterfall is a convenient way to maintain both temperature and humidity especially during the winter months. </span></span></p>\r\n<p class=\"Normal-_Web_-P\" style=\"background-color: transparent; color: #2f2f2f; font-family: Arial,Helvetica,sans-serif; font-size: 12px; font-style: normal; font-variant: normal; font-weight: 400; letter-spacing: normal; orphans: 2; text-align: center; text-decoration: none; text-indent: 0px; text-transform: none; -webkit-text-stroke-width: 0px; white-space: normal; word-spacing: 0px; padding: 0px; margin: 0px 0px 12px 0px;\"><span style=\"color: #339966; padding: 0px; margin: 0px;\"><span class=\"Strong-C2\" style=\"padding: 0px; margin: 0px;\">• Frogs should be fed ~5 days per week. An adult frog will eat &gt;20 D. malanogaster flies/feeding. Flies should always be dusted with a 1:1 mixture of </span><span class=\"Hyperlink-C\" style=\"padding: 0px; margin: 0px;\"><a style=\"color: #1e7ec8; text-decoration: underline; padding: 0px; margin: 0px;\" href=\"https://store.frogsnthings.com/plants/health-and-medications.html\">calcium:vitamin supplements</a></span><span class=\"Strong-C2\" style=\"padding: 0px; margin: 0px;\">.</span></span></p>'),(54,47,0,25,'<p style=\"background-color: transparent; color: #2f2f2f; font-family: Arial,Helvetica,sans-serif; font-size: 12px; font-style: normal; font-variant: normal; font-weight: 400; letter-spacing: normal; orphans: 2; text-align: center; text-decoration: none; text-indent: 0px; text-transform: none; -webkit-text-stroke-width: 0px; white-space: normal; word-spacing: 0px; padding: 0px; margin: 0px 0px 12px 0px;\"><span style=\"color: #339966; padding: 0px; margin: 0px;\">This page describes readily available treatments and medications we have found safe and effective in our experience for a broad range of common dart frog ailments. It is prudent to have ready access to many of these medications in case of emergency.</span></p>\r\n<p style=\"background-color: transparent; color: #2f2f2f; font-family: Arial,Helvetica,sans-serif; font-size: 12px; font-style: normal; font-variant: normal; font-weight: 400; letter-spacing: normal; orphans: 2; text-align: center; text-decoration: none; text-indent: 0px; text-transform: none; -webkit-text-stroke-width: 0px; white-space: normal; word-spacing: 0px; padding: 0px; margin: 0px 0px 12px 0px;\"><span style=\"color: #339966; padding: 0px; margin: 0px;\">Medicinal science for dart frogs remains nascent and controversial. Moreover, the best options for you might be limited to prescription drugs. While we have had personal success with each otfthese non-prescription treatments, we encourage you to discuss your particular need, diagnosis and treatment options with a qualified veterinarian before initiating treatment.</span></p>\r\n<p style=\"background-color: transparent; color: #2f2f2f; font-family: Arial,Helvetica,sans-serif; font-size: 12px; font-style: normal; font-variant: normal; font-weight: 400; letter-spacing: normal; orphans: 2; text-align: center; text-decoration: none; text-indent: 0px; text-transform: none; -webkit-text-stroke-width: 0px; white-space: normal; word-spacing: 0px; padding: 0px; margin: 0px 0px 12px 0px;\"><span style=\"color: #339966; padding: 0px; margin: 0px;\">A milligram scale is required to accurately weigh out a number of the chemicals below.  <a style=\"color: #1e7ec8; text-decoration: underline; padding: 0px; margin: 0px;\" href=\"http://www.amazon.com/American-Weigh-GEMINI-20-Portable-MilliGram/dp/B0012TDNAM/ref=sr_1_1?ie=UTF8&amp;qid=1455679305&amp;sr=8-1&amp;keywords=milligram+scale\" target=\"_blank\" rel=\"noopener\">This one</a> is only $20 and works great.<br style=\"padding: 0px; margin: 0px;\" /></span></p>\r\n<p style=\"background-color: transparent; color: #2f2f2f; font-family: Arial,Helvetica,sans-serif; font-size: 12px; font-style: normal; font-variant: normal; font-weight: 400; letter-spacing: normal; orphans: 2; text-align: center; text-decoration: none; text-indent: 0px; text-transform: none; -webkit-text-stroke-width: 0px; white-space: normal; word-spacing: 0px; padding: 0px; margin: 0px 0px 12px 0px;\"><span style=\"color: #339966; padding: 0px; margin: 0px;\"><strong style=\"font-weight: bold; padding: 0px; margin: 0px;\"> </strong></span></p>\r\n<p style=\"background-color: transparent; color: #2f2f2f; font-family: Arial,Helvetica,sans-serif; font-size: 12px; font-style: normal; font-variant: normal; font-weight: 400; letter-spacing: normal; orphans: 2; text-align: center; text-decoration: none; text-indent: 0px; text-transform: none; -webkit-text-stroke-width: 0px; white-space: normal; word-spacing: 0px; padding: 0px; margin: 0px 0px 12px 0px;\"><span style=\"color: #339966; padding: 0px; margin: 0px;\"><strong style=\"font-weight: bold; padding: 0px; margin: 0px;\">Isotonic Ringers</strong></span></p>\r\n<p style=\"background-color: transparent; color: #2f2f2f; font-family: Arial,Helvetica,sans-serif; font-size: 12px; font-style: normal; font-variant: normal; font-weight: 400; letter-spacing: normal; orphans: 2; text-align: left; text-decoration: none; text-indent: 0px; text-transform: none; -webkit-text-stroke-width: 0px; white-space: normal; word-spacing: 0px; padding: 0px; margin: 0px 0px 12px 0px;\"><span style=\"color: #339966; padding: 0px; margin: 0px;\">Frogs are hypertonic (contain more dissolved salts in body fluids) compared to their environment. They thus must actively counter osmotic pressure to maintain proper osmolarity and this requires energy. Soaking a sick or weakened frog in isotonic Ringer’s solution enables them to  instead spend their energy on getting well.  Ringers solution is an effective aid for bloat which results from a failure to osmoregulate.  Conversely, it is used to rehydrate frogs (eg: escapees!).  Note, while Ringer\'s bath can assist the frog osmoregulate, it is not a cure for the primary issue that lead to the symptoms to begin with.  The frog might be able to recover from the original issue on its own or might require additional medications.  </span></p>\r\n<p style=\"background-color: transparent; color: #2f2f2f; font-family: Arial,Helvetica,sans-serif; font-size: 12px; font-style: normal; font-variant: normal; font-weight: 400; letter-spacing: normal; orphans: 2; text-align: left; text-decoration: none; text-indent: 0px; text-transform: none; -webkit-text-stroke-width: 0px; white-space: normal; word-spacing: 0px; padding: 0px; margin: 0px 0px 12px 0px;\"><span style=\"color: #339966; padding: 0px; margin: 0px;\">Ringers solids, available <a style=\"color: #1e7ec8; text-decoration: underline; padding: 0px; margin: 0px;\" href=\"https://store.frogsnthings.com/isotonic-amphibian-s-ringer-solids-makes-1-2-gal-soln.html\" target=\"_self\">here</a>, are stable indefinitely at room temp.  Dissolve pouch A of solids  completely in 1/2 gallon distilled water. Then add pouch B and mix well.  Soak frog in solution for 1-3 hrs and repeat as needed.  Keep solution refrigerated . Discard if particulates or algae/slime growth is evident. </span></p>\r\n<p style=\"background-color: transparent; color: #2f2f2f; font-family: Arial,Helvetica,sans-serif; font-size: 12px; font-style: normal; font-variant: normal; font-weight: 400; letter-spacing: normal; orphans: 2; text-align: left; text-decoration: none; text-indent: 0px; text-transform: none; -webkit-text-stroke-width: 0px; white-space: normal; word-spacing: 0px; padding: 0px; margin: 0px 0px 12px 0px;\"><span style=\"color: #339966; padding: 0px; margin: 0px;\"> </span></p>\r\n<p style=\"background-color: transparent; color: #2f2f2f; font-family: Arial,Helvetica,sans-serif; font-size: 12px; font-style: normal; font-variant: normal; font-weight: 400; letter-spacing: normal; orphans: 2; text-align: center; text-decoration: none; text-indent: 0px; text-transform: none; -webkit-text-stroke-width: 0px; white-space: normal; word-spacing: 0px; padding: 0px; margin: 0px 0px 12px 0px;\"><span style=\"color: #339966; padding: 0px; margin: 0px;\"><strong style=\"font-weight: bold; padding: 0px; margin: 0px;\">Calcium Gluconate</strong></span></p>\r\n<p style=\"background-color: transparent; color: #2f2f2f; font-family: Arial,Helvetica,sans-serif; font-size: 12px; font-style: normal; font-variant: normal; font-weight: 400; letter-spacing: normal; orphans: 2; text-align: left; text-decoration: none; text-indent: 0px; text-transform: none; -webkit-text-stroke-width: 0px; white-space: normal; word-spacing: 0px; padding: 0px; margin: 0px 0px 12px 0px;\"><span style=\"color: #339966; padding: 0px; margin: 0px;\">Calcium gluconate is used to provide an energy boost to weakened and/or anorexic frogs.  It is available <a style=\"color: #1e7ec8; text-decoration: underline; padding: 0px; margin: 0px;\" href=\"https://store.frogsnthings.com/2-calcium-gluconate-8-ml.html\" target=\"_self\">here</a>.  2% refers to weight/volume. Thus, add 20mg per ml of distilled water. Add several drops of the solution to the frog’s back. This can be repeated several times a day.  Refrigerate/freeze  unused solution.  Discard if algae/slime growth is evident. </span></p>\r\n<p style=\"background-color: transparent; color: #2f2f2f; font-family: Arial,Helvetica,sans-serif; font-size: 12px; font-style: normal; font-variant: normal; font-weight: 400; letter-spacing: normal; orphans: 2; text-align: center; text-decoration: none; text-indent: 0px; text-transform: none; -webkit-text-stroke-width: 0px; white-space: normal; word-spacing: 0px; padding: 0px; margin: 0px 0px 12px 0px;\"><span style=\"color: #339966; padding: 0px; margin: 0px;\"> </span></p>\r\n<p style=\"background-color: transparent; color: #2f2f2f; font-family: Arial,Helvetica,sans-serif; font-size: 12px; font-style: normal; font-variant: normal; font-weight: 400; letter-spacing: normal; orphans: 2; text-align: center; text-decoration: none; text-indent: 0px; text-transform: none; -webkit-text-stroke-width: 0px; white-space: normal; word-spacing: 0px; padding: 0px; margin: 0px 0px 12px 0px;\"><span style=\"color: #339966; text-decoration: underline; padding: 0px; margin: 0px;\"><strong style=\"font-weight: bold; padding: 0px; margin: 0px;\">Antiparasitics</strong></span></p>\r\n<p style=\"background-color: transparent; color: #2f2f2f; font-family: Arial,Helvetica,sans-serif; font-size: 12px; font-style: normal; font-variant: normal; font-weight: 400; letter-spacing: normal; orphans: 2; text-align: center; text-decoration: none; text-indent: 0px; text-transform: none; -webkit-text-stroke-width: 0px; white-space: normal; word-spacing: 0px; padding: 0px; margin: 0px 0px 12px 0px;\"><span style=\"color: #339966; padding: 0px; margin: 0px;\"><strong style=\"font-weight: bold; padding: 0px; margin: 0px;\">Ivermectin</strong></span></p>\r\n<p style=\"background-color: transparent; color: #2f2f2f; font-family: Arial,Helvetica,sans-serif; font-size: 12px; font-style: normal; font-variant: normal; font-weight: 400; letter-spacing: normal; orphans: 2; text-align: left; text-decoration: none; text-indent: 0px; text-transform: none; -webkit-text-stroke-width: 0px; white-space: normal; word-spacing: 0px; padding: 0px; margin: 0px 0px 12px 0px;\"><span style=\"color: #339966; padding: 0px; margin: 0px;\">Ivermectin is a potent, easy to dose de-wormer. It is sold as a 5mg/ml solution for cattle, such as <a style=\"color: #1e7ec8; text-decoration: underline; padding: 0px; margin: 0px;\" href=\"http://www.amazon.com/Ivermectin-Pour-On-For-Cattle/dp/B00JAL3AAW/ref=sr_1_4?ie=UTF8&amp;qid=1455767881&amp;sr=8-4&amp;keywords=ivermectin\" target=\"_blank\" rel=\"noopener\">here</a>.   It is important to dilute this solution before administering to frogs.  Add 1 part of 5 mg/ml solution to 6 parts of distilled water.  Dropper bottles work well for this.  Mix well and add one drop of the dilution to back of frog. Use dilution within 36 hrs or discard. Repeat once per week for 4 weeks.</span></p>\r\n<p style=\"background-color: transparent; color: #2f2f2f; font-family: Arial,Helvetica,sans-serif; font-size: 12px; font-style: normal; font-variant: normal; font-weight: 400; letter-spacing: normal; orphans: 2; text-align: center; text-decoration: none; text-indent: 0px; text-transform: none; -webkit-text-stroke-width: 0px; white-space: normal; word-spacing: 0px; padding: 0px; margin: 0px 0px 12px 0px;\"><span style=\"color: #339966; padding: 0px; margin: 0px;\"><strong style=\"font-weight: bold; padding: 0px; margin: 0px;\"> </strong></span></p>\r\n<p style=\"background-color: transparent; color: #2f2f2f; font-family: Arial,Helvetica,sans-serif; font-size: 12px; font-style: normal; font-variant: normal; font-weight: 400; letter-spacing: normal; orphans: 2; text-align: center; text-decoration: none; text-indent: 0px; text-transform: none; -webkit-text-stroke-width: 0px; white-space: normal; word-spacing: 0px; padding: 0px; margin: 0px 0px 12px 0px;\"><span style=\"color: #339966; padding: 0px; margin: 0px;\"><strong style=\"font-weight: bold; padding: 0px; margin: 0px;\">Fenbendazole</strong></span></p>\r\n<p style=\"background-color: transparent; color: #2f2f2f; font-family: Arial,Helvetica,sans-serif; font-size: 12px; font-style: normal; font-variant: normal; font-weight: 400; letter-spacing: normal; orphans: 2; text-align: left; text-decoration: none; text-indent: 0px; text-transform: none; -webkit-text-stroke-width: 0px; white-space: normal; word-spacing: 0px; padding: 0px; margin: 0px 0px 12px 0px;\"><span style=\"color: #339966; padding: 0px; margin: 0px;\">Fenbendazole is a de-worming agent that can be used to prophylactically reduce nematode burden. Pure fenbendazole is available <a style=\"color: #1e7ec8; text-decoration: underline; padding: 0px; margin: 0px;\" href=\"http://www.amazon.com/Bendazole-250mg-Fenbendazole-Powder-packets/dp/B009TAQ4OI/ref=sr_1_1?ie=UTF8&amp;qid=1455768284&amp;sr=8-1&amp;keywords=fish+bendazole\" target=\"_blank\" rel=\"noopener\">here</a>.  The recommended dose is 25mg/kg of frog which translates to ~1.5 dusted wingless melanogaster per gram of frog or ~10-15 flies per adult tinctorius. Care should be taken not to overdose fenbendazole as this can result in adverse events. Treatment of infected frogs is done once a day for 3 days and then repeated in 2 weeks. Prophylactic treatment can be administered once every 2 weeks.</span></p>\r\n<p style=\"background-color: transparent; color: #2f2f2f; font-family: Arial,Helvetica,sans-serif; font-size: 12px; font-style: normal; font-variant: normal; font-weight: 400; letter-spacing: normal; orphans: 2; text-align: left; text-decoration: none; text-indent: 0px; text-transform: none; -webkit-text-stroke-width: 0px; white-space: normal; word-spacing: 0px; padding: 0px; margin: 0px 0px 12px 0px;\"><span style=\"color: #339966; padding: 0px; margin: 0px;\">Note: When de-worming frogs, wide-spread worm death can cause septic shock. We recommend incrementally increasing to recommended dosage if large worm burden is expected.</span></p>\r\n<p style=\"background-color: transparent; color: #2f2f2f; font-family: Arial,Helvetica,sans-serif; font-size: 12px; font-style: normal; font-variant: normal; font-weight: 400; letter-spacing: normal; orphans: 2; text-align: center; text-decoration: none; text-indent: 0px; text-transform: none; -webkit-text-stroke-width: 0px; white-space: normal; word-spacing: 0px; padding: 0px; margin: 0px 0px 12px 0px;\"><span style=\"color: #339966; padding: 0px; margin: 0px;\"> </span></p>\r\n<p style=\"background-color: transparent; color: #2f2f2f; font-family: Arial,Helvetica,sans-serif; font-size: 12px; font-style: normal; font-variant: normal; font-weight: 400; letter-spacing: normal; orphans: 2; text-align: center; text-decoration: none; text-indent: 0px; text-transform: none; -webkit-text-stroke-width: 0px; white-space: normal; word-spacing: 0px; padding: 0px; margin: 0px 0px 12px 0px;\"><span style=\"color: #339966; padding: 0px; margin: 0px;\">M<strong style=\"font-weight: bold; padding: 0px; margin: 0px;\">ethylene Blue</strong></span></p>\r\n<p style=\"background-color: transparent; color: #2f2f2f; font-family: Arial,Helvetica,sans-serif; font-size: 12px; font-style: normal; font-variant: normal; font-weight: 400; letter-spacing: normal; orphans: 2; text-align: left; text-decoration: none; text-indent: 0px; text-transform: none; -webkit-text-stroke-width: 0px; white-space: normal; word-spacing: 0px; padding: 0px; margin: 0px 0px 12px 0px;\"><span style=\"color: #339966; padding: 0px; margin: 0px;\">Commonly used to prevent fungal and protozoal infestation of eggs/tadpoles. It is available in most aquarium stores or <a style=\"color: #1e7ec8; text-decoration: underline; padding: 0px; margin: 0px;\" href=\"http://www.amazon.com/Methylene-Blue-General-Prevention-Treatment-Aquarium/dp/B00025646W/ref=sr_1_1?s=pet-supplies&amp;ie=UTF8&amp;qid=1455768366&amp;sr=1-1&amp;keywords=methylene+blue\" target=\"_blank\" rel=\"noopener\">here</a>.  Add 5 drops per liter of water for egg soak or 2 drops per liter for tadpoles. Harmless to eggs/tads.</span></p>\r\n<p style=\"background-color: transparent; color: #2f2f2f; font-family: Arial,Helvetica,sans-serif; font-size: 12px; font-style: normal; font-variant: normal; font-weight: 400; letter-spacing: normal; orphans: 2; text-align: left; text-decoration: none; text-indent: 0px; text-transform: none; -webkit-text-stroke-width: 0px; white-space: normal; word-spacing: 0px; padding: 0px; margin: 0px 0px 12px 0px;\"><span style=\"color: #339966; padding: 0px; margin: 0px;\"> </span></p>\r\n<p style=\"background-color: transparent; color: #2f2f2f; font-family: Arial,Helvetica,sans-serif; font-size: 12px; font-style: normal; font-variant: normal; font-weight: 400; letter-spacing: normal; orphans: 2; text-align: center; text-decoration: none; text-indent: 0px; text-transform: none; -webkit-text-stroke-width: 0px; white-space: normal; word-spacing: 0px; padding: 0px; margin: 0px 0px 12px 0px;\"><span style=\"color: #339966; text-decoration: underline; padding: 0px; margin: 0px;\"><strong style=\"font-weight: bold; padding: 0px; margin: 0px;\">Antibiotics</strong></span></p>\r\n<p style=\"background-color: transparent; color: #2f2f2f; font-family: Arial,Helvetica,sans-serif; font-size: 12px; font-style: normal; font-variant: normal; font-weight: 400; letter-spacing: normal; orphans: 2; text-align: center; text-decoration: none; text-indent: 0px; text-transform: none; -webkit-text-stroke-width: 0px; white-space: normal; word-spacing: 0px; padding: 0px; margin: 0px 0px 12px 0px;\"><span style=\"color: #339966; padding: 0px; margin: 0px;\"><strong style=\"font-weight: bold; padding: 0px; margin: 0px;\">Triple Sulfa</strong></span></p>\r\n<p style=\"background-color: transparent; color: #2f2f2f; font-family: Arial,Helvetica,sans-serif; font-size: 12px; font-style: normal; font-variant: normal; font-weight: 400; letter-spacing: normal; orphans: 2; text-align: left; text-decoration: none; text-indent: 0px; text-transform: none; -webkit-text-stroke-width: 0px; white-space: normal; word-spacing: 0px; padding: 0px; margin: 0px 0px 12px 0px;\"><span style=\"color: #339966; padding: 0px; margin: 0px;\">Triple Sulfa is a broad spectrum antibiotic that is very effective for treating and preventing infections in skin lesions. It is available from API and sold at most aquarium stores or <a style=\"color: #1e7ec8; text-decoration: underline; padding: 0px; margin: 0px;\" href=\"https://www.google.com/search?q=api+triple+sulfa&amp;source=lnms&amp;tbm=shop&amp;sa=X&amp;ved=0ahUKEwjf5PfU6tvkAhWXUBUIHfUtCWEQ_AUIESgB&amp;biw=1920&amp;bih=963#spd=10449809551595943343\" target=\"_blank\" rel=\"noopener\">here</a>.  Each packet contains 2,000mg, sufficient for 3 gallons of water or Ringer\'s solution.  We recommend making smaller batches in Ringer\'s solution.  For example, weigh out 333mg and dissolve into 1/2 gallon of Ringer\'s solution (see above).  Soak frogs for 30-45 minutes 1-2x per day. Dilution is stable for 72 hrs.</span></p>\r\n<p style=\"background-color: transparent; color: #2f2f2f; font-family: Arial,Helvetica,sans-serif; font-size: 12px; font-style: normal; font-variant: normal; font-weight: 400; letter-spacing: normal; orphans: 2; text-align: center; text-decoration: none; text-indent: 0px; text-transform: none; -webkit-text-stroke-width: 0px; white-space: normal; word-spacing: 0px; padding: 0px; margin: 0px 0px 12px 0px;\"><span style=\"color: #339966; padding: 0px; margin: 0px;\"> </span><span style=\"color: #339966; padding: 0px; margin: 0px;\"><strong style=\"font-weight: bold; padding: 0px; margin: 0px;\"><br style=\"padding: 0px; margin: 0px;\" /></strong></span></p>\r\n<p style=\"background-color: transparent; color: #2f2f2f; font-family: Arial,Helvetica,sans-serif; font-size: 12px; font-style: normal; font-variant: normal; font-weight: 400; letter-spacing: normal; orphans: 2; text-align: center; text-decoration: none; text-indent: 0px; text-transform: none; -webkit-text-stroke-width: 0px; white-space: normal; word-spacing: 0px; padding: 0px; margin: 0px 0px 12px 0px;\"><span style=\"color: #339966; padding: 0px; margin: 0px;\"><strong style=\"font-weight: bold; padding: 0px; margin: 0px;\">Triple Antibiotic Ointment</strong></span></p>\r\n<p style=\"background-color: transparent; color: #2f2f2f; font-family: Arial,Helvetica,sans-serif; font-size: 12px; font-style: normal; font-variant: normal; font-weight: 400; letter-spacing: normal; orphans: 2; text-align: left; text-decoration: none; text-indent: 0px; text-transform: none; -webkit-text-stroke-width: 0px; white-space: normal; word-spacing: 0px; padding: 0px; margin: 0px 0px 12px 0px;\"><span style=\"color: #339966; padding: 0px; margin: 0px;\">This broad-spectrum antibiotic salve is available at most pharmacies and is effective for promoting healing while treating and preventing infections in skin lesions. Petroleum jelly based ointment contains: 5mg/g neomycin sulfate, 5,000 U polymixin B sulfate, and  400 U bacitracin zinc.  Use a cotton swab to apply to lesion several times a day. Use in combination with triple sulfa soaks for best results.</span></p>');
INSERT INTO `mz0b_catalog_category_entity_text` VALUES (55,47,0,26,'<p class=\"Heading-3-P\" style=\"background-color: transparent; color: #2f2f2f; font-family: Arial,Helvetica,sans-serif; font-size: 12px; font-style: normal; font-variant: normal; font-weight: 400; letter-spacing: normal; orphans: 2; text-align: center; text-decoration: none; text-indent: 0px; text-transform: none; -webkit-text-stroke-width: 0px; white-space: normal; word-spacing: 0px; padding: 0px; margin: 0px 0px 12px 0px;\"><span style=\"color: #ff0000; font-size: 13.33px; padding: 0px; margin: 0px;\"><strong style=\"font-weight: bold; padding: 0px; margin: 0px;\"><span class=\"Strong-C0\" style=\"padding: 0px; margin: 0px;\">Culturing D. Melanogaster</span></strong></span></p>\r\n<p class=\"Normal-_Web_-P\" style=\"background-color: transparent; color: #2f2f2f; font-family: Arial,Helvetica,sans-serif; font-size: 12px; font-style: normal; font-variant: normal; font-weight: 400; letter-spacing: normal; orphans: 2; text-align: left; text-decoration: none; text-indent: 0px; text-transform: none; -webkit-text-stroke-width: 0px; white-space: normal; word-spacing: 0px; padding: 0px; margin: 0px 0px 12px 0px;\"><span style=\"color: #008000; padding: 0px; margin: 0px;\"><span class=\"Strong-C1\" style=\"padding: 0px; margin: 0px;\">1) Place 1/4th cup </span><span class=\"Hyperlink-C\" style=\"padding: 0px; margin: 0px;\"><a style=\"color: #1e7ec8; text-decoration: underline; padding: 0px; margin: 0px;\" href=\"https://store.frogsnthings.com/f-t-s-optimized-drosophila-culture-media-1-quart.html\">FNT\'s Optimized Culture Media</a></span><span class=\"Strong-C1\" style=\"padding: 0px; margin: 0px;\"> into a </span><span class=\"Hyperlink-C\" style=\"padding: 0px; margin: 0px;\"><a style=\"color: #1e7ec8; text-decoration: underline; padding: 0px; margin: 0px;\" href=\"https://store.frogsnthings.com/32-oz-disposable-insect-culture-containers.html\">32 oz Insect Culture Container</a></span><span class=\"Strong-C1\" style=\"padding: 0px; margin: 0px;\"> (alternatively, flies can be cultured in mason jars using a coffee filter as the lid).</span></span></p>\r\n<p class=\"Normal-_Web_-P\" style=\"background-color: transparent; color: #2f2f2f; font-family: Arial,Helvetica,sans-serif; font-size: 12px; font-style: normal; font-variant: normal; font-weight: 400; letter-spacing: normal; orphans: 2; text-align: left; text-decoration: none; text-indent: 0px; text-transform: none; -webkit-text-stroke-width: 0px; white-space: normal; word-spacing: 0px; padding: 0px; margin: 0px 0px 12px 0px;\"><span class=\"Strong-C1\" style=\"color: #008000; padding: 0px; margin: 0px;\">2) Add 1 tbs apple cider vinegar (an optional mold preventative) plus 1/3rd cup filtered, room temperature water.</span></p>\r\n<p class=\"Normal-_Web_-P\" style=\"background-color: transparent; color: #2f2f2f; font-family: Arial,Helvetica,sans-serif; font-size: 12px; font-style: normal; font-variant: normal; font-weight: 400; letter-spacing: normal; orphans: 2; text-align: left; text-decoration: none; text-indent: 0px; text-transform: none; -webkit-text-stroke-width: 0px; white-space: normal; word-spacing: 0px; padding: 0px; margin: 0px 0px 12px 0px;\"><span class=\"Strong-C1\" style=\"color: #008000; padding: 0px; margin: 0px;\">3) Once mixture is firm, sprinkle several 10-20 grains of active dry yeast over the media. The yeast will help process the media and will out-compete molds growing on the surface.</span></p>\r\n<p class=\"Normal-_Web_-P\" style=\"background-color: transparent; color: #2f2f2f; font-family: Arial,Helvetica,sans-serif; font-size: 12px; font-style: normal; font-variant: normal; font-weight: 400; letter-spacing: normal; orphans: 2; text-align: left; text-decoration: none; text-indent: 0px; text-transform: none; -webkit-text-stroke-width: 0px; white-space: normal; word-spacing: 0px; padding: 0px; margin: 0px 0px 12px 0px;\"><span class=\"Strong-C1\" style=\"color: #008000; padding: 0px; margin: 0px;\">4) Add 20-30 flies. Using the first flies to hatch from a culture to seed a new culture helps maintain the colony by selecting for the healthiest flies.</span></p>\r\n<p class=\"Normal-_Web_-P\" style=\"background-color: transparent; color: #2f2f2f; font-family: Arial,Helvetica,sans-serif; font-size: 12px; font-style: normal; font-variant: normal; font-weight: 400; letter-spacing: normal; orphans: 2; text-align: left; text-decoration: none; text-indent: 0px; text-transform: none; -webkit-text-stroke-width: 0px; white-space: normal; word-spacing: 0px; padding: 0px; margin: 0px 0px 12px 0px;\"><span class=\"Strong-C1\" style=\"color: #008000; padding: 0px; margin: 0px;\">• Depending on temperature and moisture content, new flies will hatch in approx 2-3wks.</span></p>\r\n<p class=\"Normal-_Web_-P\" style=\"background-color: transparent; color: #2f2f2f; font-family: Arial,Helvetica,sans-serif; font-size: 12px; font-style: normal; font-variant: normal; font-weight: 400; letter-spacing: normal; orphans: 2; text-align: left; text-decoration: none; text-indent: 0px; text-transform: none; -webkit-text-stroke-width: 0px; white-space: normal; word-spacing: 0px; padding: 0px; margin: 0px 0px 12px 0px;\"><span class=\"Strong-C1\" style=\"color: #008000; padding: 0px; margin: 0px;\">• Culture media should remain moist but not runny. You may need to add more or less water to the cultures based on humidity levels (more water can always be added later if cultures begin to dry).</span></p>\r\n<p class=\"Normal-_Web_-P\" style=\"background-color: transparent; color: #2f2f2f; font-family: Arial,Helvetica,sans-serif; font-size: 12px; font-style: normal; font-variant: normal; font-weight: 400; letter-spacing: normal; orphans: 2; text-align: left; text-decoration: none; text-indent: 0px; text-transform: none; -webkit-text-stroke-width: 0px; white-space: normal; word-spacing: 0px; padding: 0px; margin: 0px 0px 12px 0px;\"><span class=\"Strong-C1\" style=\"color: #008000; padding: 0px; margin: 0px;\">• Promptly discard any moldy cultures or any cultures contaminated by mites or flying flies.</span></p>\r\n<p class=\"Normal-_Web_-P\" style=\"background-color: transparent; color: #2f2f2f; font-family: Arial,Helvetica,sans-serif; font-size: 12px; font-style: normal; font-variant: normal; font-weight: 400; letter-spacing: normal; orphans: 2; text-align: left; text-decoration: none; text-indent: 0px; text-transform: none; -webkit-text-stroke-width: 0px; white-space: normal; word-spacing: 0px; padding: 0px; margin: 0px 0px 12px 0px;\"><span class=\"Strong-C1\" style=\"color: #008000; padding: 0px; margin: 0px;\">• Start a new batch of cultures at least once a week to ensure continued production. One 32 oz culture/wk is generally sufficient for 2 adult frogs.</span></p>\r\n<p class=\"Normal-_Web_-P\" style=\"background-color: transparent; color: #2f2f2f; font-family: Arial,Helvetica,sans-serif; font-size: 12px; font-style: normal; font-variant: normal; font-weight: 400; letter-spacing: normal; orphans: 2; text-align: left; text-decoration: none; text-indent: 0px; text-transform: none; -webkit-text-stroke-width: 0px; white-space: normal; word-spacing: 0px; padding: 0px; margin: 0px 0px 12px 0px;\"><span style=\"color: #008000; padding: 0px; margin: 0px;\"><span class=\"Strong-C1\" style=\"padding: 0px; margin: 0px;\">• Prior to feeding, dump flies into a secondary container and dust with 1:1 calcium/D3:vitamin supplements. We recommend </span><span class=\"Hyperlink-C\" style=\"padding: 0px; margin: 0px;\"><a style=\"color: #1e7ec8; text-decoration: underline; padding: 0px; margin: 0px;\" href=\"https://store.frogsnthings.com/repashy-calcium-plus-3-oz-jar.html\">Repashy Calcium Plus</a></span><span class=\"Strong-C1\" style=\"padding: 0px; margin: 0px;\">, <a href=\"https://store.frogsnthings.com/dendrocare-100g-jar.html\">Dendrocare</a>,  or a 1:1 mix of <a href=\"https://store.frogsnthings.com/repashy-supercal-medd-3-oz-jar.html\">Repashy Supercal</a></span><span class=\"Hyperlink-C\" style=\"padding: 0px; margin: 0px;\"> and <a href=\"https://store.frogsnthings.com/repashy-supervite-3-oz-jar.html\">Supervite</a></span><span class=\"Strong-C1\" style=\"padding: 0px; margin: 0px;\">. Please adhere to supplement expiration dates as potency rapidly declines over time.</span></span></p>\r\n<p class=\"Heading-3-P\" style=\"background-color: transparent; color: #2f2f2f; font-family: Arial,Helvetica,sans-serif; font-size: 12px; font-style: normal; font-variant: normal; font-weight: 400; letter-spacing: normal; orphans: 2; text-align: center; text-decoration: none; text-indent: 0px; text-transform: none; -webkit-text-stroke-width: 0px; white-space: normal; word-spacing: 0px; padding: 0px; margin: 0px 0px 12px 0px;\"><span class=\"Normal-_Web_-C\" style=\"padding: 0px; margin: 0px;\"><br style=\"padding: 0px; margin: 0px;\" /></span><span style=\"color: #ff0000; font-size: 13.33px; padding: 0px; margin: 0px;\"><strong style=\"font-weight: bold; padding: 0px; margin: 0px;\"><span class=\"Strong-C0\" style=\"padding: 0px; margin: 0px;\">Culturing D. Hydei</span></strong></span></p>\r\n<p class=\"Normal-P\" style=\"background-color: transparent; color: #2f2f2f; font-family: Arial,Helvetica,sans-serif; font-size: 12px; font-style: normal; font-variant: normal; font-weight: 400; letter-spacing: normal; orphans: 2; text-align: left; text-decoration: none; text-indent: 0px; text-transform: none; -webkit-text-stroke-width: 0px; white-space: normal; word-spacing: 0px; padding: 0px; margin: 0px 0px 12px 0px;\"><span style=\"color: #008000; padding: 0px; margin: 0px;\"><span class=\"Strong-C1\" style=\"padding: 0px; margin: 0px;\">• Use directions for D. Melanogaster above, EXCEPT do NOT seed cultures with the first flies to hatch. Rather, </span><span class=\"Strong-C2\" style=\"padding: 0px; margin: 0px;\">wait 10-14 days after the fist flies hatch before using the culture to seed a new one</span><span class=\"Strong-C1\" style=\"padding: 0px; margin: 0px;\">. Male Hydei take longer to hatch than the females.</span></span></p>\r\n<p class=\"Normal-P\" style=\"background-color: transparent; color: #2f2f2f; font-family: Arial,Helvetica,sans-serif; font-size: 12px; font-style: normal; font-variant: normal; font-weight: 400; letter-spacing: normal; orphans: 2; text-align: center; text-decoration: none; text-indent: 0px; text-transform: none; -webkit-text-stroke-width: 0px; white-space: normal; word-spacing: 0px; padding: 0px; margin: 0px 0px 12px 0px;\"> </p>\r\n<p class=\"Heading-3-P\" style=\"background-color: transparent; color: #2f2f2f; font-family: Arial,Helvetica,sans-serif; font-size: 12px; font-style: normal; font-variant: normal; font-weight: 400; letter-spacing: normal; orphans: 2; text-align: center; text-decoration: none; text-indent: 0px; text-transform: none; -webkit-text-stroke-width: 0px; white-space: normal; word-spacing: 0px; padding: 0px; margin: 0px 0px 12px 0px;\"><span class=\"Strong-C0\" style=\"color: #ff0000; padding: 0px; margin: 0px;\"><a style=\"color: #1e7ec8; text-decoration: underline; padding: 0px; margin: 0px;\" name=\"Mites\"></a><span style=\"font-size: 13.33px; padding: 0px; margin: 0px;\"><strong style=\"font-weight: bold; padding: 0px; margin: 0px;\">Preventing Mites</strong></span></span></p>\r\n<p class=\"Normal-P\" style=\"background-color: transparent; color: #2f2f2f; font-family: Arial,Helvetica,sans-serif; font-size: 12px; font-style: normal; font-variant: normal; font-weight: 400; letter-spacing: normal; orphans: 2; text-align: left; text-decoration: none; text-indent: 0px; text-transform: none; -webkit-text-stroke-width: 0px; white-space: normal; word-spacing: 0px; padding: 0px; margin: 0px 0px 12px 0px;\"><span class=\"Strong-C1\" style=\"color: #008000; padding: 0px; margin: 0px;\">Mites are everywhere. They are going to get into your frog room and tanks. So, how can you keep them out of your insect cultures? Here are a few tips:</span></p>\r\n<p class=\"Normal-P\" style=\"background-color: transparent; color: #2f2f2f; font-family: Arial,Helvetica,sans-serif; font-size: 12px; font-style: normal; font-variant: normal; font-weight: 400; letter-spacing: normal; orphans: 2; text-align: left; text-decoration: none; text-indent: 0px; text-transform: none; -webkit-text-stroke-width: 0px; white-space: normal; word-spacing: 0px; padding: 0px; margin: 0px 0px 12px 0px;\"><span class=\"Strong-C1\" style=\"color: #008000; padding: 0px; margin: 0px;\">1) Always check cultures for mites, and discard any contaminated cultures immediately.</span></p>\r\n<p class=\"Normal-P\" style=\"background-color: transparent; color: #2f2f2f; font-family: Arial,Helvetica,sans-serif; font-size: 12px; font-style: normal; font-variant: normal; font-weight: 400; letter-spacing: normal; orphans: 2; text-align: left; text-decoration: none; text-indent: 0px; text-transform: none; -webkit-text-stroke-width: 0px; white-space: normal; word-spacing: 0px; padding: 0px; margin: 0px 0px 12px 0px;\"><span class=\"Strong-C1\" style=\"color: #008000; padding: 0px; margin: 0px;\">2) Microwave culture containers and media (before adding water) to kill any mites.</span></p>\r\n<p class=\"Normal-P\" style=\"background-color: transparent; color: #2f2f2f; font-family: Arial,Helvetica,sans-serif; font-size: 12px; font-style: normal; font-variant: normal; font-weight: 400; letter-spacing: normal; orphans: 2; text-align: left; text-decoration: none; text-indent: 0px; text-transform: none; -webkit-text-stroke-width: 0px; white-space: normal; word-spacing: 0px; padding: 0px; margin: 0px 0px 12px 0px;\"><span class=\"Strong-C1\" style=\"color: #008000; padding: 0px; margin: 0px;\">3) Always use the newest (and preferably never opened) producing cultures to seed new ones. This is especially effective with melanogaster as the life cycle of melanos is shorter than the mites. Thus, seeding a new culture as soon as flies emerge does not give any contaminating mites enough time to reproduce.</span></p>\r\n<p class=\"Normal-P\" style=\"background-color: transparent; color: #2f2f2f; font-family: Arial,Helvetica,sans-serif; font-size: 12px; font-style: normal; font-variant: normal; font-weight: 400; letter-spacing: normal; orphans: 2; text-align: left; text-decoration: none; text-indent: 0px; text-transform: none; -webkit-text-stroke-width: 0px; white-space: normal; word-spacing: 0px; padding: 0px; margin: 0px 0px 12px 0px;\"><span class=\"Strong-C1\" style=\"color: #008000; padding: 0px; margin: 0px;\">4) Keep cultures inside a secondary container that is lined with mite paper. To make your own mite paper, spray paper towels with miticide and let dry. I use pyrethrin/piperanyl butoxide based mite and lice spray. There are also “all natural” formulations available, but I have not tested their effectiveness. Keep in mind that “natural” or “organic” formulations are not necessarily safer than the synthetic insecticides. Case in point: batrachotoxin (dart frog toxin) is 100% natural/organic.</span></p>\r\n<p class=\"Normal-P\" style=\"background-color: transparent; color: #2f2f2f; font-family: Arial,Helvetica,sans-serif; font-size: 12px; font-style: normal; font-variant: normal; font-weight: 400; letter-spacing: normal; orphans: 2; text-align: left; text-decoration: none; text-indent: 0px; text-transform: none; -webkit-text-stroke-width: 0px; white-space: normal; word-spacing: 0px; padding: 0px; margin: 0px 0px 12px 0px;\"><span class=\"Strong-C1\" style=\"color: #008000; padding: 0px; margin: 0px;\">5) Keep older cultures in separate containers than new ones.</span></p>'),(56,47,0,27,'<p class=\"category-image\" style=\"background-color: transparent; color: #2f2f2f; font-family: Arial,Helvetica,sans-serif; font-size: 12px; font-style: normal; font-variant: normal; font-weight: 400; letter-spacing: normal; orphans: 2; overflow: hidden; text-align: center; text-decoration: none; text-indent: 0px; text-transform: none; -webkit-text-stroke-width: 0px; white-space: normal; width: 475px; word-spacing: 0px; padding: 0px; margin: 0px 0px 10px 0px;\"> </p>\r\n<div class=\"category-description std\" style=\"background-color: transparent; color: #2f2f2f; font-family: Arial,Helvetica,sans-serif; font-size: 12px; font-style: normal; font-variant: normal; font-weight: 400; letter-spacing: normal; orphans: 2; text-align: left; text-decoration: none; text-indent: 0px; text-transform: none; -webkit-text-stroke-width: 0px; white-space: normal; word-spacing: 0px; padding: 0px; margin: 0px 0px 10px 0px;\">\r\n<p class=\"Heading-3-P\" style=\"text-align: center; padding: 0px; margin: 0px 0px 12px 0px;\"><strong style=\"font-weight: bold; padding: 0px; margin: 0px;\"><span class=\"Strong-C\" style=\"color: #ff0000; font-size: 13.33px; padding: 0px; margin: 0px;\">Culturing Springtails</span></strong></p>\r\n<p class=\"Heading-3-P\" style=\"text-align: center; padding: 0px; margin: 0px 0px 12px 0px;\"><strong style=\"font-weight: bold; padding: 0px; margin: 0px;\"><span style=\"color: #ff0000; font-size: 13.33px; padding: 0px; margin: 0px;\"><span class=\"Normal-_Web_-C\" style=\"padding: 0px; margin: 0px;\">(</span><span class=\"Strong-C0\" style=\"padding: 0px; margin: 0px;\">Collembola</span><span class=\"Normal-_Web_-C0\" style=\"padding: 0px; margin: 0px;\">)</span></span></strong></p>\r\n<p class=\"Heading-3-P\" style=\"text-align: center; padding: 0px; margin: 0px 0px 12px 0px;\"><span class=\"Strong-C2\" style=\"color: #008000; padding: 0px; margin: 0px;\">There are many methods for culturing springtails. Common substrates range from charcoal, peat, wood chips, coconut bark, etc. Commonly used foods include flake food, mushrooms and yeast. After trying numerous variations and combinations of these substrates/foods, we find that the following to be easy, cheap, and to work equivalently or better than the other approaches. </span></p>\r\n<p class=\"Normal-_Web_-P\" style=\"padding: 0px; margin: 0px 0px 12px 0px;\"><span class=\"Strong-C2\" style=\"color: #008000; padding: 0px; margin: 0px;\">1) Soak hardwood wood chips in dechlorinated water for a minute or two. Decant water and blot wood chips with a paper towel to remove excess water.</span></p>\r\n<p class=\"Normal-_Web_-P\" style=\"padding: 0px; margin: 0px 0px 12px 0px;\"><span class=\"Strong-C2\" style=\"color: #008000; padding: 0px; margin: 0px;\">2) Fill a &gt;16 oz Tupperware container ~1/2 full with the moistened wood chips.</span></p>\r\n<p class=\"Normal-_Web_-P\" style=\"padding: 0px; margin: 0px 0px 12px 0px;\"><span class=\"Strong-C2\" style=\"color: #008000; padding: 0px; margin: 0px;\">3) Microwave for ~1 min (until thoroughly steaming) to sterilize culture.</span></p>\r\n<p class=\"Normal-_Web_-P\" style=\"padding: 0px; margin: 0px 0px 12px 0px;\"><span class=\"Strong-C2\" style=\"color: #008000; padding: 0px; margin: 0px;\">4) Let culture cool to room temperature.</span></p>\r\n<p class=\"Normal-_Web_-P\" style=\"padding: 0px; margin: 0px 0px 12px 0px;\"><span class=\"Strong-C2\" style=\"color: #008000; padding: 0px; margin: 0px;\">5) Add 30-50 springtails.</span></p>\r\n<p class=\"Normal-_Web_-P\" style=\"padding: 0px; margin: 0px 0px 12px 0px;\"><span class=\"Strong-C2\" style=\"color: #008000; padding: 0px; margin: 0px;\">6) Feed with a pinch of <a style=\"color: #1e7ec8; text-decoration: underline; padding: 0px; margin: 0px;\" href=\"https://store.frogsnthings.com/springtail-food-5-oz.html\" target=\"_self\">springtail food</a> and/or instant yeast 1-2x per week. Alternatively, the springtails thrive on reconstituted dried mushrooms. We do NOT recommend using fresh mushrooms as this is likely to introduce mites into the culture eventually. For more tips on preventing mites click <a style=\"color: #1e7ec8; text-decoration: underline; padding: 0px; margin: 0px;\" href=\"https://store.frogsnthings.com/resources/fruit-fly-culture.html#Mites\"><span style=\"color: #008000; padding: 0px; margin: 0px;\">here</span></a>.</span></p>\r\n</div>'),(57,50,0,27,NULL),(58,51,0,27,NULL),(59,64,0,27,NULL),(60,47,0,28,'<p class=\"Heading-3-P\" style=\"background-color: transparent; color: #2f2f2f; font-family: Arial,Helvetica,sans-serif; font-size: 12px; font-style: normal; font-variant: normal; font-weight: 400; letter-spacing: normal; orphans: 2; text-align: center; text-decoration: none; text-indent: 0px; text-transform: none; -webkit-text-stroke-width: 0px; white-space: normal; word-spacing: 0px; padding: 0px; margin: 0px 0px 12px 0px;\"><span style=\"color: #ff0000; font-size: 13.33px; padding: 0px; margin: 0px;\"><strong style=\"font-weight: bold; padding: 0px; margin: 0px;\"><span class=\"Strong-C\" style=\"padding: 0px; margin: 0px;\">Culturing Bean Beetles/Weevils</span></strong></span></p>\r\n<p class=\"Body-Text-P\" style=\"background-color: transparent; color: #2f2f2f; font-family: Arial,Helvetica,sans-serif; font-size: 12px; font-style: normal; font-variant: normal; font-weight: 400; letter-spacing: normal; orphans: 2; text-align: center; text-decoration: none; text-indent: 0px; text-transform: none; -webkit-text-stroke-width: 0px; white-space: normal; word-spacing: 0px; padding: 0px; margin: 0px 0px 12px 0px;\"><span style=\"color: #ff0000; padding: 0px; margin: 0px;\"><span style=\"font-size: 13.33px; padding: 0px; margin: 0px;\"><strong style=\"font-weight: bold; padding: 0px; margin: 0px;\"><span class=\"Body-Text-C\" style=\"padding: 0px; margin: 0px;\">(</span><span class=\"Body-Text-C0\" style=\"padding: 0px; margin: 0px;\">Callosobruchus maculatus</span><span class=\"Body-Text-C\" style=\"padding: 0px; margin: 0px;\">)</span></strong></span> </span></p>\r\n<p class=\"Normal-_Web_-P\" style=\"background-color: transparent; color: #2f2f2f; font-family: Arial,Helvetica,sans-serif; font-size: 12px; font-style: normal; font-variant: normal; font-weight: 400; letter-spacing: normal; orphans: 2; text-align: center; text-decoration: none; text-indent: 0px; text-transform: none; -webkit-text-stroke-width: 0px; white-space: normal; word-spacing: 0px; padding: 0px; margin: 0px 0px 12px 0px;\"><span class=\"Strong-C0\" style=\"color: #008000; padding: 0px; margin: 0px;\">Bean beetles are extremely easy to culture. Their larger size and prolific production make them a great alternative to D. Hydei.</span></p>\r\n<p class=\"Normal-_Web_-P\" style=\"background-color: transparent; color: #2f2f2f; font-family: Arial,Helvetica,sans-serif; font-size: 12px; font-style: normal; font-variant: normal; font-weight: 400; letter-spacing: normal; orphans: 2; text-align: left; text-decoration: none; text-indent: 0px; text-transform: none; -webkit-text-stroke-width: 0px; white-space: normal; word-spacing: 0px; padding: 0px; margin: 0px 0px 12px 0px;\"><span style=\"color: #008000; padding: 0px; margin: 0px;\"><span class=\"Strong-C0\" style=\"padding: 0px; margin: 0px;\">1) Place ~2 inches black eyed beans in the bottom of a </span><span class=\"Hyperlink-C\" style=\"padding: 0px; margin: 0px;\"><a style=\"color: #1e7ec8; text-decoration: underline; padding: 0px; margin: 0px;\" href=\"https://store.frogsnthings.com/32-oz-disposable-insect-culture-containers.html\">32 oz Insect Culture Container</a></span><span class=\"Strong-C0\" style=\"padding: 0px; margin: 0px;\">.</span></span></p>\r\n<p class=\"Normal-_Web_-P\" style=\"background-color: transparent; color: #2f2f2f; font-family: Arial,Helvetica,sans-serif; font-size: 12px; font-style: normal; font-variant: normal; font-weight: 400; letter-spacing: normal; orphans: 2; text-align: left; text-decoration: none; text-indent: 0px; text-transform: none; -webkit-text-stroke-width: 0px; white-space: normal; word-spacing: 0px; padding: 0px; margin: 0px 0px 12px 0px;\"><span class=\"Strong-C0\" style=\"color: #008000; padding: 0px; margin: 0px;\">2) Add ~30 beetles.</span></p>\r\n<p class=\"Normal-_Web_-P\" style=\"background-color: transparent; color: #2f2f2f; font-family: Arial,Helvetica,sans-serif; font-size: 12px; font-style: normal; font-variant: normal; font-weight: 400; letter-spacing: normal; orphans: 2; text-align: left; text-decoration: none; text-indent: 0px; text-transform: none; -webkit-text-stroke-width: 0px; white-space: normal; word-spacing: 0px; padding: 0px; margin: 0px 0px 12px 0px;\"><span style=\"color: #008000; padding: 0px; margin: 0px;\"><span class=\"Normal-C1\" style=\"padding: 0px; margin: 0px;\">• </span><span class=\"Strong-C0\" style=\"padding: 0px; margin: 0px;\">No water or food (other than the beans) is needed!!</span></span></p>\r\n<p class=\"Normal-_Web_-P\" style=\"background-color: transparent; color: #2f2f2f; font-family: Arial,Helvetica,sans-serif; font-size: 12px; font-style: normal; font-variant: normal; font-weight: 400; letter-spacing: normal; orphans: 2; text-align: left; text-decoration: none; text-indent: 0px; text-transform: none; -webkit-text-stroke-width: 0px; white-space: normal; word-spacing: 0px; padding: 0px; margin: 0px 0px 12px 0px;\"><span style=\"color: #008000; padding: 0px; margin: 0px;\"><span class=\"Normal-C1\" style=\"padding: 0px; margin: 0px;\">• </span><span class=\"Strong-C0\" style=\"padding: 0px; margin: 0px;\">Beetles will lay eggs on beans. Once eggs hatch, larva will bore through beans and emerge as adults in ~ 2 months. Adults do not eat.</span></span></p>\r\n<p class=\"Normal-_Web_-P\" style=\"background-color: transparent; color: #2f2f2f; font-family: Arial,Helvetica,sans-serif; font-size: 12px; font-style: normal; font-variant: normal; font-weight: 400; letter-spacing: normal; orphans: 2; text-align: left; text-decoration: none; text-indent: 0px; text-transform: none; -webkit-text-stroke-width: 0px; white-space: normal; word-spacing: 0px; padding: 0px; margin: 0px 0px 12px 0px;\"><span style=\"color: #008000; padding: 0px; margin: 0px;\"><span class=\"Normal-C1\" style=\"padding: 0px; margin: 0px;\">• </span><span class=\"Strong-C0\" style=\"padding: 0px; margin: 0px;\">A simple way to dispense beetles for feeding frogs: Remove the paper mesh from the lid of a </span><span class=\"Hyperlink-C\" style=\"padding: 0px; margin: 0px;\"><a style=\"color: #1e7ec8; text-decoration: underline; padding: 0px; margin: 0px;\" href=\"https://store.frogsnthings.com/32-oz-disposable-insect-culture-containers.html\">32 oz Insect Culture Container</a></span></span><span class=\"Strong-C0\" style=\"padding: 0px; margin: 0px;\"><span style=\"color: #008000; padding: 0px; margin: 0px;\">. Cover the holes using ¼ inch wire mesh. Put this lid on a culture from which you want to feed, and simply shake the beetles through the lid. The mesh will trap the beans in the container.</span> </span></p>'),(61,47,0,29,'<h1 style=\"background-color: transparent; color: #0a263c; font-family: Arial,Helvetica,sans-serif; font-size: 20px; font-style: normal; font-variant: normal; font-weight: 400; letter-spacing: normal; line-height: 27px; orphans: 2; text-align: left; text-decoration: none; text-indent: 0px; text-transform: none; -webkit-text-stroke-width: 0px; white-space: normal; word-spacing: 0px; padding: 0px; margin: 0px 0px 5px 0px;\"><span style=\"color: #333333; font-size: 13.33px; padding: 0px; margin: 0px;\"><strong style=\"font-weight: bold; padding: 0px; margin: 0px;\"><span class=\"Normal-C1\" style=\"padding: 0px; margin: 0px;\">(And Other Frog Facts)</span></strong></span></h1>\r\n<h1 style=\"background-color: transparent; color: #0a263c; font-family: Arial,Helvetica,sans-serif; font-size: 20px; font-style: normal; font-variant: normal; font-weight: 400; letter-spacing: normal; line-height: 27px; orphans: 2; text-align: center; text-decoration: none; text-indent: 0px; text-transform: none; -webkit-text-stroke-width: 0px; white-space: normal; word-spacing: 0px; padding: 0px; margin: 0px 0px 5px 0px;\"><span style=\"color: #ff0000; font-size: 13.33px; padding: 0px; margin: 0px;\"><strong style=\"font-weight: bold; padding: 0px; margin: 0px;\"><span class=\"Normal-C1\" style=\"padding: 0px; margin: 0px;\"><br style=\"padding: 0px; margin: 0px;\" /></span><span class=\"Normal-C2\" style=\"padding: 0px; margin: 0px;\"><a title=\"Metamorphosis.pdf\" href=\"https://store.frogsnthings.com/Metamorphosis.pdf\" target=\"_blank\" rel=\"noopener\">Click here to download printable leaflet</a><br style=\"padding: 0px; margin: 0px;\" /></span><span class=\"Normal-C2\" style=\"padding: 0px; margin: 0px;\">(feel free to distribute)</span></strong></span></h1>\r\n<div class=\"Body-P\" style=\"background-color: transparent; color: #2f2f2f; font-family: Arial,Helvetica,sans-serif; font-size: 12px; font-style: normal; font-variant: normal; font-weight: 400; letter-spacing: normal; orphans: 2; text-align: center; text-decoration: none; text-indent: 0px; text-transform: none; -webkit-text-stroke-width: 0px; white-space: normal; word-spacing: 0px; padding: 0px; margin: 0px;\"> </div>\r\n<div class=\"Body-P\" style=\"background-color: transparent; color: #2f2f2f; font-family: Arial,Helvetica,sans-serif; font-size: 12px; font-style: normal; font-variant: normal; font-weight: 400; letter-spacing: normal; orphans: 2; text-align: left; text-decoration: none; text-indent: 0px; text-transform: none; -webkit-text-stroke-width: 0px; white-space: normal; word-spacing: 0px; padding: 0px; margin: 0px;\">\r\n<ul class=\"Body-Text-3-P\" style=\"list-style-image: none; list-style-position: outside; list-style-type: disc; padding: 0px 0px 0px 18px; margin: 0px;\">\r\n<li class=\"Body-Text-3-P0\" style=\"padding: 0px; margin: 0px;\"><span class=\"Body-Text-3-C\" style=\"color: #008000; padding: 0px; margin: 0px;\">There are &gt;4,500 species of frogs world-wide. Only ~80 species (&lt;1.8%) live in the continental United States (excluding those in captivity of course).</span></li>\r\n<li class=\"Body-Text-3-P0\" style=\"padding: 0px; margin: 0px;\"><span class=\"Body-Text-3-C\" style=\"color: #008000; padding: 0px; margin: 0px;\">Toads are frogs. use of the term \"toad\" in common names generally refers to frog species that are more terrestrial with dry, warty skin while use of the term \"frog\" usually refers to species that are aquatic or semi-aquatic with smooth and/or moist skin.</span></li>\r\n<li class=\"Body-Text-3-P0\" style=\"padding: 0px; margin: 0px;\"><span class=\"Body-Text-3-C\" style=\"color: #008000; padding: 0px; margin: 0px;\">Frogs shed often - many species shed daily. They eat their old skin—its too nutritious to waste.</span></li>\r\n<li class=\"Body-Text-3-P0\" style=\"padding: 0px; margin: 0px;\"><span class=\"Body-Text-3-C\" style=\"color: #008000; padding: 0px; margin: 0px;\">The largest frog species is the goliath frog, conraua goliath. It lives in Cameroon and Equatorial Guinea. It grows up to 33 cm (13 inches) in body length and with outstretched legs can reach over 76 cm (2.5 feet) in length.</span></li>\r\n<li class=\"Body-Text-3-P0\" style=\"padding: 0px; margin: 0px;\"><span style=\"color: #008000; padding: 0px; margin: 0px;\"><span class=\"Body-Text-3-C\" style=\"padding: 0px; margin: 0px;\">The smallest frog is a dart frog - eleutherodactylus iberia or Mount Iberia frog. It lives in Cuba and grows to a maximum of 10.5 mm (7/16</span><span class=\"Body-Text-3-C0\" style=\"padding: 0px; margin: 0px;\">ths</span><span class=\"Body-Text-3-C\" style=\"padding: 0px; margin: 0px;\"> of an inch).</span></span></li>\r\n<li class=\"Body-Text-3-P0\" style=\"padding: 0px; margin: 0px;\"><span class=\"Body-Text-3-C\" style=\"color: #008000; padding: 0px; margin: 0px;\">The poison dart frog family, dendrobatidae, encompasses 12 genera and contains &gt;170 species.</span></li>\r\n<li class=\"Body-Text-3-P0\" style=\"padding: 0px; margin: 0px;\"><span class=\"Body-Text-3-C\" style=\"color: #008000; padding: 0px; margin: 0px;\">The only natural predator of most of the poison dart frog family is a snake called leimadophis epinephelus which is resistant to the frogs\' poison.</span></li>\r\n<li class=\"Body-Text-3-P0\" style=\"padding: 0px; margin: 0px;\"><span class=\"Body-Text-3-C\" style=\"color: #008000; padding: 0px; margin: 0px;\">More than 100 toxins have been identified from the skin secretions of members of the dendrobatidae family.The toxins vary by genus, species and location and are extracted from the frog’s diet.</span></li>\r\n<li class=\"Body-Text-3-P0\" style=\"padding: 0px; margin: 0px;\"><span class=\"Body-Text-3-C\" style=\"color: #008000; padding: 0px; margin: 0px;\">In most cases, dietary toxins are simply sequestered and concentrated by dart frogs.However, some dart frogs have been shown to metabolize (modify) ingested toxins into more potent derivatives. </span></li>\r\n<li class=\"Body-Text-3-P0\" style=\"padding: 0px; margin: 0px;\"><span class=\"Body-Text-3-C\" style=\"color: #008000; padding: 0px; margin: 0px;\">The most toxic dart frogs are species of the phyllobates genus and can carry enough poison to kill 10 humans.</span></li>\r\n<li class=\"Body-Text-3-P0\" style=\"padding: 0px; margin: 0px;\"><span class=\"Body-Text-3-C\" style=\"color: #008000; padding: 0px; margin: 0px;\">Captive dart frogs are non-toxic as they are removed from their natural diet of insects which contain the toxic plant derived alkaloid compounds.</span></li>\r\n<li class=\"Body-Text-3-P0\" style=\"padding: 0px; margin: 0px;\"><span class=\"Body-Text-3-C\" style=\"color: #008000; padding: 0px; margin: 0px;\">Frogs (like all amphibians and some insects, molluscs, crustaceans, cnidarians, tunicates and echinoderms) undergo metamorphosis.</span></li>\r\n<li class=\"Body-Text-3-P0\" style=\"padding: 0px; margin: 0px;\"><span class=\"Body-Text-3-C\" style=\"color: #008000; padding: 0px; margin: 0px;\">In biology, metamorphosis is the process by which an animal develops after birth or hatching, involving a conspicuous and abrupt change in its body structure.</span></li>\r\n<li class=\"Body-Text-3-P0\" style=\"padding: 0px; margin: 0px;\"><span class=\"Body-Text-3-C\" style=\"color: #008000; padding: 0px; margin: 0px;\">The duration of metamorphosis varies considerably by frog species, ranging from 2 weeks to 2 years. Dart frogs typically spend 2-3 months in the water as tadpoles.</span></li>\r\n<li class=\"Body-Text-3-P0\" style=\"padding: 0px; margin: 0px;\"><span class=\"Body-Text-3-C\" style=\"color: #008000; padding: 0px; margin: 0px;\">Metamorphosis is a Greek word meaning any total transformation in appearance, character or circumstances. It is used to describe human transformation in the Bible.</span></li>\r\n<li class=\"Body-Text-3-P0\" style=\"padding: 0px; margin: 0px;\"><span class=\"Body-Text-3-C\" style=\"color: #008000; padding: 0px; margin: 0px;\">Have you ever felt that there must be more to life than the pond of your circumstances? Are you looking for change, peace, hope and purpose in your life and death? </span></li>\r\n<li class=\"Body-Text-3-P0\" style=\"padding: 0px; margin: 0px;\"><span class=\"Body-Text-3-C\" style=\"color: #008000; padding: 0px; margin: 0px;\">God provides the solution - metamorphosis into a new and fulfilled life. He states “Come to Me, all you who labor and are heavy laden, and I will give you rest” (Matt 11:28). “If anyone is in Christ, he is a new creation; old things have passed away; all things are new” (2 Cor 5:17). </span></li>\r\n<li class=\"Body-Text-3-P0\" style=\"padding: 0px; margin: 0px;\"><span class=\"Body-Text-3-C\" style=\"color: #008000; padding: 0px; margin: 0px;\">Without this metamorphosis, life is incomplete, unfulfilled and short-lived. “For all that is in the world -the lust of the flesh… and the pride of life -is not of [God] the Father... The world is passing away, and the lust of it; but he who does the will of God abides forever” (1 John 2:16-17).</span></li>\r\n<li class=\"Body-Text-3-P0\" style=\"padding: 0px; margin: 0px;\"><span class=\"Body-Text-3-C\" style=\"color: #008000; padding: 0px; margin: 0px;\">Do you do the will of God? Have you ever lied, been jealous, proud or self-centered? “All have sinned and fall short of the glory of God” (Rom 3:23). “The wage of sin is death, but the free gift of God is eternal life in Christ Jesus our Lord” (Rom 6:23).</span></li>\r\n<li class=\"Body-Text-3-P0\" style=\"padding: 0px; margin: 0px;\"><span class=\"Body-Text-3-C\" style=\"color: #008000; padding: 0px; margin: 0px;\">As sinners we cannot do good and deserve eternal death, but Jesus paid the penalty enabling our metamorphosis into eternal life. \"God demonstrated his own love for us in this: While we were still sinners, Christ died for us\" (Rom 5:8). \"For it is by grace you have been saved, through faith - not of yourselves, it is the gift of God\" (Eph 2:8). </span></li>\r\n<li class=\"Body-Text-3-P0\" style=\"padding: 0px; margin: 0px;\"><span class=\"Body-Text-3-C\" style=\"color: #008000; padding: 0px; margin: 0px;\">To receive the gift of salvation, you simply need to believe Jesus died for you and allow Him to be Lord of your life. \"If you confess with your mouth, \'Jesus is Lord,\' and believe in your heart that God raised him from the dead, you will be saved” (Rom 10:9). </span></li>\r\n<li class=\"Body-Text-3-P0\" style=\"padding: 0px; margin: 0px;\"><span class=\"Body-Text-3-C\" style=\"color: #008000; padding: 0px; margin: 0px;\">An ensuing metamorphosis described in the Bible is the in-dwelling of the Holy Spirit in believers. “He will give you another Helper. The Spirit of truth ... will be in you” (John 14:16-17). “Those who are in Christ Jesus do not walk according to the flesh, but according to the Spirit” (Rom 8:1). Therefore “be metamorphosed by the renewing of your mind, that you may prove what is that good and acceptable and perfect will of God” (Rom 12:2).</span></li>\r\n<li class=\"Body-Text-3-P1\" style=\"padding: 0px; margin: 0px;\"><span class=\"Body-Text-3-C\" style=\"color: #008000; padding: 0px; margin: 0px;\">But that’s not all. God promises another metamorphosis: “The dead will be raised incorruptible and we will all be changed” (1 Cor 15:52). Jesus “will metomophose our lowly bodies to be like his glorious body” (Phil 3:21).</span></li>\r\n<li class=\"Body-Text-3-P1\" style=\"padding: 0px; margin: 0px;\"><span class=\"Body-Text-3-C\" style=\"color: #008000; padding: 0px; margin: 0px;\">Here are some places you can get more information:</span></li>\r\n</ul>\r\n<p class=\"Body-Text-3-P2\" style=\"padding: 0px 0px 0px 60px; margin: 0px 0px 12px 0px;\"><span style=\"color: #008000; padding: 0px; margin: 0px;\"><span class=\"Body-Text-3-C\" style=\"padding: 0px; margin: 0px;\">1) Christianity.about.com is a great resource for facts, FAQs </span><span class=\"Body-Text-3-C\" style=\"padding: 0px; margin: 0px;\">and tools for the Christian faith.</span></span></p>\r\n<p class=\"Body-Text-3-P2\" style=\"padding: 0px 0px 0px 60px; margin: 0px 0px 12px 0px;\"><span class=\"Body-Text-3-C\" style=\"color: #008000; padding: 0px; margin: 0px;\">2) Read the Bible online or download a free app. </span></p>\r\n<p class=\"Body-Text-3-P2\" style=\"padding: 0px 0px 0px 60px; margin: 0px 0px 12px 0px;\"><span class=\"Body-Text-3-C\" style=\"color: #008000; padding: 0px; margin: 0px;\">3) The Gospel of John is a great place to start. Contact us for </span></p>\r\n<p class=\"Body-Text-3-P2\" style=\"padding: 0px 0px 0px 60px; margin: 0px 0px 12px 0px;\"><span class=\"Body-Text-3-C\" style=\"color: #008000; padding: 0px; margin: 0px;\">a free print copy: keith@frogsnthings.c</span></p>\r\n</div>'),(62,50,0,29,NULL),(63,51,0,29,NULL),(64,64,0,29,NULL),(65,47,0,8,'<div class=\"category-description std\" style=\"background-color: transparent; color: #2f2f2f; font-family: Arial,Helvetica,sans-serif; font-size: 12px; font-style: normal; font-variant: normal; font-weight: 400; letter-spacing: normal; orphans: 2; text-align: left; text-decoration: none; text-indent: 0px; text-transform: none; -webkit-text-stroke-width: 0px; white-space: normal; word-spacing: 0px; padding: 0px; margin: 0px 0px 10px 0px;\">\r\n<p style=\"text-align: center; padding: 0px; margin: 0px 0px 12px 0px;\"><span style=\"font-size: 18.06px; padding: 0px; margin: 0px;\"><strong style=\"font-weight: bold; padding: 0px; margin: 0px;\"><span style=\"color: #0000ff; padding: 0px; margin: 0px;\"><a style=\"color: #1e7ec8; text-decoration: underline; padding: 0px; margin: 0px;\" href=\"https://store.frogsnthings.com/resources/frog-care.html\">Dart Frog Care</a></span></strong></span></p>\r\n<p style=\"text-align: center; padding: 0px; margin: 0px 0px 12px 0px;\"><span style=\"font-size: 18.06px; padding: 0px; margin: 0px;\"><strong style=\"font-weight: bold; padding: 0px; margin: 0px;\"><span style=\"color: #0000ff; padding: 0px; margin: 0px;\"><a style=\"color: #1e7ec8; text-decoration: underline; padding: 0px; margin: 0px;\" href=\"https://store.frogsnthings.com/resources/health-and-medications.html\">Health and Medications</a></span></strong></span></p>\r\n<p style=\"text-align: center; padding: 0px; margin: 0px 0px 12px 0px;\"><span style=\"font-size: 18.06px; padding: 0px; margin: 0px;\"><strong style=\"font-weight: bold; padding: 0px; margin: 0px;\"><span style=\"color: #0000ff; padding: 0px; margin: 0px;\"><a style=\"color: #1e7ec8; text-decoration: underline; padding: 0px; margin: 0px;\" href=\"https://store.frogsnthings.com/resources/fruit-fly-culture.html\">Fruit Fly Culture</a></span></strong></span></p>\r\n<p style=\"text-align: center; padding: 0px; margin: 0px 0px 12px 0px;\"><span style=\"font-size: 18.06px; padding: 0px; margin: 0px;\"><strong style=\"font-weight: bold; padding: 0px; margin: 0px;\"><span style=\"color: #0000ff; padding: 0px; margin: 0px;\"><a style=\"color: #1e7ec8; text-decoration: underline; padding: 0px; margin: 0px;\" href=\"https://store.frogsnthings.com/resources/springtail-culture.html\">Springtail Culture</a></span></strong></span></p>\r\n<p style=\"text-align: center; padding: 0px; margin: 0px 0px 12px 0px;\"><span style=\"font-size: 18.06px; padding: 0px; margin: 0px;\"><strong style=\"font-weight: bold; padding: 0px; margin: 0px;\"><span style=\"color: #0000ff; padding: 0px; margin: 0px;\"><a style=\"color: #1e7ec8; text-decoration: underline; padding: 0px; margin: 0px;\" href=\"https://store.frogsnthings.com/resources/bean-beetle-culture.html\">Bean Beetle Culture</a></span></strong></span></p>\r\n<p style=\"text-align: center; padding: 0px; margin: 0px 0px 12px 0px;\"><span style=\"font-size: 18.06px; padding: 0px; margin: 0px;\"><strong style=\"font-weight: bold; padding: 0px; margin: 0px;\"><span style=\"color: #0000ff; padding: 0px; margin: 0px;\"><a style=\"color: #1e7ec8; text-decoration: underline; padding: 0px; margin: 0px;\" href=\"https://store.frogsnthings.com/resources/metamorphosis.html\">Metamorphosis</a></span></strong></span></p>\r\n</div>\r\n<p style=\"background-color: transparent; color: #2f2f2f; font-family: Arial,Helvetica,sans-serif; font-size: 12px; font-style: normal; font-variant: normal; font-weight: 400; letter-spacing: normal; orphans: 2; text-align: left; text-decoration: none; text-indent: 0px; text-transform: none; -webkit-text-stroke-width: 0px; white-space: normal; word-spacing: 0px; padding: 0px; margin: 0px 0px 10px 0px;\"> </p>'),(66,50,0,8,NULL),(67,51,0,8,NULL),(68,64,0,8,NULL),(69,47,0,15,'<p style=\"background-color: transparent; color: #2f2f2f; font-family: Arial,Helvetica,sans-serif; font-size: 12px; font-style: normal; font-variant: normal; font-weight: 400; letter-spacing: normal; orphans: 2; text-align: center; text-decoration: none; text-indent: 0px; text-transform: none; -webkit-text-stroke-width: 0px; white-space: normal; word-spacing: 0px; padding: 0px; margin: 0px 0px 12px 0px;\"><strong style=\"font-weight: bold; padding: 0px; margin: 0px;\"><span style=\"color: #ff0000; padding: 0px; margin: 0px;\">Custom Made Dart Frog Setups </span></strong></p>\r\n<p style=\"background-color: transparent; color: #2f2f2f; font-family: Arial,Helvetica,sans-serif; font-size: 12px; font-style: normal; font-variant: normal; font-weight: 400; letter-spacing: normal; orphans: 2; text-align: center; text-decoration: none; text-indent: 0px; text-transform: none; -webkit-text-stroke-width: 0px; white-space: normal; word-spacing: 0px; padding: 0px; margin: 0px 0px 12px 0px;\"><span style=\"color: #008000; padding: 0px; margin: 0px;\">Note: larger sizes and custom designs can be built to order. </span></p>\r\n<p style=\"background-color: transparent; color: #2f2f2f; font-family: Arial,Helvetica,sans-serif; font-size: 12px; font-style: normal; font-variant: normal; font-weight: 400; letter-spacing: normal; orphans: 2; text-align: center; text-decoration: none; text-indent: 0px; text-transform: none; -webkit-text-stroke-width: 0px; white-space: normal; word-spacing: 0px; padding: 0px; margin: 0px 0px 12px 0px;\"><span style=\"color: #008000; padding: 0px; margin: 0px;\">Shipping not available on vivariums.</span></p>'),(70,50,0,15,NULL),(71,51,0,15,NULL),(72,64,0,15,NULL),(73,50,0,24,NULL),(74,51,0,24,NULL),(75,64,0,24,NULL),(76,50,0,25,NULL),(77,51,0,25,NULL),(78,64,0,25,NULL),(79,50,0,26,NULL),(80,51,0,26,NULL),(81,64,0,26,NULL),(82,50,0,28,NULL),(83,51,0,28,NULL),(84,64,0,28,NULL);
CREATE TABLE `mz0b_catalog_category_entity_varchar` (
  `value_id` int(11) NOT NULL AUTO_INCREMENT COMMENT 'Value ID',
  `attribute_id` smallint(5) unsigned NOT NULL DEFAULT '0' COMMENT 'Attribute ID',
  `store_id` smallint(5) unsigned NOT NULL DEFAULT '0' COMMENT 'Store ID',
  `entity_id` int(10) unsigned NOT NULL DEFAULT '0' COMMENT 'Entity ID',
  `value` varchar(255) DEFAULT NULL COMMENT 'Value',
  PRIMARY KEY (`value_id`),
  UNIQUE KEY `MZ0B_CAT_CTGR_ENTT_VCHR_ENTT_ID_ATTR_ID_STORE_ID` (`entity_id`,`attribute_id`,`store_id`),
  KEY `MZ0B_CATALOG_CATEGORY_ENTITY_VARCHAR_ENTITY_ID` (`entity_id`),
  KEY `MZ0B_CATALOG_CATEGORY_ENTITY_VARCHAR_ATTRIBUTE_ID` (`attribute_id`),
  KEY `MZ0B_CATALOG_CATEGORY_ENTITY_VARCHAR_STORE_ID` (`store_id`)
) ENGINE=InnoDB AUTO_INCREMENT=266 DEFAULT CHARSET=utf8 COMMENT='Catalog Category Varchar Attribute Backend Table';
INSERT INTO `mz0b_catalog_category_entity_varchar` VALUES (1,45,0,1,'Root Catalog'),(2,45,0,2,'Frogs'),(3,52,0,2,'PRODUCTS'),(4,48,0,2,NULL),(5,49,0,2,NULL),(6,60,0,2,NULL),(7,63,0,2,NULL),(8,119,0,2,'frogs'),(9,120,0,2,NULL),(10,45,0,3,'Catalog'),(11,52,0,3,'PRODUCTS'),(12,119,0,3,'things-products'),(13,45,0,4,'Frogs'),(14,52,0,4,'PRODUCTS'),(15,119,0,4,'frogs'),(16,120,0,4,'frogs'),(17,45,0,5,'Things (Products)'),(18,52,0,5,'PRODUCTS'),(19,119,0,5,'plants'),(20,120,0,5,'plants'),(21,48,0,3,NULL),(22,49,0,3,NULL),(23,60,0,3,NULL),(24,63,0,3,NULL),(25,120,0,3,NULL),(27,48,0,5,NULL),(28,49,0,5,NULL),(29,60,0,5,NULL),(30,63,0,5,NULL),(31,45,0,6,'Frogs'),(32,52,0,6,'PRODUCTS'),(33,119,0,6,'frogs-n-things-frogs'),(34,120,0,6,'plants/frogs-n-things-frogs'),(35,45,0,7,'Plants'),(36,52,0,7,'PRODUCTS'),(37,119,0,7,'plants'),(38,120,0,7,'plants/plants'),(39,45,0,8,'Resources'),(40,52,0,8,'PAGE'),(41,119,0,8,'resources'),(42,120,0,8,'resources'),(43,45,0,9,'Shows'),(44,52,0,9,'PAGE'),(45,119,0,9,'shows'),(46,120,0,9,'shows'),(47,45,0,10,'About Us'),(48,52,0,10,'PAGE'),(49,119,0,10,'about-us'),(50,120,0,10,'about-us'),(52,48,0,10,NULL),(53,49,0,10,NULL),(54,60,0,10,NULL),(55,63,0,10,NULL),(63,45,0,11,'Feeder Insects'),(64,52,0,11,'PRODUCTS'),(65,119,0,11,'frogs-n-things-feeder-insects'),(66,120,0,11,'plants/frogs-n-things-feeder-insects'),(68,48,0,4,NULL),(69,49,0,4,NULL),(70,60,0,4,NULL),(71,63,0,4,NULL),(74,48,0,6,NULL),(75,49,0,6,NULL),(76,60,0,6,NULL),(77,63,0,6,NULL),(82,48,0,11,NULL),(83,49,0,11,NULL),(84,60,0,11,NULL),(85,63,0,11,NULL),(86,45,0,12,'Culture Media and Supplies'),(87,52,0,12,'PRODUCTS'),(88,119,0,12,'culture-media-and-supplies'),(89,120,0,12,'plants/culture-media-and-supplies'),(90,45,0,13,'Health and Supplements'),(91,52,0,13,'PRODUCTS'),(92,119,0,13,'health-and-medications'),(93,120,0,13,'plants/health-and-medications'),(99,45,0,14,'Vivarium Substrates'),(100,52,0,14,'PRODUCTS'),(101,119,0,14,'vivarium-substrates'),(102,120,0,14,'plants/vivarium-substrates'),(103,45,0,15,'Vivarium Setups'),(104,52,0,15,'PRODUCTS_AND_PAGE'),(105,119,0,15,'vivarium-setups'),(106,120,0,15,'plants/vivarium-setups'),(107,45,0,16,'Lighting and Heating'),(108,52,0,16,'PRODUCTS'),(109,119,0,16,'lighting-and-heating'),(110,120,0,16,'plants/lighting-and-heating'),(111,45,0,17,'Shipping Supplies'),(112,52,0,17,'PRODUCTS'),(113,119,0,17,'shipping-supplies'),(114,120,0,17,'plants/shipping-supplies'),(115,45,0,18,'Discount Kits'),(116,52,0,18,'PRODUCTS'),(117,119,0,18,'discount-kits'),(118,120,0,18,'plants/discount-kits'),(119,45,0,19,'Gift Cards'),(120,52,0,19,'PRODUCTS'),(121,119,0,19,'gift-cards'),(122,120,0,19,'plants/gift-cards'),(124,48,0,9,NULL),(125,49,0,9,NULL),(126,60,0,9,NULL),(127,63,0,9,NULL),(135,48,0,7,NULL),(136,49,0,7,NULL),(137,60,0,7,NULL),(138,63,0,7,NULL),(139,45,0,20,'Contact Us'),(140,52,0,20,'PAGE'),(141,119,0,20,'contact-us'),(142,120,0,20,'about-us/contact-us'),(143,45,0,21,'Customer Service'),(144,52,0,21,'PAGE'),(145,119,0,21,'customer-service'),(146,120,0,21,'about-us/customer-service'),(147,45,0,22,'Testimonials'),(148,52,0,22,'PRODUCTS'),(149,119,0,22,'testimonials'),(150,120,0,22,'about-us/testimonials'),(151,45,0,23,'Our Story'),(152,52,0,23,'PAGE'),(153,119,0,23,'our-story'),(154,120,0,23,'about-us/our-story'),(157,48,0,23,NULL),(158,49,0,23,NULL),(159,60,0,23,NULL),(160,63,0,23,NULL),(167,48,0,20,NULL),(168,49,0,20,NULL),(169,60,0,20,NULL),(170,63,0,20,NULL),(177,48,0,21,NULL),(178,49,0,21,NULL),(179,60,0,21,NULL),(180,63,0,21,NULL),(185,45,0,24,'Frog Care'),(186,52,0,24,'PAGE'),(187,119,0,24,'frog-care'),(188,120,0,24,'resources/frog-care'),(189,45,0,25,'Health and Medications'),(190,52,0,25,'PAGE'),(191,119,0,25,'health-and-medications'),(192,120,0,25,'resources/health-and-medications'),(193,45,0,26,'Fruit Fly Culture'),(194,52,0,26,'PAGE'),(195,119,0,26,'fruit-fly-culture'),(196,120,0,26,'resources/fruit-fly-culture'),(197,45,0,27,'Springtail Culture'),(198,52,0,27,'PAGE'),(199,119,0,27,'springtail-culture'),(200,120,0,27,'resources/springtail-culture'),(202,48,0,27,NULL),(203,49,0,27,NULL),(204,60,0,27,NULL),(205,63,0,27,NULL),(206,45,0,28,'Bean Beetle Culture'),(207,52,0,28,'PAGE'),(208,119,0,28,'bean-beetle-culture'),(209,120,0,28,'resources/bean-beetle-culture'),(210,45,0,29,'Metamorphosis'),(211,52,0,29,'PAGE'),(212,119,0,29,'metamorphosis'),(213,120,0,29,'resources/metamorphosis'),(215,48,0,29,NULL),(216,49,0,29,NULL),(217,60,0,29,NULL),(218,63,0,29,NULL),(220,48,0,8,NULL),(221,49,0,8,NULL),(222,60,0,8,NULL),(223,63,0,8,NULL),(234,48,0,15,NULL),(235,49,0,15,NULL),(236,60,0,15,NULL),(237,63,0,15,NULL),(239,48,0,24,NULL),(240,49,0,24,NULL),(241,60,0,24,NULL),(242,63,0,24,NULL),(244,48,0,25,NULL),(245,49,0,25,NULL),(246,60,0,25,NULL),(247,63,0,25,NULL),(251,48,0,26,NULL),(252,49,0,26,NULL),(253,60,0,26,NULL),(254,63,0,26,NULL),(259,48,0,28,NULL),(260,49,0,28,NULL),(261,60,0,28,NULL),(262,63,0,28,NULL);
CREATE TABLE `mz0b_catalog_category_product` (
  `entity_id` int(11) NOT NULL AUTO_INCREMENT COMMENT 'Entity ID',
  `category_id` int(10) unsigned NOT NULL DEFAULT '0' COMMENT 'Category ID',
  `product_id` int(10) unsigned NOT NULL DEFAULT '0' COMMENT 'Product ID',
  `position` int(11) NOT NULL DEFAULT '0' COMMENT 'Position',
  PRIMARY KEY (`entity_id`,`category_id`,`product_id`),
  UNIQUE KEY `MZ0B_CATALOG_CATEGORY_PRODUCT_CATEGORY_ID_PRODUCT_ID` (`category_id`,`product_id`),
  KEY `MZ0B_CATALOG_CATEGORY_PRODUCT_PRODUCT_ID` (`product_id`)
) ENGINE=InnoDB AUTO_INCREMENT=269 DEFAULT CHARSET=utf8 COMMENT='Catalog Product To Category Linkage Table';
INSERT INTO `mz0b_catalog_category_product` VALUES (2,4,1,0),(3,6,1,0),(4,3,2,0),(5,4,2,0),(6,6,2,0),(7,3,3,0),(8,5,3,0),(9,19,3,0),(10,4,4,0),(11,6,4,0),(12,4,5,0),(13,6,5,0),(14,4,6,0),(15,6,6,0),(16,4,7,0),(17,6,7,0),(18,4,8,0),(19,6,8,0),(20,4,9,0),(21,6,9,0),(22,3,10,0),(23,4,10,0),(24,6,10,0),(25,4,11,0),(26,6,11,0),(27,4,12,0),(28,6,12,0),(29,4,13,0),(30,6,13,0),(31,4,14,0),(32,6,14,0),(33,4,15,0),(34,6,15,0),(35,4,16,0),(36,6,16,0),(37,4,17,0),(38,6,17,0),(39,4,18,0),(40,6,18,0),(41,4,19,0),(42,6,19,0),(43,4,20,0),(44,6,20,0),(45,4,21,0),(46,6,21,0),(47,4,22,0),(48,6,22,0),(49,4,23,0),(50,6,23,0),(51,4,24,0),(52,6,24,0),(53,4,25,0),(54,6,25,0),(55,4,26,0),(56,6,26,0),(57,4,27,0),(58,6,27,0),(59,5,28,0),(60,11,28,0),(61,5,29,0),(62,11,29,0),(63,5,30,0),(64,11,30,0),(65,5,31,0),(66,11,31,0),(67,5,32,0),(68,11,32,0),(69,5,33,0),(70,11,33,0),(71,5,34,0),(72,11,34,0),(73,5,35,0),(74,11,35,0),(75,5,36,0),(76,11,36,0),(77,5,37,0),(78,11,37,0),(79,5,38,0),(80,11,38,0),(81,5,39,0),(82,11,39,0),(83,13,39,0),(84,5,40,0),(85,11,40,0),(86,13,40,0),(87,5,41,0),(88,11,41,0),(89,13,41,0),(90,18,36,0),(92,18,38,0),(93,3,42,0),(94,5,42,0),(95,14,42,0),(96,3,43,0),(97,5,43,0),(98,14,43,0),(99,3,44,0),(100,5,44,0),(101,14,44,0),(102,3,45,0),(103,5,45,0),(104,14,45,0),(105,3,46,0),(106,5,46,0),(107,14,46,0),(108,18,37,0),(109,5,47,0),(110,18,47,0),(111,5,48,0),(112,18,48,0),(113,12,41,0),(114,12,40,0),(115,12,39,0),(116,12,44,0),(117,3,49,0),(118,5,49,0),(119,12,49,0),(121,3,50,0),(122,5,50,0),(123,12,50,0),(125,13,50,0),(126,3,51,0),(127,5,51,0),(128,12,51,0),(131,3,52,0),(132,5,52,0),(133,12,52,0),(136,3,53,0),(137,5,53,0),(138,12,53,0),(141,3,54,0),(142,5,54,0),(143,12,54,0),(144,3,55,0),(145,5,55,0),(146,12,55,0),(147,3,56,0),(148,5,56,0),(149,7,56,0),(150,3,57,0),(151,5,57,0),(152,7,57,0),(153,3,58,0),(154,5,58,0),(155,7,58,0),(156,3,59,0),(157,5,59,0),(158,7,59,0),(159,3,60,0),(160,5,60,0),(161,7,60,0),(162,3,61,0),(163,5,61,0),(164,7,61,0),(165,3,62,0),(166,5,62,0),(167,7,62,0),(168,3,63,0),(169,5,63,0),(170,7,63,0),(171,3,64,0),(172,5,64,0),(173,7,64,0),(174,3,65,0),(175,5,65,0),(176,7,65,0),(177,3,66,0),(178,5,66,0),(179,7,66,0),(180,3,67,0),(181,5,67,0),(182,13,67,0),(183,3,69,0),(184,5,69,0),(185,13,69,0),(186,3,70,0),(187,5,70,0),(188,13,70,0),(189,3,71,0),(190,5,71,0),(191,13,71,0),(192,3,72,0),(193,5,72,0),(194,13,72,0),(195,3,73,0),(196,5,73,0),(197,13,73,0),(198,3,74,0),(199,5,74,0),(200,13,74,0),(201,3,75,0),(202,5,75,0),(203,13,75,0),(204,3,76,0),(205,5,76,0),(206,13,76,0),(207,3,77,0),(208,5,77,0),(209,13,77,0),(210,3,78,0),(211,5,78,0),(212,13,78,0),(213,3,79,0),(214,5,79,0),(215,13,79,0),(216,3,80,0),(217,5,80,0),(218,16,80,0),(219,3,81,0),(220,5,81,0),(221,16,81,0),(225,3,83,0),(226,5,83,0),(227,16,83,0),(228,3,84,0),(229,5,84,0),(230,16,84,0),(231,3,85,0),(232,5,85,0),(233,16,85,0),(234,3,86,0),(235,5,86,0),(236,16,86,0),(237,3,87,0),(238,5,87,0),(239,16,87,0),(240,3,88,0),(241,5,88,0),(242,17,88,0),(243,3,89,0),(244,5,89,0),(245,17,89,0),(246,3,90,0),(247,5,90,0),(248,17,90,0),(249,3,91,0),(250,5,91,0),(251,15,91,0),(252,3,92,0),(253,5,92,0),(254,15,92,0),(255,3,93,0),(256,5,93,0),(257,15,93,0),(258,3,94,0),(259,5,94,0),(260,14,94,0),(261,2,95,0),(262,3,95,0),(263,4,95,0),(264,5,96,0),(265,11,96,0),(266,3,68,0),(267,5,68,0),(268,13,68,0);
CREATE TABLE `mz0b_catalog_category_product_index` (
  `category_id` int(10) unsigned NOT NULL DEFAULT '0' COMMENT 'Category ID',
  `product_id` int(10) unsigned NOT NULL DEFAULT '0' COMMENT 'Product ID',
  `position` int(11) DEFAULT NULL COMMENT 'Position',
  `is_parent` smallint(5) unsigned NOT NULL DEFAULT '0' COMMENT 'Is Parent',
  `store_id` smallint(5) unsigned NOT NULL DEFAULT '0' COMMENT 'Store ID',
  `visibility` smallint(5) unsigned NOT NULL COMMENT 'Visibility',
  PRIMARY KEY (`category_id`,`product_id`,`store_id`),
  KEY `MZ0B_CAT_CTGR_PRD_IDX_PRD_ID_STORE_ID_CTGR_ID_VISIBILITY` (`product_id`,`store_id`,`category_id`,`visibility`),
  KEY `IDX_96F31F94894E134E1B18386AB5EB117A` (`store_id`,`category_id`,`visibility`,`is_parent`,`position`)
) ENGINE=InnoDB DEFAULT CHARSET=utf8 COMMENT='Catalog Category Product Index';
CREATE TABLE `mz0b_catalog_category_product_index_replica` (
  `category_id` int(10) unsigned NOT NULL DEFAULT '0' COMMENT 'Category ID',
  `product_id` int(10) unsigned NOT NULL DEFAULT '0' COMMENT 'Product ID',
  `position` int(11) DEFAULT NULL COMMENT 'Position',
  `is_parent` smallint(5) unsigned NOT NULL DEFAULT '0' COMMENT 'Is Parent',
  `store_id` smallint(5) unsigned NOT NULL DEFAULT '0' COMMENT 'Store ID',
  `visibility` smallint(5) unsigned NOT NULL COMMENT 'Visibility',
  PRIMARY KEY (`category_id`,`product_id`,`store_id`),
  KEY `MZ0B_CAT_CTGR_PRD_IDX_PRD_ID_STORE_ID_CTGR_ID_VISIBILITY` (`product_id`,`store_id`,`category_id`,`visibility`),
  KEY `IDX_96F31F94894E134E1B18386AB5EB117A` (`store_id`,`category_id`,`visibility`,`is_parent`,`position`)
) ENGINE=InnoDB DEFAULT CHARSET=utf8 COMMENT='Catalog Category Product Index';
CREATE TABLE `mz0b_catalog_category_product_index_store1` (
  `category_id` int(10) unsigned NOT NULL DEFAULT '0' COMMENT 'Category Id',
  `product_id` int(10) unsigned NOT NULL DEFAULT '0' COMMENT 'Product Id',
  `position` int(11) DEFAULT NULL COMMENT 'Position',
  `is_parent` smallint(5) unsigned NOT NULL DEFAULT '0' COMMENT 'Is Parent',
  `store_id` smallint(5) unsigned NOT NULL DEFAULT '0' COMMENT 'Store Id',
  `visibility` smallint(5) unsigned NOT NULL COMMENT 'Visibility',
  PRIMARY KEY (`category_id`,`product_id`,`store_id`),
  KEY `IDX_3EC5CED89E0C978B47D9DF90969C9791` (`product_id`,`store_id`,`category_id`,`visibility`),
  KEY `IDX_A7F16E466C4BA99A1F8D28FB71BCD13C` (`store_id`,`category_id`,`visibility`,`is_parent`,`position`)
) ENGINE=InnoDB DEFAULT CHARSET=utf8 COMMENT='Mz0b Catalog Category Product Index Store1 Replica';
INSERT INTO `mz0b_catalog_category_product_index_store1` VALUES (3,2,0,0,1,4),(3,3,0,0,1,4),(3,10,0,0,1,4),(3,42,0,0,1,4),(3,43,0,0,1,4),(3,44,0,0,1,4),(3,45,0,0,1,4),(3,46,0,0,1,4),(3,49,0,0,1,4),(3,50,0,0,1,4),(3,51,0,0,1,4),(3,52,0,0,1,4),(3,53,0,0,1,4),(3,54,0,0,1,4),(3,55,0,0,1,4),(3,56,0,0,1,4),(3,57,0,0,1,4),(3,58,0,0,1,4),(3,59,0,0,1,4),(3,60,0,0,1,4),(3,61,0,0,1,4),(3,62,0,0,1,4),(3,63,0,0,1,4),(3,64,0,0,1,4),(3,65,0,0,1,4),(3,66,0,0,1,4),(3,67,0,0,1,4),(3,68,0,0,1,4),(3,69,0,0,1,4),(3,70,0,0,1,4),(3,71,0,0,1,4),(3,72,0,0,1,4),(3,73,0,0,1,4),(3,74,0,0,1,4),(3,75,0,0,1,4),(3,76,0,0,1,4),(3,77,0,0,1,4),(3,78,0,0,1,4),(3,79,0,0,1,4),(3,80,0,0,1,4),(3,81,0,0,1,4),(3,83,0,0,1,4),(3,84,0,0,1,4),(3,85,0,0,1,4),(3,86,0,0,1,4),(3,87,0,0,1,4),(3,88,0,0,1,4),(3,89,0,0,1,4),(3,90,0,0,1,4),(3,91,0,0,1,4),(3,92,0,0,1,4),(3,93,0,0,1,4),(3,94,0,0,1,4),(3,95,0,0,1,4),(3,1,10000,0,1,4),(3,4,10000,0,1,4),(3,5,10000,0,1,4),(3,6,10000,0,1,4),(3,7,10000,0,1,4),(3,8,10000,0,1,4),(3,9,10000,0,1,4),(3,11,10000,0,1,4),(3,12,10000,0,1,4),(3,13,10000,0,1,4),(3,14,10000,0,1,4),(3,15,10000,0,1,4),(3,16,10000,0,1,4),(3,17,10000,0,1,4),(3,18,10000,0,1,4),(3,19,10000,0,1,4),(3,20,10000,0,1,4),(3,21,10000,0,1,4),(3,22,10000,0,1,4),(3,23,10000,0,1,4),(3,24,10000,0,1,4),(3,25,10000,0,1,4),(3,26,10000,0,1,4),(3,27,10000,0,1,4),(3,28,10000,0,1,4),(3,29,10000,0,1,4),(3,30,10000,0,1,4),(3,31,10000,0,1,4),(3,32,10000,0,1,4),(3,33,10000,0,1,4),(3,34,10000,0,1,4),(3,35,10000,0,1,4),(3,36,10000,0,1,4),(3,37,10000,0,1,4),(3,38,10000,0,1,4),(3,39,10000,0,1,4),(3,40,10000,0,1,4),(3,41,10000,0,1,4),(3,47,10000,0,1,4),(3,48,10000,0,1,4),(3,96,10000,0,1,4),(4,1,0,1,1,4),(4,2,0,1,1,4),(4,4,0,1,1,4),(4,5,0,1,1,4),(4,6,0,1,1,4),(4,7,0,1,1,4),(4,8,0,1,1,4),(4,9,0,1,1,4),(4,10,0,1,1,4),(4,11,0,1,1,4),(4,12,0,1,1,4),(4,13,0,1,1,4),(4,14,0,1,1,4),(4,15,0,1,1,4),(4,16,0,1,1,4),(4,17,0,1,1,4),(4,18,0,1,1,4),(4,19,0,1,1,4),(4,20,0,1,1,4),(4,21,0,1,1,4),(4,22,0,1,1,4),(4,23,0,1,1,4),(4,24,0,1,1,4),(4,25,0,1,1,4),(4,26,0,1,1,4),(4,27,0,1,1,4),(4,95,0,1,1,4),(5,1,10000,0,1,4),(5,2,10000,0,1,4),(5,4,10000,0,1,4),(5,5,10000,0,1,4),(5,6,10000,0,1,4),(5,7,10000,0,1,4),(5,8,10000,0,1,4),(5,9,10000,0,1,4),(5,10,10000,0,1,4),(5,11,10000,0,1,4),(5,12,10000,0,1,4),(5,13,10000,0,1,4),(5,14,10000,0,1,4),(5,15,10000,0,1,4),(5,16,10000,0,1,4),(5,17,10000,0,1,4),(5,18,10000,0,1,4),(5,19,10000,0,1,4),(5,20,10000,0,1,4),(5,21,10000,0,1,4),(5,22,10000,0,1,4),(5,23,10000,0,1,4),(5,24,10000,0,1,4),(5,25,10000,0,1,4),(5,26,10000,0,1,4),(5,27,10000,0,1,4),(5,3,0,1,1,4),(5,28,0,1,1,4),(5,29,0,1,1,4),(5,30,0,1,1,4),(5,31,0,1,1,4),(5,32,0,1,1,4),(5,33,0,1,1,4),(5,34,0,1,1,4),(5,35,0,1,1,4),(5,36,0,1,1,4),(5,37,0,1,1,4),(5,38,0,1,1,4),(5,39,0,1,1,4),(5,40,0,1,1,4),(5,41,0,1,1,4),(5,42,0,1,1,4),(5,43,0,1,1,4),(5,44,0,1,1,4),(5,45,0,1,1,4),(5,46,0,1,1,4),(5,47,0,1,1,4),(5,48,0,1,1,4),(5,49,0,1,1,4),(5,50,0,1,1,4),(5,51,0,1,1,4),(5,52,0,1,1,4),(5,53,0,1,1,4),(5,54,0,1,1,4),(5,55,0,1,1,4),(5,56,0,1,1,4),(5,57,0,1,1,4),(5,58,0,1,1,4),(5,59,0,1,1,4),(5,60,0,1,1,4),(5,61,0,1,1,4),(5,62,0,1,1,4),(5,63,0,1,1,4),(5,64,0,1,1,4),(5,65,0,1,1,4),(5,66,0,1,1,4),(5,67,0,1,1,4),(5,68,0,1,1,4),(5,69,0,1,1,4),(5,70,0,1,1,4),(5,71,0,1,1,4),(5,72,0,1,1,4),(5,73,0,1,1,4),(5,74,0,1,1,4),(5,75,0,1,1,4),(5,76,0,1,1,4),(5,77,0,1,1,4),(5,78,0,1,1,4),(5,79,0,1,1,4),(5,80,0,1,1,4),(5,81,0,1,1,4),(5,83,0,1,1,4),(5,84,0,1,1,4),(5,85,0,1,1,4),(5,86,0,1,1,4),(5,87,0,1,1,4),(5,88,0,1,1,4),(5,89,0,1,1,4),(5,90,0,1,1,4),(5,91,0,1,1,4),(5,92,0,1,1,4),(5,93,0,1,1,4),(5,94,0,1,1,4),(5,96,0,1,1,4),(6,1,0,1,1,4),(6,2,0,1,1,4),(6,4,0,1,1,4),(6,5,0,1,1,4),(6,6,0,1,1,4),(6,7,0,1,1,4),(6,8,0,1,1,4),(6,9,0,1,1,4),(6,10,0,1,1,4),(6,11,0,1,1,4),(6,12,0,1,1,4),(6,13,0,1,1,4),(6,14,0,1,1,4),(6,15,0,1,1,4),(6,16,0,1,1,4),(6,17,0,1,1,4),(6,18,0,1,1,4),(6,19,0,1,1,4),(6,20,0,1,1,4),(6,21,0,1,1,4),(6,22,0,1,1,4),(6,23,0,1,1,4),(6,24,0,1,1,4),(6,25,0,1,1,4),(6,26,0,1,1,4),(6,27,0,1,1,4),(7,56,0,1,1,4),(7,57,0,1,1,4),(7,58,0,1,1,4),(7,59,0,1,1,4),(7,60,0,1,1,4),(7,61,0,1,1,4),(7,62,0,1,1,4),(7,63,0,1,1,4),(7,64,0,1,1,4),(7,65,0,1,1,4),(7,66,0,1,1,4),(11,28,0,1,1,4),(11,29,0,1,1,4),(11,30,0,1,1,4),(11,31,0,1,1,4),(11,32,0,1,1,4),(11,33,0,1,1,4),(11,34,0,1,1,4),(11,35,0,1,1,4),(11,36,0,1,1,4),(11,37,0,1,1,4),(11,38,0,1,1,4),(11,39,0,1,1,4),(11,40,0,1,1,4),(11,41,0,1,1,4),(11,96,0,1,1,4),(12,39,0,1,1,4),(12,40,0,1,1,4),(12,41,0,1,1,4),(12,44,0,1,1,4),(12,49,0,1,1,4),(12,50,0,1,1,4),(12,51,0,1,1,4),(12,52,0,1,1,4),(12,53,0,1,1,4),(12,54,0,1,1,4),(12,55,0,1,1,4),(13,39,0,1,1,4),(13,40,0,1,1,4),(13,41,0,1,1,4),(13,50,0,1,1,4),(13,67,0,1,1,4),(13,68,0,1,1,4),(13,69,0,1,1,4),(13,70,0,1,1,4),(13,71,0,1,1,4),(13,72,0,1,1,4),(13,73,0,1,1,4),(13,74,0,1,1,4),(13,75,0,1,1,4),(13,76,0,1,1,4),(13,77,0,1,1,4),(13,78,0,1,1,4),(13,79,0,1,1,4),(14,42,0,1,1,4),(14,43,0,1,1,4),(14,44,0,1,1,4),(14,45,0,1,1,4),(14,46,0,1,1,4),(14,94,0,1,1,4),(15,91,0,1,1,4),(15,92,0,1,1,4),(15,93,0,1,1,4),(16,80,0,1,1,4),(16,81,0,1,1,4),(16,83,0,1,1,4),(16,84,0,1,1,4),(16,85,0,1,1,4),(16,86,0,1,1,4),(16,87,0,1,1,4),(17,88,0,1,1,4),(17,89,0,1,1,4),(17,90,0,1,1,4),(18,36,0,1,1,4),(18,37,0,1,1,4),(18,38,0,1,1,4),(18,47,0,1,1,4),(18,48,0,1,1,4),(19,3,0,1,1,4);
CREATE TABLE `mz0b_catalog_category_product_index_store1_replica` (
  `category_id` int(10) unsigned NOT NULL DEFAULT '0' COMMENT 'Category Id',
  `product_id` int(10) unsigned NOT NULL DEFAULT '0' COMMENT 'Product Id',
  `position` int(11) DEFAULT NULL COMMENT 'Position',
  `is_parent` smallint(5) unsigned NOT NULL DEFAULT '0' COMMENT 'Is Parent',
  `store_id` smallint(5) unsigned NOT NULL DEFAULT '0' COMMENT 'Store Id',
  `visibility` smallint(5) unsigned NOT NULL COMMENT 'Visibility',
  PRIMARY KEY (`category_id`,`product_id`,`store_id`),
  KEY `MZ0B_CAT_CTGR_PRD_IDX_STORE1_PRD_ID_STORE_ID_CTGR_ID_VISIBILITY` (`product_id`,`store_id`,`category_id`,`visibility`),
  KEY `IDX_05AE96C7295DB3D50A13BB21394EF6D0` (`store_id`,`category_id`,`visibility`,`is_parent`,`position`)
) ENGINE=InnoDB DEFAULT CHARSET=utf8 COMMENT='Mz0b Catalog Category Product Index Store1';
INSERT INTO `mz0b_catalog_category_product_index_store1_replica` VALUES (3,2,0,0,1,4),(3,3,0,0,1,4),(3,10,0,0,1,4),(3,42,0,0,1,4),(3,43,0,0,1,4),(3,44,0,0,1,4),(3,45,0,0,1,4),(3,46,0,0,1,4),(3,49,0,0,1,4),(3,50,0,0,1,4),(3,51,0,0,1,4),(3,52,0,0,1,4),(3,53,0,0,1,4),(3,54,0,0,1,4),(3,55,0,0,1,4),(3,56,0,0,1,4),(3,57,0,0,1,4),(3,58,0,0,1,4),(3,59,0,0,1,4),(3,60,0,0,1,4),(3,61,0,0,1,4),(3,62,0,0,1,4),(3,63,0,0,1,4),(3,64,0,0,1,4),(3,65,0,0,1,4),(3,66,0,0,1,4),(3,67,0,0,1,4),(3,68,0,0,1,4),(3,69,0,0,1,4),(3,70,0,0,1,4),(3,71,0,0,1,4),(3,72,0,0,1,4),(3,73,0,0,1,4),(3,74,0,0,1,4),(3,75,0,0,1,4),(3,76,0,0,1,4),(3,77,0,0,1,4),(3,78,0,0,1,4),(3,79,0,0,1,4),(3,80,0,0,1,4),(3,81,0,0,1,4),(3,83,0,0,1,4),(3,84,0,0,1,4),(3,85,0,0,1,4),(3,86,0,0,1,4),(3,87,0,0,1,4),(3,88,0,0,1,4),(3,89,0,0,1,4),(3,90,0,0,1,4),(3,91,0,0,1,4),(3,92,0,0,1,4),(3,93,0,0,1,4),(3,94,0,0,1,4),(3,95,0,0,1,4),(3,1,10000,0,1,4),(3,4,10000,0,1,4),(3,5,10000,0,1,4),(3,6,10000,0,1,4),(3,7,10000,0,1,4),(3,8,10000,0,1,4),(3,9,10000,0,1,4),(3,11,10000,0,1,4),(3,12,10000,0,1,4),(3,13,10000,0,1,4),(3,14,10000,0,1,4),(3,15,10000,0,1,4),(3,16,10000,0,1,4),(3,17,10000,0,1,4),(3,18,10000,0,1,4),(3,19,10000,0,1,4),(3,20,10000,0,1,4),(3,21,10000,0,1,4),(3,22,10000,0,1,4),(3,23,10000,0,1,4),(3,24,10000,0,1,4),(3,25,10000,0,1,4),(3,26,10000,0,1,4),(3,27,10000,0,1,4),(3,28,10000,0,1,4),(3,29,10000,0,1,4),(3,30,10000,0,1,4),(3,31,10000,0,1,4),(3,32,10000,0,1,4),(3,33,10000,0,1,4),(3,34,10000,0,1,4),(3,35,10000,0,1,4),(3,36,10000,0,1,4),(3,37,10000,0,1,4),(3,38,10000,0,1,4),(3,39,10000,0,1,4),(3,40,10000,0,1,4),(3,41,10000,0,1,4),(3,47,10000,0,1,4),(3,48,10000,0,1,4),(3,96,10000,0,1,4),(4,1,0,1,1,4),(4,2,0,1,1,4),(4,4,0,1,1,4),(4,5,0,1,1,4),(4,6,0,1,1,4),(4,7,0,1,1,4),(4,8,0,1,1,4),(4,9,0,1,1,4),(4,10,0,1,1,4),(4,11,0,1,1,4),(4,12,0,1,1,4),(4,13,0,1,1,4),(4,14,0,1,1,4),(4,15,0,1,1,4),(4,16,0,1,1,4),(4,17,0,1,1,4),(4,18,0,1,1,4),(4,19,0,1,1,4),(4,20,0,1,1,4),(4,21,0,1,1,4),(4,22,0,1,1,4),(4,23,0,1,1,4),(4,24,0,1,1,4),(4,25,0,1,1,4),(4,26,0,1,1,4),(4,27,0,1,1,4),(4,95,0,1,1,4),(5,1,10000,0,1,4),(5,2,10000,0,1,4),(5,4,10000,0,1,4),(5,5,10000,0,1,4),(5,6,10000,0,1,4),(5,7,10000,0,1,4),(5,8,10000,0,1,4),(5,9,10000,0,1,4),(5,10,10000,0,1,4),(5,11,10000,0,1,4),(5,12,10000,0,1,4),(5,13,10000,0,1,4),(5,14,10000,0,1,4),(5,15,10000,0,1,4),(5,16,10000,0,1,4),(5,17,10000,0,1,4),(5,18,10000,0,1,4),(5,19,10000,0,1,4),(5,20,10000,0,1,4),(5,21,10000,0,1,4),(5,22,10000,0,1,4),(5,23,10000,0,1,4),(5,24,10000,0,1,4),(5,25,10000,0,1,4),(5,26,10000,0,1,4),(5,27,10000,0,1,4),(5,3,0,1,1,4),(5,28,0,1,1,4),(5,29,0,1,1,4),(5,30,0,1,1,4),(5,31,0,1,1,4),(5,32,0,1,1,4),(5,33,0,1,1,4),(5,34,0,1,1,4),(5,35,0,1,1,4),(5,36,0,1,1,4),(5,37,0,1,1,4),(5,38,0,1,1,4),(5,39,0,1,1,4),(5,40,0,1,1,4),(5,41,0,1,1,4),(5,42,0,1,1,4),(5,43,0,1,1,4),(5,44,0,1,1,4),(5,45,0,1,1,4),(5,46,0,1,1,4),(5,47,0,1,1,4),(5,48,0,1,1,4),(5,49,0,1,1,4),(5,50,0,1,1,4),(5,51,0,1,1,4),(5,52,0,1,1,4),(5,53,0,1,1,4),(5,54,0,1,1,4),(5,55,0,1,1,4),(5,56,0,1,1,4),(5,57,0,1,1,4),(5,58,0,1,1,4),(5,59,0,1,1,4),(5,60,0,1,1,4),(5,61,0,1,1,4),(5,62,0,1,1,4),(5,63,0,1,1,4),(5,64,0,1,1,4),(5,65,0,1,1,4),(5,66,0,1,1,4),(5,67,0,1,1,4),(5,68,0,1,1,4),(5,69,0,1,1,4),(5,70,0,1,1,4),(5,71,0,1,1,4),(5,72,0,1,1,4),(5,73,0,1,1,4),(5,74,0,1,1,4),(5,75,0,1,1,4),(5,76,0,1,1,4),(5,77,0,1,1,4),(5,78,0,1,1,4),(5,79,0,1,1,4),(5,80,0,1,1,4),(5,81,0,1,1,4),(5,83,0,1,1,4),(5,84,0,1,1,4),(5,85,0,1,1,4),(5,86,0,1,1,4),(5,87,0,1,1,4),(5,88,0,1,1,4),(5,89,0,1,1,4),(5,90,0,1,1,4),(5,91,0,1,1,4),(5,92,0,1,1,4),(5,93,0,1,1,4),(5,94,0,1,1,4),(5,96,0,1,1,4),(6,1,0,1,1,4),(6,2,0,1,1,4),(6,4,0,1,1,4),(6,5,0,1,1,4),(6,6,0,1,1,4),(6,7,0,1,1,4),(6,8,0,1,1,4),(6,9,0,1,1,4),(6,10,0,1,1,4),(6,11,0,1,1,4),(6,12,0,1,1,4),(6,13,0,1,1,4),(6,14,0,1,1,4),(6,15,0,1,1,4),(6,16,0,1,1,4),(6,17,0,1,1,4),(6,18,0,1,1,4),(6,19,0,1,1,4),(6,20,0,1,1,4),(6,21,0,1,1,4),(6,22,0,1,1,4),(6,23,0,1,1,4),(6,24,0,1,1,4),(6,25,0,1,1,4),(6,26,0,1,1,4),(6,27,0,1,1,4),(7,56,0,1,1,4),(7,57,0,1,1,4),(7,58,0,1,1,4),(7,59,0,1,1,4),(7,60,0,1,1,4),(7,61,0,1,1,4),(7,62,0,1,1,4),(7,63,0,1,1,4),(7,64,0,1,1,4),(7,65,0,1,1,4),(7,66,0,1,1,4),(11,28,0,1,1,4),(11,29,0,1,1,4),(11,30,0,1,1,4),(11,31,0,1,1,4),(11,32,0,1,1,4),(11,33,0,1,1,4),(11,34,0,1,1,4),(11,35,0,1,1,4),(11,36,0,1,1,4),(11,37,0,1,1,4),(11,38,0,1,1,4),(11,39,0,1,1,4),(11,40,0,1,1,4),(11,41,0,1,1,4),(11,96,0,1,1,4),(12,39,0,1,1,4),(12,40,0,1,1,4),(12,41,0,1,1,4),(12,44,0,1,1,4),(12,49,0,1,1,4),(12,50,0,1,1,4),(12,51,0,1,1,4),(12,52,0,1,1,4),(12,53,0,1,1,4),(12,54,0,1,1,4),(12,55,0,1,1,4),(13,39,0,1,1,4),(13,40,0,1,1,4),(13,41,0,1,1,4),(13,50,0,1,1,4),(13,67,0,1,1,4),(13,68,0,1,1,4),(13,69,0,1,1,4),(13,70,0,1,1,4),(13,71,0,1,1,4),(13,72,0,1,1,4),(13,73,0,1,1,4),(13,74,0,1,1,4),(13,75,0,1,1,4),(13,76,0,1,1,4),(13,77,0,1,1,4),(13,78,0,1,1,4),(13,79,0,1,1,4),(14,42,0,1,1,4),(14,43,0,1,1,4),(14,44,0,1,1,4),(14,45,0,1,1,4),(14,46,0,1,1,4),(14,94,0,1,1,4),(15,91,0,1,1,4),(15,92,0,1,1,4),(15,93,0,1,1,4),(16,80,0,1,1,4),(16,81,0,1,1,4),(16,83,0,1,1,4),(16,84,0,1,1,4),(16,85,0,1,1,4),(16,86,0,1,1,4),(16,87,0,1,1,4),(17,88,0,1,1,4),(17,89,0,1,1,4),(17,90,0,1,1,4),(18,36,0,1,1,4),(18,37,0,1,1,4),(18,38,0,1,1,4),(18,47,0,1,1,4),(18,48,0,1,1,4),(19,3,0,1,1,4);
CREATE TABLE `mz0b_catalog_category_product_index_tmp` (
  `category_id` int(10) unsigned NOT NULL DEFAULT '0' COMMENT 'Category ID',
  `product_id` int(10) unsigned NOT NULL DEFAULT '0' COMMENT 'Product ID',
  `position` int(11) NOT NULL DEFAULT '0' COMMENT 'Position',
  `is_parent` smallint(5) unsigned NOT NULL DEFAULT '0' COMMENT 'Is Parent',
  `store_id` smallint(5) unsigned NOT NULL DEFAULT '0' COMMENT 'Store ID',
  `visibility` smallint(5) unsigned NOT NULL COMMENT 'Visibility',
  PRIMARY KEY (`category_id`,`product_id`,`store_id`),
  KEY `MZ0B_CAT_CTGR_PRD_IDX_TMP_PRD_ID_CTGR_ID_STORE_ID` (`product_id`,`category_id`,`store_id`)
) ENGINE=InnoDB DEFAULT CHARSET=utf8 COMMENT='Catalog Category Product Indexer temporary table';
CREATE TABLE `mz0b_catalog_compare_item` (
  `catalog_compare_item_id` int(10) unsigned NOT NULL AUTO_INCREMENT COMMENT 'Compare Item ID',
  `visitor_id` int(10) unsigned NOT NULL DEFAULT '0' COMMENT 'Visitor ID',
  `customer_id` int(10) unsigned DEFAULT NULL COMMENT 'Customer ID',
  `product_id` int(10) unsigned NOT NULL DEFAULT '0' COMMENT 'Product ID',
  `store_id` smallint(5) unsigned DEFAULT NULL COMMENT 'Store ID',
  PRIMARY KEY (`catalog_compare_item_id`),
  KEY `MZ0B_CATALOG_COMPARE_ITEM_PRODUCT_ID` (`product_id`),
  KEY `MZ0B_CATALOG_COMPARE_ITEM_VISITOR_ID_PRODUCT_ID` (`visitor_id`,`product_id`),
  KEY `MZ0B_CATALOG_COMPARE_ITEM_CUSTOMER_ID_PRODUCT_ID` (`customer_id`,`product_id`),
  KEY `MZ0B_CATALOG_COMPARE_ITEM_STORE_ID` (`store_id`)
) ENGINE=InnoDB DEFAULT CHARSET=utf8 COMMENT='Catalog Compare Table';
CREATE TABLE `mz0b_catalog_eav_attribute` (
  `attribute_id` smallint(5) unsigned NOT NULL COMMENT 'Attribute ID',
  `frontend_input_renderer` varchar(255) DEFAULT NULL COMMENT 'Frontend Input Renderer',
  `is_global` smallint(5) unsigned NOT NULL DEFAULT '1' COMMENT 'Is Global',
  `is_visible` smallint(5) unsigned NOT NULL DEFAULT '1' COMMENT 'Is Visible',
  `is_searchable` smallint(5) unsigned NOT NULL DEFAULT '0' COMMENT 'Is Searchable',
  `is_filterable` smallint(5) unsigned NOT NULL DEFAULT '0' COMMENT 'Is Filterable',
  `is_comparable` smallint(5) unsigned NOT NULL DEFAULT '0' COMMENT 'Is Comparable',
  `is_visible_on_front` smallint(5) unsigned NOT NULL DEFAULT '0' COMMENT 'Is Visible On Front',
  `is_html_allowed_on_front` smallint(5) unsigned NOT NULL DEFAULT '0' COMMENT 'Is HTML Allowed On Front',
  `is_used_for_price_rules` smallint(5) unsigned NOT NULL DEFAULT '0' COMMENT 'Is Used For Price Rules',
  `is_filterable_in_search` smallint(5) unsigned NOT NULL DEFAULT '0' COMMENT 'Is Filterable In Search',
  `used_in_product_listing` smallint(5) unsigned NOT NULL DEFAULT '0' COMMENT 'Is Used In Product Listing',
  `used_for_sort_by` smallint(5) unsigned NOT NULL DEFAULT '0' COMMENT 'Is Used For Sorting',
  `apply_to` varchar(255) DEFAULT NULL COMMENT 'Apply To',
  `is_visible_in_advanced_search` smallint(5) unsigned NOT NULL DEFAULT '0' COMMENT 'Is Visible In Advanced Search',
  `position` int(11) NOT NULL DEFAULT '0' COMMENT 'Position',
  `is_wysiwyg_enabled` smallint(5) unsigned NOT NULL DEFAULT '0' COMMENT 'Is WYSIWYG Enabled',
  `is_used_for_promo_rules` smallint(5) unsigned NOT NULL DEFAULT '0' COMMENT 'Is Used For Promo Rules',
  `is_required_in_admin_store` smallint(5) unsigned NOT NULL DEFAULT '0' COMMENT 'Is Required In Admin Store',
  `is_used_in_grid` smallint(5) unsigned NOT NULL DEFAULT '0' COMMENT 'Is Used in Grid',
  `is_visible_in_grid` smallint(5) unsigned NOT NULL DEFAULT '0' COMMENT 'Is Visible in Grid',
  `is_filterable_in_grid` smallint(5) unsigned NOT NULL DEFAULT '0' COMMENT 'Is Filterable in Grid',
  `search_weight` float NOT NULL DEFAULT '1' COMMENT 'Search Weight',
  `additional_data` text COMMENT 'Additional swatch attributes data',
  PRIMARY KEY (`attribute_id`),
  KEY `MZ0B_CATALOG_EAV_ATTRIBUTE_USED_FOR_SORT_BY` (`used_for_sort_by`),
  KEY `MZ0B_CATALOG_EAV_ATTRIBUTE_USED_IN_PRODUCT_LISTING` (`used_in_product_listing`)
) ENGINE=InnoDB DEFAULT CHARSET=utf8 COMMENT='Catalog EAV Attribute Table';
INSERT INTO `mz0b_catalog_eav_attribute` VALUES (45,NULL,0,1,0,0,0,0,0,0,0,0,0,NULL,0,0,0,0,0,0,0,0,1,NULL),(46,NULL,0,1,0,0,0,0,0,0,0,0,0,NULL,0,0,0,0,0,0,0,0,1,NULL),(47,NULL,0,1,0,0,0,0,1,0,0,0,0,NULL,0,0,1,0,0,0,0,0,1,NULL),(48,NULL,0,1,0,0,0,0,0,0,0,0,0,NULL,0,0,0,0,0,0,0,0,1,NULL),(49,NULL,0,1,0,0,0,0,0,0,0,0,0,NULL,0,0,0,0,0,0,0,0,1,NULL),(50,NULL,0,1,0,0,0,0,0,0,0,0,0,NULL,0,0,0,0,0,0,0,0,1,NULL),(51,NULL,0,1,0,0,0,0,0,0,0,0,0,NULL,0,0,0,0,0,0,0,0,1,NULL),(52,NULL,0,1,0,0,0,0,0,0,0,0,0,NULL,0,0,0,0,0,0,0,0,1,NULL),(53,NULL,0,1,0,0,0,0,0,0,0,0,0,NULL,0,0,0,0,0,0,0,0,1,NULL),(54,NULL,1,1,0,0,0,0,0,0,0,0,0,NULL,0,0,0,0,0,0,0,0,1,NULL),(55,NULL,1,0,0,0,0,0,0,0,0,0,0,NULL,0,0,0,0,0,0,0,0,1,NULL),(56,NULL,1,0,0,0,0,0,0,0,0,0,0,NULL,0,0,0,0,0,0,0,0,1,NULL),(57,NULL,1,0,0,0,0,0,0,0,0,0,0,NULL,0,0,0,0,0,0,0,0,1,NULL),(58,NULL,1,0,0,0,0,0,0,0,0,0,0,NULL,0,0,0,0,0,0,0,0,1,NULL),(59,NULL,1,0,0,0,0,0,0,0,0,0,0,NULL,0,0,0,0,0,0,0,0,1,NULL),(60,NULL,0,1,0,0,0,0,0,0,0,0,0,NULL,0,0,0,0,0,0,0,0,1,NULL),(61,NULL,0,1,0,0,0,0,0,0,0,0,0,NULL,0,0,0,0,0,0,0,0,1,NULL),(62,NULL,0,1,0,0,0,0,0,0,0,0,0,NULL,0,0,0,0,0,0,0,0,1,NULL),(63,NULL,0,1,0,0,0,0,0,0,0,0,0,NULL,0,0,0,0,0,0,0,0,1,NULL),(64,NULL,0,1,0,0,0,0,0,0,0,0,0,NULL,0,0,0,0,0,0,0,0,1,NULL),(65,NULL,1,0,0,0,0,0,0,0,0,0,0,NULL,0,0,0,0,0,0,0,0,1,NULL),(66,NULL,1,0,0,0,0,0,0,0,0,0,0,NULL,0,0,0,0,0,0,0,0,1,NULL),(67,'Magento\\Catalog\\Block\\Adminhtml\\Category\\Helper\\Sortby\\Available',0,1,0,0,0,0,0,0,0,0,0,NULL,0,0,0,0,0,0,0,0,1,NULL),(68,'Magento\\Catalog\\Block\\Adminhtml\\Category\\Helper\\Sortby\\DefaultSortby',0,1,0,0,0,0,0,0,0,0,0,NULL,0,0,0,0,0,0,0,0,1,NULL),(69,NULL,0,1,0,0,0,0,0,0,0,0,0,NULL,0,0,0,0,0,0,0,0,1,NULL),(70,NULL,0,1,0,0,0,0,0,0,0,0,0,NULL,0,0,0,0,0,0,0,0,1,NULL),(71,NULL,0,1,0,0,0,0,0,0,0,0,0,NULL,0,0,0,0,0,0,0,0,1,NULL),(72,'Magento\\Catalog\\Block\\Adminhtml\\Category\\Helper\\Pricestep',0,1,0,0,0,0,0,0,0,0,0,NULL,0,0,0,0,0,0,0,0,1,NULL),(73,NULL,0,1,1,0,0,0,0,0,0,1,1,NULL,1,0,0,0,0,0,0,0,5,NULL),(74,NULL,1,1,1,0,1,0,0,0,0,0,0,NULL,1,0,0,0,0,0,0,0,6,NULL),(75,NULL,0,1,1,0,1,0,1,0,0,0,0,NULL,1,0,1,0,0,0,0,0,1,NULL),(76,NULL,0,1,1,0,1,0,1,0,0,1,0,NULL,1,0,1,0,0,1,0,0,1,NULL),(77,NULL,1,1,1,1,0,0,0,0,0,1,1,'simple,virtual,configurable,downloadable,bundle',1,0,0,0,0,0,0,0,1,NULL),(78,NULL,1,1,0,0,0,0,0,0,0,1,0,'simple,virtual,configurable,downloadable,bundle',0,0,0,0,0,1,0,1,1,NULL),(79,NULL,2,1,0,0,0,0,0,0,0,1,0,'simple,virtual,configurable,downloadable,bundle',0,0,0,0,0,1,0,0,1,NULL),(80,NULL,2,1,0,0,0,0,0,0,0,1,0,'simple,virtual,configurable,downloadable,bundle',0,0,0,0,0,1,0,0,1,NULL),(81,NULL,1,1,0,0,0,0,0,0,0,0,0,'simple,virtual,downloadable',0,0,0,0,0,1,0,1,1,NULL),(82,'Magento\\Catalog\\Block\\Adminhtml\\Product\\Helper\\Form\\Weight',1,1,0,0,0,0,0,0,0,0,0,'simple,virtual,configurable,downloadable,bundle',0,0,0,0,0,1,0,1,1,NULL),(83,NULL,1,1,1,1,1,0,0,0,0,0,0,'simple,configurable',1,0,0,0,0,1,0,1,1,NULL),(84,NULL,0,1,0,0,0,0,0,0,0,0,0,NULL,0,0,0,0,0,1,0,1,1,NULL),(85,NULL,0,1,0,0,0,0,0,0,0,0,0,NULL,0,0,0,0,0,1,0,1,1,NULL),(86,NULL,0,1,0,0,0,0,0,0,0,0,0,NULL,0,0,0,0,0,1,0,1,1,NULL),(87,NULL,0,1,0,0,0,0,0,0,0,1,0,NULL,0,0,0,0,0,0,0,0,1,NULL),(88,NULL,0,1,0,0,0,0,0,0,0,1,0,NULL,0,0,0,0,0,0,0,0,1,NULL),(89,NULL,0,1,0,0,0,0,0,0,0,1,0,NULL,0,0,0,0,0,0,0,0,1,NULL),(90,NULL,1,1,0,0,0,0,0,0,0,0,0,NULL,0,0,0,0,0,0,0,0,1,NULL),(91,NULL,1,0,0,0,0,0,0,0,0,0,0,NULL,0,0,0,0,0,0,0,0,1,NULL),(92,NULL,2,1,0,0,0,0,0,0,0,0,0,'simple,virtual,downloadable,bundle',0,0,0,0,0,0,0,0,1,NULL),(93,NULL,1,1,1,1,1,0,0,0,0,0,0,'simple,virtual,configurable',1,0,0,0,0,1,0,1,1,NULL),(94,NULL,2,1,0,0,0,0,0,0,0,1,0,NULL,0,0,0,0,0,1,0,0,1,NULL),(95,NULL,2,1,0,0,0,0,0,0,0,1,0,NULL,0,0,0,0,0,1,0,0,1,NULL),(96,NULL,1,1,0,0,0,0,0,0,0,0,0,NULL,0,0,0,0,0,0,0,0,1,NULL),(97,'Magento\\Framework\\Data\\Form\\Element\\Hidden',2,1,1,0,0,0,0,0,0,1,0,NULL,0,0,0,0,1,0,0,0,1,NULL),(98,NULL,1,0,0,0,0,0,0,0,0,0,0,'simple,virtual,configurable,downloadable,bundle',0,0,0,0,0,0,0,0,1,NULL),(99,NULL,0,1,0,0,0,0,0,0,0,0,0,NULL,0,0,0,0,1,0,0,0,1,NULL),(100,NULL,0,1,0,0,0,0,0,0,0,0,0,NULL,0,0,0,0,0,1,0,1,1,NULL),(101,NULL,0,1,0,0,0,0,0,0,0,0,0,NULL,0,0,0,0,0,1,0,0,1,NULL),(102,NULL,0,1,0,0,0,0,0,0,0,0,0,NULL,0,0,0,0,0,1,0,0,1,NULL),(103,NULL,0,1,0,0,0,0,0,0,0,0,0,NULL,0,0,0,0,0,0,0,0,1,NULL),(104,NULL,0,1,0,0,0,0,0,0,0,0,0,NULL,0,0,0,0,0,1,0,0,1,NULL),(105,'Magento\\Catalog\\Block\\Adminhtml\\Product\\Helper\\Form\\Category',1,1,0,0,0,0,0,0,0,0,0,NULL,0,0,0,0,0,0,0,0,1,NULL),(106,NULL,0,1,0,0,0,0,0,0,0,0,0,NULL,0,0,0,0,0,0,0,0,1,NULL),(107,NULL,1,0,0,0,0,0,0,0,0,1,0,NULL,0,0,0,0,0,0,0,0,1,NULL),(108,NULL,1,0,0,0,0,0,0,0,0,0,0,NULL,0,0,0,0,0,0,0,0,1,NULL),(109,NULL,0,0,0,0,0,0,0,0,0,1,0,NULL,0,0,0,0,0,0,0,0,1,NULL),(110,NULL,0,0,0,0,0,0,0,0,0,1,0,NULL,0,0,0,0,0,0,0,0,1,NULL),(111,NULL,0,0,0,0,0,0,0,0,0,1,0,NULL,0,0,0,0,0,0,0,0,1,NULL),(112,NULL,1,0,0,0,0,0,0,0,0,0,0,NULL,0,0,0,0,0,0,0,0,1,NULL),(113,NULL,1,0,0,0,0,0,0,0,0,0,0,NULL,0,0,0,0,0,0,0,0,1,NULL),(114,NULL,2,1,0,0,0,0,0,0,0,0,0,'simple,bundle,configurable,grouped',0,0,0,0,0,1,0,1,1,NULL),(115,'Magento\\CatalogInventory\\Block\\Adminhtml\\Form\\Field\\Stock',1,1,0,0,0,0,0,0,0,0,0,NULL,0,0,0,0,0,0,0,0,1,NULL),(116,NULL,0,1,0,0,0,0,0,0,0,0,0,NULL,0,0,0,0,0,1,0,0,1,NULL),(117,'Magento\\Msrp\\Block\\Adminhtml\\Product\\Helper\\Form\\Type',1,1,0,0,0,0,0,0,0,1,0,'simple,virtual,downloadable,bundle,configurable',0,0,0,0,0,1,0,1,1,NULL),(118,'Magento\\Msrp\\Block\\Adminhtml\\Product\\Helper\\Form\\Type\\Price',2,1,0,0,0,0,0,0,0,1,0,'simple,virtual,downloadable,bundle,configurable',0,0,0,0,0,0,0,0,1,NULL),(119,NULL,0,1,0,0,0,0,0,0,0,0,0,NULL,0,0,0,0,0,0,0,0,1,NULL),(120,NULL,0,0,0,0,0,0,0,0,0,0,0,NULL,0,0,0,0,0,0,0,0,1,NULL),(121,NULL,0,1,0,0,0,0,0,0,0,1,0,NULL,0,0,0,0,0,1,0,1,1,NULL),(122,NULL,0,0,0,0,0,0,0,0,0,0,0,NULL,0,0,0,0,0,0,0,0,1,NULL),(123,NULL,1,0,0,0,0,0,0,0,0,1,0,'downloadable',0,0,0,0,0,0,0,0,1,NULL),(124,NULL,0,0,0,0,0,0,0,0,0,0,0,'downloadable',0,0,0,0,0,0,0,0,1,NULL),(125,NULL,0,0,0,0,0,0,0,0,0,0,0,'downloadable',0,0,0,0,0,0,0,0,1,NULL),(126,NULL,1,0,0,0,0,0,0,0,0,1,0,'downloadable',0,0,0,0,0,0,0,0,1,NULL),(127,NULL,1,1,0,0,0,0,0,0,0,1,0,'bundle',0,0,0,0,0,0,0,0,1,NULL),(128,NULL,1,1,0,0,0,0,0,0,0,0,0,'bundle',0,0,0,0,0,0,0,0,1,NULL),(129,NULL,1,1,0,0,0,0,0,0,0,1,0,'bundle',0,0,0,0,0,0,0,0,1,NULL),(130,NULL,1,1,0,0,0,0,0,0,0,1,0,'bundle',0,0,0,0,0,0,0,0,1,NULL),(131,NULL,1,1,0,0,0,0,0,0,0,1,0,'bundle',0,0,0,0,0,0,0,0,1,NULL),(132,'Magento\\GiftMessage\\Block\\Adminhtml\\Product\\Helper\\Form\\Config',1,1,0,0,0,0,0,0,0,0,0,NULL,0,0,0,0,0,1,0,0,1,NULL),(133,NULL,0,1,0,0,0,0,0,0,0,1,0,NULL,0,0,0,0,0,0,0,0,1,NULL),(134,NULL,2,1,1,0,0,0,0,0,0,1,0,'simple,virtual,configurable,downloadable,bundle',0,0,0,0,0,1,0,1,1,NULL),(135,NULL,0,1,0,0,0,0,0,0,0,0,0,'simple,bundle,configurable',0,0,0,0,0,0,0,0,1,NULL),(136,NULL,0,1,0,0,0,0,0,0,0,0,0,'simple,bundle,configurable',0,0,0,0,0,0,0,0,1,NULL),(137,NULL,0,1,0,0,0,0,0,0,0,0,0,'simple,bundle,configurable',0,0,0,0,0,0,0,0,1,NULL),(138,NULL,1,0,0,0,0,0,0,0,0,0,0,'simple,downloadable,virtual,bundle,configurable',0,0,0,0,0,0,0,0,1,NULL),(139,NULL,1,1,0,0,0,0,0,0,0,0,0,'simple,bundle,configurable',0,0,0,0,0,0,0,0,1,NULL),(140,NULL,1,1,0,0,0,0,0,0,0,0,0,'simple,bundle,configurable',0,0,0,0,0,0,0,0,1,NULL),(141,NULL,1,1,0,0,0,0,0,0,0,0,0,'simple,bundle,configurable',0,0,0,0,0,0,0,0,1,NULL),(142,NULL,1,1,0,0,0,0,0,0,0,0,0,'simple,bundle,configurable',0,0,0,0,0,0,0,0,1,NULL);
CREATE TABLE `mz0b_catalog_product_bundle_option` (
  `option_id` int(10) unsigned NOT NULL AUTO_INCREMENT COMMENT 'Option Id',
  `parent_id` int(10) unsigned NOT NULL COMMENT 'Parent Id',
  `required` smallint(5) unsigned NOT NULL DEFAULT '0' COMMENT 'Required',
  `position` int(10) unsigned NOT NULL DEFAULT '0' COMMENT 'Position',
  `type` varchar(255) DEFAULT NULL COMMENT 'Type',
  PRIMARY KEY (`option_id`),
  KEY `MZ0B_CATALOG_PRODUCT_BUNDLE_OPTION_PARENT_ID` (`parent_id`)
) ENGINE=InnoDB DEFAULT CHARSET=utf8 COMMENT='Catalog Product Bundle Option';
CREATE TABLE `mz0b_catalog_product_bundle_option_value` (
  `value_id` int(10) unsigned NOT NULL AUTO_INCREMENT COMMENT 'Value Id',
  `option_id` int(10) unsigned NOT NULL COMMENT 'Option Id',
  `store_id` smallint(5) unsigned NOT NULL COMMENT 'Store Id',
  `title` varchar(255) DEFAULT NULL COMMENT 'Title',
  `parent_product_id` int(10) unsigned NOT NULL COMMENT 'Parent Product Id',
  PRIMARY KEY (`value_id`),
  UNIQUE KEY `MZ0B_CAT_PRD_BNDL_OPT_VAL_OPT_ID_PARENT_PRD_ID_STORE_ID` (`option_id`,`parent_product_id`,`store_id`)
) ENGINE=InnoDB DEFAULT CHARSET=utf8 COMMENT='Catalog Product Bundle Option Value';
CREATE TABLE `mz0b_catalog_product_bundle_price_index` (
  `entity_id` int(10) unsigned NOT NULL COMMENT 'Entity ID',
  `website_id` smallint(5) unsigned NOT NULL COMMENT 'Website Id',
  `customer_group_id` int(10) unsigned NOT NULL COMMENT 'Customer Group ID',
  `min_price` decimal(20,6) NOT NULL COMMENT 'Min Price',
  `max_price` decimal(20,6) NOT NULL COMMENT 'Max Price',
  PRIMARY KEY (`entity_id`,`website_id`,`customer_group_id`),
  KEY `MZ0B_CATALOG_PRODUCT_BUNDLE_PRICE_INDEX_WEBSITE_ID` (`website_id`),
  KEY `MZ0B_CATALOG_PRODUCT_BUNDLE_PRICE_INDEX_CUSTOMER_GROUP_ID` (`customer_group_id`)
) ENGINE=InnoDB DEFAULT CHARSET=utf8 COMMENT='Catalog Product Bundle Price Index';
CREATE TABLE `mz0b_catalog_product_bundle_selection` (
  `selection_id` int(10) unsigned NOT NULL AUTO_INCREMENT COMMENT 'Selection Id',
  `option_id` int(10) unsigned NOT NULL COMMENT 'Option Id',
  `parent_product_id` int(10) unsigned NOT NULL COMMENT 'Parent Product Id',
  `product_id` int(10) unsigned NOT NULL COMMENT 'Product Id',
  `position` int(10) unsigned NOT NULL DEFAULT '0' COMMENT 'Position',
  `is_default` smallint(5) unsigned NOT NULL DEFAULT '0' COMMENT 'Is Default',
  `selection_price_type` smallint(5) unsigned NOT NULL DEFAULT '0' COMMENT 'Selection Price Type',
  `selection_price_value` decimal(12,4) NOT NULL DEFAULT '0.0000' COMMENT 'Selection Price Value',
  `selection_qty` decimal(12,4) DEFAULT NULL COMMENT 'Selection Qty',
  `selection_can_change_qty` smallint(6) NOT NULL DEFAULT '0' COMMENT 'Selection Can Change Qty',
  PRIMARY KEY (`selection_id`),
  KEY `MZ0B_CATALOG_PRODUCT_BUNDLE_SELECTION_OPTION_ID` (`option_id`),
  KEY `MZ0B_CATALOG_PRODUCT_BUNDLE_SELECTION_PRODUCT_ID` (`product_id`)
) ENGINE=InnoDB DEFAULT CHARSET=utf8 COMMENT='Catalog Product Bundle Selection';
CREATE TABLE `mz0b_catalog_product_bundle_selection_price` (
  `selection_id` int(10) unsigned NOT NULL COMMENT 'Selection Id',
  `website_id` smallint(5) unsigned NOT NULL COMMENT 'Website Id',
  `selection_price_type` smallint(5) unsigned NOT NULL DEFAULT '0' COMMENT 'Selection Price Type',
  `selection_price_value` decimal(20,6) NOT NULL DEFAULT '0.000000' COMMENT 'Selection Price Value',
  `parent_product_id` int(10) unsigned NOT NULL COMMENT 'Parent Product Id',
  PRIMARY KEY (`selection_id`,`parent_product_id`,`website_id`),
  KEY `MZ0B_CATALOG_PRODUCT_BUNDLE_SELECTION_PRICE_WEBSITE_ID` (`website_id`)
) ENGINE=InnoDB DEFAULT CHARSET=utf8 COMMENT='Catalog Product Bundle Selection Price';
CREATE TABLE `mz0b_catalog_product_bundle_stock_index` (
  `entity_id` int(10) unsigned NOT NULL COMMENT 'Entity ID',
  `website_id` smallint(5) unsigned NOT NULL COMMENT 'Website ID',
  `stock_id` smallint(5) unsigned NOT NULL COMMENT 'Stock ID',
  `option_id` int(10) unsigned NOT NULL DEFAULT '0' COMMENT 'Option Id',
  `stock_status` smallint(6) DEFAULT '0' COMMENT 'Stock Status',
  PRIMARY KEY (`entity_id`,`website_id`,`stock_id`,`option_id`)
) ENGINE=InnoDB DEFAULT CHARSET=utf8 COMMENT='Catalog Product Bundle Stock Index';
CREATE TABLE `mz0b_catalog_product_entity` (
  `entity_id` int(10) unsigned NOT NULL AUTO_INCREMENT COMMENT 'Entity ID',
  `attribute_set_id` smallint(5) unsigned NOT NULL DEFAULT '0' COMMENT 'Attribute Set ID',
  `type_id` varchar(32) NOT NULL DEFAULT 'simple' COMMENT 'Type ID',
  `sku` varchar(64) DEFAULT NULL COMMENT 'SKU',
  `has_options` smallint(6) NOT NULL DEFAULT '0' COMMENT 'Has Options',
  `required_options` smallint(5) unsigned NOT NULL DEFAULT '0' COMMENT 'Required Options',
  `created_at` timestamp NOT NULL DEFAULT CURRENT_TIMESTAMP COMMENT 'Creation Time',
  `updated_at` timestamp NOT NULL DEFAULT CURRENT_TIMESTAMP ON UPDATE CURRENT_TIMESTAMP COMMENT 'Update Time',
  PRIMARY KEY (`entity_id`),
  KEY `MZ0B_CATALOG_PRODUCT_ENTITY_ATTRIBUTE_SET_ID` (`attribute_set_id`),
  KEY `MZ0B_CATALOG_PRODUCT_ENTITY_SKU` (`sku`)
) ENGINE=InnoDB AUTO_INCREMENT=97 DEFAULT CHARSET=utf8 COMMENT='Catalog Product Table';
INSERT INTO `mz0b_catalog_product_entity` VALUES (1,4,'simple','D. Azureus',0,0,'2019-08-16 20:27:46','2019-09-22 22:50:10'),(2,4,'simple','D. Auratus - Green/Black',0,0,'2019-08-16 23:31:11','2019-10-24 21:15:08'),(3,4,'virtual','Gift Card',1,1,'2019-08-17 22:44:51','2019-08-27 23:01:57'),(4,4,'simple','A. Galactonotus - Lemon Morph',0,0,'2019-08-20 22:04:51','2019-10-24 21:16:23'),(5,4,'simple','A. Galactonotus - Orange Morph',0,0,'2019-08-20 22:06:29','2019-10-05 21:33:38'),(6,4,'simple','A. Galactonotus - Red Morph',0,0,'2019-08-20 22:11:49','2019-10-24 21:16:58'),(7,4,'simple','Ameerega Bassleri - Chrome',0,0,'2019-08-20 22:34:51','2019-10-24 21:19:09'),(8,4,'simple','D. Auratus - Blue/Black',0,0,'2019-08-20 22:37:55','2019-10-24 21:15:55'),(9,4,'simple','D. Tinctorius - Matecho Morph',0,0,'2019-08-20 22:39:37','2019-09-22 22:54:09'),(10,4,'simple','D. Auratus - Reticulated',0,0,'2019-08-20 22:41:12','2019-10-24 21:15:33'),(11,4,'simple','D. Azureus-Tadpole',0,0,'2019-08-20 22:44:50','2019-09-06 21:55:08'),(12,4,'simple','D. Leucomelas',0,0,'2019-08-20 22:48:36','2019-09-22 22:47:25'),(13,4,'simple','D. Leucomelas - Banded',0,0,'2019-08-20 22:51:08','2019-10-24 21:14:26'),(14,4,'simple','D. Tinctorius - Patricia Morph',0,0,'2019-08-21 21:38:51','2019-10-24 21:12:58'),(15,4,'simple','D. Tinctorius - Robertus Morph',0,0,'2019-08-21 21:40:19','2019-10-24 21:13:28'),(16,4,'simple','D. Tinctorius - Suiname Cobalt Morph',0,0,'2019-08-21 21:42:51','2019-10-24 21:13:56'),(17,4,'simple','E. Anthonyi - Santa Isabel',0,0,'2019-08-21 21:44:40','2019-10-24 21:19:48'),(18,4,'simple','O. Pumilio - Cayo De Agua',0,0,'2019-08-21 21:46:39','2019-09-08 08:21:12'),(19,4,'simple','O. Pumilio - Red Frog Beach Bastimentos',0,0,'2019-08-21 21:49:12','2019-10-24 21:21:24'),(20,4,'simple','P. Vittatus',0,0,'2019-08-21 21:53:32','2019-09-08 08:22:21'),(21,4,'simple','R. Amazonica \"Arena Blanca\"',0,0,'2019-08-21 21:56:14','2019-10-24 21:17:55'),(22,4,'simple','R. Benedicta',0,0,'2019-08-21 21:58:13','2019-10-24 21:20:18'),(23,4,'simple','R. Imitator - Banded',0,0,'2019-08-21 21:59:50','2019-10-05 21:37:21'),(24,4,'simple','R. Imitator - Varadero',0,0,'2019-08-21 22:01:23','2019-10-24 21:18:29'),(25,4,'simple','R. Vanzolini',0,0,'2019-08-21 22:03:15','2019-09-08 08:26:16'),(26,4,'simple','R. Variabilis - Southern',0,0,'2019-08-21 22:04:20','2019-10-24 21:17:26'),(27,4,'simple','R. Sirensis - Northern',0,0,'2019-08-21 22:07:30','2019-09-08 08:25:27'),(28,4,'simple','32oz \"Golden Delicious\" Wingless Drosophila Melanogaster',1,1,'2019-08-21 22:21:10','2019-09-29 22:02:46'),(29,4,'simple','32oz \"Jumpy\" Winged Flightless Drosophila Melanogaster',1,1,'2019-08-21 22:23:10','2019-09-29 22:05:22'),(30,4,'simple','32oz \"Turkish\" Winged Flightless Drosophila Melanogaster',1,1,'2019-08-21 22:25:58','2019-09-29 22:07:51'),(31,4,'simple','16oz Tropical Springtail Culture',0,0,'2019-08-21 22:29:30','2019-10-04 22:32:07'),(32,4,'simple','32oz Bean Beetle (Callosobruchus Maculatus) Culture',0,0,'2019-08-21 22:32:58','2019-10-04 22:31:32'),(33,4,'simple','16oz Isopod (Armadillidium Vulgare) Culture - Dwarf Striped Gray',0,0,'2019-08-21 22:36:15','2019-10-04 22:32:45'),(34,4,'simple','16oz Isopod (Armadillidium Vulgare) Culture - Dwarf White',0,0,'2019-08-21 22:39:14','2019-10-04 22:33:19'),(35,4,'simple','16oz Isopod (Armadillidium Vulgare) Culture -Blue Giant',0,0,'2019-08-21 22:40:30','2019-10-04 22:33:47'),(36,4,'simple','Fruit Fly Starter Kit - \"Golden Delicious\"',0,0,'2019-08-22 22:15:38','2019-08-29 22:47:41'),(37,4,'simple','Fruit Fly Starter Kit - \"Turkish\"',0,0,'2019-08-22 22:23:26','2019-08-29 22:47:08'),(38,4,'simple','Fruit Fly Starter Kit - \"Jumpy\"',0,0,'2019-08-22 22:26:12','2019-08-22 23:00:59'),(39,4,'simple','Repashy Morning Wood - 3 Oz Jar',0,0,'2019-08-22 22:33:18','2019-08-29 22:46:29'),(40,4,'simple','Repashy Morning Wood - 6 Oz Jar-',0,0,'2019-08-22 22:36:32','2019-08-29 22:45:53'),(41,4,'simple','Springtail Food (5 oz)',0,0,'2019-08-22 22:37:21','2019-08-29 22:44:57'),(42,4,'simple','Dried Mood Moss (1 Gal)',0,0,'2019-08-27 22:49:36','2019-08-27 22:52:30'),(43,4,'simple','Dried Sheat Moss (1 Gal)',0,0,'2019-08-27 22:49:51','2019-08-29 22:44:18'),(44,4,'simple','Horticultural Charcoal (1 Gal)',0,0,'2019-08-27 22:52:31','2019-08-29 22:42:45'),(45,4,'simple','New Zealand Long Fiber Sphagnum Moss 150g (3.2Gal; 12L)',0,0,'2019-08-27 22:55:10','2019-08-29 22:41:37'),(46,4,'simple','New Zealand Long Fiber Sphagnum Moss 500g (10.6Gal; 40L)',0,0,'2019-08-27 22:57:45','2019-10-05 21:38:45'),(47,4,'simple','Hobby Starter Kit',1,1,'2019-08-28 22:23:14','2019-08-28 22:23:14'),(48,4,'simple','Science Project Kit',1,1,'2019-08-28 22:23:15','2019-08-29 22:40:15'),(49,4,'simple','Insect Water Crystals',1,1,'2019-08-29 22:10:20','2019-08-29 22:38:04'),(50,4,'simple','F&T\'s Fortified Tadpole Chow - Pro, 1.0oz',0,0,'2019-08-29 22:18:12','2019-08-29 22:37:24'),(51,4,'simple','Debittered Brewer\'s Yeast',1,1,'2019-08-29 22:20:11','2019-08-29 22:36:46'),(52,4,'simple','Black Film Canister with Suction Cup',0,0,'2019-08-29 22:23:57','2019-08-29 22:35:54'),(53,4,'simple','32 Oz Disposable Insect Culture Containers',0,0,'2019-08-29 22:29:58','2019-08-29 23:02:04'),(54,4,'simple','F&T\'s Optimized Drosophila Culture Media - 1 Quart',0,0,'2019-09-06 11:41:31','2019-09-06 13:26:42'),(55,4,'simple','F&T\'s Optimized Drosophila Culture Media - 1 Gallon',0,0,'2019-09-06 11:41:33','2019-10-07 22:58:33'),(56,4,'simple','Begonia Glabra',0,0,'2019-09-06 11:49:57','2019-09-06 11:50:11'),(57,4,'simple','Begonia Pigskin',0,0,'2019-09-06 11:54:14','2019-09-06 11:54:14'),(58,4,'simple','Bromeliad Neoregelia',0,0,'2019-09-06 11:56:26','2019-09-06 11:56:26'),(59,4,'simple','Episcia \"Silver Skies\"',0,0,'2019-09-06 11:59:08','2019-09-06 11:59:08'),(60,4,'simple','Ficus Radicans',0,0,'2019-09-06 12:02:00','2019-09-06 12:02:00'),(61,4,'simple','Monocostus Uniflorus',0,0,'2019-09-06 12:08:37','2019-09-06 12:08:37'),(62,4,'simple','Pellionia Repens',0,0,'2019-09-06 12:12:28','2019-09-06 12:12:28'),(63,4,'simple','Philodendron Wend-Imbe',0,0,'2019-09-06 13:23:59','2019-09-06 13:23:59'),(64,4,'simple','Pilea Nummulariifolia',0,0,'2019-09-06 13:36:19','2019-09-06 13:36:19'),(65,4,'simple','Syngonium Rayii',0,0,'2019-09-06 13:40:27','2019-09-08 08:16:50'),(66,4,'simple','Tropical Plant Starter Pack',0,0,'2019-09-06 13:44:53','2019-09-06 13:44:53'),(67,4,'simple','Isotonic Amphibian’s Ringer Solids (Makes 1/2 Gal Soln)',0,0,'2019-09-06 13:50:16','2019-09-06 13:50:16'),(68,4,'simple','2% Calcium Gluconate 8 ml',0,0,'2019-09-06 13:52:09','2019-09-18 22:16:54'),(69,4,'simple','Dendrocare - 100g Jar',0,0,'2019-09-06 13:54:41','2019-09-06 13:54:41'),(70,4,'simple','Repashy Calcium Plus - 17.6 Oz (500g)',0,0,'2019-09-06 13:56:56','2019-09-06 13:56:56'),(71,4,'simple','Repashy Calcium Plus - 3 Oz Jar',0,0,'2019-09-06 14:00:30','2019-09-06 14:00:30'),(72,4,'simple','Repashy Calcium Plus - 6 Oz Jar',0,0,'2019-09-06 14:00:32','2019-09-06 14:02:58'),(73,4,'simple','Repashy SuperCal MedD - 3 Oz Jar',0,0,'2019-09-06 14:07:48','2019-09-06 14:07:48'),(74,4,'simple','Repashy SuperCal MedD - 6 Oz Jar',0,0,'2019-09-06 14:07:50','2019-09-06 14:09:10'),(75,4,'simple','Repashy Superpig - 3 Oz Jar',0,0,'2019-09-06 14:12:06','2019-09-06 14:12:06'),(76,4,'simple','Repashy Superpig - 6 Oz Jar',0,0,'2019-09-06 14:12:09','2019-09-06 14:14:12'),(77,4,'simple','Repashy SuperVite - 3 Oz Jar',0,0,'2019-09-06 14:16:42','2019-09-06 14:16:42'),(78,4,'simple','Repashy SuperVite - 6 Oz Jar',0,0,'2019-09-06 14:16:44','2019-09-06 14:18:15'),(79,4,'simple','Repashy Vitamin A Plus - 3 Oz Jar',0,0,'2019-09-06 14:20:16','2019-09-06 14:20:16'),(80,4,'simple','12\" Finnex Planted+ High Intentisty LED w/ Moonlights',0,0,'2019-09-06 15:41:17','2019-09-06 16:18:07'),(81,4,'simple','20\" Finnex Planted+ High Intentisty LED w/ Moonlights',0,0,'2019-09-06 15:41:19','2019-09-06 16:18:50'),(83,4,'simple','24\" Finnex Planted+ High Intentisty LED w/ Moonlights',0,0,'2019-09-06 16:18:51','2019-09-06 16:20:37'),(84,4,'simple','12\" Finnex Stingray LED Light Fixture',0,0,'2019-09-06 16:23:06','2019-09-06 16:23:06'),(85,4,'simple','20\" Finnex Stingray LED Light Fixture',0,0,'2019-09-06 16:23:09','2019-09-06 16:28:11'),(86,4,'simple','24\" Finnex Stingray LED Light Fixture-1',0,0,'2019-09-06 16:25:48','2019-09-06 16:27:20'),(87,4,'simple','50W Finnex Titanium Heater',0,0,'2019-09-06 16:31:47','2019-09-06 16:31:47'),(88,4,'simple','22C (72F) Phase Change Pack (6oz)',0,0,'2019-09-06 16:48:11','2019-09-06 16:48:26'),(89,4,'simple','22C (72F) Phase Change Panel (10.6oz)',0,0,'2019-09-06 16:50:37','2019-09-06 21:19:38'),(90,4,'simple','8\"x8\"x8\" Shipping Box with 1\" Foam',0,0,'2019-09-06 16:53:13','2019-09-06 16:53:13'),(91,4,'simple','10 Gallon Vertical Conversion Kit',0,0,'2019-09-06 20:04:52','2019-09-06 20:04:52'),(92,4,'simple','10 Gallon Vertical Thumbnail Setup',0,0,'2019-09-06 20:09:08','2019-09-06 21:17:44'),(93,4,'simple','Standard Dart Frog Setup',1,1,'2019-09-06 20:14:22','2019-09-06 21:12:35'),(94,4,'simple','Josh\'s Frogs ABG Mix (1 Gal)',0,0,'2019-09-09 23:12:55','2019-09-09 23:12:55'),(95,4,'simple','O. Pumilio - Siquirres \"Black Jeans\"',0,0,'2019-09-12 22:17:37','2019-09-12 22:17:37'),(96,4,'simple','32oz Flightless Drosophila Hydei',1,1,'2019-09-12 22:29:24','2019-09-12 22:32:52');
CREATE TABLE `mz0b_catalog_product_entity_datetime` (
  `value_id` int(11) NOT NULL AUTO_INCREMENT COMMENT 'Value ID',
  `attribute_id` smallint(5) unsigned NOT NULL DEFAULT '0' COMMENT 'Attribute ID',
  `store_id` smallint(5) unsigned NOT NULL DEFAULT '0' COMMENT 'Store ID',
  `entity_id` int(10) unsigned NOT NULL DEFAULT '0' COMMENT 'Entity ID',
  `value` datetime DEFAULT NULL COMMENT 'Value',
  PRIMARY KEY (`value_id`),
  UNIQUE KEY `MZ0B_CAT_PRD_ENTT_DTIME_ENTT_ID_ATTR_ID_STORE_ID` (`entity_id`,`attribute_id`,`store_id`),
  KEY `MZ0B_CATALOG_PRODUCT_ENTITY_DATETIME_ATTRIBUTE_ID` (`attribute_id`),
  KEY `MZ0B_CATALOG_PRODUCT_ENTITY_DATETIME_STORE_ID` (`store_id`)
) ENGINE=InnoDB AUTO_INCREMENT=2 DEFAULT CHARSET=utf8 COMMENT='Catalog Product Datetime Attribute Backend Table';
INSERT INTO `mz0b_catalog_product_entity_datetime` VALUES (1,79,0,7,'2019-10-24 00:00:00');
CREATE TABLE `mz0b_catalog_product_entity_decimal` (
  `value_id` int(11) NOT NULL AUTO_INCREMENT COMMENT 'Value ID',
  `attribute_id` smallint(5) unsigned NOT NULL DEFAULT '0' COMMENT 'Attribute ID',
  `store_id` smallint(5) unsigned NOT NULL DEFAULT '0' COMMENT 'Store ID',
  `entity_id` int(10) unsigned NOT NULL DEFAULT '0' COMMENT 'Entity ID',
  `value` decimal(20,6) DEFAULT NULL COMMENT 'Value',
  PRIMARY KEY (`value_id`),
  UNIQUE KEY `MZ0B_CAT_PRD_ENTT_DEC_ENTT_ID_ATTR_ID_STORE_ID` (`entity_id`,`attribute_id`,`store_id`),
  KEY `MZ0B_CATALOG_PRODUCT_ENTITY_DECIMAL_STORE_ID` (`store_id`),
  KEY `MZ0B_CATALOG_PRODUCT_ENTITY_DECIMAL_ATTRIBUTE_ID` (`attribute_id`)
) ENGINE=InnoDB AUTO_INCREMENT=400 DEFAULT CHARSET=utf8 COMMENT='Catalog Product Decimal Attribute Backend Table';
INSERT INTO `mz0b_catalog_product_entity_decimal` VALUES (1,77,0,1,45.000000),(2,82,0,1,0.010000),(3,77,0,2,20.000000),(4,82,0,2,0.100000),(5,77,0,3,25.000000),(6,77,0,4,40.000000),(7,82,0,4,0.010000),(9,77,0,5,90.000000),(10,82,0,5,0.010000),(12,77,0,6,80.000000),(13,82,0,6,0.010000),(15,77,0,7,90.000000),(16,82,0,7,0.010000),(18,77,0,8,25.000000),(19,82,0,8,0.010000),(21,77,0,9,60.000000),(22,82,0,9,0.010000),(24,77,0,10,25.000000),(25,82,0,10,0.100000),(27,77,0,11,20.000000),(28,82,0,11,0.010000),(30,77,0,12,35.000000),(31,82,0,12,0.010000),(33,77,0,13,45.000000),(34,82,0,13,0.010000),(36,77,0,14,60.000000),(37,82,0,14,0.010000),(39,77,0,15,65.000000),(40,82,0,15,0.010000),(42,77,0,16,50.000000),(43,82,0,16,0.010000),(45,77,0,17,30.000000),(46,82,0,17,0.010000),(48,77,0,18,110.000000),(49,82,0,18,0.010000),(51,77,0,19,250.000000),(52,82,0,19,0.010000),(54,77,0,20,35.000000),(55,82,0,20,0.010000),(57,77,0,21,85.000000),(58,82,0,21,0.010000),(60,77,0,22,80.000000),(61,82,0,22,0.010000),(63,77,0,23,75.000000),(64,82,0,23,0.010000),(66,77,0,24,70.000000),(67,82,0,24,0.010000),(69,77,0,25,75.000000),(70,82,0,25,0.010000),(72,77,0,26,75.000000),(73,82,0,26,0.010000),(75,77,0,27,85.000000),(76,82,0,27,0.010000),(78,77,0,28,5.000000),(79,82,0,28,0.200000),(80,135,0,28,4.000000),(81,136,0,28,4.000000),(82,137,0,28,6.000000),(83,77,0,29,5.000000),(84,82,0,29,0.200000),(85,135,0,29,4.000000),(86,136,0,29,4.000000),(87,137,0,29,6.000000),(89,77,0,30,5.000000),(90,82,0,30,0.200000),(91,135,0,30,4.000000),(92,136,0,30,4.000000),(93,137,0,30,6.000000),(95,77,0,31,5.000000),(96,82,0,31,0.200000),(97,135,0,31,4.000000),(98,136,0,31,4.000000),(99,137,0,31,6.000000),(101,77,0,32,5.000000),(102,82,0,32,0.200000),(103,135,0,32,4.000000),(104,136,0,32,4.000000),(105,137,0,32,6.000000),(107,77,0,33,8.000000),(108,82,0,33,0.200000),(109,135,0,33,4.000000),(110,136,0,33,4.000000),(111,137,0,33,6.000000),(113,77,0,34,8.000000),(114,82,0,34,0.200000),(115,135,0,34,4.000000),(116,136,0,34,4.000000),(117,137,0,34,6.000000),(119,77,0,35,8.000000),(120,82,0,35,0.200000),(121,135,0,35,4.000000),(122,136,0,35,4.000000),(123,137,0,35,6.000000),(125,77,0,36,20.000000),(126,82,0,36,2.000000),(127,135,0,36,12.000000),(128,136,0,36,8.000000),(129,137,0,36,6.000000),(131,77,0,37,20.000000),(132,82,0,37,2.000000),(133,135,0,37,12.000000),(134,136,0,37,8.000000),(135,137,0,37,6.000000),(137,77,0,38,20.000000),(138,82,0,38,2.000000),(139,135,0,38,12.000000),(140,136,0,38,8.000000),(141,137,0,38,6.000000),(143,77,0,39,9.990000),(144,82,0,39,0.200000),(149,77,0,40,14.990000),(150,82,0,40,0.200000),(154,77,0,41,9.990000),(155,82,0,41,0.200000),(156,77,0,42,8.000000),(157,82,0,42,0.250000),(158,135,0,42,6.000000),(159,136,0,42,6.000000),(160,137,0,42,3.000000),(161,77,0,43,8.000000),(162,82,0,43,0.250000),(163,135,0,43,6.000000),(164,136,0,43,6.000000),(165,137,0,43,3.000000),(167,77,0,44,8.000000),(168,82,0,44,0.200000),(169,135,0,44,6.000000),(170,136,0,44,6.000000),(171,137,0,44,3.000000),(173,77,0,45,8.000000),(174,82,0,45,0.250000),(175,135,0,45,8.000000),(176,136,0,45,4.000000),(177,137,0,45,4.000000),(179,77,0,46,20.000000),(180,82,0,46,0.400000),(181,135,0,46,8.000000),(182,136,0,46,8.000000),(183,137,0,46,4.000000),(185,77,0,47,50.000000),(186,82,0,47,4.000000),(187,135,0,47,12.000000),(188,136,0,47,12.000000),(189,137,0,47,12.000000),(190,77,0,48,50.000000),(191,82,0,48,4.000000),(192,135,0,48,12.000000),(193,136,0,48,12.000000),(194,137,0,48,12.000000),(196,77,0,49,0.500000),(197,82,0,49,0.100000),(198,135,0,49,0.000000),(199,136,0,49,0.000000),(200,137,0,49,0.000000),(202,77,0,50,6.990000),(203,82,0,50,0.100000),(204,135,0,50,0.200000),(205,136,0,50,0.200000),(206,137,0,50,0.200000),(208,77,0,51,6.000000),(209,82,0,51,0.250000),(210,135,0,51,6.000000),(211,136,0,51,4.000000),(212,137,0,51,4.000000),(214,77,0,52,1.500000),(215,82,0,52,0.050000),(216,135,0,52,1.000000),(217,136,0,52,3.000000),(218,137,0,52,1.000000),(220,77,0,53,1.000000),(221,82,0,53,0.020000),(222,135,0,53,NULL),(223,136,0,53,NULL),(224,137,0,53,NULL),(226,77,0,54,5.000000),(227,82,0,54,1.000000),(228,135,0,54,4.000000),(229,136,0,54,4.000000),(230,137,0,54,4.000000),(231,77,0,55,20.000000),(232,82,0,55,3.000000),(233,135,0,55,4.000000),(234,136,0,55,4.000000),(235,137,0,55,4.000000),(237,77,0,56,8.000000),(238,82,0,56,0.250000),(239,77,0,57,8.000000),(240,82,0,57,0.250000),(241,77,0,58,8.000000),(242,82,0,58,0.100000),(243,77,0,59,8.000000),(244,82,0,59,0.250000),(245,77,0,60,8.000000),(246,82,0,60,0.250000),(247,77,0,61,5.000000),(248,82,0,61,0.250000),(249,77,0,62,8.000000),(250,82,0,62,0.250000),(251,77,0,63,12.000000),(252,82,0,63,0.250000),(253,77,0,64,8.000000),(254,82,0,64,0.250000),(255,77,0,65,8.000000),(256,82,0,65,0.250000),(257,77,0,66,20.000000),(258,82,0,66,1.000000),(259,77,0,67,10.000000),(260,82,0,67,0.100000),(261,77,0,68,5.000000),(262,82,0,68,0.100000),(263,77,0,69,9.990000),(264,82,0,69,0.250000),(265,135,0,69,4.000000),(266,136,0,69,2.000000),(267,137,0,69,2.000000),(268,77,0,70,25.990000),(269,82,0,70,1.000000),(270,135,0,70,4.000000),(271,136,0,70,4.000000),(272,137,0,70,4.000000),(273,77,0,71,9.980000),(274,82,0,71,0.250000),(275,135,0,71,2.000000),(276,136,0,71,2.000000),(277,137,0,71,4.000000),(278,77,0,72,13.990000),(279,82,0,72,0.300000),(280,135,0,72,2.000000),(281,136,0,72,2.000000),(282,137,0,72,4.000000),(284,77,0,73,5.980000),(285,82,0,73,0.250000),(286,135,0,73,2.000000),(287,136,0,73,2.000000),(288,137,0,73,4.000000),(289,77,0,74,9.980000),(290,82,0,74,0.300000),(291,135,0,74,2.000000),(292,136,0,74,2.000000),(293,137,0,74,4.000000),(295,77,0,75,11.980000),(296,82,0,75,0.250000),(297,135,0,75,2.000000),(298,136,0,75,2.000000),(299,137,0,75,4.000000),(300,77,0,76,19.990000),(301,82,0,76,0.350000),(302,135,0,76,2.000000),(303,136,0,76,2.000000),(304,137,0,76,4.000000),(306,77,0,77,9.990000),(307,82,0,77,0.250000),(308,135,0,77,2.000000),(309,136,0,77,2.000000),(310,137,0,77,4.000000),(311,77,0,78,14.990000),(312,82,0,78,0.350000),(313,135,0,78,2.000000),(314,136,0,78,2.000000),(315,137,0,78,4.000000),(317,77,0,79,9.990000),(318,82,0,79,0.250000),(319,135,0,79,2.000000),(320,136,0,79,2.000000),(321,137,0,79,4.000000),(322,77,0,80,39.990000),(323,82,0,80,2.000000),(324,135,0,80,20.000000),(325,136,0,80,4.000000),(326,137,0,80,4.000000),(327,77,0,81,62.990000),(328,82,0,81,2.000000),(329,135,0,81,24.000000),(330,136,0,81,4.000000),(331,137,0,81,4.000000),(338,77,0,83,69.990000),(339,82,0,83,2.000000),(340,135,0,83,24.000000),(341,136,0,83,4.000000),(342,137,0,83,4.000000),(344,77,0,84,29.990000),(345,82,0,84,2.000000),(346,135,0,84,16.000000),(347,136,0,84,4.000000),(348,137,0,84,4.000000),(349,77,0,85,39.990000),(350,82,0,85,2.000000),(351,135,0,85,24.000000),(352,136,0,85,4.000000),(353,137,0,85,4.000000),(355,77,0,86,45.990000),(356,82,0,86,2.000000),(357,135,0,86,24.000000),(358,136,0,86,4.000000),(359,137,0,86,4.000000),(361,77,0,87,24.990000),(362,82,0,87,1.000000),(363,135,0,87,9.000000),(364,136,0,87,4.000000),(365,137,0,87,2.000000),(366,77,0,88,4.500000),(367,82,0,88,0.400000),(368,77,0,89,7.500000),(369,82,0,89,1.000000),(370,135,0,89,5.000000),(371,136,0,89,5.000000),(372,137,0,89,1.000000),(373,77,0,90,5.000000),(374,82,0,90,0.250000),(375,135,0,90,8.000000),(376,136,0,90,8.000000),(377,137,0,90,3.000000),(378,77,0,91,45.000000),(379,82,0,91,2.000000),(380,135,0,91,24.000000),(381,136,0,91,12.000000),(382,137,0,91,4.000000),(383,77,0,92,130.000000),(384,77,0,93,80.000000),(385,82,0,93,1000.000000),(386,82,0,92,1000.000000),(387,77,0,94,8.000000),(388,82,0,94,1.500000),(389,135,0,94,12.000000),(390,136,0,94,12.000000),(391,137,0,94,2.000000),(392,77,0,95,95.000000),(393,82,0,95,0.100000),(394,77,0,96,5.000000),(395,82,0,96,0.200000),(396,135,0,96,4.000000),(397,136,0,96,4.000000),(398,137,0,96,6.000000),(399,78,0,7,75.000000);
CREATE TABLE `mz0b_catalog_product_entity_gallery` (
  `value_id` int(11) NOT NULL AUTO_INCREMENT COMMENT 'Value ID',
  `attribute_id` smallint(5) unsigned NOT NULL DEFAULT '0' COMMENT 'Attribute ID',
  `store_id` smallint(5) unsigned NOT NULL DEFAULT '0' COMMENT 'Store ID',
  `entity_id` int(10) unsigned NOT NULL DEFAULT '0' COMMENT 'Entity ID',
  `position` int(11) NOT NULL DEFAULT '0' COMMENT 'Position',
  `value` varchar(255) DEFAULT NULL COMMENT 'Value',
  PRIMARY KEY (`value_id`),
  UNIQUE KEY `MZ0B_CAT_PRD_ENTT_GLR_ENTT_ID_ATTR_ID_STORE_ID` (`entity_id`,`attribute_id`,`store_id`),
  KEY `MZ0B_CATALOG_PRODUCT_ENTITY_GALLERY_ENTITY_ID` (`entity_id`),
  KEY `MZ0B_CATALOG_PRODUCT_ENTITY_GALLERY_ATTRIBUTE_ID` (`attribute_id`),
  KEY `MZ0B_CATALOG_PRODUCT_ENTITY_GALLERY_STORE_ID` (`store_id`)
) ENGINE=InnoDB DEFAULT CHARSET=utf8 COMMENT='Catalog Product Gallery Attribute Backend Table';
CREATE TABLE `mz0b_catalog_product_entity_int` (
  `value_id` int(11) NOT NULL AUTO_INCREMENT COMMENT 'Value ID',
  `attribute_id` smallint(5) unsigned NOT NULL DEFAULT '0' COMMENT 'Attribute ID',
  `store_id` smallint(5) unsigned NOT NULL DEFAULT '0' COMMENT 'Store ID',
  `entity_id` int(10) unsigned NOT NULL DEFAULT '0' COMMENT 'Entity ID',
  `value` int(11) DEFAULT NULL COMMENT 'Value',
  PRIMARY KEY (`value_id`),
  UNIQUE KEY `MZ0B_CATALOG_PRODUCT_ENTITY_INT_ENTITY_ID_ATTRIBUTE_ID_STORE_ID` (`entity_id`,`attribute_id`,`store_id`),
  KEY `MZ0B_CATALOG_PRODUCT_ENTITY_INT_ATTRIBUTE_ID` (`attribute_id`),
  KEY `MZ0B_CATALOG_PRODUCT_ENTITY_INT_STORE_ID` (`store_id`)
) ENGINE=InnoDB AUTO_INCREMENT=405 DEFAULT CHARSET=utf8 COMMENT='Catalog Product Integer Attribute Backend Table';
INSERT INTO `mz0b_catalog_product_entity_int` VALUES (1,97,0,1,1),(2,99,0,1,4),(3,134,0,1,0),(4,97,0,2,1),(5,99,0,2,4),(6,134,0,2,0),(7,97,0,3,1),(8,99,0,3,4),(9,134,0,3,8),(10,97,0,4,1),(11,99,0,4,4),(12,115,0,4,1),(13,134,0,4,0),(15,97,0,5,1),(16,99,0,5,4),(17,115,0,5,1),(18,134,0,5,0),(20,97,0,6,1),(21,99,0,6,4),(22,115,0,6,1),(23,134,0,6,0),(28,97,0,7,1),(29,99,0,7,4),(30,115,0,7,1),(31,134,0,7,0),(33,97,0,8,1),(34,99,0,8,4),(35,115,0,8,1),(36,134,0,8,0),(38,97,0,9,1),(39,99,0,9,4),(40,115,0,9,1),(41,134,0,9,0),(43,97,0,10,1),(44,99,0,10,4),(45,115,0,10,1),(46,134,0,10,0),(48,97,0,11,1),(49,99,0,11,4),(50,115,0,11,1),(51,134,0,11,0),(53,97,0,12,1),(54,99,0,12,4),(55,115,0,12,1),(56,134,0,12,0),(58,97,0,13,1),(59,99,0,13,4),(60,115,0,13,1),(61,134,0,13,0),(63,97,0,14,1),(64,99,0,14,4),(65,115,0,14,1),(66,134,0,14,0),(68,97,0,15,1),(69,99,0,15,4),(70,115,0,15,1),(71,134,0,15,0),(73,97,0,16,1),(74,99,0,16,4),(75,115,0,16,1),(76,134,0,16,0),(78,97,0,17,1),(79,99,0,17,4),(80,115,0,17,1),(81,134,0,17,0),(83,97,0,18,1),(84,99,0,18,4),(85,115,0,18,1),(86,134,0,18,0),(88,97,0,19,1),(89,99,0,19,4),(90,115,0,19,1),(91,134,0,19,0),(93,97,0,20,1),(94,99,0,20,4),(95,115,0,20,1),(96,134,0,20,0),(98,97,0,21,1),(99,99,0,21,4),(100,115,0,21,1),(101,134,0,21,0),(103,97,0,22,1),(104,99,0,22,4),(105,115,0,22,1),(106,134,0,22,0),(108,97,0,23,1),(109,99,0,23,4),(110,115,0,23,1),(111,134,0,23,0),(113,97,0,24,1),(114,99,0,24,4),(115,115,0,24,1),(116,134,0,24,0),(118,97,0,25,1),(119,99,0,25,4),(120,115,0,25,1),(121,134,0,25,0),(123,97,0,26,1),(124,99,0,26,4),(125,115,0,26,1),(126,134,0,26,0),(128,97,0,27,1),(129,99,0,27,4),(130,115,0,27,1),(131,134,0,27,0),(133,97,0,28,1),(134,99,0,28,4),(135,134,0,28,0),(136,97,0,29,1),(137,99,0,29,4),(138,115,0,29,1),(139,134,0,29,0),(141,97,0,30,1),(142,99,0,30,4),(143,115,0,30,1),(144,134,0,30,0),(146,97,0,31,1),(147,99,0,31,4),(148,115,0,31,1),(149,134,0,31,0),(151,97,0,32,1),(152,99,0,32,4),(153,115,0,32,1),(154,134,0,32,0),(156,97,0,33,1),(157,99,0,33,4),(158,115,0,33,1),(159,134,0,33,0),(161,97,0,34,1),(162,99,0,34,4),(163,115,0,34,1),(164,134,0,34,0),(166,97,0,35,1),(167,99,0,35,4),(168,115,0,35,1),(169,134,0,35,0),(171,97,0,36,1),(172,99,0,36,4),(173,115,0,36,1),(174,134,0,36,0),(176,97,0,37,1),(177,99,0,37,4),(178,115,0,37,1),(179,134,0,37,0),(181,97,0,38,1),(182,99,0,38,4),(183,115,0,38,1),(184,134,0,38,0),(186,97,0,39,1),(187,99,0,39,4),(188,115,0,39,1),(189,134,0,39,0),(191,97,0,40,1),(192,99,0,40,4),(193,115,0,40,1),(194,134,0,40,0),(196,97,0,41,1),(197,99,0,41,4),(198,115,0,41,1),(199,134,0,41,0),(200,97,0,42,1),(201,99,0,42,4),(202,134,0,42,0),(203,97,0,43,1),(204,99,0,43,4),(205,115,0,43,1),(206,134,0,43,0),(208,97,0,44,1),(209,99,0,44,4),(210,115,0,44,1),(211,134,0,44,0),(213,97,0,45,1),(214,99,0,45,4),(215,115,0,45,1),(216,134,0,45,0),(218,97,0,46,1),(219,99,0,46,4),(220,115,0,46,1),(221,134,0,46,0),(223,97,0,47,1),(224,99,0,47,4),(225,134,0,47,0),(226,97,0,48,1),(227,99,0,48,4),(228,115,0,48,1),(229,134,0,48,0),(231,97,0,49,1),(232,99,0,49,4),(233,115,0,49,1),(234,134,0,49,0),(236,97,0,50,1),(237,99,0,50,4),(238,115,0,50,1),(239,134,0,50,0),(241,97,0,51,1),(242,99,0,51,4),(243,115,0,51,1),(244,134,0,51,0),(246,97,0,52,1),(247,99,0,52,4),(248,115,0,52,1),(249,134,0,52,0),(251,97,0,53,1),(252,99,0,53,4),(253,115,0,53,1),(254,134,0,53,0),(256,97,0,54,1),(257,99,0,54,4),(258,134,0,54,0),(259,97,0,55,1),(260,99,0,55,4),(261,115,0,55,1),(262,134,0,55,0),(264,97,0,56,1),(265,99,0,56,4),(266,134,0,56,0),(267,97,0,57,1),(268,99,0,57,4),(269,134,0,57,0),(270,97,0,58,1),(271,99,0,58,4),(272,134,0,58,0),(273,97,0,59,1),(274,99,0,59,4),(275,134,0,59,0),(276,97,0,60,1),(277,99,0,60,4),(278,134,0,60,0),(279,97,0,61,1),(280,99,0,61,4),(281,134,0,61,0),(282,97,0,62,1),(283,99,0,62,4),(284,134,0,62,0),(285,97,0,63,1),(286,99,0,63,4),(287,134,0,63,0),(288,97,0,64,1),(289,99,0,64,4),(290,134,0,64,0),(291,97,0,65,1),(292,99,0,65,4),(293,134,0,65,0),(294,97,0,66,1),(295,99,0,66,4),(296,134,0,66,0),(297,97,0,67,1),(298,99,0,67,4),(299,134,0,67,0),(300,97,0,68,1),(301,99,0,68,4),(302,134,0,68,0),(303,97,0,69,1),(304,99,0,69,4),(305,134,0,69,0),(306,97,0,70,1),(307,99,0,70,4),(308,134,0,70,0),(309,97,0,71,1),(310,99,0,71,4),(311,134,0,71,0),(312,97,0,72,1),(313,99,0,72,4),(314,115,0,72,1),(315,134,0,72,0),(317,97,0,73,1),(318,99,0,73,4),(319,134,0,73,0),(320,97,0,74,1),(321,99,0,74,4),(322,115,0,74,1),(323,134,0,74,0),(325,97,0,75,1),(326,99,0,75,4),(327,134,0,75,0),(328,97,0,76,1),(329,99,0,76,4),(330,115,0,76,1),(331,134,0,76,0),(333,97,0,77,1),(334,99,0,77,4),(335,134,0,77,0),(336,97,0,78,1),(337,99,0,78,4),(338,115,0,78,1),(339,134,0,78,0),(341,97,0,79,1),(342,99,0,79,4),(343,134,0,79,0),(344,97,0,80,1),(345,99,0,80,4),(346,134,0,80,0),(347,97,0,81,1),(348,99,0,81,4),(349,115,0,81,1),(350,134,0,81,0),(356,97,0,83,1),(357,99,0,83,4),(358,115,0,83,1),(359,134,0,83,0),(361,97,0,84,1),(362,99,0,84,4),(363,134,0,84,0),(364,97,0,85,1),(365,99,0,85,4),(366,115,0,85,1),(367,134,0,85,0),(369,97,0,86,1),(370,99,0,86,4),(371,115,0,86,1),(372,134,0,86,0),(374,97,0,87,1),(375,99,0,87,4),(376,134,0,87,0),(377,97,0,88,1),(378,99,0,88,4),(379,134,0,88,0),(380,97,0,89,1),(381,99,0,89,4),(382,134,0,89,0),(383,97,0,90,1),(384,99,0,90,4),(385,134,0,90,0),(386,97,0,91,1),(387,99,0,91,4),(388,134,0,91,0),(389,97,0,92,1),(390,99,0,92,4),(391,134,0,92,0),(392,97,0,93,1),(393,99,0,93,4),(394,134,0,93,0),(395,97,0,94,1),(396,99,0,94,4),(397,134,0,94,0),(398,97,0,95,1),(399,99,0,95,4),(400,134,0,95,0),(401,97,0,96,1),(402,99,0,96,4),(403,115,0,96,1),(404,134,0,96,0);
CREATE TABLE `mz0b_catalog_product_entity_media_gallery` (
  `value_id` int(10) unsigned NOT NULL AUTO_INCREMENT COMMENT 'Value ID',
  `attribute_id` smallint(5) unsigned NOT NULL DEFAULT '0' COMMENT 'Attribute ID',
  `value` varchar(255) DEFAULT NULL COMMENT 'Value',
  `media_type` varchar(32) NOT NULL DEFAULT 'image' COMMENT 'Media entry type',
  `disabled` smallint(5) unsigned NOT NULL DEFAULT '0' COMMENT 'Visibility status',
  PRIMARY KEY (`value_id`),
  KEY `MZ0B_CATALOG_PRODUCT_ENTITY_MEDIA_GALLERY_ATTRIBUTE_ID` (`attribute_id`)
) ENGINE=InnoDB AUTO_INCREMENT=384 DEFAULT CHARSET=utf8 COMMENT='Catalog Product Media Gallery Attribute Backend Table';
INSERT INTO `mz0b_catalog_product_entity_media_gallery` VALUES (1,90,'/i/m/img_0836.jpg','image',0),(2,90,'/i/m/img_1277.jpg','image',0),(3,90,'/i/m/img_1285.jpg','image',0),(4,90,'/1/0/100frogbucks_1_1.png','image',0),(5,90,'/i/m/img_0838.jpg','image',0),(6,90,'/i/m/img_0844.jpg','image',0),(7,90,'/i/m/img_0852.jpg','image',0),(16,90,'/i/m/img_1393.jpg','image',0),(17,90,'/i/m/img_1400.jpg','image',0),(18,90,'/i/m/img_1402.jpg','image',0),(19,90,'/i/m/img_1404.jpg','image',0),(20,90,'/i/m/img_4273.jpg','image',0),(21,90,'/i/m/img_4287.jpg','image',0),(22,90,'/i/m/img_4287hi.jpg','image',0),(23,90,'/i/m/img_4288.jpg','image',0),(24,90,'/i/m/img_4293.jpg','image',0),(25,90,'/i/m/img_4296.jpg','image',0),(26,90,'/i/m/img_4300.jpg','image',0),(34,90,'/i/m/img_1387.jpg','image',0),(35,90,'/i/m/img_1382.jpg','image',0),(36,90,'/i/m/img_1390.jpg','image',0),(40,90,'/i/m/img_0755.jpg','image',0),(41,90,'/i/m/img_0765.jpg','image',0),(42,90,'/i/m/img_0773.jpg','image',0),(46,90,'/i/m/img_1294.jpg','image',0),(47,90,'/i/m/img_1289.jpg','image',0),(48,90,'/i/m/img_1292.jpg','image',0),(49,90,'/i/m/img_1295.jpg','image',0),(56,90,'/i/m/img_1271.jpg','image',0),(57,90,'/i/m/img_1272.jpg','image',0),(58,90,'/i/m/img_1273.jpg','image',0),(59,90,'/i/m/img_0836_1.jpg','image',0),(60,90,'/i/m/img_0838_1.jpg','image',0),(61,90,'/i/m/img_0844_1.jpg','image',0),(62,90,'/i/m/img_0852_1.jpg','image',0),(63,90,'/i/m/img_3769.jpg','image',0),(64,90,'/d/k/dkenny-5325_1.jpg','image',0),(77,90,'/i/m/img_5269.jpg','image',0),(78,90,'/i/m/img_5272.jpg','image',0),(79,90,'/i/m/img_5275.jpg','image',0),(80,90,'/i/m/img_5279.jpg','image',0),(81,90,'/i/m/img_5283.jpg','image',0),(82,90,'/i/m/img_1330.jpg','image',0),(83,90,'/i/m/img_1332.jpg','image',0),(84,90,'/i/m/img_1338.jpg','image',0),(85,90,'/i/m/img_1341.jpg','image',0),(86,90,'/i/m/img_1311.jpg','image',0),(87,90,'/i/m/img_1317.jpg','image',0),(88,90,'/i/m/img_1319.jpg','image',0),(89,90,'/i/m/img_1346.jpg','image',0),(90,90,'/i/m/img_1348.jpg','image',0),(91,90,'/i/m/img_1349.jpg','image',0),(92,90,'/i/m/img_1353.jpg','image',0),(100,90,'/i/m/img_1365.jpg','image',0),(101,90,'/i/m/img_1358.jpg','image',0),(102,90,'/i/m/img_1360.jpg','image',0),(103,90,'/i/m/img_1362.jpg','image',0),(108,90,'/i/m/img_5293.jpg','image',0),(109,90,'/i/m/img_5298.jpg','image',0),(110,90,'/i/m/img_5301.jpg','image',0),(111,90,'/i/m/img_5303.jpg','image',0),(112,90,'/i/m/img_5307.jpg','image',0),(113,90,'/i/m/img_5311.jpg','image',0),(114,90,'/i/m/img_5315.jpg','image',0),(115,90,'/i/m/img_5318.jpg','image',0),(116,90,'/i/m/img_5356.jpg','image',0),(117,90,'/i/m/img_5386.jpg','image',0),(128,90,'/i/m/img_1310.jpg','image',0),(129,90,'/i/m/img_1297.jpg','image',0),(130,90,'/i/m/img_1307.jpg','image',0),(134,90,'/i/m/img_0814.jpg','image',0),(135,90,'/i/m/img_0805.jpg','image',0),(136,90,'/i/m/img_0812.jpg','image',0),(137,90,'/i/m/img_0821.jpg','image',0),(138,90,'/i/m/img_0825.jpg','image',0),(144,90,'/i/m/img_4244.jpg','image',0),(145,90,'/i/m/img_4232.jpg','image',0),(146,90,'/i/m/img_4236.jpg','image',0),(147,90,'/i/m/img_4239.jpg','image',0),(148,90,'/i/m/img_4241.jpg','image',0),(154,90,'/i/m/img_5248.jpg','image',0),(155,90,'/i/m/img_5230.jpg','image',0),(156,90,'/i/m/img_5236.jpg','image',0),(157,90,'/i/m/img_5246.jpg','image',0),(158,90,'/i/m/img_5260.jpg','image',0),(164,90,'/i/m/img_1376.jpg','image',0),(165,90,'/i/m/img_1368.jpg','image',0),(166,90,'/i/m/img_1371.jpg','image',0),(167,90,'/i/m/img_1375.jpg','image',0),(172,90,'/2/0/20160204_030303610_ios.jpg','image',0),(173,90,'/2/0/20160204_030049930_ios.jpg','image',0),(174,90,'/2/0/20160204_030403030_ios.jpg','image',0),(175,90,'/r/a/ramazonicapa2a0881.jpg','image',0),(180,90,'/i/m/img_1429.jpg','image',0),(181,90,'/i/m/img_1418.jpg','image',0),(182,90,'/i/m/img_1420.jpg','image',0),(183,90,'/i/m/img_1425.jpg','image',0),(184,90,'/i/m/img_1428.jpg','image',0),(190,90,'/i/m/img_1256.jpg','image',0),(191,90,'/i/m/img_1261.jpg','image',0),(192,90,'/i/m/img_1263.jpg','image',0),(196,90,'/i/m/img_1456.jpg','image',0),(197,90,'/i/m/img_1454.jpg','image',0),(198,90,'/i/m/img_1458.jpg','image',0),(199,90,'/i/m/img_1460.jpg','image',0),(200,90,'/i/m/img_1464.jpg','image',0),(206,90,'/i/m/img_1440.jpg','image',0),(207,90,'/i/m/img_1445.jpg','image',0),(208,90,'/i/m/img_1446.jpg','image',0),(209,90,'/i/m/img_1450.jpg','image',0),(214,90,'/i/m/img_1238.jpg','image',0),(215,90,'/i/m/img_1230.jpg','image',0),(216,90,'/i/m/img_1234.jpg','image',0),(217,90,'/i/m/img_1241.jpg','image',0),(222,90,'/i/m/img_5218.jpg','image',0),(223,90,'/i/m/img_5217.jpg','image',0),(224,90,'/i/m/img_3666.jpg','image',0),(225,90,'/i/m/img_1114.jpg','image',0),(226,90,'/i/m/img_1198.jpg','image',0),(227,90,'/m/e/melenogolden.jpg','image',0),(228,90,'/i/m/img_1114_1.jpg','image',0),(231,90,'/i/m/img_1224.jpg','image',0),(232,90,'/i/m/img_1229.jpg','image',0),(233,90,'/m/e/melanojumpy.jpg','image',0),(234,90,'/i/m/img_1114_1_1.jpg','image',0),(238,90,'/i/m/img_1218.jpg','image',0),(239,90,'/m/e/melanoturkish.jpg','image',0),(243,90,'/i/m/img_1156.jpg','image',0),(244,90,'/w/p/wp60997eda.png','image',0),(245,90,'/w/p/wpc0bce445.png','image',0),(249,90,'/i/m/img_4223.jpg','image',0),(250,90,'/w/p/wp6108e5e6.png','image',0),(253,90,'/i/s/isotypes.jpg','image',0),(254,90,'/i/m/img_1169.jpg','image',0),(255,90,'/i/s/isotypes_1.jpg','image',0),(256,90,'/i/m/img_1169_1.jpg','image',0),(257,90,'/i/s/isotypes_1_1.jpg','image',0),(258,90,'/i/m/img_1169_1_1.jpg','image',0),(259,90,'/i/m/img_1114_2.jpg','image',0),(260,90,'/i/m/img_1198_1.jpg','image',0),(261,90,'/m/e/melenogolden_1.jpg','image',0),(262,90,'/i/m/img_1126.jpg','image',0),(263,90,'/i/m/img_1114_1_1_1.jpg','image',0),(264,90,'/i/m/img_1218_1.jpg','image',0),(265,90,'/m/e/melanoturkish_1.jpg','image',0),(266,90,'/i/m/img_1126_1.jpg','image',0),(267,90,'/i/m/img_1114_1_2.jpg','image',0),(268,90,'/i/m/img_1224_1.jpg','image',0),(269,90,'/i/m/img_1229_1.jpg','image',0),(270,90,'/m/e/melanojumpy_1.jpg','image',0),(271,90,'/i/m/img_1126_2.jpg','image',0),(277,90,'/m/o/morningwood6oz_web_weblowres.jpg','image',0),(278,90,'/m/o/morningwood6oz_web_weblowres_1.jpg','image',0),(280,90,'/s/p/spring_to_life_springtail_food.jpg','image',0),(281,90,'/m/o/mood_moss.jpg','image',0),(284,90,'/1/1/118180-01-2t.jpg','image',0),(285,90,'/s/h/sheet_moss.jpg','image',0),(287,90,'/s/p/sphagnum_2.jpg','image',0),(288,90,'/s/p/sphagnum_2_1.jpg','image',0),(289,90,'/i/m/img_4197.jpg','image',0),(291,90,'/i/m/img_4205.jpg','image',0),(293,90,'/i/m/img_2045.jpg','image',0),(294,90,'/c/r/cricketwater2.jpg','image',0),(295,90,'/s/-/s-l300.jpg','image',0),(296,90,'/u/n/untitled.png','image',0),(298,90,'/i/m/img_0753.jpg','image',0),(300,90,'/y/e/yeast.jpg','image',0),(302,90,'/i/m/img_1152.jpg','image',0),(303,90,'/i/m/img_1302.jpg','image',0),(304,90,'/i/m/img_13102.jpg','image',0),(308,90,'/i/m/img_1135.jpg','image',0),(309,90,'/i/m/img_1114_3.jpg','image',0),(310,90,'/i/m/img_4223_1.jpg','image',0),(311,90,'/i/m/img_1138.jpg','image',0),(313,90,'/i/m/img_1145.jpg','image',0),(314,90,'/i/m/img_4214.jpg','image',0),(315,90,'/1/6/16114189.jpg','image',0),(316,90,'/i/m/img_4208.jpg','image',0),(317,90,'/b/r/broms.jpg','image',0),(318,90,'/i/m/img_1895small.jpg','image',0),(319,90,'/i/m/img_1916small.jpg','image',0),(320,90,'/i/m/img_1923small.jpg','image',0),(321,90,'/i/m/image12.jpg','image',0),(322,90,'/i/m/image22.jpg','image',0),(323,90,'/i/m/img_5345.jpg','image',0),(324,90,'/2/3/23561542_10215360626228607_2971482385417374038_n.jpg','image',0),(325,90,'/2/3/23622089_10215360625908599_1510841099001693118_n.jpg','image',0),(326,90,'/2/0/20160417_204225170_ios.jpg','image',0),(327,90,'/2/0/20160417_204240920_ios.jpg','image',0),(328,90,'/i/m/img_2500.jpg','image',0),(329,90,'/i/m/img_5331.jpg','image',0),(330,90,'/i/m/img_5330.jpg','image',0),(331,90,'/i/m/img_5335.jpg','image',0),(332,90,'/2/0/20151125_032442090_ios.jpg','image',0),(333,90,'/r/i/ringersbath.png','image',0),(334,90,'/2/0/200px-calcium_gluconate_svg.png','image',0),(335,90,'/d/e/dendrocare-images-dendrocare-medium.png','image',0),(336,90,'/c/a/calciumplus12oz_web_weblowres.jpg','image',0),(337,90,'/c/a/calciumplus3oz_web_weblowres.jpg','image',0),(339,90,'/c/a/calciumplus6oz_weblowres.jpg','image',0),(340,90,'/s/u/supercalmed6oz_web_weblowres.jpg','image',0),(341,90,'/s/u/supercalmed6oz_web_weblowres_1.jpg','image',0),(342,90,'/r/e/repashy_superpig-v1_grande.jpg','image',0),(343,90,'/s/u/superpig3oz_weblowres.jpg','image',0),(344,90,'/r/e/repashy_superpig-v1_grande_1.jpg','image',0),(346,90,'/s/u/superpig6oz_web_weblowres.jpg','image',0),(347,90,'/s/u/supervite3oz_web_weblowres.jpg','image',0),(349,90,'/s/u/supervite6oz_weblowres.jpg','image',0),(350,90,'/v/i/vitaminaplus3oz_web_weblowres.jpg','image',0),(351,90,'/p/l/plantedplus.png','image',0),(352,90,'/p/l/plantedplus2.jpg','image',0),(353,90,'/p/l/plantedplus_1.png','image',0),(354,90,'/p/l/plantedplus2_1.jpg','image',0),(357,90,'/p/l/plantedplus_1_1.png','image',0),(358,90,'/p/l/plantedplus2_1_1.jpg','image',0),(359,90,'/u/n/untitled2_2.png','image',0),(360,90,'/u/n/untitled2_2_1.png','image',0),(361,90,'/u/n/untitled2_2_1_1.png','image',0),(362,90,'/h/m/hma_series_4b8c08598be59_3.jpg','image',0),(363,90,'/h/m/hmadetails.jpg','image',0),(364,90,'/i/m/img_4174.jpg','image',0),(365,90,'/i/m/img_4175.jpg','image',0),(366,90,'/i/m/img_4169.jpg','image',0),(367,90,'/i/m/img_4182.jpg','image',0),(368,90,'/i/m/img_4186.jpg','image',0),(369,90,'/i/m/img_2881.jpg','image',0),(370,90,'/i/m/img_2890.jpg','image',0),(371,90,'/i/m/img_2890_1.jpg','image',0),(372,90,'/2/0/20160123_202111837_ios_1sm2.jpg','image',0),(373,90,'/i/m/img_2882.jpg','image',0),(374,90,'/i/m/img_2884.jpg','image',0),(375,90,'/i/m/img_2888.jpg','image',0),(376,90,'/i/m/img_2889.jpg','image',0),(377,90,'/i/m/img_1262small.jpg','image',0),(378,90,'/i/m/img_1264small.jpg','image',0),(379,90,'/a/b/abg_2.jpg','image',0),(380,90,'/2/0/20160417_203235330_ios.jpg','image',0),(381,90,'/2/0/20160417_203250850_ios.jpg','image',0),(382,90,'/2/0/20160417_203312230_ios.jpg','image',0),(383,90,'/i/m/img_1114_1_1_2.jpg','image',0);
CREATE TABLE `mz0b_catalog_product_entity_media_gallery_value` (
  `value_id` int(10) unsigned NOT NULL DEFAULT '0' COMMENT 'Value ID',
  `store_id` smallint(5) unsigned NOT NULL DEFAULT '0' COMMENT 'Store ID',
  `entity_id` int(10) unsigned NOT NULL DEFAULT '0' COMMENT 'Entity ID',
  `label` varchar(255) DEFAULT NULL COMMENT 'Label',
  `position` int(10) unsigned DEFAULT NULL COMMENT 'Position',
  `disabled` smallint(5) unsigned NOT NULL DEFAULT '0' COMMENT 'Is Disabled',
  `record_id` int(10) unsigned NOT NULL AUTO_INCREMENT COMMENT 'Record Id',
  PRIMARY KEY (`record_id`),
  KEY `MZ0B_CATALOG_PRODUCT_ENTITY_MEDIA_GALLERY_VALUE_STORE_ID` (`store_id`),
  KEY `MZ0B_CATALOG_PRODUCT_ENTITY_MEDIA_GALLERY_VALUE_ENTITY_ID` (`entity_id`),
  KEY `MZ0B_CATALOG_PRODUCT_ENTITY_MEDIA_GALLERY_VALUE_VALUE_ID` (`value_id`),
  KEY `MZ0B_CAT_PRD_ENTT_MDA_GLR_VAL_ENTT_ID_VAL_ID_STORE_ID` (`entity_id`,`value_id`,`store_id`)
) ENGINE=InnoDB AUTO_INCREMENT=1058 DEFAULT CHARSET=utf8 COMMENT='Catalog Product Media Gallery Attribute Value Table';
INSERT INTO `mz0b_catalog_product_entity_media_gallery_value` VALUES (267,0,38,NULL,1,0,434),(268,0,38,NULL,4,0,435),(269,0,38,NULL,5,0,436),(270,0,38,NULL,6,0,437),(271,0,38,NULL,5,0,438),(281,0,42,NULL,1,0,443),(4,0,3,NULL,1,0,452),(289,0,47,NULL,1,0,461),(302,0,52,NULL,2,0,493),(303,0,52,NULL,3,0,494),(304,0,52,NULL,4,0,495),(300,0,51,NULL,2,0,496),(298,0,50,NULL,2,0,497),(293,0,49,NULL,2,0,498),(294,0,49,NULL,3,0,499),(295,0,49,NULL,4,0,500),(296,0,49,NULL,5,0,501),(291,0,48,NULL,2,0,506),(287,0,45,NULL,2,0,508),(284,0,44,NULL,2,0,510),(285,0,43,NULL,2,0,511),(280,0,41,NULL,2,0,512),(278,0,40,NULL,6,0,513),(277,0,39,NULL,6,0,514),(263,0,37,NULL,1,0,515),(264,0,37,NULL,5,0,516),(265,0,37,NULL,6,0,517),(266,0,37,NULL,4,0,518),(259,0,36,NULL,1,0,519),(260,0,36,NULL,2,0,520),(261,0,36,NULL,3,0,521),(262,0,36,NULL,4,0,522),(308,0,53,NULL,4,0,549),(309,0,53,NULL,5,0,550),(310,0,53,NULL,7,0,551),(314,0,56,NULL,1,0,558),(315,0,56,NULL,2,0,559),(316,0,57,NULL,1,0,560),(317,0,58,NULL,1,0,561),(318,0,59,NULL,1,0,562),(319,0,60,NULL,1,0,563),(320,0,61,NULL,1,0,564),(321,0,62,NULL,1,0,565),(322,0,62,NULL,2,0,566),(323,0,63,NULL,1,0,567),(324,0,63,NULL,2,0,568),(325,0,63,NULL,3,0,569),(311,0,54,NULL,1,0,571),(326,0,64,NULL,1,0,572),(327,0,64,NULL,2,0,573),(328,0,64,NULL,3,0,574),(332,0,66,NULL,1,0,578),(333,0,67,NULL,1,0,579),(335,0,69,NULL,1,0,581),(336,0,70,NULL,1,0,582),(337,0,71,NULL,1,0,583),(339,0,72,NULL,2,0,586),(340,0,73,NULL,1,0,587),(341,0,74,NULL,1,0,589),(342,0,75,NULL,1,0,590),(343,0,75,NULL,2,0,591),(344,0,76,NULL,1,0,594),(346,0,76,NULL,3,0,595),(347,0,77,NULL,1,0,596),(349,0,78,NULL,2,0,598),(350,0,79,NULL,1,0,599),(351,0,80,NULL,1,0,610),(352,0,80,NULL,2,0,611),(353,0,81,NULL,1,0,612),(354,0,81,NULL,2,0,613),(357,0,83,NULL,1,0,616),(358,0,83,NULL,2,0,617),(359,0,84,NULL,1,0,618),(361,0,86,NULL,1,0,622),(360,0,85,NULL,1,0,623),(362,0,87,NULL,1,0,624),(363,0,87,NULL,2,0,625),(364,0,88,NULL,1,0,628),(365,0,88,NULL,2,0,629),(368,0,90,NULL,1,0,632),(369,0,91,NULL,1,0,633),(370,0,91,NULL,2,0,634),(377,0,93,NULL,1,0,651),(378,0,93,NULL,2,0,652),(371,0,92,NULL,1,0,659),(372,0,92,NULL,2,0,660),(373,0,92,NULL,3,0,661),(374,0,92,NULL,5,0,662),(375,0,92,NULL,7,0,663),(376,0,92,NULL,8,0,664),(366,0,89,NULL,1,0,665),(367,0,89,NULL,2,0,666),(59,0,11,NULL,1,0,747),(60,0,11,NULL,2,0,748),(61,0,11,NULL,3,0,749),(62,0,11,NULL,4,0,750),(63,0,11,NULL,5,0,751),(64,0,11,NULL,6,0,752),(329,0,65,NULL,1,0,788),(330,0,65,NULL,2,0,789),(331,0,65,NULL,3,0,790),(144,0,18,NULL,6,0,820),(145,0,18,NULL,7,0,821),(146,0,18,NULL,8,0,822),(147,0,18,NULL,9,0,823),(148,0,18,NULL,10,0,824),(164,0,20,NULL,6,0,830),(165,0,20,NULL,7,0,831),(166,0,20,NULL,8,0,832),(167,0,20,NULL,9,0,833),(222,0,27,NULL,5,0,851),(223,0,27,NULL,6,0,852),(206,0,25,NULL,6,0,853),(207,0,25,NULL,7,0,854),(208,0,25,NULL,8,0,855),(209,0,25,NULL,9,0,856),(224,0,25,NULL,5,0,857),(379,0,94,NULL,1,0,862),(380,0,95,NULL,1,0,871),(381,0,95,NULL,2,0,872),(382,0,95,NULL,3,0,873),(383,0,96,NULL,1,0,883),(334,0,68,NULL,1,0,884),(82,0,12,NULL,7,0,901),(83,0,12,NULL,8,0,902),(84,0,12,NULL,9,0,903),(85,0,12,NULL,10,0,904),(1,0,1,NULL,1,0,911),(5,0,1,NULL,2,0,912),(6,0,1,NULL,3,0,913),(7,0,1,NULL,4,0,914),(86,0,9,NULL,5,0,923),(87,0,9,NULL,6,0,924),(88,0,9,NULL,7,0,925),(89,0,9,NULL,8,0,926),(90,0,9,NULL,9,0,927),(91,0,9,NULL,10,0,928),(92,0,9,NULL,11,0,929),(225,0,28,NULL,1,0,936),(226,0,28,NULL,2,0,937),(227,0,28,NULL,3,0,938),(228,0,29,NULL,1,0,939),(231,0,29,NULL,4,0,940),(232,0,29,NULL,5,0,941),(233,0,29,NULL,6,0,942),(234,0,30,NULL,1,0,943),(238,0,30,NULL,5,0,944),(239,0,30,NULL,6,0,945),(249,0,32,NULL,4,0,949),(250,0,32,NULL,5,0,950),(243,0,31,NULL,4,0,951),(244,0,31,NULL,5,0,952),(245,0,31,NULL,6,0,953),(253,0,33,NULL,3,0,954),(254,0,33,NULL,4,0,955),(255,0,34,NULL,3,0,956),(256,0,34,NULL,4,0,957),(257,0,35,NULL,3,0,958),(258,0,35,NULL,4,0,959),(20,0,5,NULL,4,0,964),(21,0,5,NULL,5,0,965),(22,0,5,NULL,6,0,966),(23,0,5,NULL,7,0,967),(24,0,5,NULL,8,0,968),(25,0,5,NULL,9,0,969),(26,0,5,NULL,10,0,970),(190,0,23,NULL,6,0,982),(191,0,23,NULL,7,0,983),(192,0,23,NULL,8,0,984),(288,0,46,NULL,2,0,985),(313,0,55,NULL,2,0,988),(100,0,14,NULL,8,0,989),(101,0,14,NULL,9,0,990),(102,0,14,NULL,10,0,991),(103,0,14,NULL,11,0,992),(108,0,15,NULL,5,0,993),(109,0,15,NULL,6,0,994),(110,0,15,NULL,7,0,995),(111,0,15,NULL,8,0,996),(112,0,15,NULL,9,0,997),(113,0,15,NULL,10,0,998),(114,0,15,NULL,11,0,999),(115,0,15,NULL,12,0,1000),(116,0,15,NULL,13,0,1001),(117,0,15,NULL,14,0,1002),(128,0,16,NULL,11,0,1003),(129,0,16,NULL,12,0,1004),(130,0,16,NULL,13,0,1005),(77,0,13,NULL,7,0,1006),(78,0,13,NULL,8,0,1007),(79,0,13,NULL,9,0,1008),(80,0,13,NULL,10,0,1009),(81,0,13,NULL,11,0,1010),(2,0,2,NULL,0,0,1011),(3,0,2,NULL,1,0,1012),(56,0,10,NULL,3,0,1013),(57,0,10,NULL,4,0,1014),(58,0,10,NULL,5,0,1015),(46,0,8,NULL,4,0,1016),(47,0,8,NULL,5,0,1017),(48,0,8,NULL,6,0,1018),(49,0,8,NULL,7,0,1019),(16,0,4,NULL,5,0,1020),(17,0,4,NULL,6,0,1021),(18,0,4,NULL,7,0,1022),(19,0,4,NULL,8,0,1023),(34,0,6,NULL,8,0,1024),(35,0,6,NULL,9,0,1025),(36,0,6,NULL,10,0,1026),(214,0,26,NULL,5,0,1027),(215,0,26,NULL,6,0,1028),(216,0,26,NULL,7,0,1029),(217,0,26,NULL,8,0,1030),(172,0,21,NULL,5,0,1031),(173,0,21,NULL,6,0,1032),(174,0,21,NULL,7,0,1033),(175,0,21,NULL,8,0,1034),(196,0,24,NULL,4,0,1035),(197,0,24,NULL,5,0,1036),(198,0,24,NULL,6,0,1037),(199,0,24,NULL,7,0,1038),(200,0,24,NULL,8,0,1039),(40,0,7,NULL,4,0,1040),(41,0,7,NULL,5,0,1041),(42,0,7,NULL,6,0,1042),(134,0,17,NULL,4,0,1043),(135,0,17,NULL,5,0,1044),(136,0,17,NULL,6,0,1045),(137,0,17,NULL,7,0,1046),(138,0,17,NULL,8,0,1047),(180,0,22,NULL,5,0,1048),(181,0,22,NULL,6,0,1049),(182,0,22,NULL,7,0,1050),(183,0,22,NULL,8,0,1051),(184,0,22,NULL,9,0,1052),(154,0,19,NULL,6,0,1053),(155,0,19,NULL,7,0,1054),(156,0,19,NULL,8,0,1055),(157,0,19,NULL,9,0,1056),(158,0,19,NULL,10,0,1057);
CREATE TABLE `mz0b_catalog_product_entity_media_gallery_value_to_entity` (
  `value_id` int(10) unsigned NOT NULL COMMENT 'Value media Entry ID',
  `entity_id` int(10) unsigned NOT NULL COMMENT 'Product Entity ID',
  UNIQUE KEY `MZ0B_CAT_PRD_ENTT_MDA_GLR_VAL_TO_ENTT_VAL_ID_ENTT_ID` (`value_id`,`entity_id`),
  KEY `FK_9D3A944A53116F08286085C58E390819` (`entity_id`)
) ENGINE=InnoDB DEFAULT CHARSET=utf8 COMMENT='Link Media value to Product entity table';
INSERT INTO `mz0b_catalog_product_entity_media_gallery_value_to_entity` VALUES (1,1),(5,1),(6,1),(7,1),(2,2),(3,2),(4,3),(16,4),(17,4),(18,4),(19,4),(20,5),(21,5),(22,5),(23,5),(24,5),(25,5),(26,5),(34,6),(35,6),(36,6),(40,7),(41,7),(42,7),(46,8),(47,8),(48,8),(49,8),(86,9),(87,9),(88,9),(89,9),(90,9),(91,9),(92,9),(56,10),(57,10),(58,10),(59,11),(60,11),(61,11),(62,11),(63,11),(64,11),(82,12),(83,12),(84,12),(85,12),(77,13),(78,13),(79,13),(80,13),(81,13),(100,14),(101,14),(102,14),(103,14),(108,15),(109,15),(110,15),(111,15),(112,15),(113,15),(114,15),(115,15),(116,15),(117,15),(128,16),(129,16),(130,16),(134,17),(135,17),(136,17),(137,17),(138,17),(144,18),(145,18),(146,18),(147,18),(148,18),(154,19),(155,19),(156,19),(157,19),(158,19),(164,20),(165,20),(166,20),(167,20),(172,21),(173,21),(174,21),(175,21),(180,22),(181,22),(182,22),(183,22),(184,22),(190,23),(191,23),(192,23),(196,24),(197,24),(198,24),(199,24),(200,24),(206,25),(207,25),(208,25),(209,25),(224,25),(214,26),(215,26),(216,26),(217,26),(222,27),(223,27),(225,28),(226,28),(227,28),(228,29),(231,29),(232,29),(233,29),(234,30),(238,30),(239,30),(243,31),(244,31),(245,31),(249,32),(250,32),(253,33),(254,33),(255,34),(256,34),(257,35),(258,35),(259,36),(260,36),(261,36),(262,36),(263,37),(264,37),(265,37),(266,37),(267,38),(268,38),(269,38),(270,38),(271,38),(277,39),(278,40),(280,41),(281,42),(285,43),(284,44),(287,45),(288,46),(289,47),(291,48),(293,49),(294,49),(295,49),(296,49),(298,50),(300,51),(302,52),(303,52),(304,52),(308,53),(309,53),(310,53),(311,54),(313,55),(314,56),(315,56),(316,57),(317,58),(318,59),(319,60),(320,61),(321,62),(322,62),(323,63),(324,63),(325,63),(326,64),(327,64),(328,64),(329,65),(330,65),(331,65),(332,66),(333,67),(334,68),(335,69),(336,70),(337,71),(339,72),(340,73),(341,74),(342,75),(343,75),(344,76),(346,76),(347,77),(349,78),(350,79),(351,80),(352,80),(353,81),(354,81),(357,83),(358,83),(359,84),(360,85),(361,86),(362,87),(363,87),(364,88),(365,88),(366,89),(367,89),(368,90),(369,91),(370,91),(371,92),(372,92),(373,92),(374,92),(375,92),(376,92),(377,93),(378,93),(379,94),(380,95),(381,95),(382,95),(383,96);
CREATE TABLE `mz0b_catalog_product_entity_media_gallery_value_video` (
  `value_id` int(10) unsigned NOT NULL COMMENT 'Media Entity ID',
  `store_id` smallint(5) unsigned NOT NULL DEFAULT '0' COMMENT 'Store ID',
  `provider` varchar(32) DEFAULT NULL COMMENT 'Video provider ID',
  `url` text COMMENT 'Video URL',
  `title` varchar(255) DEFAULT NULL COMMENT 'Title',
  `description` text COMMENT 'Page Meta Description',
  `metadata` text COMMENT 'Video meta data',
  UNIQUE KEY `MZ0B_CAT_PRD_ENTT_MDA_GLR_VAL_VIDEO_VAL_ID_STORE_ID` (`value_id`,`store_id`),
  KEY `MZ0B_CAT_PRD_ENTT_MDA_GLR_VAL_VIDEO_STORE_ID_MZ0B_STORE_STORE_ID` (`store_id`)
) ENGINE=InnoDB DEFAULT CHARSET=utf8 COMMENT='Catalog Product Video Table';
CREATE TABLE `mz0b_catalog_product_entity_text` (
  `value_id` int(11) NOT NULL AUTO_INCREMENT COMMENT 'Value ID',
  `attribute_id` smallint(5) unsigned NOT NULL DEFAULT '0' COMMENT 'Attribute ID',
  `store_id` smallint(5) unsigned NOT NULL DEFAULT '0' COMMENT 'Store ID',
  `entity_id` int(10) unsigned NOT NULL DEFAULT '0' COMMENT 'Entity ID',
  `value` text COMMENT 'Value',
  PRIMARY KEY (`value_id`),
  UNIQUE KEY `MZ0B_CATALOG_PRODUCT_ENTITY_TEXT_ENTITY_ID_ATTRIBUTE_ID_STORE_ID` (`entity_id`,`attribute_id`,`store_id`),
  KEY `MZ0B_CATALOG_PRODUCT_ENTITY_TEXT_ATTRIBUTE_ID` (`attribute_id`),
  KEY `MZ0B_CATALOG_PRODUCT_ENTITY_TEXT_STORE_ID` (`store_id`)
) ENGINE=InnoDB AUTO_INCREMENT=344 DEFAULT CHARSET=utf8 COMMENT='Catalog Product Text Attribute Backend Table';
INSERT INTO `mz0b_catalog_product_entity_text` VALUES (1,85,0,1,'D. Azureus'),(2,85,0,2,'D. Auratus - Green/Black'),(3,85,0,3,'Gift Card'),(4,75,0,1,'<p><span style=\"display: inline !important; float: none; background-color: transparent; color: #2f2f2f; font-family: Arial,Helvetica,sans-serif; font-size: 12px; font-style: normal; font-variant: normal; font-weight: 400; letter-spacing: normal; orphans: 2; text-align: left; text-decoration: none; text-indent: 0px; text-transform: none; -webkit-text-stroke-width: 0px; white-space: normal; word-spacing: 0px;\">The dendrobates tinctorius azureus morph is found in the forests surrounded by the Sipaliwini savannah in southern Suriname and Brazil. It is a mainland animal, but stays close to water sources. Besides being large (4-5 cm) and visually appealing, D. azureus is both a hardy frog and easy to breed. They are highly recommended for beginner hobbyists, especially given that they are extremely bold. They are somewhat aggressive frogs, and are best kept in pairs. Parents are from 2 of 3 independent lines. </span></p>'),(5,76,0,1,'<p><span style=\"display: inline !important; float: none; background-color: transparent; color: #2f2f2f; font-family: Arial,Helvetica,sans-serif; font-size: 12px; font-style: normal; font-variant: normal; font-weight: 400; letter-spacing: normal; orphans: 2; text-align: left; text-decoration: none; text-indent: 0px; text-transform: none; -webkit-text-stroke-width: 0px; white-space: normal; word-spacing: 0px;\">Dendrobates tinctorius azureus. Froglets available are 3-5 months otw. Parents are from 2 of 3 independent lines.</span></p>'),(6,75,0,4,'<p><span style=\"display: inline !important; float: none; background-color: transparent; color: #2f2f2f; font-family: Arial,Helvetica,sans-serif; font-size: 12px; font-style: normal; font-variant: normal; font-weight: 400; letter-spacing: normal; orphans: 2; text-align: left; text-decoration: none; text-indent: 0px; text-transform: none; -webkit-text-stroke-width: 0px; white-space: normal; word-spacing: 0px;\">The splashed back dart frog is a good-sized dart frog (~4-5 cm) from the Brazilian tropical lowland forests south of the Amazon river. They are bold and do well in groups. Breeding can be sporadic for this frog with seasonal lapses. Our parents have solid lemon yellow on their backs, and solid black on their legs and bellies. All-in-all a vibrant addition to any frog collection! </span></p>'),(7,76,0,4,'<h2 style=\"background-color: transparent; color: #0a263c; font-family: Arial,Helvetica,sans-serif; font-size: 13px; font-size-adjust: none; font-stretch: 100%; font-style: normal; font-variant: normal; font-weight: bold; letter-spacing: normal; line-height: 17.55px; orphans: 2; text-align: left; text-decoration: none; text-indent: 0px; text-transform: none; -webkit-text-stroke-width: 0px; white-space: normal; word-spacing: 0px; padding: 0px; margin: 0px 0px 5px 0px;\"> A. Galactonotus - lemon morph. Froglets are 2+ months ootw.</h2>'),(8,85,0,4,'\r\n'),(10,75,0,5,'<p><span style=\"display: inline !important; float: none; background-color: transparent; color: #2f2f2f; font-family: Arial,Helvetica,sans-serif; font-size: 12px; font-style: normal; font-variant: normal; font-weight: 400; letter-spacing: normal; orphans: 2; text-align: left; text-decoration: none; text-indent: 0px; text-transform: none; -webkit-text-stroke-width: 0px; white-space: normal; word-spacing: 0px;\">The splashed back dart frog is a good-sized dart frog (~4-5 cm) from the Brazilian tropical lowland forests south of the Amazon river. They are bold and do well in groups. Despite anecdotal reports of this being a shy morph, our line is very bold and active. They have bright orange on their backs and occasionally on the back legs. Otherwise legs and bellies are solid deep black. Breeding can be sporadic for this frog with seasonal lapses. All-in-all a vibrant addition to any frog collection! </span></p>'),(11,76,0,5,'<h2 style=\"background-color: transparent; color: #0a263c; font-family: Arial,Helvetica,sans-serif; font-size: 13px; font-size-adjust: none; font-stretch: 100%; font-style: normal; font-variant: normal; font-weight: bold; letter-spacing: normal; line-height: 17.55px; orphans: 2; text-align: left; text-decoration: none; text-indent: 0px; text-transform: none; -webkit-text-stroke-width: 0px; white-space: normal; word-spacing: 0px; padding: 0px; margin: 0px 0px 5px 0px;\"> A. Galactonotus - orange morph. Froglets are 2+ months ootw.</h2>'),(14,75,0,6,'<p><span style=\"display: inline !important; float: none; background-color: transparent; color: #2f2f2f; font-family: Arial,Helvetica,sans-serif; font-size: 12px; font-style: normal; font-variant: normal; font-weight: 400; letter-spacing: normal; orphans: 2; text-align: left; text-decoration: none; text-indent: 0px; text-transform: none; -webkit-text-stroke-width: 0px; white-space: normal; word-spacing: 0px;\">The splashed back dart frog is a good-sized dart frog (~4-5 cm) from the Brazilian tropical lowland forests south of the Amazon river. They are bold and do well in groups. Despite anecdotal reports of this being a shy morph, our line is very bold and active. They have bright to deep red on their backs and occasionally on the back legs. Otherwise legs and bellies are solid deep black. Red coloration in galacts tends to darken with age. Supplementing with Repashy SuperPig helps maintain brighter red colors. Breeding can be sporadic for this frog with seasonal lapses. All-in-all a vibrant addition to any frog collection! </span></p>'),(15,76,0,6,'<h2 style=\"background-color: transparent; color: #0a263c; font-family: Arial,Helvetica,sans-serif; font-size: 13px; font-size-adjust: none; font-stretch: 100%; font-style: normal; font-variant: normal; font-weight: bold; letter-spacing: normal; line-height: 17.55px; orphans: 2; text-align: left; text-decoration: none; text-indent: 0px; text-transform: none; -webkit-text-stroke-width: 0px; white-space: normal; word-spacing: 0px; padding: 0px; margin: 0px 0px 5px 0px;\"> A. Galactonotus - red morph. Froglets are 2+ months ootw.</h2>'),(18,75,0,7,'<p><span style=\"display: inline !important; float: none; background-color: transparent; color: #2f2f2f; font-family: Arial,Helvetica,sans-serif; font-size: 12px; font-style: normal; font-variant: normal; font-weight: 400; letter-spacing: normal; orphans: 2; text-align: left; text-decoration: none; text-indent: 0px; text-transform: none; -webkit-text-stroke-width: 0px; white-space: normal; word-spacing: 0px;\">Ameerega Bassleri are found mostly in rocky stream beds in Peru. The chrome morph is especially rare in the wild due to deforestation. Male calls sound similar to spring peepers. This species is capable of long jumps and as well as medium sized food items like bean beetles and small crickets. Bassleri lay large sporadic clutches of 20-30 eggs. Our frogs are offspring of Understory Enterprises imports. </span></p>'),(19,76,0,7,'<h2 style=\"background-color: transparent; color: #0a263c; font-family: Arial,Helvetica,sans-serif; font-size: 13px; font-size-adjust: none; font-stretch: 100%; font-style: normal; font-variant: normal; font-weight: bold; letter-spacing: normal; line-height: 17.55px; orphans: 2; text-align: left; text-decoration: none; text-indent: 0px; text-transform: none; -webkit-text-stroke-width: 0px; white-space: normal; word-spacing: 0px; padding: 0px; margin: 0px 0px 5px 0px;\">  Froglets are 2+ months ootw. Understory Line </h2>'),(22,75,0,8,'<p><span style=\"display: inline !important; float: none; background-color: transparent; color: #2f2f2f; font-family: Arial,Helvetica,sans-serif; font-size: 12px; font-style: normal; font-variant: normal; font-weight: 400; letter-spacing: normal; orphans: 2; text-align: left; text-decoration: none; text-indent: 0px; text-transform: none; -webkit-text-stroke-width: 0px; white-space: normal; word-spacing: 0px;\">This stunning and less common variety of auratus is very similar to the Panamanian green/black except they are blue. Also from Panama, we find our line slightly more bold than their green/black cousins. Offspring coloring ranges from turquoise to bright blue. </span></p>'),(23,76,0,8,'<h2 style=\"background-color: transparent; color: #0a263c; font-family: Arial,Helvetica,sans-serif; font-size: 13px; font-size-adjust: none; font-stretch: 100%; font-style: normal; font-variant: normal; font-weight: bold; letter-spacing: normal; line-height: 17.55px; orphans: 2; text-align: left; text-decoration: none; text-indent: 0px; text-transform: none; -webkit-text-stroke-width: 0px; white-space: normal; word-spacing: 0px; padding: 0px; margin: 0px 0px 5px 0px;\">  Froglets are 2+ months ootw. </h2>'),(26,75,0,9,'<p><span style=\"display: inline !important; float: none; background-color: transparent; color: #2f2f2f; font-family: Arial,Helvetica,sans-serif; font-size: 12px; font-style: normal; font-variant: normal; font-weight: 400; letter-spacing: normal; orphans: 2; text-align: left; text-decoration: none; text-indent: 0px; text-transform: none; -webkit-text-stroke-width: 0px; white-space: normal; word-spacing: 0px;\">Also known as the dyeing dart frog, d. tinctorius are large (4-6 cm), bold, hardy, and easy to breed. They spend most of the time close to the forest floor, in the front of the aquarium. Tinctorius come in many color varieties. Metecho\'s are one of the largest morphs of tinctorius and one of our favorites sporting their clean lined yellow/black \'tuxedos\'. Combined with their size, boldness and hardiness, cobalts make an excellent species for both the beginning and experienced hobbyist alike. </span></p>'),(27,76,0,9,'<h2 style=\"background-color: transparent; color: #0a263c; font-family: Arial,Helvetica,sans-serif; font-size: 13px; font-size-adjust: none; font-stretch: 100%; font-style: normal; font-variant: normal; font-weight: bold; letter-spacing: normal; line-height: 17.55px; orphans: 2; text-align: left; text-decoration: none; text-indent: 0px; text-transform: none; -webkit-text-stroke-width: 0px; white-space: normal; word-spacing: 0px; padding: 0px; margin: 0px 0px 5px 0px;\">  Froglets are 2+ months ootw. </h2>'),(32,75,0,10,'<p><span style=\"display: inline !important; float: none; background-color: transparent; color: #2f2f2f; font-family: Arial,Helvetica,sans-serif; font-size: 12px; font-style: normal; font-variant: normal; font-weight: 400; letter-spacing: normal; orphans: 2; text-align: left; text-decoration: none; text-indent: 0px; text-transform: none; -webkit-text-stroke-width: 0px; white-space: normal; word-spacing: 0px;\">Froglets available are 2+ months otw.</span></p>'),(33,76,0,10,'<p><span style=\"display: inline !important; float: none; background-color: transparent; color: #2f2f2f; font-family: Arial,Helvetica,sans-serif; font-size: 12px; font-style: normal; font-variant: normal; font-weight: 400; letter-spacing: normal; orphans: 2; text-align: left; text-decoration: none; text-indent: 0px; text-transform: none; -webkit-text-stroke-width: 0px; white-space: normal; word-spacing: 0px;\">This is our favorite auratus morph because they are very bold for this species. Our parents always stay visible. They are from Panamanian island of Taboga. We find them more arboreal than other auratus we’ve worked with, and they like to rest in the foliage. This morph is a goldish-green on bronze-black, and the patterning is finer (reticulated) compared to the standard morphs. They are also quite a bit smaller than the typical auratus morphs. </span></p>'),(34,75,0,2,'<p><span style=\"display: inline !important; float: none; background-color: transparent; color: #2f2f2f; font-family: Arial,Helvetica,sans-serif; font-size: 12px; font-style: normal; font-variant: normal; font-weight: 400; letter-spacing: normal; orphans: 2; text-align: left; text-decoration: none; text-indent: 0px; text-transform: none; -webkit-text-stroke-width: 0px; white-space: normal; word-spacing: 0px;\">Dendrobates auratus can be found in Central and South America, from Nicaragua and Costa Rica to southeastern Brazil and Bolivia. They were also introduced in Hawaii by humans, and have flourished there. These are the Panamanian morph. D. Auratus are 3-4 cm, very hearty, mature quickly and are easy to breed. They are a common frog for beginners due to availability and cost. However, it should be noted that these are shy frogs, and we recommend starting out with more bold varieties (such as azureus, tinctorius, leucomelas) which make better display specimens and will be more satisfying for the beginning hobbyist. </span></p>'),(35,76,0,2,'<p><span style=\"background-color: transparent; color: #2f2f2f; display: inline; float: none; font-family: Arial,Helvetica,sans-serif; font-size: 12px; font-style: normal; font-variant: normal; font-weight: 400; letter-spacing: normal; orphans: 2; text-align: left; text-decoration: none; text-indent: 0px; text-transform: none; -webkit-text-stroke-width: 0px; white-space: normal; word-spacing: 0px;\">Froglets available are 2+ months otw. Parents are from 2 independent lines.</span></p>'),(36,75,0,11,'<p><span style=\"display: inline !important; float: none; background-color: transparent; color: #2f2f2f; font-family: Arial,Helvetica,sans-serif; font-size: 12px; font-style: normal; font-variant: normal; font-weight: 400; letter-spacing: normal; orphans: 2; text-align: left; text-decoration: none; text-indent: 0px; text-transform: none; -webkit-text-stroke-width: 0px; white-space: normal; word-spacing: 0px;\">Dendrobates azureus is found in the forests surrounded by the Sipaliwini savannah in southern Suriname and Brazil. It is a mainland animal, but stays close to water sources. Besides being large (4-5 cm) and visually appealing, D. azureus is both a hardy frog and easy to breed. They are highly recommended for beginner hobbyists, especially given that they are extremely bold. They are somewhat aggressive frogs, and are best kept in pairs. Parents are from 2 of 3 independent lines. </span></p>'),(37,76,0,11,'<p><span style=\"display: inline !important; float: none; background-color: transparent; color: #2f2f2f; font-family: Arial,Helvetica,sans-serif; font-size: 12px; font-style: normal; font-variant: normal; font-weight: 400; letter-spacing: normal; orphans: 2; text-align: left; text-decoration: none; text-indent: 0px; text-transform: none; -webkit-text-stroke-width: 0px; white-space: normal; word-spacing: 0px;\">Parents are from 2 of 3 independent lines.</span></p>'),(38,85,0,11,'D. Azureus'),(40,75,0,12,'<p><span style=\"display: inline !important; float: none; background-color: transparent; color: #2f2f2f; font-family: Arial,Helvetica,sans-serif; font-size: 12px; font-style: normal; font-variant: normal; font-weight: 400; letter-spacing: normal; orphans: 2; text-align: left; text-decoration: none; text-indent: 0px; text-transform: none; -webkit-text-stroke-width: 0px; white-space: normal; word-spacing: 0px;\">Dendrobates leucomelas are found in the neotropical region in northern South America. Their range includes Venezuela, northern Brazil, Guyana and southeastern Colombia. They are 3-4 cm. They are not shy, and spend time both on the ground and climbing in the foliage. They are hearty, mature very quickly and are easy to breed; a great beginner frog. Males call with a distinctive and pleasant trill. Parents are from 3 independent lines. </span></p>'),(41,76,0,12,'<p><span style=\"display: inline !important; float: none; background-color: transparent; color: #2f2f2f; font-family: Arial,Helvetica,sans-serif; font-size: 12px; font-style: normal; font-variant: normal; font-weight: 400; letter-spacing: normal; orphans: 2; text-align: left; text-decoration: none; text-indent: 0px; text-transform: none; -webkit-text-stroke-width: 0px; white-space: normal; word-spacing: 0px;\">Parents are from 2 of 3 independent lines. Froglets available are 2+ months ootw</span></p>'),(44,75,0,13,'<p><span style=\"display: inline !important; float: none; background-color: transparent; color: #2f2f2f; font-family: Arial,Helvetica,sans-serif; font-size: 12px; font-style: normal; font-variant: normal; font-weight: 400; letter-spacing: normal; orphans: 2; text-align: left; text-decoration: none; text-indent: 0px; text-transform: none; -webkit-text-stroke-width: 0px; white-space: normal; word-spacing: 0px;\">Dendrobates leucomelas are found in the neotropical region in northern South America. Their range includes Venezuela, northern Brazil, Guyana and southeastern Colombia. They are 3-4 cm. They are not shy, and spend time both on the ground and climbing in the foliage. They are hearty, mature very quickly and are easy to breed; a great beginner frog. Males call with a distinctive and pleasant trill.</span></p>'),(45,76,0,13,'<p><span style=\"display: inline !important; float: none; background-color: transparent; color: #2f2f2f; font-family: Arial,Helvetica,sans-serif; font-size: 12px; font-style: normal; font-variant: normal; font-weight: 400; letter-spacing: normal; orphans: 2; text-align: left; text-decoration: none; text-indent: 0px; text-transform: none; -webkit-text-stroke-width: 0px; white-space: normal; word-spacing: 0px;\"> This variety had solid bands or yellow across the back.</span><span style=\"display: inline !important; float: none; background-color: transparent; color: #2f2f2f; font-family: Arial,Helvetica,sans-serif; font-size: 12px; font-style: normal; font-variant: normal; font-weight: 400; letter-spacing: normal; orphans: 2; text-align: left; text-decoration: none; text-indent: 0px; text-transform: none; -webkit-text-stroke-width: 0px; white-space: normal; word-spacing: 0px;\"> Froglets available are 2+ months ootw</span></p>'),(48,75,0,14,'<p><span style=\"display: inline !important; float: none; background-color: transparent; color: #2f2f2f; font-family: Arial,Helvetica,sans-serif; font-size: 12px; font-style: normal; font-variant: normal; font-weight: 400; letter-spacing: normal; orphans: 2; text-align: left; text-decoration: none; text-indent: 0px; text-transform: none; -webkit-text-stroke-width: 0px; white-space: normal; word-spacing: 0px;\">Also known as the dyeing dart frog, d. tinctorius are large (4-6 cm), bold, hardy, and easy to breed. They spend most of the time close to the forest floor, in the front of the aquarium. Tinctorius come in many color varieties. The Patricia morph sports lovely pastel yellow and blue on deep black. Combined with their size, boldness and hardiness, they make an excellent species for both the beginning and experienced hobbyist alike. </span></p>'),(49,76,0,14,'<h2 style=\"background-color: transparent; color: #0a263c; font-family: Arial,Helvetica,sans-serif; font-size: 13px; font-size-adjust: none; font-stretch: 100%; font-style: normal; font-variant: normal; font-weight: bold; letter-spacing: normal; line-height: 17.55px; orphans: 2; text-align: left; text-decoration: none; text-indent: 0px; text-transform: none; -webkit-text-stroke-width: 0px; white-space: normal; word-spacing: 0px; padding: 0px; margin: 0px 0px 5px 0px;\">  Froglets are 2+ months ootw. </h2>'),(52,75,0,15,'<p><span style=\"display: inline !important; float: none; background-color: transparent; color: #2f2f2f; font-family: Arial,Helvetica,sans-serif; font-size: 12px; font-style: normal; font-variant: normal; font-weight: 400; letter-spacing: normal; orphans: 2; text-align: left; text-decoration: none; text-indent: 0px; text-transform: none; -webkit-text-stroke-width: 0px; white-space: normal; word-spacing: 0px;\">Also known as the dyeing dart frog, d. tinctorius are large (4-6 cm), bold, hardy, and easy to breed. They spend most of the time close to the forest floor, in the front of the aquarium. Tinctorius come in many color varieties. Combined with their size, boldness and hardiness, they make an excellent species for both the beginning and experienced hobbyist alike. </span></p>'),(53,76,0,15,'<h2 style=\"background-color: transparent; color: #0a263c; font-family: Arial,Helvetica,sans-serif; font-size: 13px; font-size-adjust: none; font-stretch: 100%; font-style: normal; font-variant: normal; font-weight: bold; letter-spacing: normal; line-height: 17.55px; orphans: 2; text-align: left; text-decoration: none; text-indent: 0px; text-transform: none; -webkit-text-stroke-width: 0px; white-space: normal; word-spacing: 0px; padding: 0px; margin: 0px 0px 5px 0px;\">  Froglets are 2+ months ootw. </h2>'),(56,75,0,16,'<div class=\"std\" style=\"background-color: transparent; color: #2f2f2f; font-family: Arial,Helvetica,sans-serif; font-size: 12px; font-style: normal; font-variant: normal; font-weight: 400; letter-spacing: normal; orphans: 2; text-align: left; text-decoration: none; text-indent: 0px; text-transform: none; -webkit-text-stroke-width: 0px; white-space: normal; word-spacing: 0px; padding: 0px; margin: 0px;\">Also known as the dyeing dart frog, d. tinctorius are large (4-6 cm), bold, hardy, and easy to breed. They spend most of the time close to the forest floor, in the front of the aquarium. Tinctorius come in many color varieties. The Suriname cobalt (from Suriname) is popular in the hobby due to its striking coloration. Combined with their size, boldness and hardiness, cobalts make an excellent species for both the beginning and experienced hobbyist alike.</div>'),(57,76,0,16,'<h2 style=\"background-color: transparent; color: #0a263c; font-family: Arial,Helvetica,sans-serif; font-size: 13px; font-size-adjust: none; font-stretch: 100%; font-style: normal; font-variant: normal; font-weight: bold; letter-spacing: normal; line-height: 17.55px; orphans: 2; text-align: left; text-decoration: none; text-indent: 0px; text-transform: none; -webkit-text-stroke-width: 0px; white-space: normal; word-spacing: 0px; padding: 0px; margin: 0px 0px 5px 0px;\">  Froglets are 2+ months ootw. </h2>'),(60,75,0,17,'<div class=\"std\" style=\"background-color: transparent; color: #2f2f2f; font-family: Arial,Helvetica,sans-serif; font-size: 12px; font-style: normal; font-variant: normal; font-weight: 400; letter-spacing: normal; orphans: 2; text-align: left; text-decoration: none; text-indent: 0px; text-transform: none; -webkit-text-stroke-width: 0px; white-space: normal; word-spacing: 0px; padding: 0px; margin: 0px;\"><span style=\"display: inline !important; float: none; background-color: transparent; color: #2f2f2f; font-family: Arial,Helvetica,sans-serif; font-size: 12px; font-style: normal; font-variant: normal; font-weight: 400; letter-spacing: normal; orphans: 2; text-align: left; text-decoration: none; text-indent: 0px; text-transform: none; -webkit-text-stroke-width: 0px; white-space: normal; word-spacing: 0px;\">Epipedobates Anthonyi is a medium-sized dart frog (~2.5cm) from Ecuador. The Santa Isabel morph is cherry red with lime green stripes. They are quite bold and males frequently make pleasant and easily audible trills. They do well in groups and are prolific breeders with large clutch sizes. However, raising healthy, colorful froglets is relatively difficult, and we thus classify husbandry of these frogs as intermediate difficulty. The parents are from two independent high red lines, females are 2009 European imports. </span></div>'),(61,76,0,17,'<h2 style=\"background-color: transparent; color: #0a263c; font-family: Arial,Helvetica,sans-serif; font-size: 13px; font-size-adjust: none; font-stretch: 100%; font-style: normal; font-variant: normal; font-weight: bold; letter-spacing: normal; line-height: 17.55px; orphans: 2; text-align: left; text-decoration: none; text-indent: 0px; text-transform: none; -webkit-text-stroke-width: 0px; white-space: normal; word-spacing: 0px; padding: 0px; margin: 0px 0px 5px 0px;\">  Froglets are 2+ months ootw. </h2>'),(64,75,0,18,'<div class=\"std\" style=\"background-color: transparent; color: #2f2f2f; font-family: Arial,Helvetica,sans-serif; font-size: 12px; font-style: normal; font-variant: normal; font-weight: 400; letter-spacing: normal; orphans: 2; text-align: left; text-decoration: none; text-indent: 0px; text-transform: none; -webkit-text-stroke-width: 0px; white-space: normal; word-spacing: 0px; padding: 0px; margin: 0px;\"><span style=\"display: inline !important; float: none; background-color: transparent; color: #2f2f2f; font-family: Arial,Helvetica,sans-serif; font-size: 12px; font-style: normal; font-variant: normal; font-weight: 400; letter-spacing: normal; orphans: 2; text-align: left; text-decoration: none; text-indent: 0px; text-transform: none; -webkit-text-stroke-width: 0px; white-space: normal; word-spacing: 0px;\">Oophaga pumilio \"Cayo De Agua\" are a medium sized and relatively bold pumilio. These frogs have striking bright solid yellow bellies and olive green backs. </span></div>'),(65,76,0,18,'<h2 style=\"background-color: transparent; color: #0a263c; font-family: Arial,Helvetica,sans-serif; font-size: 13px; font-size-adjust: none; font-stretch: 100%; font-style: normal; font-variant: normal; font-weight: bold; letter-spacing: normal; line-height: 17.55px; orphans: 2; text-align: left; text-decoration: none; text-indent: 0px; text-transform: none; -webkit-text-stroke-width: 0px; white-space: normal; word-spacing: 0px; padding: 0px; margin: 0px 0px 5px 0px;\">  Froglets are 2+ months ootw. </h2>'),(68,75,0,19,'<div class=\"std\" style=\"background-color: transparent; color: #2f2f2f; font-family: Arial,Helvetica,sans-serif; font-size: 12px; font-style: normal; font-variant: normal; font-weight: 400; letter-spacing: normal; orphans: 2; text-align: left; text-decoration: none; text-indent: 0px; text-transform: none; -webkit-text-stroke-width: 0px; white-space: normal; word-spacing: 0px; padding: 0px; margin: 0px;\"><span style=\"display: inline !important; float: none; background-color: transparent; color: #2f2f2f; font-family: Arial,Helvetica,sans-serif; font-size: 12px; font-style: normal; font-variant: normal; font-weight: 400; letter-spacing: normal; orphans: 2; text-align: left; text-decoration: none; text-indent: 0px; text-transform: none; -webkit-text-stroke-width: 0px; white-space: normal; word-spacing: 0px;\">Oophaga Pumilio Bastimentos \"Red Frog Beach\" are the redest of the bastis.  Some solid, some with black spots, and white bellies.  Our favorite pumilio by far!</span></div>'),(69,76,0,19,'<h2 style=\"background-color: transparent; color: #0a263c; font-family: Arial,Helvetica,sans-serif; font-size: 13px; font-size-adjust: none; font-stretch: 100%; font-style: normal; font-variant: normal; font-weight: bold; letter-spacing: normal; line-height: 17.55px; orphans: 2; text-align: left; text-decoration: none; text-indent: 0px; text-transform: none; -webkit-text-stroke-width: 0px; white-space: normal; word-spacing: 0px; padding: 0px; margin: 0px 0px 5px 0px;\">  Froglets are 2+ months ootw. </h2>'),(72,75,0,20,'<div class=\"std\" style=\"background-color: transparent; color: #2f2f2f; font-family: Arial,Helvetica,sans-serif; font-size: 12px; font-style: normal; font-variant: normal; font-weight: 400; letter-spacing: normal; orphans: 2; text-align: left; text-decoration: none; text-indent: 0px; text-transform: none; -webkit-text-stroke-width: 0px; white-space: normal; word-spacing: 0px; padding: 0px; margin: 0px;\"><span style=\"display: inline !important; float: none; background-color: transparent; color: #2f2f2f; font-family: Arial,Helvetica,sans-serif; font-size: 12px; font-style: normal; font-variant: normal; font-weight: 400; letter-spacing: normal; orphans: 2; text-align: left; text-decoration: none; text-indent: 0px; text-transform: none; -webkit-text-stroke-width: 0px; white-space: normal; word-spacing: 0px;\">Phylobates Vittatus is from western Costa Rica. It is a bold, hearty species and makes a good beginner frog. Males frequently make pleasant and easily audible trills. P. Vittatus will except a variety of food items, including bean beetles and small crickets despite their moderate (~3 cm) size. They are prolific breeders with large clutch sizes. </span></div>'),(73,76,0,20,'<h2 style=\"background-color: transparent; color: #0a263c; font-family: Arial,Helvetica,sans-serif; font-size: 13px; font-size-adjust: none; font-stretch: 100%; font-style: normal; font-variant: normal; font-weight: bold; letter-spacing: normal; line-height: 17.55px; orphans: 2; text-align: left; text-decoration: none; text-indent: 0px; text-transform: none; -webkit-text-stroke-width: 0px; white-space: normal; word-spacing: 0px; padding: 0px; margin: 0px 0px 5px 0px;\">  Froglets are 2+ months ootw. <span style=\"display: inline !important; float: none; background-color: transparent; color: #2f2f2f; font-family: Arial,Helvetica,sans-serif; font-size: 12px; font-style: normal; font-variant: normal; font-weight: 400; letter-spacing: normal; orphans: 2; text-align: left; text-decoration: none; text-indent: 0px; text-transform: none; -webkit-text-stroke-width: 0px; white-space: normal; word-spacing: 0px;\">From 1 of 2 independent pairs.</span></h2>'),(76,75,0,21,'<div class=\"std\" style=\"background-color: transparent; color: #2f2f2f; font-family: Arial,Helvetica,sans-serif; font-size: 12px; font-style: normal; font-variant: normal; font-weight: 400; letter-spacing: normal; orphans: 2; text-align: left; text-decoration: none; text-indent: 0px; text-transform: none; -webkit-text-stroke-width: 0px; white-space: normal; word-spacing: 0px; padding: 0px; margin: 0px;\"><span style=\"display: inline !important; float: none; background-color: transparent; color: #2f2f2f; font-family: Arial,Helvetica,sans-serif; font-size: 12px; font-style: normal; font-variant: normal; font-weight: 400; letter-spacing: normal; orphans: 2; text-align: left; text-decoration: none; text-indent: 0px; text-transform: none; -webkit-text-stroke-width: 0px; white-space: normal; word-spacing: 0px;\">Ranitomeya Amazonica \"Arena Blanca\" morph. U.E. line. </span></div>'),(77,76,0,21,'<h2 style=\"background-color: transparent; color: #0a263c; font-family: Arial,Helvetica,sans-serif; font-size: 13px; font-size-adjust: none; font-stretch: 100%; font-style: normal; font-variant: normal; font-weight: bold; letter-spacing: normal; line-height: 17.55px; orphans: 2; text-align: left; text-decoration: none; text-indent: 0px; text-transform: none; -webkit-text-stroke-width: 0px; white-space: normal; word-spacing: 0px; padding: 0px; margin: 0px 0px 5px 0px;\">  Froglets are 2+ months ootw.</h2>'),(80,75,0,22,'<div class=\"std\" style=\"background-color: transparent; color: #2f2f2f; font-family: Arial,Helvetica,sans-serif; font-size: 12px; font-style: normal; font-variant: normal; font-weight: 400; letter-spacing: normal; orphans: 2; text-align: left; text-decoration: none; text-indent: 0px; text-transform: none; -webkit-text-stroke-width: 0px; white-space: normal; word-spacing: 0px; padding: 0px; margin: 0px;\"><span style=\"display: inline !important; float: none; background-color: transparent; color: #2f2f2f; font-family: Arial,Helvetica,sans-serif; font-size: 12px; font-style: normal; font-variant: normal; font-weight: 400; letter-spacing: normal; orphans: 2; text-align: left; text-decoration: none; text-indent: 0px; text-transform: none; -webkit-text-stroke-width: 0px; white-space: normal; word-spacing: 0px;\">Ranitomeya Benedicta</span><br style=\"background-color: transparent; color: #2f2f2f; font-family: Arial,Helvetica,sans-serif; font-size: 12px; font-style: normal; font-variant: normal; font-weight: 400; letter-spacing: normal; orphans: 2; text-align: left; text-decoration: none; text-indent: 0px; text-transform: none; -webkit-text-stroke-width: 0px; white-space: normal; word-spacing: 0px; padding: 0px; margin: 0px;\" /><span style=\"display: inline !important; float: none; background-color: transparent; color: #2f2f2f; font-family: Arial,Helvetica,sans-serif; font-size: 12px; font-style: normal; font-variant: normal; font-weight: 400; letter-spacing: normal; orphans: 2; text-align: left; text-decoration: none; text-indent: 0px; text-transform: none; -webkit-text-stroke-width: 0px; white-space: normal; word-spacing: 0px;\"> This striking frog was just discovered in 2005 and described as a new species in 2008. They are found throughout the Pampas del Sacramento and predominantly arboreal species although eggs are laid in the leaf litter. 4-5 can be housed comfortably per 10 gallons.</span></div>'),(81,76,0,22,'<h2 style=\"background-color: transparent; color: #0a263c; font-family: Arial,Helvetica,sans-serif; font-size: 13px; font-size-adjust: none; font-stretch: 100%; font-style: normal; font-variant: normal; font-weight: bold; letter-spacing: normal; line-height: 17.55px; orphans: 2; text-align: left; text-decoration: none; text-indent: 0px; text-transform: none; -webkit-text-stroke-width: 0px; white-space: normal; word-spacing: 0px; padding: 0px; margin: 0px 0px 5px 0px;\">  Froglets are 2+ months ootw.</h2>'),(84,75,0,23,'<div class=\"std\" style=\"background-color: transparent; color: #2f2f2f; font-family: Arial,Helvetica,sans-serif; font-size: 12px; font-style: normal; font-variant: normal; font-weight: 400; letter-spacing: normal; orphans: 2; text-align: left; text-decoration: none; text-indent: 0px; text-transform: none; -webkit-text-stroke-width: 0px; white-space: normal; word-spacing: 0px; padding: 0px; margin: 0px;\"><span style=\"display: inline !important; float: none; background-color: transparent; color: #2f2f2f; font-family: Arial,Helvetica,sans-serif; font-size: 12px; font-style: normal; font-variant: normal; font-weight: 400; letter-spacing: normal; orphans: 2; text-align: left; text-decoration: none; text-indent: 0px; text-transform: none; -webkit-text-stroke-width: 0px; white-space: normal; word-spacing: 0px;\">Banded Ranitomeya Imitator. </span><br style=\"background-color: transparent; color: #2f2f2f; font-family: Arial,Helvetica,sans-serif; font-size: 12px; font-style: normal; font-variant: normal; font-weight: 400; letter-spacing: normal; orphans: 2; text-align: left; text-decoration: none; text-indent: 0px; text-transform: none; -webkit-text-stroke-width: 0px; white-space: normal; word-spacing: 0px; padding: 0px; margin: 0px;\" /><span style=\"display: inline !important; float: none; background-color: transparent; color: #2f2f2f; font-family: Arial,Helvetica,sans-serif; font-size: 12px; font-style: normal; font-variant: normal; font-weight: 400; letter-spacing: normal; orphans: 2; text-align: left; text-decoration: none; text-indent: 0px; text-transform: none; -webkit-text-stroke-width: 0px; white-space: normal; word-spacing: 0px;\"> This morph occurs in the middle of Huallaga Peru and tends to inhabit areas that are somewhat drier than many imitator habitats. It is a mimic of Ranitomeya summersi.</span><br style=\"background-color: transparent; color: #2f2f2f; font-family: Arial,Helvetica,sans-serif; font-size: 12px; font-style: normal; font-variant: normal; font-weight: 400; letter-spacing: normal; orphans: 2; text-align: left; text-decoration: none; text-indent: 0px; text-transform: none; -webkit-text-stroke-width: 0px; white-space: normal; word-spacing: 0px; padding: 0px; margin: 0px;\" /><span style=\"display: inline !important; float: none; background-color: transparent; color: #2f2f2f; font-family: Arial,Helvetica,sans-serif; font-size: 12px; font-style: normal; font-variant: normal; font-weight: 400; letter-spacing: normal; orphans: 2; text-align: left; text-decoration: none; text-indent: 0px; text-transform: none; -webkit-text-stroke-width: 0px; white-space: normal; word-spacing: 0px;\"> We find our bandeds especially active and bold compared with other Ranits. They do well in pairs or small groups. Banding pattern varies from stripes to more random lines.</span></div>'),(85,76,0,23,'<h2 style=\"background-color: transparent; color: #0a263c; font-family: Arial,Helvetica,sans-serif; font-size: 13px; font-size-adjust: none; font-stretch: 100%; font-style: normal; font-variant: normal; font-weight: bold; letter-spacing: normal; line-height: 17.55px; orphans: 2; text-align: left; text-decoration: none; text-indent: 0px; text-transform: none; -webkit-text-stroke-width: 0px; white-space: normal; word-spacing: 0px; padding: 0px; margin: 0px 0px 5px 0px;\">  Froglets are 2+ months ootw. <span style=\"display: inline !important; float: none; background-color: transparent; color: #2f2f2f; font-family: Arial,Helvetica,sans-serif; font-size: 12px; font-style: normal; font-variant: normal; font-weight: 400; letter-spacing: normal; orphans: 2; text-align: left; text-decoration: none; text-indent: 0px; text-transform: none; -webkit-text-stroke-width: 0px; white-space: normal; word-spacing: 0px;\">Phil Tan line.</span></h2>'),(88,75,0,24,'<div class=\"std\" style=\"background-color: transparent; color: #2f2f2f; font-family: Arial,Helvetica,sans-serif; font-size: 12px; font-style: normal; font-variant: normal; font-weight: 400; letter-spacing: normal; orphans: 2; text-align: left; text-decoration: none; text-indent: 0px; text-transform: none; -webkit-text-stroke-width: 0px; white-space: normal; word-spacing: 0px; padding: 0px; margin: 0px;\"><span style=\"display: inline !important; float: none; background-color: transparent; color: #2f2f2f; font-family: Arial,Helvetica,sans-serif; font-size: 12px; font-style: normal; font-variant: normal; font-weight: 400; letter-spacing: normal; orphans: 2; text-align: left; text-decoration: none; text-indent: 0px; text-transform: none; -webkit-text-stroke-width: 0px; white-space: normal; word-spacing: 0px;\">Ranitomeya imitator -Varadero This is our favorite Peruvian imitator morph - the electric orange and blue is absolutely stunning! These are great introductory thumbnails as they are hardy, bold, breed readily and are relatively easy to raise. They are very visible despite their size - always out front stuck to the glass. They are not obligate egg layers, but moms will self feed tadpoles unfertilized eggs. Alternatively tads can be raised separately on a typical diet of dried food. 2-3 can be housed comfortably per 10 gallons. </span></div>'),(89,76,0,24,'<h2 style=\"background-color: transparent; color: #0a263c; font-family: Arial,Helvetica,sans-serif; font-size: 13px; font-size-adjust: none; font-stretch: 100%; font-style: normal; font-variant: normal; font-weight: bold; letter-spacing: normal; line-height: 17.55px; orphans: 2; text-align: left; text-decoration: none; text-indent: 0px; text-transform: none; -webkit-text-stroke-width: 0px; white-space: normal; word-spacing: 0px; padding: 0px; margin: 0px 0px 5px 0px;\">  Froglets are 2+ months ootw. UE Line.</h2>'),(92,75,0,25,'<div class=\"std\" style=\"background-color: transparent; color: #2f2f2f; font-family: Arial,Helvetica,sans-serif; font-size: 12px; font-style: normal; font-variant: normal; font-weight: 400; letter-spacing: normal; orphans: 2; text-align: left; text-decoration: none; text-indent: 0px; text-transform: none; -webkit-text-stroke-width: 0px; white-space: normal; word-spacing: 0px; padding: 0px; margin: 0px;\"><span style=\"display: inline !important; float: none; background-color: transparent; color: #2f2f2f; font-family: Arial,Helvetica,sans-serif; font-size: 12px; font-style: normal; font-variant: normal; font-weight: 400; letter-spacing: normal; orphans: 2; text-align: left; text-decoration: none; text-indent: 0px; text-transform: none; -webkit-text-stroke-width: 0px; white-space: normal; word-spacing: 0px;\">Ranitomeya Vanzolini \'Vanzis\', as we like to call them, are from east central Peru and adjacent areas of western Brazil. Their consistent yellow spotted pattern on deep back backs is very striking and unique for a dart frog, making this a fascinating species to own. They look completely different from underneath - more striated than spotted, going from bright yellow under the chin and upper belly to florescent blue on the lower and legs. </span></div>'),(93,76,0,25,'<h2 style=\"background-color: transparent; color: #0a263c; font-family: Arial,Helvetica,sans-serif; font-size: 13px; font-size-adjust: none; font-stretch: 100%; font-style: normal; font-variant: normal; font-weight: bold; letter-spacing: normal; line-height: 17.55px; orphans: 2; text-align: left; text-decoration: none; text-indent: 0px; text-transform: none; -webkit-text-stroke-width: 0px; white-space: normal; word-spacing: 0px; padding: 0px; margin: 0px 0px 5px 0px;\">  Froglets are 2+ months ootw. UE Line.</h2>'),(96,75,0,26,'<div class=\"std\" style=\"background-color: transparent; color: #2f2f2f; font-family: Arial,Helvetica,sans-serif; font-size: 12px; font-style: normal; font-variant: normal; font-weight: 400; letter-spacing: normal; orphans: 2; text-align: left; text-decoration: none; text-indent: 0px; text-transform: none; -webkit-text-stroke-width: 0px; white-space: normal; word-spacing: 0px; padding: 0px; margin: 0px;\"><span style=\"display: inline !important; float: none; background-color: transparent; color: #2f2f2f; font-family: Arial,Helvetica,sans-serif; font-size: 12px; font-style: normal; font-variant: normal; font-weight: 400; letter-spacing: normal; orphans: 2; text-align: left; text-decoration: none; text-indent: 0px; text-transform: none; -webkit-text-stroke-width: 0px; white-space: normal; word-spacing: 0px;\">Ranitomeya Variabilis - Southern. By far our favorite Variabilis, the fluorescent coloring on the southern morph needs to be seen to believe! They are from the forest regions southwest of the Tarapoto valley. Variabilis are one of the best beginner thumbnail frogs. They can be kept in small groups and remain visible throughout the day. They are on the larger size for thumbnails, and lay large clutches. </span></div>'),(97,76,0,26,'<h2 style=\"background-color: transparent; color: #0a263c; font-family: Arial,Helvetica,sans-serif; font-size: 13px; font-size-adjust: none; font-stretch: 100%; font-style: normal; font-variant: normal; font-weight: bold; letter-spacing: normal; line-height: 17.55px; orphans: 2; text-align: left; text-decoration: none; text-indent: 0px; text-transform: none; -webkit-text-stroke-width: 0px; white-space: normal; word-spacing: 0px; padding: 0px; margin: 0px 0px 5px 0px;\">  Froglets are 2+ months ootw.</h2>'),(100,75,0,27,'<div class=\"std\" style=\"background-color: transparent; color: #2f2f2f; font-family: Arial,Helvetica,sans-serif; font-size: 12px; font-style: normal; font-variant: normal; font-weight: 400; letter-spacing: normal; orphans: 2; text-align: left; text-decoration: none; text-indent: 0px; text-transform: none; -webkit-text-stroke-width: 0px; white-space: normal; word-spacing: 0px; padding: 0px; margin: 0px;\"><span style=\"display: inline !important; float: none; background-color: transparent; color: #2f2f2f; font-family: Arial,Helvetica,sans-serif; font-size: 12px; font-style: normal; font-variant: normal; font-weight: 400; letter-spacing: normal; orphans: 2; text-align: left; text-decoration: none; text-indent: 0px; text-transform: none; -webkit-text-stroke-width: 0px; white-space: normal; word-spacing: 0px;\">Ranitomeya Sirensis - Northern</span></div>'),(101,76,0,27,'<h2 style=\"background-color: transparent; color: #0a263c; font-family: Arial,Helvetica,sans-serif; font-size: 13px; font-size-adjust: none; font-stretch: 100%; font-style: normal; font-variant: normal; font-weight: bold; letter-spacing: normal; line-height: 17.55px; orphans: 2; text-align: left; text-decoration: none; text-indent: 0px; text-transform: none; -webkit-text-stroke-width: 0px; white-space: normal; word-spacing: 0px; padding: 0px; margin: 0px 0px 5px 0px;\">  Froglets are 2+ months ootw.</h2>'),(104,75,0,28,'<p><span style=\"display: inline !important; float: none; background-color: transparent; color: #2f2f2f; font-family: Arial,Helvetica,sans-serif; font-size: 12px; font-style: normal; font-variant: normal; font-weight: 400; letter-spacing: normal; orphans: 2; text-align: left; text-decoration: none; text-indent: 0px; text-transform: none; -webkit-text-stroke-width: 0px; white-space: normal; word-spacing: 0px;\">32oz \"Golden Delicious\" Wingless Drosophila Melanogaster. Various culture ages available.</span><br style=\"background-color: transparent; color: #2f2f2f; font-family: Arial,Helvetica,sans-serif; font-size: 12px; font-style: normal; font-variant: normal; font-weight: 400; letter-spacing: normal; orphans: 2; text-align: left; text-decoration: none; text-indent: 0px; text-transform: none; -webkit-text-stroke-width: 0px; white-space: normal; word-spacing: 0px; padding: 0px; margin: 0px;\" /> <br style=\"background-color: transparent; color: #2f2f2f; font-family: Arial,Helvetica,sans-serif; font-size: 12px; font-style: normal; font-variant: normal; font-weight: 400; letter-spacing: normal; orphans: 2; text-align: left; text-decoration: none; text-indent: 0px; text-transform: none; -webkit-text-stroke-width: 0px; white-space: normal; word-spacing: 0px; padding: 0px; margin: 0px;\" /><span style=\"display: inline !important; float: none; background-color: transparent; color: #2f2f2f; font-family: Arial,Helvetica,sans-serif; font-size: 12px; font-style: normal; font-variant: normal; font-weight: 400; letter-spacing: normal; orphans: 2; text-align: left; text-decoration: none; text-indent: 0px; text-transform: none; -webkit-text-stroke-width: 0px; white-space: normal; word-spacing: 0px;\"> Smaller than winged varieties, a good choice for newly hatched froglets.</span></p>'),(105,76,0,28,'<p><span style=\"display: inline !important; float: none; background-color: transparent; color: #2f2f2f; font-family: Arial,Helvetica,sans-serif; font-size: 12px; font-style: normal; font-variant: normal; font-weight: 400; letter-spacing: normal; orphans: 2; text-align: left; text-decoration: none; text-indent: 0px; text-transform: none; -webkit-text-stroke-width: 0px; white-space: normal; word-spacing: 0px;\">32oz \"Golden Delicious\" Wingless Drosophila Melanogaster. Various culture ages available.</span><br style=\"background-color: transparent; color: #2f2f2f; font-family: Arial,Helvetica,sans-serif; font-size: 12px; font-style: normal; font-variant: normal; font-weight: 400; letter-spacing: normal; orphans: 2; text-align: left; text-decoration: none; text-indent: 0px; text-transform: none; -webkit-text-stroke-width: 0px; white-space: normal; word-spacing: 0px; padding: 0px; margin: 0px;\" /> <br style=\"background-color: transparent; color: #2f2f2f; font-family: Arial,Helvetica,sans-serif; font-size: 12px; font-style: normal; font-variant: normal; font-weight: 400; letter-spacing: normal; orphans: 2; text-align: left; text-decoration: none; text-indent: 0px; text-transform: none; -webkit-text-stroke-width: 0px; white-space: normal; word-spacing: 0px; padding: 0px; margin: 0px;\" /><span style=\"display: inline !important; float: none; background-color: transparent; color: #2f2f2f; font-family: Arial,Helvetica,sans-serif; font-size: 12px; font-style: normal; font-variant: normal; font-weight: 400; letter-spacing: normal; orphans: 2; text-align: left; text-decoration: none; text-indent: 0px; text-transform: none; -webkit-text-stroke-width: 0px; white-space: normal; word-spacing: 0px;\"> Smaller than winged varieties, a good choice for newly hatched froglets.</span></p>'),(106,85,0,28,'32oz \"Golden Delicious\" Wingless Drosophila Melanogaster'),(107,75,0,29,'<p><span style=\"display: inline !important; float: none; background-color: transparent; color: #2f2f2f; font-family: Arial,Helvetica,sans-serif; font-size: 12px; font-style: normal; font-variant: normal; font-weight: 400; letter-spacing: normal; orphans: 2; text-align: left; text-decoration: none; text-indent: 0px; text-transform: none; -webkit-text-stroke-width: 0px; white-space: normal; word-spacing: 0px;\">32oz \"Jumpy\" Winged Flightless Drosophila Melanogaster. Various culture ages available.</span><br style=\"background-color: transparent; color: #2f2f2f; font-family: Arial,Helvetica,sans-serif; font-size: 12px; font-style: normal; font-variant: normal; font-weight: 400; letter-spacing: normal; orphans: 2; text-align: left; text-decoration: none; text-indent: 0px; text-transform: none; -webkit-text-stroke-width: 0px; white-space: normal; word-spacing: 0px; padding: 0px; margin: 0px;\" /> <br style=\"background-color: transparent; color: #2f2f2f; font-family: Arial,Helvetica,sans-serif; font-size: 12px; font-style: normal; font-variant: normal; font-weight: 400; letter-spacing: normal; orphans: 2; text-align: left; text-decoration: none; text-indent: 0px; text-transform: none; -webkit-text-stroke-width: 0px; white-space: normal; word-spacing: 0px; padding: 0px; margin: 0px;\" /><span style=\"display: inline !important; float: none; background-color: transparent; color: #2f2f2f; font-family: Arial,Helvetica,sans-serif; font-size: 12px; font-style: normal; font-variant: normal; font-weight: 400; letter-spacing: normal; orphans: 2; text-align: left; text-decoration: none; text-indent: 0px; text-transform: none; -webkit-text-stroke-width: 0px; white-space: normal; word-spacing: 0px;\"> Our own line selected for rapid and maximal production. This line produces flies quicker and more flies per culture than the Turkish line. Flies like to hop livening up feeding time. This line is the staple insect for all our frogs.</span></p>'),(108,76,0,29,'<p><span style=\"display: inline !important; float: none; background-color: transparent; color: #2f2f2f; font-family: Arial,Helvetica,sans-serif; font-size: 12px; font-style: normal; font-variant: normal; font-weight: 400; letter-spacing: normal; orphans: 2; text-align: left; text-decoration: none; text-indent: 0px; text-transform: none; -webkit-text-stroke-width: 0px; white-space: normal; word-spacing: 0px;\">32oz \"Jumpy\" Winged Flightless Drosophila Melanogaster. Various culture ages available.</span><br style=\"background-color: transparent; color: #2f2f2f; font-family: Arial,Helvetica,sans-serif; font-size: 12px; font-style: normal; font-variant: normal; font-weight: 400; letter-spacing: normal; orphans: 2; text-align: left; text-decoration: none; text-indent: 0px; text-transform: none; -webkit-text-stroke-width: 0px; white-space: normal; word-spacing: 0px; padding: 0px; margin: 0px;\" /> <br style=\"background-color: transparent; color: #2f2f2f; font-family: Arial,Helvetica,sans-serif; font-size: 12px; font-style: normal; font-variant: normal; font-weight: 400; letter-spacing: normal; orphans: 2; text-align: left; text-decoration: none; text-indent: 0px; text-transform: none; -webkit-text-stroke-width: 0px; white-space: normal; word-spacing: 0px; padding: 0px; margin: 0px;\" /><span style=\"display: inline !important; float: none; background-color: transparent; color: #2f2f2f; font-family: Arial,Helvetica,sans-serif; font-size: 12px; font-style: normal; font-variant: normal; font-weight: 400; letter-spacing: normal; orphans: 2; text-align: left; text-decoration: none; text-indent: 0px; text-transform: none; -webkit-text-stroke-width: 0px; white-space: normal; word-spacing: 0px;\"> Our own line selected for rapid and maximal production. This line produces flies quicker and more flies per culture than the Turkish line. Flies like to hop livening up feeding time. This line is the staple insect for all our frogs.</span></p>'),(109,85,0,29,'Drosophila Melanogaster'),(111,75,0,30,'<p><span style=\"display: inline !important; float: none; background-color: transparent; color: #2f2f2f; font-family: Arial,Helvetica,sans-serif; font-size: 12px; font-style: normal; font-variant: normal; font-weight: 400; letter-spacing: normal; orphans: 2; text-align: left; text-decoration: none; text-indent: 0px; text-transform: none; -webkit-text-stroke-width: 0px; white-space: normal; word-spacing: 0px;\">32oz \"Turkish\" Winged Flightless Drosophila Melanogaster. Various culture ages available.</span><br style=\"background-color: transparent; color: #2f2f2f; font-family: Arial,Helvetica,sans-serif; font-size: 12px; font-style: normal; font-variant: normal; font-weight: 400; letter-spacing: normal; orphans: 2; text-align: left; text-decoration: none; text-indent: 0px; text-transform: none; -webkit-text-stroke-width: 0px; white-space: normal; word-spacing: 0px; padding: 0px; margin: 0px;\" /> <br style=\"background-color: transparent; color: #2f2f2f; font-family: Arial,Helvetica,sans-serif; font-size: 12px; font-style: normal; font-variant: normal; font-weight: 400; letter-spacing: normal; orphans: 2; text-align: left; text-decoration: none; text-indent: 0px; text-transform: none; -webkit-text-stroke-width: 0px; white-space: normal; word-spacing: 0px; padding: 0px; margin: 0px;\" /><span style=\"display: inline !important; float: none; background-color: transparent; color: #2f2f2f; font-family: Arial,Helvetica,sans-serif; font-size: 12px; font-style: normal; font-variant: normal; font-weight: 400; letter-spacing: normal; orphans: 2; text-align: left; text-decoration: none; text-indent: 0px; text-transform: none; -webkit-text-stroke-width: 0px; white-space: normal; word-spacing: 0px;\"> This line is well known for its fast, plentifully production.</span></p>'),(112,76,0,30,'<p><span style=\"display: inline !important; float: none; background-color: transparent; color: #2f2f2f; font-family: Arial,Helvetica,sans-serif; font-size: 12px; font-style: normal; font-variant: normal; font-weight: 400; letter-spacing: normal; orphans: 2; text-align: left; text-decoration: none; text-indent: 0px; text-transform: none; -webkit-text-stroke-width: 0px; white-space: normal; word-spacing: 0px;\">32oz \"Turkish\" Winged Flightless Drosophila Melanogaster. Various culture ages available.</span><br style=\"background-color: transparent; color: #2f2f2f; font-family: Arial,Helvetica,sans-serif; font-size: 12px; font-style: normal; font-variant: normal; font-weight: 400; letter-spacing: normal; orphans: 2; text-align: left; text-decoration: none; text-indent: 0px; text-transform: none; -webkit-text-stroke-width: 0px; white-space: normal; word-spacing: 0px; padding: 0px; margin: 0px;\" /> <br style=\"background-color: transparent; color: #2f2f2f; font-family: Arial,Helvetica,sans-serif; font-size: 12px; font-style: normal; font-variant: normal; font-weight: 400; letter-spacing: normal; orphans: 2; text-align: left; text-decoration: none; text-indent: 0px; text-transform: none; -webkit-text-stroke-width: 0px; white-space: normal; word-spacing: 0px; padding: 0px; margin: 0px;\" /><span style=\"display: inline !important; float: none; background-color: transparent; color: #2f2f2f; font-family: Arial,Helvetica,sans-serif; font-size: 12px; font-style: normal; font-variant: normal; font-weight: 400; letter-spacing: normal; orphans: 2; text-align: left; text-decoration: none; text-indent: 0px; text-transform: none; -webkit-text-stroke-width: 0px; white-space: normal; word-spacing: 0px;\"> This line is well known for its fast, plentifully production.</span></p>'),(113,85,0,30,'32oz  Drosophila Melanogaster'),(115,75,0,31,'<p><span style=\"display: inline !important; float: none; background-color: transparent; color: #2f2f2f; font-family: Arial,Helvetica,sans-serif; font-size: 12px; font-style: normal; font-variant: normal; font-weight: 400; letter-spacing: normal; orphans: 2; text-align: left; text-decoration: none; text-indent: 0px; text-transform: none; -webkit-text-stroke-width: 0px; white-space: normal; word-spacing: 0px;\">Tropical springtails. 16 oz well started cultures.</span></p>'),(116,76,0,31,'<p><span style=\"display: inline !important; float: none; background-color: transparent; color: #2f2f2f; font-family: Arial,Helvetica,sans-serif; font-size: 12px; font-style: normal; font-variant: normal; font-weight: 400; letter-spacing: normal; orphans: 2; text-align: left; text-decoration: none; text-indent: 0px; text-transform: none; -webkit-text-stroke-width: 0px; white-space: normal; word-spacing: 0px;\">Tropical springtails. 16 oz well started cultures.</span></p>'),(119,75,0,32,'<p><span style=\"display: inline !important; float: none; background-color: transparent; color: #2f2f2f; font-family: Arial,Helvetica,sans-serif; font-size: 12px; font-style: normal; font-variant: normal; font-weight: 400; letter-spacing: normal; orphans: 2; text-align: left; text-decoration: none; text-indent: 0px; text-transform: none; -webkit-text-stroke-width: 0px; white-space: normal; word-spacing: 0px;\">Bean Beetles are VERY easy to culture and are an excellent food source for larger frogs such as adult tinctorius and phylobates. See our </span><span style=\"background-color: transparent; color: #0000ff; font-family: Arial,Helvetica,sans-serif; font-size: 12px; font-style: normal; font-variant: normal; font-weight: 400; letter-spacing: normal; orphans: 2; text-align: left; text-decoration: none; text-indent: 0px; text-transform: none; -webkit-text-stroke-width: 0px; white-space: normal; word-spacing: 0px; padding: 0px; margin: 0px;\"><a style=\"color: #1e7ec8; text-decoration: underline; padding: 0px; margin: 0px;\" href=\"https://store.frogsnthings.com/resources.html\"><span style=\"color: #0000ff; padding: 0px; margin: 0px;\">Resource page </span></a></span><span class=\"Strong-C1\" style=\"background-color: transparent; color: #2f2f2f; font-family: Arial,Helvetica,sans-serif; font-size: 12px; font-style: normal; font-variant: normal; font-weight: 400; letter-spacing: normal; orphans: 2; text-align: left; text-decoration: none; text-indent: 0px; text-transform: none; -webkit-text-stroke-width: 0px; white-space: normal; word-spacing: 0px; padding: 0px; margin: 0px;\">for culturing and feeding instructions.</span></p>'),(120,76,0,32,'<p><span style=\"background-color: transparent; color: #2f2f2f; display: inline; float: none; font-family: Arial,Helvetica,sans-serif; font-size: 12px; font-style: normal; font-variant: normal; font-weight: 400; letter-spacing: normal; orphans: 2; text-align: left; text-decoration: none; text-indent: 0px; text-transform: none; -webkit-text-stroke-width: 0px; white-space: normal; word-spacing: 0px;\">Bean Beetles are VERY easy to culture and are an excellent food source for larger frogs such as adult tinctorius and phylobates. See our </span><span style=\"background-color: transparent; color: #0000ff; font-family: Arial,Helvetica,sans-serif; font-size: 12px; font-style: normal; font-variant: normal; font-weight: 400; letter-spacing: normal; orphans: 2; text-align: left; text-decoration: none; text-indent: 0px; text-transform: none; -webkit-text-stroke-width: 0px; white-space: normal; word-spacing: 0px; padding: 0px; margin: 0px;\"><a style=\"color: #1e7ec8; text-decoration: underline; padding: 0px; margin: 0px;\" href=\"https://store.frogsnthings.com/resources.html\"><span style=\"color: #0000ff; padding: 0px; margin: 0px;\">Resource page </span></a></span><span class=\"Strong-C1\" style=\"background-color: transparent; color: #2f2f2f; font-family: Arial,Helvetica,sans-serif; font-size: 12px; font-style: normal; font-variant: normal; font-weight: 400; letter-spacing: normal; orphans: 2; text-align: left; text-decoration: none; text-indent: 0px; text-transform: none; -webkit-text-stroke-width: 0px; white-space: normal; word-spacing: 0px; padding: 0px; margin: 0px;\">for culturing and feeding instructions</span><span style=\"display: inline !important; float: none; background-color: transparent; color: #2f2f2f; font-family: Arial,Helvetica,sans-serif; font-size: 12px; font-style: normal; font-variant: normal; font-weight: 400; letter-spacing: normal; orphans: 2; text-align: left; text-decoration: none; text-indent: 0px; text-transform: none; -webkit-text-stroke-width: 0px; white-space: normal; word-spacing: 0px;\">.</span></p>'),(123,75,0,33,'<p><span style=\"display: inline !important; float: none; background-color: transparent; color: #2f2f2f; font-family: Arial,Helvetica,sans-serif; font-size: 12px; font-style: normal; font-variant: normal; font-weight: 400; letter-spacing: normal; orphans: 2; text-align: left; text-decoration: none; text-indent: 0px; text-transform: none; -webkit-text-stroke-width: 0px; white-space: normal; word-spacing: 0px;\">Isopods are an excellent supplemental food source. Juveniles are very small and great for newly hatched froglets or thumbs. Dwarf striped gray adults are ~4mm and are valued for cleaning up debris in the terrarium. </span></p>'),(124,76,0,33,'<p><span style=\"display: inline !important; float: none; background-color: transparent; color: #2f2f2f; font-family: Arial,Helvetica,sans-serif; font-size: 12px; font-style: normal; font-variant: normal; font-weight: 400; letter-spacing: normal; orphans: 2; text-align: left; text-decoration: none; text-indent: 0px; text-transform: none; -webkit-text-stroke-width: 0px; white-space: normal; word-spacing: 0px;\">Dwarf striped gray isopods. 32 oz well started cultures.</span></p>'),(127,75,0,34,'<p><span style=\"display: inline !important; float: none; background-color: transparent; color: #2f2f2f; font-family: Arial,Helvetica,sans-serif; font-size: 12px; font-style: normal; font-variant: normal; font-weight: 400; letter-spacing: normal; orphans: 2; text-align: left; text-decoration: none; text-indent: 0px; text-transform: none; -webkit-text-stroke-width: 0px; white-space: normal; word-spacing: 0px;\">Isopods are an excellent supplemental food source. Juveniles are very small and great for newly hatched froglets or thumbs. Dwarf white adults are ~3mm and are valued for cleaning up debris in the terrarium. </span></p>'),(128,76,0,34,'<p><span style=\"display: inline !important; float: none; background-color: transparent; color: #2f2f2f; font-family: Arial,Helvetica,sans-serif; font-size: 12px; font-style: normal; font-variant: normal; font-weight: 400; letter-spacing: normal; orphans: 2; text-align: left; text-decoration: none; text-indent: 0px; text-transform: none; -webkit-text-stroke-width: 0px; white-space: normal; word-spacing: 0px;\">Dwarf white gray isopods. 32 oz well started cultures.</span></p>'),(131,75,0,35,'<p><span style=\"display: inline !important; float: none; background-color: transparent; color: #2f2f2f; font-family: Arial,Helvetica,sans-serif; font-size: 12px; font-style: normal; font-variant: normal; font-weight: 400; letter-spacing: normal; orphans: 2; text-align: left; text-decoration: none; text-indent: 0px; text-transform: none; -webkit-text-stroke-width: 0px; white-space: normal; word-spacing: 0px;\">Isopods are an excellent supplemental food source. Juveniles are very small and great for newly hatched froglets or thumbs. Blue giant adults are ~8mm and are valued for cleaning up debris in the terrarium. </span></p>'),(132,76,0,35,'<p><span style=\"display: inline !important; float: none; background-color: transparent; color: #2f2f2f; font-family: Arial,Helvetica,sans-serif; font-size: 12px; font-style: normal; font-variant: normal; font-weight: 400; letter-spacing: normal; orphans: 2; text-align: left; text-decoration: none; text-indent: 0px; text-transform: none; -webkit-text-stroke-width: 0px; white-space: normal; word-spacing: 0px;\">Blue giant </span><span style=\"display: inline !important; float: none; background-color: transparent; color: #2f2f2f; font-family: Arial,Helvetica,sans-serif; font-size: 12px; font-style: normal; font-variant: normal; font-weight: 400; letter-spacing: normal; orphans: 2; text-align: left; text-decoration: none; text-indent: 0px; text-transform: none; -webkit-text-stroke-width: 0px; white-space: normal; word-spacing: 0px;\">isopods. 32 oz well started cultures.</span></p>'),(135,75,0,36,'<p><span style=\"display: inline !important; float: none; background-color: transparent; color: #2f2f2f; font-family: Arial,Helvetica,sans-serif; font-size: 12px; font-style: normal; font-variant: normal; font-weight: 400; letter-spacing: normal; orphans: 2; text-align: left; text-decoration: none; text-indent: 0px; text-transform: none; -webkit-text-stroke-width: 0px; white-space: normal; word-spacing: 0px;\">32oz \"Turkish\" Winged Flightless Drosophila Melanogaster. Various culture ages available.</span><br style=\"background-color: transparent; color: #2f2f2f; font-family: Arial,Helvetica,sans-serif; font-size: 12px; font-style: normal; font-variant: normal; font-weight: 400; letter-spacing: normal; orphans: 2; text-align: left; text-decoration: none; text-indent: 0px; text-transform: none; -webkit-text-stroke-width: 0px; white-space: normal; word-spacing: 0px; padding: 0px; margin: 0px;\" /> <br style=\"background-color: transparent; color: #2f2f2f; font-family: Arial,Helvetica,sans-serif; font-size: 12px; font-style: normal; font-variant: normal; font-weight: 400; letter-spacing: normal; orphans: 2; text-align: left; text-decoration: none; text-indent: 0px; text-transform: none; -webkit-text-stroke-width: 0px; white-space: normal; word-spacing: 0px; padding: 0px; margin: 0px;\" /><span style=\"display: inline !important; float: none; background-color: transparent; color: #2f2f2f; font-family: Arial,Helvetica,sans-serif; font-size: 12px; font-style: normal; font-variant: normal; font-weight: 400; letter-spacing: normal; orphans: 2; text-align: left; text-decoration: none; text-indent: 0px; text-transform: none; -webkit-text-stroke-width: 0px; white-space: normal; word-spacing: 0px;\"> Smaller than winged varieties, a good choice for newly hatched frogFruit Fly Starter Kit - $5 savings over individually purchased items. Our fly starter kits are designed to get you up and running with fly production. No need to get flies before you buy frogs. Simply add one of these kits to your frog purchase and you are good to go!<br style=\"background-color: transparent; color: #2f2f2f; font-family: Arial,Helvetica,sans-serif; font-size: 12px; font-style: normal; font-variant: normal; font-weight: 400; letter-spacing: normal; orphans: 2; text-align: left; text-decoration: none; text-indent: 0px; text-transform: none; -webkit-text-stroke-width: 0px; white-space: normal; word-spacing: 0px; padding: 0px; margin: 0px;\" /> <br style=\"background-color: transparent; color: #2f2f2f; font-family: Arial,Helvetica,sans-serif; font-size: 12px; font-style: normal; font-variant: normal; font-weight: 400; letter-spacing: normal; orphans: 2; text-align: left; text-decoration: none; text-indent: 0px; text-transform: none; -webkit-text-stroke-width: 0px; white-space: normal; word-spacing: 0px; padding: 0px; margin: 0px;\" /> Includes all of the following:<br style=\"background-color: transparent; color: #2f2f2f; font-family: Arial,Helvetica,sans-serif; font-size: 12px; font-style: normal; font-variant: normal; font-weight: 400; letter-spacing: normal; orphans: 2; text-align: left; text-decoration: none; text-indent: 0px; text-transform: none; -webkit-text-stroke-width: 0px; white-space: normal; word-spacing: 0px; padding: 0px; margin: 0px;\" /> One 0-6 day old 32 Oz culture<br style=\"background-color: transparent; color: #2f2f2f; font-family: Arial,Helvetica,sans-serif; font-size: 12px; font-style: normal; font-variant: normal; font-weight: 400; letter-spacing: normal; orphans: 2; text-align: left; text-decoration: none; text-indent: 0px; text-transform: none; -webkit-text-stroke-width: 0px; white-space: normal; word-spacing: 0px; padding: 0px; margin: 0px;\" /> One 7-10 day old 32 Oz culture<br style=\"background-color: transparent; color: #2f2f2f; font-family: Arial,Helvetica,sans-serif; font-size: 12px; font-style: normal; font-variant: normal; font-weight: 400; letter-spacing: normal; orphans: 2; text-align: left; text-decoration: none; text-indent: 0px; text-transform: none; -webkit-text-stroke-width: 0px; white-space: normal; word-spacing: 0px; padding: 0px; margin: 0px;\" /> One 11-14 day old ready-to-feed 32 oz culture<br style=\"background-color: transparent; color: #2f2f2f; font-family: Arial,Helvetica,sans-serif; font-size: 12px; font-style: normal; font-variant: normal; font-weight: 400; letter-spacing: normal; orphans: 2; text-align: left; text-decoration: none; text-indent: 0px; text-transform: none; -webkit-text-stroke-width: 0px; white-space: normal; word-spacing: 0px; padding: 0px; margin: 0px;\" /> One quart FNT\'s optimized culture media <br style=\"background-color: transparent; color: #2f2f2f; font-family: Arial,Helvetica,sans-serif; font-size: 12px; font-style: normal; font-variant: normal; font-weight: 400; letter-spacing: normal; orphans: 2; text-align: left; text-decoration: none; text-indent: 0px; text-transform: none; -webkit-text-stroke-width: 0px; white-space: normal; word-spacing: 0px; padding: 0px; margin: 0px;\" /> Five 32 Oz Insect Culture Containers<br style=\"background-color: transparent; color: #2f2f2f; font-family: Arial,Helvetica,sans-serif; font-size: 12px; font-style: normal; font-variant: normal; font-weight: 400; letter-spacing: normal; orphans: 2; text-align: left; text-decoration: none; text-indent: 0px; text-transform: none; -webkit-text-stroke-width: 0px; white-space: normal; word-spacing: 0px; padding: 0px; margin: 0px;\" /> <br style=\"background-color: transparent; color: #2f2f2f; font-family: Arial,Helvetica,sans-serif; font-size: 12px; font-style: normal; font-variant: normal; font-weight: 400; letter-spacing: normal; orphans: 2; text-align: left; text-decoration: none; text-indent: 0px; text-transform: none; -webkit-text-stroke-width: 0px; white-space: normal; word-spacing: 0px; padding: 0px; margin: 0px;\" /> Smaller than winged varieties, \"Golden Delicious\" melanos are a good choice for newly hatched froglets.lets.</span></p>');
INSERT INTO `mz0b_catalog_product_entity_text` VALUES (136,76,0,36,'<p><span style=\"display: inline !important; float: none; background-color: transparent; color: #2f2f2f; font-family: Arial,Helvetica,sans-serif; font-size: 12px; font-style: normal; font-variant: normal; font-weight: 400; letter-spacing: normal; orphans: 2; text-align: left; text-decoration: none; text-indent: 0px; text-transform: none; -webkit-text-stroke-width: 0px; white-space: normal; word-spacing: 0px;\">Fruit Fly Starter Kit - $5 savings over individually purchased items. Our fly starter kits are designed to get you up and running with fly production. No need to get flies before you buy frogs. Simply add one of these kits to your frog purchase and you are good to go!</span><br style=\"background-color: transparent; color: #2f2f2f; font-family: Arial,Helvetica,sans-serif; font-size: 12px; font-style: normal; font-variant: normal; font-weight: 400; letter-spacing: normal; orphans: 2; text-align: left; text-decoration: none; text-indent: 0px; text-transform: none; -webkit-text-stroke-width: 0px; white-space: normal; word-spacing: 0px; padding: 0px; margin: 0px;\" /> <br style=\"background-color: transparent; color: #2f2f2f; font-family: Arial,Helvetica,sans-serif; font-size: 12px; font-style: normal; font-variant: normal; font-weight: 400; letter-spacing: normal; orphans: 2; text-align: left; text-decoration: none; text-indent: 0px; text-transform: none; -webkit-text-stroke-width: 0px; white-space: normal; word-spacing: 0px; padding: 0px; margin: 0px;\" /><span style=\"display: inline !important; float: none; background-color: transparent; color: #2f2f2f; font-family: Arial,Helvetica,sans-serif; font-size: 12px; font-style: normal; font-variant: normal; font-weight: 400; letter-spacing: normal; orphans: 2; text-align: left; text-decoration: none; text-indent: 0px; text-transform: none; -webkit-text-stroke-width: 0px; white-space: normal; word-spacing: 0px;\">Smaller than winged varieties, \"Golden Delicious\" melanos are a good choice for newly hatched froglets.</span></p>'),(137,85,0,36,NULL),(139,75,0,37,'<p><span style=\"display: inline !important; float: none; background-color: transparent; color: #2f2f2f; font-family: Arial,Helvetica,sans-serif; font-size: 12px; font-style: normal; font-variant: normal; font-weight: 400; letter-spacing: normal; orphans: 2; text-align: left; text-decoration: none; text-indent: 0px; text-transform: none; -webkit-text-stroke-width: 0px; white-space: normal; word-spacing: 0px;\">Fruit Fly Starter Kit - $5 savings over individually purchased items. Our fly starter kits are designed to get you up and running with fly production. No need to get flies before you buy frogs. Simply add one of these kits to your frog purchase and you are good to go!</span><br style=\"background-color: transparent; color: #2f2f2f; font-family: Arial,Helvetica,sans-serif; font-size: 12px; font-style: normal; font-variant: normal; font-weight: 400; letter-spacing: normal; orphans: 2; text-align: left; text-decoration: none; text-indent: 0px; text-transform: none; -webkit-text-stroke-width: 0px; white-space: normal; word-spacing: 0px; padding: 0px; margin: 0px;\" /> <br style=\"background-color: transparent; color: #2f2f2f; font-family: Arial,Helvetica,sans-serif; font-size: 12px; font-style: normal; font-variant: normal; font-weight: 400; letter-spacing: normal; orphans: 2; text-align: left; text-decoration: none; text-indent: 0px; text-transform: none; -webkit-text-stroke-width: 0px; white-space: normal; word-spacing: 0px; padding: 0px; margin: 0px;\" /><span style=\"display: inline !important; float: none; background-color: transparent; color: #2f2f2f; font-family: Arial,Helvetica,sans-serif; font-size: 12px; font-style: normal; font-variant: normal; font-weight: 400; letter-spacing: normal; orphans: 2; text-align: left; text-decoration: none; text-indent: 0px; text-transform: none; -webkit-text-stroke-width: 0px; white-space: normal; word-spacing: 0px;\"> Includes all of the following:</span><br style=\"background-color: transparent; color: #2f2f2f; font-family: Arial,Helvetica,sans-serif; font-size: 12px; font-style: normal; font-variant: normal; font-weight: 400; letter-spacing: normal; orphans: 2; text-align: left; text-decoration: none; text-indent: 0px; text-transform: none; -webkit-text-stroke-width: 0px; white-space: normal; word-spacing: 0px; padding: 0px; margin: 0px;\" /><span style=\"display: inline !important; float: none; background-color: transparent; color: #2f2f2f; font-family: Arial,Helvetica,sans-serif; font-size: 12px; font-style: normal; font-variant: normal; font-weight: 400; letter-spacing: normal; orphans: 2; text-align: left; text-decoration: none; text-indent: 0px; text-transform: none; -webkit-text-stroke-width: 0px; white-space: normal; word-spacing: 0px;\"> One 0-6 day old 32 Oz culture</span><br style=\"background-color: transparent; color: #2f2f2f; font-family: Arial,Helvetica,sans-serif; font-size: 12px; font-style: normal; font-variant: normal; font-weight: 400; letter-spacing: normal; orphans: 2; text-align: left; text-decoration: none; text-indent: 0px; text-transform: none; -webkit-text-stroke-width: 0px; white-space: normal; word-spacing: 0px; padding: 0px; margin: 0px;\" /><span style=\"display: inline !important; float: none; background-color: transparent; color: #2f2f2f; font-family: Arial,Helvetica,sans-serif; font-size: 12px; font-style: normal; font-variant: normal; font-weight: 400; letter-spacing: normal; orphans: 2; text-align: left; text-decoration: none; text-indent: 0px; text-transform: none; -webkit-text-stroke-width: 0px; white-space: normal; word-spacing: 0px;\"> One 7-10 day old 32 Oz culture</span><br style=\"background-color: transparent; color: #2f2f2f; font-family: Arial,Helvetica,sans-serif; font-size: 12px; font-style: normal; font-variant: normal; font-weight: 400; letter-spacing: normal; orphans: 2; text-align: left; text-decoration: none; text-indent: 0px; text-transform: none; -webkit-text-stroke-width: 0px; white-space: normal; word-spacing: 0px; padding: 0px; margin: 0px;\" /><span style=\"display: inline !important; float: none; background-color: transparent; color: #2f2f2f; font-family: Arial,Helvetica,sans-serif; font-size: 12px; font-style: normal; font-variant: normal; font-weight: 400; letter-spacing: normal; orphans: 2; text-align: left; text-decoration: none; text-indent: 0px; text-transform: none; -webkit-text-stroke-width: 0px; white-space: normal; word-spacing: 0px;\"> One 11-14 day old ready-to-feed 32 oz culture</span><br style=\"background-color: transparent; color: #2f2f2f; font-family: Arial,Helvetica,sans-serif; font-size: 12px; font-style: normal; font-variant: normal; font-weight: 400; letter-spacing: normal; orphans: 2; text-align: left; text-decoration: none; text-indent: 0px; text-transform: none; -webkit-text-stroke-width: 0px; white-space: normal; word-spacing: 0px; padding: 0px; margin: 0px;\" /><span style=\"display: inline !important; float: none; background-color: transparent; color: #2f2f2f; font-family: Arial,Helvetica,sans-serif; font-size: 12px; font-style: normal; font-variant: normal; font-weight: 400; letter-spacing: normal; orphans: 2; text-align: left; text-decoration: none; text-indent: 0px; text-transform: none; -webkit-text-stroke-width: 0px; white-space: normal; word-spacing: 0px;\"> One quart FNT\'s optimized culture media </span><br style=\"background-color: transparent; color: #2f2f2f; font-family: Arial,Helvetica,sans-serif; font-size: 12px; font-style: normal; font-variant: normal; font-weight: 400; letter-spacing: normal; orphans: 2; text-align: left; text-decoration: none; text-indent: 0px; text-transform: none; -webkit-text-stroke-width: 0px; white-space: normal; word-spacing: 0px; padding: 0px; margin: 0px;\" /><span style=\"display: inline !important; float: none; background-color: transparent; color: #2f2f2f; font-family: Arial,Helvetica,sans-serif; font-size: 12px; font-style: normal; font-variant: normal; font-weight: 400; letter-spacing: normal; orphans: 2; text-align: left; text-decoration: none; text-indent: 0px; text-transform: none; -webkit-text-stroke-width: 0px; white-space: normal; word-spacing: 0px;\"> Five 32 Oz Insect Culture Containers</span><br style=\"background-color: transparent; color: #2f2f2f; font-family: Arial,Helvetica,sans-serif; font-size: 12px; font-style: normal; font-variant: normal; font-weight: 400; letter-spacing: normal; orphans: 2; text-align: left; text-decoration: none; text-indent: 0px; text-transform: none; -webkit-text-stroke-width: 0px; white-space: normal; word-spacing: 0px; padding: 0px; margin: 0px;\" /> <br style=\"background-color: transparent; color: #2f2f2f; font-family: Arial,Helvetica,sans-serif; font-size: 12px; font-style: normal; font-variant: normal; font-weight: 400; letter-spacing: normal; orphans: 2; text-align: left; text-decoration: none; text-indent: 0px; text-transform: none; -webkit-text-stroke-width: 0px; white-space: normal; word-spacing: 0px; padding: 0px; margin: 0px;\" /><span style=\"display: inline !important; float: none; background-color: transparent; color: #2f2f2f; font-family: Arial,Helvetica,sans-serif; font-size: 12px; font-style: normal; font-variant: normal; font-weight: 400; letter-spacing: normal; orphans: 2; text-align: left; text-decoration: none; text-indent: 0px; text-transform: none; -webkit-text-stroke-width: 0px; white-space: normal; word-spacing: 0px;\"> This line is well known for its fast, plentifully production.</span></p>'),(140,76,0,37,'<p><span style=\"display: inline !important; float: none; background-color: transparent; color: #2f2f2f; font-family: Arial,Helvetica,sans-serif; font-size: 12px; font-style: normal; font-variant: normal; font-weight: 400; letter-spacing: normal; orphans: 2; text-align: left; text-decoration: none; text-indent: 0px; text-transform: none; -webkit-text-stroke-width: 0px; white-space: normal; word-spacing: 0px;\">Fruit Fly Starter Kit - $5 savings over individually purchased items. Our fly starter kits are designed to get you up and running with fly production. No need to get flies before you buy frogs. Simply add one of these kits to your frog purchase and you are good to go!</span><br style=\"background-color: transparent; color: #2f2f2f; font-family: Arial,Helvetica,sans-serif; font-size: 12px; font-style: normal; font-variant: normal; font-weight: 400; letter-spacing: normal; orphans: 2; text-align: left; text-decoration: none; text-indent: 0px; text-transform: none; -webkit-text-stroke-width: 0px; white-space: normal; word-spacing: 0px; padding: 0px; margin: 0px;\" /> <br style=\"background-color: transparent; color: #2f2f2f; font-family: Arial,Helvetica,sans-serif; font-size: 12px; font-style: normal; font-variant: normal; font-weight: 400; letter-spacing: normal; orphans: 2; text-align: left; text-decoration: none; text-indent: 0px; text-transform: none; -webkit-text-stroke-width: 0px; white-space: normal; word-spacing: 0px; padding: 0px; margin: 0px;\" /><span style=\"display: inline !important; float: none; background-color: transparent; color: #2f2f2f; font-family: Arial,Helvetica,sans-serif; font-size: 12px; font-style: normal; font-variant: normal; font-weight: 400; letter-spacing: normal; orphans: 2; text-align: left; text-decoration: none; text-indent: 0px; text-transform: none; -webkit-text-stroke-width: 0px; white-space: normal; word-spacing: 0px;\">This line is well known for its fast, plentifully production.</span></p>'),(141,85,0,37,NULL),(143,75,0,38,'<p><span style=\"display: inline !important; float: none; background-color: transparent; color: #2f2f2f; font-family: Arial,Helvetica,sans-serif; font-size: 12px; font-style: normal; font-variant: normal; font-weight: 400; letter-spacing: normal; orphans: 2; text-align: left; text-decoration: none; text-indent: 0px; text-transform: none; -webkit-text-stroke-width: 0px; white-space: normal; word-spacing: 0px;\">3Fruit Fly Starter Kit - $5 savings over individually purchased items. Our fly starter kits are designed to get you up and running with fly production. No need to get flies before you buy frogs. Simply add one of these kits to your frog purchase and you are good to go!<br style=\"background-color: transparent; color: #2f2f2f; font-family: Arial,Helvetica,sans-serif; font-size: 12px; font-style: normal; font-variant: normal; font-weight: 400; letter-spacing: normal; orphans: 2; text-align: left; text-decoration: none; text-indent: 0px; text-transform: none; -webkit-text-stroke-width: 0px; white-space: normal; word-spacing: 0px; padding: 0px; margin: 0px;\" /> <br style=\"background-color: transparent; color: #2f2f2f; font-family: Arial,Helvetica,sans-serif; font-size: 12px; font-style: normal; font-variant: normal; font-weight: 400; letter-spacing: normal; orphans: 2; text-align: left; text-decoration: none; text-indent: 0px; text-transform: none; -webkit-text-stroke-width: 0px; white-space: normal; word-spacing: 0px; padding: 0px; margin: 0px;\" /> Includes all of the following:<br style=\"background-color: transparent; color: #2f2f2f; font-family: Arial,Helvetica,sans-serif; font-size: 12px; font-style: normal; font-variant: normal; font-weight: 400; letter-spacing: normal; orphans: 2; text-align: left; text-decoration: none; text-indent: 0px; text-transform: none; -webkit-text-stroke-width: 0px; white-space: normal; word-spacing: 0px; padding: 0px; margin: 0px;\" /> One 0-6 day old 32 Oz culture<br style=\"background-color: transparent; color: #2f2f2f; font-family: Arial,Helvetica,sans-serif; font-size: 12px; font-style: normal; font-variant: normal; font-weight: 400; letter-spacing: normal; orphans: 2; text-align: left; text-decoration: none; text-indent: 0px; text-transform: none; -webkit-text-stroke-width: 0px; white-space: normal; word-spacing: 0px; padding: 0px; margin: 0px;\" /> One 7-10 day old 32 Oz culture<br style=\"background-color: transparent; color: #2f2f2f; font-family: Arial,Helvetica,sans-serif; font-size: 12px; font-style: normal; font-variant: normal; font-weight: 400; letter-spacing: normal; orphans: 2; text-align: left; text-decoration: none; text-indent: 0px; text-transform: none; -webkit-text-stroke-width: 0px; white-space: normal; word-spacing: 0px; padding: 0px; margin: 0px;\" /> One 11-14 day old ready-to-feed 32 oz culture<br style=\"background-color: transparent; color: #2f2f2f; font-family: Arial,Helvetica,sans-serif; font-size: 12px; font-style: normal; font-variant: normal; font-weight: 400; letter-spacing: normal; orphans: 2; text-align: left; text-decoration: none; text-indent: 0px; text-transform: none; -webkit-text-stroke-width: 0px; white-space: normal; word-spacing: 0px; padding: 0px; margin: 0px;\" /> One quart FNT\'s optimized culture media <br style=\"background-color: transparent; color: #2f2f2f; font-family: Arial,Helvetica,sans-serif; font-size: 12px; font-style: normal; font-variant: normal; font-weight: 400; letter-spacing: normal; orphans: 2; text-align: left; text-decoration: none; text-indent: 0px; text-transform: none; -webkit-text-stroke-width: 0px; white-space: normal; word-spacing: 0px; padding: 0px; margin: 0px;\" /> Five 32 Oz Insect Culture Containers<br style=\"background-color: transparent; color: #2f2f2f; font-family: Arial,Helvetica,sans-serif; font-size: 12px; font-style: normal; font-variant: normal; font-weight: 400; letter-spacing: normal; orphans: 2; text-align: left; text-decoration: none; text-indent: 0px; text-transform: none; -webkit-text-stroke-width: 0px; white-space: normal; word-spacing: 0px; padding: 0px; margin: 0px;\" /> <br style=\"background-color: transparent; color: #2f2f2f; font-family: Arial,Helvetica,sans-serif; font-size: 12px; font-style: normal; font-variant: normal; font-weight: 400; letter-spacing: normal; orphans: 2; text-align: left; text-decoration: none; text-indent: 0px; text-transform: none; -webkit-text-stroke-width: 0px; white-space: normal; word-spacing: 0px; padding: 0px; margin: 0px;\" /> Our own line selected for rapid and maximal production. This line produces flies quicker and more flies per culture than the Turkish line. Flies like to hop livening up feeding time. This line is the staple insect for all our frogs.</span></p>'),(144,76,0,38,'<p><span style=\"display: inline !important; float: none; background-color: transparent; color: #2f2f2f; font-family: Arial,Helvetica,sans-serif; font-size: 12px; font-style: normal; font-variant: normal; font-weight: 400; letter-spacing: normal; orphans: 2; text-align: left; text-decoration: none; text-indent: 0px; text-transform: none; -webkit-text-stroke-width: 0px; white-space: normal; word-spacing: 0px;\">Fruit Fly Starter Kit - $5 savings over individually purchased items. Our fly starter kits are designed to get you up and running with fly production. No need to get flies before you buy frogs. Simply add one of these kits to your frog purchase and you are good to go!</span><br style=\"background-color: transparent; color: #2f2f2f; font-family: Arial,Helvetica,sans-serif; font-size: 12px; font-style: normal; font-variant: normal; font-weight: 400; letter-spacing: normal; orphans: 2; text-align: left; text-decoration: none; text-indent: 0px; text-transform: none; -webkit-text-stroke-width: 0px; white-space: normal; word-spacing: 0px; padding: 0px; margin: 0px;\" /><br style=\"background-color: transparent; color: #2f2f2f; font-family: Arial,Helvetica,sans-serif; font-size: 12px; font-style: normal; font-variant: normal; font-weight: 400; letter-spacing: normal; orphans: 2; text-align: left; text-decoration: none; text-indent: 0px; text-transform: none; -webkit-text-stroke-width: 0px; white-space: normal; word-spacing: 0px; padding: 0px; margin: 0px;\" /><span style=\"display: inline !important; float: none; background-color: transparent; color: #2f2f2f; font-family: Arial,Helvetica,sans-serif; font-size: 12px; font-style: normal; font-variant: normal; font-weight: 400; letter-spacing: normal; orphans: 2; text-align: left; text-decoration: none; text-indent: 0px; text-transform: none; -webkit-text-stroke-width: 0px; white-space: normal; word-spacing: 0px;\"> Our own line selected for rapid and maximal production. This line produces flies quicker and more flies per culture than the Turkish line. Flies like to hop livening up feeding time. This line is the staple insect for all our frogs.</span></p>'),(145,85,0,38,'32oz \"Golden Delicious\" Wingless Drosophila Melanogaster'),(147,75,0,39,'<p><span style=\"display: inline !important; float: none; background-color: transparent; color: #2f2f2f; font-family: Arial,Helvetica,sans-serif; font-size: 12px; font-style: normal; font-variant: normal; font-weight: 400; letter-spacing: normal; orphans: 2; text-align: left; text-decoration: none; text-indent: 0px; text-transform: none; -webkit-text-stroke-width: 0px; white-space: normal; word-spacing: 0px;\">Morning Wood Arthropod Food Xylivore Gel Premix Arthropods love Morning Wood as a complete food source. INGREDIENTS: Cellulose Powder, Dried Seaweed Meal, Alfalfa Leaf Meal, Spirulina Algae, Rice Protein Concentrate, Pea Protein Isolate, Stabilized Rice Bran, Dried Brewer’s Yeast, Dried Kelp, Stinging Nettle, Locust Bean Gum, Calcium Carbonate, Potassium Citrate, Malic Acid, Taurine, Garlic, Watermelon, RoseHips, Hibiscus Flower, Calendula Flower, Marigold Flower, Paprika, Turmeric, Salt, Calcium Propionate and Potassium Sorbate (as preservatives), Magnesium Amino Acid Chelate, Zinc Methionine Hydroxy Analogue Chelate, Manganese Methionine Hydroxy Analogue Chelate, Copper Methionine Hydroxy Analogue Chelate, Selenium Yeast. Vitamins: (Vitamin A Supplement, Vitamin D Supplement, Choline Chloride, Calcium L-Ascorbyl-2-Monophosphate, Vitamin E Supplement, Niacin, Beta Carotene, Pantothenic Acid, Riboflavin, Pyridoxine Hydrochloride, Thiamine Mononitrate, Folic Acid, Biotin, Vitamin B-12 Supplement, Menadione Sodium Bisulfite Complex). Guaranteed Analysis: Crude Protein min. 20%, Crude Fat min. 3%, Crude Fat max. 5%, Crude Fiber max. 50%, Moisture max. 8%, Ash max. 15%. DIRECTIONS: To prepare one cup of product, add ¼ cup of powder into ¾ cup of cold water and stir until blended. Microwave until it starts to boil (typically 2-3 minutes), remove and stir. Alternatively, bring water to a boil on stove, remove from heat, and stir in powder. Immediately pour into a storage container or mold, and let sit at room temp until firm. The finished gel can be cut into cubes, shredded, or used as a whole slab. Whatever is not used immediately should be treated as fresh food. It can be stored sealed in refrigerator for up to two weeks, and in freezer for up to six months. To adjust firmness of gel, use more or less water as desired. Refrigeration will extend freshness NOT FOR HUMAN CONSUMPTION </span></p>'),(148,76,0,39,'<p><span style=\"display: inline !important; float: none; background-color: transparent; color: #2f2f2f; font-family: Arial,Helvetica,sans-serif; font-size: 12px; font-style: normal; font-variant: normal; font-weight: 400; letter-spacing: normal; orphans: 2; text-align: left; text-decoration: none; text-indent: 0px; text-transform: none; -webkit-text-stroke-width: 0px; white-space: normal; word-spacing: 0px;\">Arthropods love Morning Wood as a complete food source. </span></p>'),(149,85,0,39,NULL),(151,75,0,40,'<p><span style=\"display: inline !important; float: none; background-color: transparent; color: #2f2f2f; font-family: Arial,Helvetica,sans-serif; font-size: 12px; font-style: normal; font-variant: normal; font-weight: 400; letter-spacing: normal; orphans: 2; text-align: left; text-decoration: none; text-indent: 0px; text-transform: none; -webkit-text-stroke-width: 0px; white-space: normal; word-spacing: 0px;\">Morning Wood Arthropod Food Xylivore Gel Premix Arthropods love Morning Wood as a complete food source. INGREDIENTS: Cellulose Powder, Dried Seaweed Meal, Alfalfa Leaf Meal, Spirulina Algae, Rice Protein Concentrate, Pea Protein Isolate, Stabilized Rice Bran, Dried Brewer’s Yeast, Dried Kelp, Stinging Nettle, Locust Bean Gum, Calcium Carbonate, Potassium Citrate, Malic Acid, Taurine, Garlic, Watermelon, RoseHips, Hibiscus Flower, Calendula Flower, Marigold Flower, Paprika, Turmeric, Salt, Calcium Propionate and Potassium Sorbate (as preservatives), Magnesium Amino Acid Chelate, Zinc Methionine Hydroxy Analogue Chelate, Manganese Methionine Hydroxy Analogue Chelate, Copper Methionine Hydroxy Analogue Chelate, Selenium Yeast. Vitamins: (Vitamin A Supplement, Vitamin D Supplement, Choline Chloride, Calcium L-Ascorbyl-2-Monophosphate, Vitamin E Supplement, Niacin, Beta Carotene, Pantothenic Acid, Riboflavin, Pyridoxine Hydrochloride, Thiamine Mononitrate, Folic Acid, Biotin, Vitamin B-12 Supplement, Menadione Sodium Bisulfite Complex). Guaranteed Analysis: Crude Protein min. 20%, Crude Fat min. 3%, Crude Fat max. 5%, Crude Fiber max. 50%, Moisture max. 8%, Ash max. 15%. DIRECTIONS: To prepare one cup of product, add ¼ cup of powder into ¾ cup of cold water and stir until blended. Microwave until it starts to boil (typically 2-3 minutes), remove and stir. Alternatively, bring water to a boil on stove, remove from heat, and stir in powder. Immediately pour into a storage container or mold, and let sit at room temp until firm. The finished gel can be cut into cubes, shredded, or used as a whole slab. Whatever is not used immediately should be treated as fresh food. It can be stored sealed in refrigerator for up to two weeks, and in freezer for up to six months. To adjust firmness of gel, use more or less water as desired. Refrigeration will extend freshness NOT FOR HUMAN CONSUMPTION </span></p>'),(152,76,0,40,'<p><span style=\"display: inline !important; float: none; background-color: transparent; color: #2f2f2f; font-family: Arial,Helvetica,sans-serif; font-size: 12px; font-style: normal; font-variant: normal; font-weight: 400; letter-spacing: normal; orphans: 2; text-align: left; text-decoration: none; text-indent: 0px; text-transform: none; -webkit-text-stroke-width: 0px; white-space: normal; word-spacing: 0px;\">Arthropods love Morning Wood as a complete food source. </span></p>'),(153,85,0,40,NULL),(155,75,0,41,'<p>A<span style=\"display: inline !important; float: none; background-color: transparent; color: #2f2f2f; font-family: Arial,Helvetica,sans-serif; font-size: 12px; font-style: normal; font-variant: normal; font-weight: 400; letter-spacing: normal; orphans: 2; text-align: left; text-decoration: none; text-indent: 0px; text-transform: none; -webkit-text-stroke-width: 0px; white-space: normal; word-spacing: 0px;\">n all natural and easy to use complete diet for culturing springtails. It provides carbohydrates, trace minerals and proteins that are essential to the growth and production of springtails. It\'s powder form allows for maximum springtail production. </span></p>'),(156,76,0,41,'<p>A<span style=\"display: inline !important; float: none; background-color: transparent; color: #2f2f2f; font-family: Arial,Helvetica,sans-serif; font-size: 12px; font-style: normal; font-variant: normal; font-weight: 400; letter-spacing: normal; orphans: 2; text-align: left; text-decoration: none; text-indent: 0px; text-transform: none; -webkit-text-stroke-width: 0px; white-space: normal; word-spacing: 0px;\">n all natural and easy to use complete diet for culturing springtails.</span></p>'),(157,85,0,41,NULL),(158,75,0,42,'<p><span style=\"display: inline !important; float: none; background-color: transparent; color: #2f2f2f; font-family: Arial,Helvetica,sans-serif; font-size: 12px; font-style: normal; font-variant: normal; font-weight: 400; letter-spacing: normal; orphans: 2; text-align: left; text-decoration: none; text-indent: 0px; text-transform: none; -webkit-text-stroke-width: 0px; white-space: normal; word-spacing: 0px;\">The moss is supplied in its dormant dried state. This moss should be placed on top of a damp planting substrate, such as sphagnum moss, ABG mix, or potting soil. You can also attach this moss to wood or rock. </span></p>'),(159,76,0,42,'<p>Puffy clumps of dried dark green mood moss.</p>'),(160,85,0,42,'Dried Mood Moss (1 Gal)'),(161,75,0,43,'<p><span style=\"display: inline !important; float: none; background-color: transparent; color: #2f2f2f; font-family: Arial,Helvetica,sans-serif; font-size: 12px; font-style: normal; font-variant: normal; font-weight: 400; letter-spacing: normal; orphans: 2; text-align: left; text-decoration: none; text-indent: 0px; text-transform: none; -webkit-text-stroke-width: 0px; white-space: normal; word-spacing: 0px;\">The moss is supplied in its dormant dried state. This moss should be placed on top of a damp planting substrate, such as sphagnum moss, ABG mix, or potting soil. You can also attach this moss to wood or rock. </span></p>'),(162,76,0,43,'<p>Flat sheets of dried green moss. </p>'),(163,85,0,43,'Dried Sheat Moss (1 Gal)'),(165,75,0,44,'<p><span style=\"display: inline !important; float: none; background-color: transparent; color: #2f2f2f; font-family: Arial,Helvetica,sans-serif; font-size: 12px; font-style: normal; font-variant: normal; font-weight: 400; letter-spacing: normal; orphans: 2; text-align: left; text-decoration: none; text-indent: 0px; text-transform: none; -webkit-text-stroke-width: 0px; white-space: normal; word-spacing: 0px;\">The moss is supplied in its dormant dried state. This moss should be placed on top of a damp planting substrate, such as sphagnum moss, ABG mix, or potting soil. You can alsoHorticultural charcoal is used to culture spring tails and as an aggregate ingredient in soil mixes to create drainage and prevent dampness. It helps to minimize odors and toxins in the soil. For spring tail culture place rinsed charcoal into a sealed container with 0.5-1cm of purified water on the bottom. Open container several times a week to exchange air. attach this moss to wood or rock. </span></p>'),(166,76,0,44,'<p><span style=\"display: inline !important; float: none; background-color: transparent; color: #2f2f2f; font-family: Arial,Helvetica,sans-serif; font-size: 12px; font-style: normal; font-variant: normal; font-weight: 400; letter-spacing: normal; orphans: 2; text-align: left; text-decoration: none; text-indent: 0px; text-transform: none; -webkit-text-stroke-width: 0px; white-space: normal; word-spacing: 0px;\">Horticultural charcoal is used to culture spring tails and as an aggregate ingredient in soil mixes minimize odors and toxins in the soil.</span></p>'),(169,75,0,45,'<p><span style=\"display: inline !important; float: none; background-color: transparent; color: #2f2f2f; font-family: Arial,Helvetica,sans-serif; font-size: 12px; font-style: normal; font-variant: normal; font-weight: 400; letter-spacing: normal; orphans: 2; text-align: left; text-decoration: none; text-indent: 0px; text-transform: none; -webkit-text-stroke-width: 0px; white-space: normal; word-spacing: 0px;\">Grade AAA dehydrated long fiber New Zealand sphagnum moss (S. cristatum) by Besgrow is of the highest quality, light brown/cream color with some green tips. 150g expands to 3.2 US gallons when hydrated. Long fiber sphagnum moss is an ideal substrate for dart frogs. It holds a lot of water to maintain humidity while staying aerated and not soggy for months. Besgrow\'s New Zealand moss is the highest quality sphagnum available. It is void of sharp fibers and other debris, has exceptional durability, and is a beautiful golden brown. Compare this product to the Zoo Med version. It\'s is better quality at 1/2 the price! Given proper drainage via a layer of gravel underneath, this sphagnum moss will last for at least 4-6 months. It should be replaced when it becomes soggy and begins to beak down to maintain a healthy flooring for the frogs. Sphagnum is also an excellent substrate for growing orchids and other epiphytic plants. </span></p>'),(170,76,0,45,'<p><span style=\"display: inline !important; float: none; background-color: transparent; color: #2f2f2f; font-family: Arial,Helvetica,sans-serif; font-size: 12px; font-style: normal; font-variant: normal; font-weight: 400; letter-spacing: normal; orphans: 2; text-align: left; text-decoration: none; text-indent: 0px; text-transform: none; -webkit-text-stroke-width: 0px; white-space: normal; word-spacing: 0px;\">Grade AAA dehydrated long fiber New Zealand sphagnum moss (S. cristatum) by Besgrow is of the highest quality, light brown/cream color with some green tips. 150g expands to 3.2 US gallons when hydrated.</span></p>'),(171,85,0,45,NULL),(173,75,0,46,'<p><span style=\"display: inline !important; float: none; background-color: transparent; color: #2f2f2f; font-family: Arial,Helvetica,sans-serif; font-size: 12px; font-style: normal; font-variant: normal; font-weight: 400; letter-spacing: normal; orphans: 2; text-align: left; text-decoration: none; text-indent: 0px; text-transform: none; -webkit-text-stroke-width: 0px; white-space: normal; word-spacing: 0px;\">Grade AAA dehydrated long fiber New Zealand sphagnum moss (S. cristatum) by Besgrow is of the highest quality, light brown/cream color with some green tips. 500g expands to 10.6 US gallons when hydrated. Long fiber sphagnum moss is an ideal substrate for dart frogs. It holds a lot of water to maintain humidity while staying aerated and not soggy for months. Besgrow\'s New Zealand moss is the highest quality sphagnum available. It is void of sharp fibers and other debris, has exceptional durability, and is a beautiful golden brown. Compare this product to the Zoo Med version. It\'s is better quality at 1/2 the price! Given proper drainage via a layer of gravel underneath, this sphagnum moss will last for at least 4-6 months. It should be replaced when it becomes soggy and begins to beak down to maintain a healthy flooring for the frogs. Sphagnum is also an excellent substrate for growing orchids and other epiphytic plants. </span></p>'),(174,76,0,46,'<p><span style=\"display: inline !important; float: none; background-color: transparent; color: #2f2f2f; font-family: Arial,Helvetica,sans-serif; font-size: 12px; font-style: normal; font-variant: normal; font-weight: 400; letter-spacing: normal; orphans: 2; text-align: left; text-decoration: none; text-indent: 0px; text-transform: none; -webkit-text-stroke-width: 0px; white-space: normal; word-spacing: 0px;\">Grade AAA dehydrated long fiber New Zealand sphagnum moss (S. cristatum) by Besgrow is of the highest quality, light brown/cream color with some green tips. 500g expands to 10.6 US gallons when hydrated.</span></p>'),(177,75,0,3,'<p><span style=\"display: inline !important; float: none; background-color: transparent; color: #2f2f2f; font-family: Arial,Helvetica,sans-serif; font-size: 12px; font-style: normal; font-variant: normal; font-weight: 400; letter-spacing: normal; orphans: 2; text-align: left; text-decoration: none; text-indent: 0px; text-transform: none; -webkit-text-stroke-width: 0px; white-space: normal; word-spacing: 0px;\">You will receive a printable (pdf) card by email once your order processes. Card valid for online purchases or for in-person payment. No expiration. </span></p>'),(178,76,0,3,'<p><span style=\"display: inline !important; float: none; background-color: transparent; color: #2f2f2f; font-family: Arial,Helvetica,sans-serif; font-size: 12px; font-style: normal; font-variant: normal; font-weight: 400; letter-spacing: normal; orphans: 2; text-align: left; text-decoration: none; text-indent: 0px; text-transform: none; -webkit-text-stroke-width: 0px; white-space: normal; word-spacing: 0px;\">Printable gift card sent by email</span></p>'),(179,75,0,47,'<p><span style=\"display: inline !important; float: none; background-color: transparent; color: #2f2f2f; font-family: Arial,Helvetica,sans-serif; font-size: 12px; font-style: normal; font-variant: normal; font-weight: 400; letter-spacing: normal; orphans: 2; text-align: left; text-decoration: none; text-indent: 0px; text-transform: none; -webkit-text-stroke-width: 0px; white-space: normal; word-spacing: 0px;\">$10-$20 savings depending on species chosen. Includes all of the following: 2 froglets 2x32 oz melanogaster cultures (1wk,3wk) 1 qt enhanced culture media 5x32oz containers </span></p>'),(180,76,0,47,'<p><span style=\"display: inline !important; float: none; background-color: transparent; color: #2f2f2f; font-family: Arial,Helvetica,sans-serif; font-size: 12px; font-style: normal; font-variant: normal; font-weight: 400; letter-spacing: normal; orphans: 2; text-align: left; text-decoration: none; text-indent: 0px; text-transform: none; -webkit-text-stroke-width: 0px; white-space: normal; word-spacing: 0px;\">$10-$20 savings depending on species chosen.</span><br style=\"background-color: transparent; color: #2f2f2f; font-family: Arial,Helvetica,sans-serif; font-size: 12px; font-style: normal; font-variant: normal; font-weight: 400; letter-spacing: normal; orphans: 2; text-align: left; text-decoration: none; text-indent: 0px; text-transform: none; -webkit-text-stroke-width: 0px; white-space: normal; word-spacing: 0px; padding: 0px; margin: 0px;\" /> <br style=\"background-color: transparent; color: #2f2f2f; font-family: Arial,Helvetica,sans-serif; font-size: 12px; font-style: normal; font-variant: normal; font-weight: 400; letter-spacing: normal; orphans: 2; text-align: left; text-decoration: none; text-indent: 0px; text-transform: none; -webkit-text-stroke-width: 0px; white-space: normal; word-spacing: 0px; padding: 0px; margin: 0px;\" /><span style=\"display: inline !important; float: none; background-color: transparent; color: #2f2f2f; font-family: Arial,Helvetica,sans-serif; font-size: 12px; font-style: normal; font-variant: normal; font-weight: 400; letter-spacing: normal; orphans: 2; text-align: left; text-decoration: none; text-indent: 0px; text-transform: none; -webkit-text-stroke-width: 0px; white-space: normal; word-spacing: 0px;\"> Includes all of the following:</span><br style=\"background-color: transparent; color: #2f2f2f; font-family: Arial,Helvetica,sans-serif; font-size: 12px; font-style: normal; font-variant: normal; font-weight: 400; letter-spacing: normal; orphans: 2; text-align: left; text-decoration: none; text-indent: 0px; text-transform: none; -webkit-text-stroke-width: 0px; white-space: normal; word-spacing: 0px; padding: 0px; margin: 0px;\" /><span style=\"display: inline !important; float: none; background-color: transparent; color: #2f2f2f; font-family: Arial,Helvetica,sans-serif; font-size: 12px; font-style: normal; font-variant: normal; font-weight: 400; letter-spacing: normal; orphans: 2; text-align: left; text-decoration: none; text-indent: 0px; text-transform: none; -webkit-text-stroke-width: 0px; white-space: normal; word-spacing: 0px;\"> 2 froglets</span><br style=\"background-color: transparent; color: #2f2f2f; font-family: Arial,Helvetica,sans-serif; font-size: 12px; font-style: normal; font-variant: normal; font-weight: 400; letter-spacing: normal; orphans: 2; text-align: left; text-decoration: none; text-indent: 0px; text-transform: none; -webkit-text-stroke-width: 0px; white-space: normal; word-spacing: 0px; padding: 0px; margin: 0px;\" /><span style=\"display: inline !important; float: none; background-color: transparent; color: #2f2f2f; font-family: Arial,Helvetica,sans-serif; font-size: 12px; font-style: normal; font-variant: normal; font-weight: 400; letter-spacing: normal; orphans: 2; text-align: left; text-decoration: none; text-indent: 0px; text-transform: none; -webkit-text-stroke-width: 0px; white-space: normal; word-spacing: 0px;\"> 2x32 oz melanogaster cultures (1wk,3wk)</span><br style=\"background-color: transparent; color: #2f2f2f; font-family: Arial,Helvetica,sans-serif; font-size: 12px; font-style: normal; font-variant: normal; font-weight: 400; letter-spacing: normal; orphans: 2; text-align: left; text-decoration: none; text-indent: 0px; text-transform: none; -webkit-text-stroke-width: 0px; white-space: normal; word-spacing: 0px; padding: 0px; margin: 0px;\" /><span style=\"display: inline !important; float: none; background-color: transparent; color: #2f2f2f; font-family: Arial,Helvetica,sans-serif; font-size: 12px; font-style: normal; font-variant: normal; font-weight: 400; letter-spacing: normal; orphans: 2; text-align: left; text-decoration: none; text-indent: 0px; text-transform: none; -webkit-text-stroke-width: 0px; white-space: normal; word-spacing: 0px;\"> 1 qt enhanced culture media</span><br style=\"background-color: transparent; color: #2f2f2f; font-family: Arial,Helvetica,sans-serif; font-size: 12px; font-style: normal; font-variant: normal; font-weight: 400; letter-spacing: normal; orphans: 2; text-align: left; text-decoration: none; text-indent: 0px; text-transform: none; -webkit-text-stroke-width: 0px; white-space: normal; word-spacing: 0px; padding: 0px; margin: 0px;\" /><span style=\"display: inline !important; float: none; background-color: transparent; color: #2f2f2f; font-family: Arial,Helvetica,sans-serif; font-size: 12px; font-style: normal; font-variant: normal; font-weight: 400; letter-spacing: normal; orphans: 2; text-align: left; text-decoration: none; text-indent: 0px; text-transform: none; -webkit-text-stroke-width: 0px; white-space: normal; word-spacing: 0px;\"> 5x32oz containers</span></p>'),(181,85,0,47,'Hobby Starter Kit'),(182,75,0,48,'<p><span style=\"display: inline !important; float: none; background-color: transparent; color: #2f2f2f; font-family: Arial,Helvetica,sans-serif; font-size: 12px; font-style: normal; font-variant: normal; font-weight: 400; letter-spacing: normal; orphans: 2; text-align: left; text-decoration: none; text-indent: 0px; text-transform: none; -webkit-text-stroke-width: 0px; white-space: normal; word-spacing: 0px;\">$10-$20 savings depending on species chosen. Observe the various stages of frog metamorphosis! Includes all of the following: 2 tadpoles, 1 froglet, 2x32 oz melanogaster cultures, 1 qt enhanced culture media, 5x32oz containers, 1 tbs fortified tadpole chow </span></p>'),(183,76,0,48,'<p><span style=\"display: inline !important; float: none; background-color: transparent; color: #2f2f2f; font-family: Arial,Helvetica,sans-serif; font-size: 12px; font-style: normal; font-variant: normal; font-weight: 400; letter-spacing: normal; orphans: 2; text-align: left; text-decoration: none; text-indent: 0px; text-transform: none; -webkit-text-stroke-width: 0px; white-space: normal; word-spacing: 0px;\">$10-$30 savings depending on species chosen.</span><br style=\"background-color: transparent; color: #2f2f2f; font-family: Arial,Helvetica,sans-serif; font-size: 12px; font-style: normal; font-variant: normal; font-weight: 400; letter-spacing: normal; orphans: 2; text-align: left; text-decoration: none; text-indent: 0px; text-transform: none; -webkit-text-stroke-width: 0px; white-space: normal; word-spacing: 0px; padding: 0px; margin: 0px;\" /> <br style=\"background-color: transparent; color: #2f2f2f; font-family: Arial,Helvetica,sans-serif; font-size: 12px; font-style: normal; font-variant: normal; font-weight: 400; letter-spacing: normal; orphans: 2; text-align: left; text-decoration: none; text-indent: 0px; text-transform: none; -webkit-text-stroke-width: 0px; white-space: normal; word-spacing: 0px; padding: 0px; margin: 0px;\" /><span style=\"display: inline !important; float: none; background-color: transparent; color: #2f2f2f; font-family: Arial,Helvetica,sans-serif; font-size: 12px; font-style: normal; font-variant: normal; font-weight: 400; letter-spacing: normal; orphans: 2; text-align: left; text-decoration: none; text-indent: 0px; text-transform: none; -webkit-text-stroke-width: 0px; white-space: normal; word-spacing: 0px;\"> Includes all of the following:</span><br style=\"background-color: transparent; color: #2f2f2f; font-family: Arial,Helvetica,sans-serif; font-size: 12px; font-style: normal; font-variant: normal; font-weight: 400; letter-spacing: normal; orphans: 2; text-align: left; text-decoration: none; text-indent: 0px; text-transform: none; -webkit-text-stroke-width: 0px; white-space: normal; word-spacing: 0px; padding: 0px; margin: 0px;\" /><span style=\"display: inline !important; float: none; background-color: transparent; color: #2f2f2f; font-family: Arial,Helvetica,sans-serif; font-size: 12px; font-style: normal; font-variant: normal; font-weight: 400; letter-spacing: normal; orphans: 2; text-align: left; text-decoration: none; text-indent: 0px; text-transform: none; -webkit-text-stroke-width: 0px; white-space: normal; word-spacing: 0px;\"> 2 tadpoles</span><br style=\"background-color: transparent; color: #2f2f2f; font-family: Arial,Helvetica,sans-serif; font-size: 12px; font-style: normal; font-variant: normal; font-weight: 400; letter-spacing: normal; orphans: 2; text-align: left; text-decoration: none; text-indent: 0px; text-transform: none; -webkit-text-stroke-width: 0px; white-space: normal; word-spacing: 0px; padding: 0px; margin: 0px;\" /><span style=\"display: inline !important; float: none; background-color: transparent; color: #2f2f2f; font-family: Arial,Helvetica,sans-serif; font-size: 12px; font-style: normal; font-variant: normal; font-weight: 400; letter-spacing: normal; orphans: 2; text-align: left; text-decoration: none; text-indent: 0px; text-transform: none; -webkit-text-stroke-width: 0px; white-space: normal; word-spacing: 0px;\"> 1 froglet</span><br style=\"background-color: transparent; color: #2f2f2f; font-family: Arial,Helvetica,sans-serif; font-size: 12px; font-style: normal; font-variant: normal; font-weight: 400; letter-spacing: normal; orphans: 2; text-align: left; text-decoration: none; text-indent: 0px; text-transform: none; -webkit-text-stroke-width: 0px; white-space: normal; word-spacing: 0px; padding: 0px; margin: 0px;\" /><span style=\"display: inline !important; float: none; background-color: transparent; color: #2f2f2f; font-family: Arial,Helvetica,sans-serif; font-size: 12px; font-style: normal; font-variant: normal; font-weight: 400; letter-spacing: normal; orphans: 2; text-align: left; text-decoration: none; text-indent: 0px; text-transform: none; -webkit-text-stroke-width: 0px; white-space: normal; word-spacing: 0px;\"> 2x32 oz melanogaster cultures (1wk,3wk)</span><br style=\"background-color: transparent; color: #2f2f2f; font-family: Arial,Helvetica,sans-serif; font-size: 12px; font-style: normal; font-variant: normal; font-weight: 400; letter-spacing: normal; orphans: 2; text-align: left; text-decoration: none; text-indent: 0px; text-transform: none; -webkit-text-stroke-width: 0px; white-space: normal; word-spacing: 0px; padding: 0px; margin: 0px;\" /><span style=\"display: inline !important; float: none; background-color: transparent; color: #2f2f2f; font-family: Arial,Helvetica,sans-serif; font-size: 12px; font-style: normal; font-variant: normal; font-weight: 400; letter-spacing: normal; orphans: 2; text-align: left; text-decoration: none; text-indent: 0px; text-transform: none; -webkit-text-stroke-width: 0px; white-space: normal; word-spacing: 0px;\"> 1 qt enhanced culture media</span><br style=\"background-color: transparent; color: #2f2f2f; font-family: Arial,Helvetica,sans-serif; font-size: 12px; font-style: normal; font-variant: normal; font-weight: 400; letter-spacing: normal; orphans: 2; text-align: left; text-decoration: none; text-indent: 0px; text-transform: none; -webkit-text-stroke-width: 0px; white-space: normal; word-spacing: 0px; padding: 0px; margin: 0px;\" /><span style=\"display: inline !important; float: none; background-color: transparent; color: #2f2f2f; font-family: Arial,Helvetica,sans-serif; font-size: 12px; font-style: normal; font-variant: normal; font-weight: 400; letter-spacing: normal; orphans: 2; text-align: left; text-decoration: none; text-indent: 0px; text-transform: none; -webkit-text-stroke-width: 0px; white-space: normal; word-spacing: 0px;\"> 5x32oz containers</span></p>\r\n<p><span style=\"display: inline !important; float: none; background-color: transparent; color: #2f2f2f; font-family: Arial,Helvetica,sans-serif; font-size: 12px; font-style: normal; font-variant: normal; font-weight: 400; letter-spacing: normal; orphans: 2; text-align: left; text-decoration: none; text-indent: 0px; text-transform: none; -webkit-text-stroke-width: 0px; white-space: normal; word-spacing: 0px;\"><span style=\"background-color: transparent; color: #2f2f2f; display: inline; float: none; font-family: Arial,Helvetica,sans-serif; font-size: 12px; font-style: normal; font-variant: normal; font-weight: 400; letter-spacing: normal; orphans: 2; text-align: left; text-decoration: none; text-indent: 0px; text-transform: none; -webkit-text-stroke-width: 0px; white-space: normal; word-spacing: 0px;\">1tbs fortified tadpole chow </span></span></p>'),(184,85,0,48,'Project Starter Kit'),(186,75,0,49,'<p><span style=\"display: inline !important; float: none; background-color: transparent; color: #2f2f2f; font-family: Arial,Helvetica,sans-serif; font-size: 12px; font-style: normal; font-variant: normal; font-weight: 400; letter-spacing: normal; orphans: 2; text-align: left; text-decoration: none; text-indent: 0px; text-transform: none; -webkit-text-stroke-width: 0px; white-space: normal; word-spacing: 0px;\">Discover the easy way to provide feeder insects with fresh, clean water. Crickets and worms need a source of moisture in order to live, and water crystals allow you to avoid the spills, smells, and drowning that occur with water dishes or watering sponges. Ingredients: Anionic polyacrylamide. Easy Water DOES NOT contain any dyes, additives, or preservatives. Directions for Use: For 10g size, add all of the supplied crystals to 4 cups (32 fl oz) of water. Alternatively, weigh out 2.5g of crystals per desired cup of final hydrated product. Add 1 cup of water per 2.5g of crystals.</span></p>'),(187,76,0,49,'<p><span style=\"display: inline !important; float: none; background-color: transparent; color: #2f2f2f; font-family: Arial,Helvetica,sans-serif; font-size: 12px; font-style: normal; font-variant: normal; font-weight: 400; letter-spacing: normal; orphans: 2; text-align: left; text-decoration: none; text-indent: 0px; text-transform: none; -webkit-text-stroke-width: 0px; white-space: normal; word-spacing: 0px;\">Non-hydrated cricket water crystals. Simply add specified volume of water. Compare to Fluker\'s Cricket Quencher. </span><br style=\"background-color: transparent; color: #2f2f2f; font-family: Arial,Helvetica,sans-serif; font-size: 12px; font-style: normal; font-variant: normal; font-weight: 400; letter-spacing: normal; orphans: 2; text-align: left; text-decoration: none; text-indent: 0px; text-transform: none; -webkit-text-stroke-width: 0px; white-space: normal; word-spacing: 0px; padding: 0px; margin: 0px;\" /><span style=\"display: inline !important; float: none; background-color: transparent; color: #2f2f2f; font-family: Arial,Helvetica,sans-serif; font-size: 12px; font-style: normal; font-variant: normal; font-weight: 400; letter-spacing: normal; orphans: 2; text-align: left; text-decoration: none; text-indent: 0px; text-transform: none; -webkit-text-stroke-width: 0px; white-space: normal; word-spacing: 0px;\"> Blue color is for illustration purposes only. Product does DOES NOT contain any dyes, additives, or preservatives. </span></p>'),(188,85,0,49,NULL),(190,75,0,50,'<p><span style=\"display: inline !important; float: none; background-color: transparent; color: #2f2f2f; font-family: Arial,Helvetica,sans-serif; font-size: 12px; font-style: normal; font-variant: normal; font-weight: 400; letter-spacing: normal; orphans: 2; text-align: left; text-decoration: none; text-indent: 0px; text-transform: none; -webkit-text-stroke-width: 0px; white-space: normal; word-spacing: 0px;\">F&amp;T\'s Fortified Tadpole Chow - Pro is our new and improved recipe. A complete, fortified nutrition source for healthy pdf tadpole development, proven for even difficult to raise species. Includes color enhancers to optimize color of froglets, such as Santa Isabels. </span></p>'),(191,76,0,50,'<p><span style=\"display: inline !important; float: none; background-color: transparent; color: #2f2f2f; font-family: Arial,Helvetica,sans-serif; font-size: 12px; font-style: normal; font-variant: normal; font-weight: 400; letter-spacing: normal; orphans: 2; text-align: left; text-decoration: none; text-indent: 0px; text-transform: none; -webkit-text-stroke-width: 0px; white-space: normal; word-spacing: 0px;\">A complete, fortified nutrition source for healthy pdf tadpole development, proven for even difficult to raise species. Includes color enhancers to optimize color of froglets, such as Santa Isabels.</span></p>'),(192,85,0,50,NULL),(194,75,0,51,'<p><span style=\"display: inline !important; float: none; background-color: transparent; color: #2f2f2f; font-family: Arial,Helvetica,sans-serif; font-size: 12px; font-style: normal; font-variant: normal; font-weight: 400; letter-spacing: normal; orphans: 2; text-align: left; text-decoration: none; text-indent: 0px; text-transform: none; -webkit-text-stroke-width: 0px; white-space: normal; word-spacing: 0px;\">Brewer\'s Yeast is used to add essential proteins to drosophila media in order to maximize fly production. This is a highest quality, fine powder spray dried product that we use in our media with excellent results! TYPICAL ANALYSIS Crude Protein -47.1% Crude Fat -2.68% Crude Fiber -0.65% Ash -6.49% </span></p>'),(195,76,0,51,'<p><span style=\"display: inline !important; float: none; background-color: transparent; color: #2f2f2f; font-family: Arial,Helvetica,sans-serif; font-size: 12px; font-style: normal; font-variant: normal; font-weight: 400; letter-spacing: normal; orphans: 2; text-align: left; text-decoration: none; text-indent: 0px; text-transform: none; -webkit-text-stroke-width: 0px; white-space: normal; word-spacing: 0px;\">Fine powder brewer\'s yeast</span></p>'),(196,85,0,51,NULL),(198,75,0,52,'<p><span style=\"display: inline !important; float: none; background-color: transparent; color: #2f2f2f; font-family: Arial,Helvetica,sans-serif; font-size: 12px; font-style: normal; font-variant: normal; font-weight: 400; letter-spacing: normal; orphans: 2; text-align: left; text-decoration: none; text-indent: 0px; text-transform: none; -webkit-text-stroke-width: 0px; white-space: normal; word-spacing: 0px;\">Black film canisters with suction cup. Thumbnail species love to rear their tads in these canisters. Fill 1/2 way with water, and suction to tank wall on an angle near foliage. Frogs will deposit their tadpoles and unfertilized eggs to feed them! </span></p>'),(199,76,0,52,'<p><span style=\"display: inline !important; float: none; background-color: transparent; color: #2f2f2f; font-family: Arial,Helvetica,sans-serif; font-size: 12px; font-style: normal; font-variant: normal; font-weight: 400; letter-spacing: normal; orphans: 2; text-align: left; text-decoration: none; text-indent: 0px; text-transform: none; -webkit-text-stroke-width: 0px; white-space: normal; word-spacing: 0px;\">Black film canisters with suction cup.</span></p>'),(200,85,0,52,NULL),(202,75,0,53,'<p><span style=\"display: inline !important; float: none; background-color: transparent; color: #2f2f2f; font-family: Arial,Helvetica,sans-serif; font-size: 12px; font-style: normal; font-variant: normal; font-weight: 400; letter-spacing: normal; orphans: 2; text-align: left; text-decoration: none; text-indent: 0px; text-transform: none; -webkit-text-stroke-width: 0px; white-space: normal; word-spacing: 0px;\">32oz Insect Containers with cloth lids.</span><br style=\"background-color: transparent; color: #2f2f2f; font-family: Arial,Helvetica,sans-serif; font-size: 12px; font-style: normal; font-variant: normal; font-weight: 400; letter-spacing: normal; orphans: 2; text-align: left; text-decoration: none; text-indent: 0px; text-transform: none; -webkit-text-stroke-width: 0px; white-space: normal; word-spacing: 0px; padding: 0px; margin: 0px;\" /><span style=\"display: inline !important; float: none; background-color: transparent; color: #2f2f2f; font-family: Arial,Helvetica,sans-serif; font-size: 12px; font-style: normal; font-variant: normal; font-weight: 400; letter-spacing: normal; orphans: 2; text-align: left; text-decoration: none; text-indent: 0px; text-transform: none; -webkit-text-stroke-width: 0px; white-space: normal; word-spacing: 0px;\"> Use for fruit flies, isopods and bean beetles.</span></p>'),(203,76,0,53,'<p><span style=\"display: inline !important; float: none; background-color: transparent; color: #2f2f2f; font-family: Arial,Helvetica,sans-serif; font-size: 12px; font-style: normal; font-variant: normal; font-weight: 400; letter-spacing: normal; orphans: 2; text-align: left; text-decoration: none; text-indent: 0px; text-transform: none; -webkit-text-stroke-width: 0px; white-space: normal; word-spacing: 0px;\">32oz Insect Containers with cloth lids.</span><br style=\"background-color: transparent; color: #2f2f2f; font-family: Arial,Helvetica,sans-serif; font-size: 12px; font-style: normal; font-variant: normal; font-weight: 400; letter-spacing: normal; orphans: 2; text-align: left; text-decoration: none; text-indent: 0px; text-transform: none; -webkit-text-stroke-width: 0px; white-space: normal; word-spacing: 0px; padding: 0px; margin: 0px;\" /><span style=\"display: inline !important; float: none; background-color: transparent; color: #2f2f2f; font-family: Arial,Helvetica,sans-serif; font-size: 12px; font-style: normal; font-variant: normal; font-weight: 400; letter-spacing: normal; orphans: 2; text-align: left; text-decoration: none; text-indent: 0px; text-transform: none; -webkit-text-stroke-width: 0px; white-space: normal; word-spacing: 0px;\"> Use for fruit flies, isopods and bean beetles.</span></p>'),(204,85,0,53,NULL),(206,75,0,54,'<p style=\"background-color: transparent; color: #2f2f2f; font-family: Arial,Helvetica,sans-serif; font-size: 12px; font-style: normal; font-variant: normal; font-weight: 400; letter-spacing: normal; orphans: 2; text-align: left; text-decoration: none; text-indent: 0px; text-transform: none; -webkit-text-stroke-width: 0px; white-space: normal; word-spacing: 0px; padding: 0px; margin: 0px 0px 12px 0px;\">Our own mix optimized for maximal production. Just add water and cider vinegar. 1 packet of instant yeast included. 1 Qt - sufficient for 16 x 32 oz cultures</p>\r\n<p style=\"background-color: transparent; color: #2f2f2f; font-family: Arial,Helvetica,sans-serif; font-size: 12px; font-style: normal; font-variant: normal; font-weight: 400; letter-spacing: normal; orphans: 2; text-align: left; text-decoration: none; text-indent: 0px; text-transform: none; -webkit-text-stroke-width: 0px; white-space: normal; word-spacing: 0px; padding: 0px; margin: 0px 0px 12px 0px;\">See our <span style=\"color: #0000ff; padding: 0px; margin: 0px;\"><a style=\"color: #1e7ec8; text-decoration: underline; padding: 0px; margin: 0px;\" href=\"https://store.frogsnthings.com/resources/fruit-fly-culture.html\">Culturing Fruit Flies</a></span><span class=\"Strong-C1\" style=\"padding: 0px; margin: 0px;\"> for usage instructions.</span></p>'),(207,76,0,54,'<p><span style=\"display: inline !important; float: none; background-color: transparent; color: #2f2f2f; font-family: Arial,Helvetica,sans-serif; font-size: 12px; font-style: normal; font-variant: normal; font-weight: 400; letter-spacing: normal; orphans: 2; text-align: left; text-decoration: none; text-indent: 0px; text-transform: none; -webkit-text-stroke-width: 0px; white-space: normal; word-spacing: 0px;\">Our own mix optimized for maximal production</span><br style=\"background-color: transparent; color: #2f2f2f; font-family: Arial,Helvetica,sans-serif; font-size: 12px; font-style: normal; font-variant: normal; font-weight: 400; letter-spacing: normal; orphans: 2; text-align: left; text-decoration: none; text-indent: 0px; text-transform: none; -webkit-text-stroke-width: 0px; white-space: normal; word-spacing: 0px; padding: 0px; margin: 0px;\" /> <br style=\"background-color: transparent; color: #2f2f2f; font-family: Arial,Helvetica,sans-serif; font-size: 12px; font-style: normal; font-variant: normal; font-weight: 400; letter-spacing: normal; orphans: 2; text-align: left; text-decoration: none; text-indent: 0px; text-transform: none; -webkit-text-stroke-width: 0px; white-space: normal; word-spacing: 0px; padding: 0px; margin: 0px;\" /><span style=\"display: inline !important; float: none; background-color: transparent; color: #2f2f2f; font-family: Arial,Helvetica,sans-serif; font-size: 12px; font-style: normal; font-variant: normal; font-weight: 400; letter-spacing: normal; orphans: 2; text-align: left; text-decoration: none; text-indent: 0px; text-transform: none; -webkit-text-stroke-width: 0px; white-space: normal; word-spacing: 0px;\"> Just add water and cider vinegar</span><br style=\"background-color: transparent; color: #2f2f2f; font-family: Arial,Helvetica,sans-serif; font-size: 12px; font-style: normal; font-variant: normal; font-weight: 400; letter-spacing: normal; orphans: 2; text-align: left; text-decoration: none; text-indent: 0px; text-transform: none; -webkit-text-stroke-width: 0px; white-space: normal; word-spacing: 0px; padding: 0px; margin: 0px;\" /> <br style=\"background-color: transparent; color: #2f2f2f; font-family: Arial,Helvetica,sans-serif; font-size: 12px; font-style: normal; font-variant: normal; font-weight: 400; letter-spacing: normal; orphans: 2; text-align: left; text-decoration: none; text-indent: 0px; text-transform: none; -webkit-text-stroke-width: 0px; white-space: normal; word-spacing: 0px; padding: 0px; margin: 0px;\" /><span style=\"display: inline !important; float: none; background-color: transparent; color: #2f2f2f; font-family: Arial,Helvetica,sans-serif; font-size: 12px; font-style: normal; font-variant: normal; font-weight: 400; letter-spacing: normal; orphans: 2; text-align: left; text-decoration: none; text-indent: 0px; text-transform: none; -webkit-text-stroke-width: 0px; white-space: normal; word-spacing: 0px;\"> (1 packet of instant yeast included)</span><br style=\"background-color: transparent; color: #2f2f2f; font-family: Arial,Helvetica,sans-serif; font-size: 12px; font-style: normal; font-variant: normal; font-weight: 400; letter-spacing: normal; orphans: 2; text-align: left; text-decoration: none; text-indent: 0px; text-transform: none; -webkit-text-stroke-width: 0px; white-space: normal; word-spacing: 0px; padding: 0px; margin: 0px;\" /> <br style=\"background-color: transparent; color: #2f2f2f; font-family: Arial,Helvetica,sans-serif; font-size: 12px; font-style: normal; font-variant: normal; font-weight: 400; letter-spacing: normal; orphans: 2; text-align: left; text-decoration: none; text-indent: 0px; text-transform: none; -webkit-text-stroke-width: 0px; white-space: normal; word-spacing: 0px; padding: 0px; margin: 0px;\" /><span style=\"display: inline !important; float: none; background-color: transparent; color: #2f2f2f; font-family: Arial,Helvetica,sans-serif; font-size: 12px; font-style: normal; font-variant: normal; font-weight: 400; letter-spacing: normal; orphans: 2; text-align: left; text-decoration: none; text-indent: 0px; text-transform: none; -webkit-text-stroke-width: 0px; white-space: normal; word-spacing: 0px;\"> 1 Qt - sufficient for 16 x 32 oz cultures</span></p>'),(208,85,0,54,'F&T\'s Optimized Drosophila Culture Media - 1 Quart'),(209,75,0,55,'<p style=\"background-color: transparent; color: #2f2f2f; font-family: Arial,Helvetica,sans-serif; font-size: 12px; font-style: normal; font-variant: normal; font-weight: 400; letter-spacing: normal; orphans: 2; text-align: left; text-decoration: none; text-indent: 0px; text-transform: none; -webkit-text-stroke-width: 0px; white-space: normal; word-spacing: 0px; padding: 0px; margin: 0px 0px 12px 0px;\">Our own mix optimized for maximal production. Just add water and cider vinegar. 1 packet of instant yeast included. 1 gallon - sufficient for 64 x 32 oz cultures</p>\r\n<p style=\"background-color: transparent; color: #2f2f2f; font-family: Arial,Helvetica,sans-serif; font-size: 12px; font-style: normal; font-variant: normal; font-weight: 400; letter-spacing: normal; orphans: 2; text-align: left; text-decoration: none; text-indent: 0px; text-transform: none; -webkit-text-stroke-width: 0px; white-space: normal; word-spacing: 0px; padding: 0px; margin: 0px 0px 12px 0px;\">See our <span style=\"color: #0000ff; padding: 0px; margin: 0px;\"><a style=\"color: #1e7ec8; text-decoration: underline; padding: 0px; margin: 0px;\" href=\"https://store.frogsnthings.com/resources/fruit-fly-culture.html\">Culturing Fruit Flies</a></span><span class=\"Strong-C1\" style=\"padding: 0px; margin: 0px;\"> for usage instructions.</span></p>'),(210,76,0,55,'<p><span style=\"display: inline !important; float: none; background-color: transparent; color: #2f2f2f; font-family: Arial,Helvetica,sans-serif; font-size: 12px; font-style: normal; font-variant: normal; font-weight: 400; letter-spacing: normal; orphans: 2; text-align: left; text-decoration: none; text-indent: 0px; text-transform: none; -webkit-text-stroke-width: 0px; white-space: normal; word-spacing: 0px;\">Our own mix optimized for maximal production</span><br style=\"background-color: transparent; color: #2f2f2f; font-family: Arial,Helvetica,sans-serif; font-size: 12px; font-style: normal; font-variant: normal; font-weight: 400; letter-spacing: normal; orphans: 2; text-align: left; text-decoration: none; text-indent: 0px; text-transform: none; -webkit-text-stroke-width: 0px; white-space: normal; word-spacing: 0px; padding: 0px; margin: 0px;\" /> <br style=\"background-color: transparent; color: #2f2f2f; font-family: Arial,Helvetica,sans-serif; font-size: 12px; font-style: normal; font-variant: normal; font-weight: 400; letter-spacing: normal; orphans: 2; text-align: left; text-decoration: none; text-indent: 0px; text-transform: none; -webkit-text-stroke-width: 0px; white-space: normal; word-spacing: 0px; padding: 0px; margin: 0px;\" /><span style=\"display: inline !important; float: none; background-color: transparent; color: #2f2f2f; font-family: Arial,Helvetica,sans-serif; font-size: 12px; font-style: normal; font-variant: normal; font-weight: 400; letter-spacing: normal; orphans: 2; text-align: left; text-decoration: none; text-indent: 0px; text-transform: none; -webkit-text-stroke-width: 0px; white-space: normal; word-spacing: 0px;\"> Just add water and cider vinegar</span><br style=\"background-color: transparent; color: #2f2f2f; font-family: Arial,Helvetica,sans-serif; font-size: 12px; font-style: normal; font-variant: normal; font-weight: 400; letter-spacing: normal; orphans: 2; text-align: left; text-decoration: none; text-indent: 0px; text-transform: none; -webkit-text-stroke-width: 0px; white-space: normal; word-spacing: 0px; padding: 0px; margin: 0px;\" /> <br style=\"background-color: transparent; color: #2f2f2f; font-family: Arial,Helvetica,sans-serif; font-size: 12px; font-style: normal; font-variant: normal; font-weight: 400; letter-spacing: normal; orphans: 2; text-align: left; text-decoration: none; text-indent: 0px; text-transform: none; -webkit-text-stroke-width: 0px; white-space: normal; word-spacing: 0px; padding: 0px; margin: 0px;\" /><span style=\"display: inline !important; float: none; background-color: transparent; color: #2f2f2f; font-family: Arial,Helvetica,sans-serif; font-size: 12px; font-style: normal; font-variant: normal; font-weight: 400; letter-spacing: normal; orphans: 2; text-align: left; text-decoration: none; text-indent: 0px; text-transform: none; -webkit-text-stroke-width: 0px; white-space: normal; word-spacing: 0px;\"> (1 packet of instant yeast included)</span><br style=\"background-color: transparent; color: #2f2f2f; font-family: Arial,Helvetica,sans-serif; font-size: 12px; font-style: normal; font-variant: normal; font-weight: 400; letter-spacing: normal; orphans: 2; text-align: left; text-decoration: none; text-indent: 0px; text-transform: none; -webkit-text-stroke-width: 0px; white-space: normal; word-spacing: 0px; padding: 0px; margin: 0px;\" /> <br style=\"background-color: transparent; color: #2f2f2f; font-family: Arial,Helvetica,sans-serif; font-size: 12px; font-style: normal; font-variant: normal; font-weight: 400; letter-spacing: normal; orphans: 2; text-align: left; text-decoration: none; text-indent: 0px; text-transform: none; -webkit-text-stroke-width: 0px; white-space: normal; word-spacing: 0px; padding: 0px; margin: 0px;\" /><span style=\"display: inline !important; float: none; background-color: transparent; color: #2f2f2f; font-family: Arial,Helvetica,sans-serif; font-size: 12px; font-style: normal; font-variant: normal; font-weight: 400; letter-spacing: normal; orphans: 2; text-align: left; text-decoration: none; text-indent: 0px; text-transform: none; -webkit-text-stroke-width: 0px; white-space: normal; word-spacing: 0px;\"> 1 gallon - sufficient for 64 x 32 oz cultures</span></p>');
INSERT INTO `mz0b_catalog_product_entity_text` VALUES (211,85,0,55,'F&T\'s Optimized Drosophila Culture Media - 1 Gal'),(213,75,0,56,'<p><span style=\"display: inline !important; float: none; background-color: transparent; color: #2f2f2f; font-family: Arial,Helvetica,sans-serif; font-size: 12px; font-style: normal; font-variant: normal; font-weight: 400; letter-spacing: normal; orphans: 2; text-align: left; text-decoration: none; text-indent: 0px; text-transform: none; -webkit-text-stroke-width: 0px; white-space: normal; word-spacing: 0px;\">Begonia glabra is a fast growing and one of the easiest begonias to grow in the viv. It is a climbing vine with bright green shiny leaves and red under tones. </span></p>'),(214,76,0,56,'<p><span style=\"display: inline !important; float: none; background-color: transparent; color: #2f2f2f; font-family: Arial,Helvetica,sans-serif; font-size: 12px; font-style: normal; font-variant: normal; font-weight: 400; letter-spacing: normal; orphans: 2; text-align: left; text-decoration: none; text-indent: 0px; text-transform: none; -webkit-text-stroke-width: 0px; white-space: normal; word-spacing: 0px;\">Begonia glabra is a fast growing vine.</span></p>'),(215,85,0,56,'Begonia Glabra'),(216,75,0,57,'<p><span style=\"display: inline !important; float: none; background-color: transparent; color: #2f2f2f; font-family: Arial,Helvetica,sans-serif; font-size: 12px; font-style: normal; font-variant: normal; font-weight: 400; letter-spacing: normal; orphans: 2; text-align: left; text-decoration: none; text-indent: 0px; text-transform: none; -webkit-text-stroke-width: 0px; white-space: normal; word-spacing: 0px;\">Begonia Pigskin is a large begonia, best suited for &gt;18in tall vivs. The large wrinkled fuzzy leaves are dark green with purplish highlights on top. Produces small white flowers. Red stems and underneath leaves add striking color highlights to the viv.</span></p>'),(217,76,0,57,'<p><span style=\"display: inline !important; float: none; background-color: transparent; color: #2f2f2f; font-family: Arial,Helvetica,sans-serif; font-size: 12px; font-style: normal; font-variant: normal; font-weight: 400; letter-spacing: normal; orphans: 2; text-align: left; text-decoration: none; text-indent: 0px; text-transform: none; -webkit-text-stroke-width: 0px; white-space: normal; word-spacing: 0px;\">Begonia Pigskin is a broad leafed, fast growing hardy begonia</span></p>'),(218,85,0,57,'Begonia Pigskin'),(219,75,0,58,'<p><span style=\"display: inline !important; float: none; background-color: transparent; color: #2f2f2f; font-family: Arial,Helvetica,sans-serif; font-size: 12px; font-style: normal; font-variant: normal; font-weight: 400; letter-spacing: normal; orphans: 2; text-align: left; text-decoration: none; text-indent: 0px; text-transform: none; -webkit-text-stroke-width: 0px; white-space: normal; word-spacing: 0px;\">A variety of select 5-6in colorful mini Neoregelias, suitable for terrarium culture</span></p>'),(220,76,0,58,'<p><span style=\"display: inline !important; float: none; background-color: transparent; color: #2f2f2f; font-family: Arial,Helvetica,sans-serif; font-size: 12px; font-style: normal; font-variant: normal; font-weight: 400; letter-spacing: normal; orphans: 2; text-align: left; text-decoration: none; text-indent: 0px; text-transform: none; -webkit-text-stroke-width: 0px; white-space: normal; word-spacing: 0px;\">A variety of select 5-6in colorful mini Neoregelias, suitable for terrarium culture</span></p>'),(221,85,0,58,'Bromeliad Neoregelia'),(222,75,0,59,'<p><span style=\"display: inline !important; float: none; background-color: transparent; color: #2f2f2f; font-family: Arial,Helvetica,sans-serif; font-size: 12px; font-style: normal; font-variant: normal; font-weight: 400; letter-spacing: normal; orphans: 2; text-align: left; text-decoration: none; text-indent: 0px; text-transform: none; -webkit-text-stroke-width: 0px; white-space: normal; word-spacing: 0px;\">This episcia hybrid has large strikingly silver leaves. Episcia are found in the tropical regions of Central America and South America, and numerous cultivars have been produced, primarily by selection and hybridization of the species E. cupreata and E. reptans. Plant cutting into moist substrate. They grow rapidly and spread via runners. </span></p>'),(223,76,0,59,'<p><span style=\"display: inline !important; float: none; background-color: transparent; color: #2f2f2f; font-family: Arial,Helvetica,sans-serif; font-size: 12px; font-style: normal; font-variant: normal; font-weight: 400; letter-spacing: normal; orphans: 2; text-align: left; text-decoration: none; text-indent: 0px; text-transform: none; -webkit-text-stroke-width: 0px; white-space: normal; word-spacing: 0px;\">his episcia hybrid has large strikingly silver leaves. </span></p>'),(224,85,0,59,'Episcia \"Silver Skies\"'),(225,75,0,60,'<p><span style=\"display: inline !important; float: none; background-color: transparent; color: #2f2f2f; font-family: Arial,Helvetica,sans-serif; font-size: 12px; font-style: normal; font-variant: normal; font-weight: 400; letter-spacing: normal; orphans: 2; text-align: left; text-decoration: none; text-indent: 0px; text-transform: none; -webkit-text-stroke-width: 0px; white-space: normal; word-spacing: 0px;\">Ficus Radicans, aka Ficus sagittata, is a sturdy trailer with 5-8cm (2-3 inch) long, leathery, lanced-shaped, green leaves and wiry stems. It is native to warm temperate and tropical regions of Asia. It is a fast grower, but not too invasive. </span></p>'),(226,76,0,60,'<p><span style=\"display: inline !important; float: none; background-color: transparent; color: #2f2f2f; font-family: Arial,Helvetica,sans-serif; font-size: 12px; font-style: normal; font-variant: normal; font-weight: 400; letter-spacing: normal; orphans: 2; text-align: left; text-decoration: none; text-indent: 0px; text-transform: none; -webkit-text-stroke-width: 0px; white-space: normal; word-spacing: 0px;\">Ficus Radicans, aka Ficus sagittata, is a sturdy trailer with 5-8cm (2-3 inch) long, leathery, lanced-shaped, green leaves and wiry stems.</span></p>'),(227,85,0,60,'Ficus Radicans'),(228,75,0,61,'<p><span style=\"display: inline !important; float: none; background-color: transparent; color: #2f2f2f; font-family: Arial,Helvetica,sans-serif; font-size: 12px; font-style: normal; font-variant: normal; font-weight: 400; letter-spacing: normal; orphans: 2; text-align: left; text-decoration: none; text-indent: 0px; text-transform: none; -webkit-text-stroke-width: 0px; white-space: normal; word-spacing: 0px;\">Monocostus Uniflorus grows in a vertical spiralling fashion. Hardy and fast gowing, but easy to maintain via trimming. Large sturdy overlapping leaves provide great perches and egg laying spots.  </span></p>'),(229,76,0,61,'<p><span style=\"display: inline !important; float: none; background-color: transparent; color: #2f2f2f; font-family: Arial,Helvetica,sans-serif; font-size: 12px; font-style: normal; font-variant: normal; font-weight: 400; letter-spacing: normal; orphans: 2; text-align: left; text-decoration: none; text-indent: 0px; text-transform: none; -webkit-text-stroke-width: 0px; white-space: normal; word-spacing: 0px;\">Monocostus Uniflorus is a fast growing climbing vine</span></p>'),(230,85,0,61,'Monocostus Uniflorus'),(231,75,0,62,'<p><span style=\"display: inline !important; float: none; background-color: transparent; color: #2f2f2f; font-family: Arial,Helvetica,sans-serif; font-size: 12px; font-style: normal; font-variant: normal; font-weight: 400; letter-spacing: normal; orphans: 2; text-align: left; text-decoration: none; text-indent: 0px; text-transform: none; -webkit-text-stroke-width: 0px; white-space: normal; word-spacing: 0px;\">Pellionia repens is an easy to grow plant with forest green oval crenated leaves are accented with a silvery overlay and purple/brown with red veins on trialing succulent stems. Trailing Watermelon Begonia is the common name. The plant grows like a vine and will shingle up tank walls if damp or humid enough. For the initial planting, simply lay down a clump of plants where you would like it to spread and keep wet. </span></p>'),(232,76,0,62,'<p><span style=\"display: inline !important; float: none; background-color: transparent; color: #2f2f2f; font-family: Arial,Helvetica,sans-serif; font-size: 12px; font-style: normal; font-variant: normal; font-weight: 400; letter-spacing: normal; orphans: 2; text-align: left; text-decoration: none; text-indent: 0px; text-transform: none; -webkit-text-stroke-width: 0px; white-space: normal; word-spacing: 0px;\">Pellionia repens is an easy to grow plant with forest green oval crenated leaves are accented with a silvery overlay and purple/brown with red veins on trialing succulent stems. </span></p>'),(233,85,0,62,'Pellionia Repens'),(234,75,0,63,'<p><span style=\"display: inline !important; float: none; background-color: transparent; color: #2f2f2f; font-family: Arial,Helvetica,sans-serif; font-size: 12px; font-style: normal; font-variant: normal; font-weight: 400; letter-spacing: normal; orphans: 2; text-align: left; text-decoration: none; text-indent: 0px; text-transform: none; -webkit-text-stroke-width: 0px; white-space: normal; word-spacing: 0px;\">Philodendron ‘Wend-imbe’ is a cross between P. wendlandii and P. imbe. It is a small growing, clumping cultivar well suited for terrariums. Leaves typically will not exceed 6” in length, and only up to an inch in width. Clumps can be easily split to propagate. It grows well even when propped up on branches or in small amounts of soil. </span></p>'),(235,76,0,63,'<p><span style=\"display: inline !important; float: none; background-color: transparent; color: #2f2f2f; font-family: Arial,Helvetica,sans-serif; font-size: 12px; font-style: normal; font-variant: normal; font-weight: 400; letter-spacing: normal; orphans: 2; text-align: left; text-decoration: none; text-indent: 0px; text-transform: none; -webkit-text-stroke-width: 0px; white-space: normal; word-spacing: 0px;\">Philodendron ‘Wend-imbe’ is a nice emerald green dwarf variety of philodendron. Its small clumping nature makes it a superb plant for vivaria.</span></p>'),(236,85,0,63,'Philodendron Wend-Imbe'),(237,75,0,64,'<p><span style=\"display: inline !important; float: none; background-color: transparent; color: #2f2f2f; font-family: Arial,Helvetica,sans-serif; font-size: 12px; font-style: normal; font-variant: normal; font-weight: 400; letter-spacing: normal; orphans: 2; text-align: left; text-decoration: none; text-indent: 0px; text-transform: none; -webkit-text-stroke-width: 0px; white-space: normal; word-spacing: 0px;\">Creeping Charlie is a fast growing vine that has small, crinkly green foliage with silver accents and pink stems. A low, trailing or creeping herbaceous perennial, it is native to tropical South America and the West Indies. The sprawling, fleshy stems root at nodes where they come in contact with moist soil. It can be easily propagated from cuttings. </span></p>'),(238,76,0,64,'<p><span style=\"display: inline !important; float: none; background-color: transparent; color: #2f2f2f; font-family: Arial,Helvetica,sans-serif; font-size: 12px; font-style: normal; font-variant: normal; font-weight: 400; letter-spacing: normal; orphans: 2; text-align: left; text-decoration: none; text-indent: 0px; text-transform: none; -webkit-text-stroke-width: 0px; white-space: normal; word-spacing: 0px;\">Pilea Nummulariifolia \"Creeping Charlie\"</span></p>'),(239,85,0,64,'Pilea Nummulariifolia'),(240,75,0,65,'<h2 style=\"background-color: transparent; border-bottom-color: #e5dcc3; border-bottom-style: solid; border-bottom-width: 1px; color: #68a81e; font-family: Arial,Helvetica,sans-serif; font-size: 15px; font-style: normal; font-variant: normal; font-weight: bold; letter-spacing: normal; line-height: 20.25px; orphans: 2; text-align: left; text-decoration: none; text-indent: 0px; text-transform: none; -webkit-text-stroke-width: 0px; white-space: normal; word-spacing: 0px; padding: 0px 0px 1px 0px; margin: 0px 0px 15px 0px;\"> </h2>\r\n<div class=\"std\" style=\"background-color: transparent; color: #2f2f2f; font-family: Arial,Helvetica,sans-serif; font-size: 12px; font-style: normal; font-variant: normal; font-weight: 400; letter-spacing: normal; orphans: 2; text-align: left; text-decoration: none; text-indent: 0px; text-transform: none; -webkit-text-stroke-width: 0px; white-space: normal; word-spacing: 0px; padding: 0px; margin: 0px;\">Syngonium rayii, also called the Arrowhead Vine, is easy to grow in the vivarium. The leaves are typically dark green to almost black with a white vein running down the center. Typically the leaves range in size from 3-5” in length and 2-4” in width. Low growing, it sends out wiry runners that sprout new plants where they land. Excellent for moist tanks.</div>'),(241,76,0,65,'<p><span style=\"display: inline !important; float: none; background-color: transparent; color: #2f2f2f; font-family: Arial,Helvetica,sans-serif; font-size: 12px; font-style: normal; font-variant: normal; font-weight: 400; letter-spacing: normal; orphans: 2; text-align: left; text-decoration: none; text-indent: 0px; text-transform: none; -webkit-text-stroke-width: 0px; white-space: normal; word-spacing: 0px;\">Syngonium rayii, also called the Arrowhead Vine has dark green to almost black arrowhead shaped leaves with a white vein running down the center.</span></p>'),(242,85,0,65,'Syngonium Rayii'),(243,75,0,66,'<p><span style=\"display: inline !important; float: none; background-color: transparent; color: #2f2f2f; font-family: Arial,Helvetica,sans-serif; font-size: 12px; font-style: normal; font-variant: normal; font-weight: 400; letter-spacing: normal; orphans: 2; text-align: left; text-decoration: none; text-indent: 0px; text-transform: none; -webkit-text-stroke-width: 0px; white-space: normal; word-spacing: 0px;\">Pack contains cuttings from 6 different types of plants that will thrive in a dart frog setup. Types include a mixture of vines and ground plants, specific species depending on current availability, Each pack is sufficient for plating a 10 gal vivarium. </span></p>'),(244,76,0,66,'<p><span style=\"display: inline !important; float: none; background-color: transparent; color: #2f2f2f; font-family: Arial,Helvetica,sans-serif; font-size: 12px; font-style: normal; font-variant: normal; font-weight: 400; letter-spacing: normal; orphans: 2; text-align: left; text-decoration: none; text-indent: 0px; text-transform: none; -webkit-text-stroke-width: 0px; white-space: normal; word-spacing: 0px;\">Variety pack of cuttings from 6 different tropical plants</span></p>'),(245,85,0,66,'Tropical Plant Starter Pack'),(246,75,0,67,'<p><span style=\"display: inline !important; float: none; background-color: transparent; color: #2f2f2f; font-family: Arial,Helvetica,sans-serif; font-size: 12px; font-style: normal; font-variant: normal; font-weight: 400; letter-spacing: normal; orphans: 2; text-align: left; text-decoration: none; text-indent: 0px; text-transform: none; -webkit-text-stroke-width: 0px; white-space: normal; word-spacing: 0px;\">Dissolve solids in 1/2 gallon distilled water. </span><br style=\"background-color: transparent; color: #2f2f2f; font-family: Arial,Helvetica,sans-serif; font-size: 12px; font-style: normal; font-variant: normal; font-weight: 400; letter-spacing: normal; orphans: 2; text-align: left; text-decoration: none; text-indent: 0px; text-transform: none; -webkit-text-stroke-width: 0px; white-space: normal; word-spacing: 0px; padding: 0px; margin: 0px;\" /><span style=\"display: inline !important; float: none; background-color: transparent; color: #2f2f2f; font-family: Arial,Helvetica,sans-serif; font-size: 12px; font-style: normal; font-variant: normal; font-weight: 400; letter-spacing: normal; orphans: 2; text-align: left; text-decoration: none; text-indent: 0px; text-transform: none; -webkit-text-stroke-width: 0px; white-space: normal; word-spacing: 0px;\"> Frogs are hypertonic (contain more dissolved salts in body fluids) compared to their environment. They must actively counter osmotic pressure to maintain proper osmolarity and this requires energy. Soaking a sick or weakened frog in isotonic Ringer’s solution enables them to spend their energy instead on getting well. Bloat results from a failure to osmoregulate, and ringer solution is thus an effective treatment for bloat. Conversely, it is used to rehydrate frogs (eg: escapees!). Soak frog in solution for 1-3 hrs and repeat as needed. Solution is stable indefinitely at room temp if kept sterile. Discard if particulates or growth is evident.</span></p>'),(247,76,0,67,'<p><span style=\"display: inline !important; float: none; background-color: transparent; color: #2f2f2f; font-family: Arial,Helvetica,sans-serif; font-size: 12px; font-style: normal; font-variant: normal; font-weight: 400; letter-spacing: normal; orphans: 2; text-align: left; text-decoration: none; text-indent: 0px; text-transform: none; -webkit-text-stroke-width: 0px; white-space: normal; word-spacing: 0px;\">Dissolve solids in 1/2 gallon distilled water. </span></p>'),(248,85,0,67,'Isotonic Amphibian’s Ringer Solids (Makes 1/2 Gal Soln)'),(249,75,0,68,'<p><span style=\"display: inline !important; float: none; background-color: transparent; color: #2f2f2f; font-family: Arial,Helvetica,sans-serif; font-size: 12px; font-style: normal; font-variant: normal; font-weight: 400; letter-spacing: normal; orphans: 2; text-align: left; text-decoration: none; text-indent: 0px; text-transform: none; -webkit-text-stroke-width: 0px; white-space: normal; word-spacing: 0px;\">Calcium gluconate is used to provide an energy boost to weakened and/or anorexic frogs. Supplied solids can be stored at room temperature indefinitely. Before use, dissolve solids by filling supplied dropper to top with pure water. Mix until dissolved. Add several drops of the solution to the frog’s back. This can be repeated several times a day. Store solution in the refrigerator during use. Freeze solution for long term storage. Discard if growth is evident. Note: substrate should be changed frequently during treatment as the glucose promotes bacterial and fungal growth. </span></p>'),(250,76,0,68,'<p><span style=\"display: inline !important; float: none; background-color: transparent; color: #2f2f2f; font-family: Arial,Helvetica,sans-serif; font-size: 12px; font-style: normal; font-variant: normal; font-weight: 400; letter-spacing: normal; orphans: 2; text-align: left; text-decoration: none; text-indent: 0px; text-transform: none; -webkit-text-stroke-width: 0px; white-space: normal; word-spacing: 0px;\">Calcium gluconate is used to provide an energy boost to weakened and/or anorexic frogs.</span></p>'),(251,85,0,68,'2% Calcium Gluconate 8 ml'),(252,75,0,69,'<p><span style=\"display: inline !important; float: none; background-color: transparent; color: #2f2f2f; font-family: Arial,Helvetica,sans-serif; font-size: 12px; font-style: normal; font-variant: normal; font-weight: 400; letter-spacing: normal; orphans: 2; text-align: left; text-decoration: none; text-indent: 0px; text-transform: none; -webkit-text-stroke-width: 0px; white-space: normal; word-spacing: 0px;\">Dendrocare was developed after years of research into the ultimate combination of vitamins and minerals for dendrobates. Dendrocare is highly valued worldwide for its benefits. An absolutely optimized dietary supplement. DIRECTIONS: Use with every insect feeding, or in rotation with Repashy Calcium Plus. Best applied by placing insects in a plastic bag or container with Dendrocare and shake to lightly coat insects. Feed insects to your reptiles shortly thereafter. Once it has been opened, provided it is kept dry and properly sealed in its original packaging, Dendrocare has a shelf-life of 6 months.Refrigeration will extend product life. Content per kilogram: vitamin A 450,000 IU, vitamin D3 120,000 IU, vitamin E 10,200 mg, vitamin B1 36 mg, vitamin B2 165 mg, pantothenic acid 270 mg (approx.), nicotinamide 570 mg, vitamin B6 78 mg, CU 120 mg, I 82 mg, FE 1,650 mg, MN 72 mg, ZN 273 mg, CO 63mg, protein 10.1%, fat 1.8%, fibres 0.19%, ash 47%, moisture 1.9 %, CA 22%, P 8.8%, NA 1.4%, MG 0.2%, K 0.43%. About the discoverer: In the early 2000s Chris van der Lingen made a study into vitamin use in poison dart frogs. By listening to some of the problems where different frog farmers ran into, such as the emergence of the spindle leg syndrome, sudden death of adult animals etc and after a lengthy comparison study between food animals in nature and food animals we farm ourselves, it turned out as expected that there were some differences in vitamins and minerals. Vitamins created by the sun, vitamin E and D3, are hardly found in our farmed food animals. Vitamin D3 ensures proper absorption of calcium, needed for proper bone development and vitamin E helps maintaining a health endocrine system and thus good farming results. Chris has developed a balanced combination of vitamin thoroughly testing it on the frogs he farmed himself, noticing farming results significantly improving almost immediately. The frogs behaved much livelier, producing healthier eggs and young frogs proved much healthier, and there were no signs of spindle leg syndromes or other anomalies anymore. Time was ripe to market this vitamin combination, bringing about Dendrocare.</span></p>'),(253,76,0,69,'<p><span style=\"display: inline !important; float: none; background-color: transparent; color: #2f2f2f; font-family: Arial,Helvetica,sans-serif; font-size: 12px; font-style: normal; font-variant: normal; font-weight: 400; letter-spacing: normal; orphans: 2; text-align: left; text-decoration: none; text-indent: 0px; text-transform: none; -webkit-text-stroke-width: 0px; white-space: normal; word-spacing: 0px;\">\"All-in-One\" supplement developed specifically for poison dart frogs. </span></p>'),(254,85,0,69,'Dendrocare - 100g Jar'),(255,75,0,70,'<p><span style=\"display: inline !important; float: none; background-color: transparent; color: #2f2f2f; font-family: Arial,Helvetica,sans-serif; font-size: 12px; font-style: normal; font-variant: normal; font-weight: 400; letter-spacing: normal; orphans: 2; text-align: left; text-decoration: none; text-indent: 0px; text-transform: none; -webkit-text-stroke-width: 0px; white-space: normal; word-spacing: 0px;\">“All-in-One” Insect Dusting Powder provides essential vitamins, minerals and trace elements. Featuring both Retinol and Carotenoids as sources of Vitamin A. INFORMATION: Calcium Plus was developed to increase the nutritional value of insects as they are fed to all insectivores, transforming insects into a food item that has an optimal calcium/phosphorus ratio, as well as balanced levels of vitamins, minerals, and trace elements. INGREDIENTS: Calcium Carbonate, Dried Kelp, Cellulose (as carrier), Brewer’s Yeast, RoseHips, Calendula Flower, Marigold Flower Extract, Phaffia Rhodozyma Yeast, Paprika Extract, Spirulina Algae, Turmeric, Salt, Potassium Citrate, Magnesium Gluconate, Canthaxanthin, Calcium Propionate and Potassium Sorbate (as mold inhibitors), Natural Flavoring, Lecithin, Rosemary Extract and Mixed Tocopherols (as preservatives), Vitamins (Vitamin A Supplement, Vitamin D Supplement, Choline Chloride, Ascorbic Acid, Vitamin E Supplement, Niacin, Beta Carotene, Pantothenic Acid, Riboflavin, Pyridoxine Hydrochloride, Thiamine Mononitrate, Menadione Sodium Bisulfite Complex, Folic Acid, Biotin, Vitamin B-12 Supplement). GUARANTEED ANALYSIS: Crude Protein min. 2%, Crude Fat min. 0.2%, Crude Fat max. 0.6%, Crude Fiber max. 1%, Moisture max. 8%, Ash max. 35%, Calcium min. 17%, Calcium max. 20%, Phosphorus min. 0.6%, Vitamin E min. 2,000 IU/lb, Vitamin D min. 20,000 IU/lb, Vitamin A min. 200,000 IU/lb. Total Carotenoids min. 500 mg/lb. DIRECTIONS: Use with every insect feeding. Best applied by placing insects in a plastic bag or container with Calcium Plus and shake to lightly coat insects. Feed insects to your reptiles shortly thereafter. To maximize the nutritional value of insects, use this product with Repashy’s SuperLoad and Repashy’s HydroLoad. Refrigeration will extend product life. MADE IN USA </span></p>'),(256,76,0,70,'<p><span style=\"display: inline !important; float: none; background-color: transparent; color: #2f2f2f; font-family: Arial,Helvetica,sans-serif; font-size: 12px; font-style: normal; font-variant: normal; font-weight: 400; letter-spacing: normal; orphans: 2; text-align: left; text-decoration: none; text-indent: 0px; text-transform: none; -webkit-text-stroke-width: 0px; white-space: normal; word-spacing: 0px;\">\"All-in-One\" formula takes the guesswork out of supplementing nutrients. We recommend using CalciumPlus for every feeding. Alternatively, you can use SuperCal and SuperVite every other feeding.</span><br style=\"background-color: transparent; color: #2f2f2f; font-family: Arial,Helvetica,sans-serif; font-size: 12px; font-style: normal; font-variant: normal; font-weight: 400; letter-spacing: normal; orphans: 2; text-align: left; text-decoration: none; text-indent: 0px; text-transform: none; -webkit-text-stroke-width: 0px; white-space: normal; word-spacing: 0px; padding: 0px; margin: 0px;\" /><span style=\"display: inline !important; float: none; background-color: transparent; color: #2f2f2f; font-family: Arial,Helvetica,sans-serif; font-size: 12px; font-style: normal; font-variant: normal; font-weight: 400; letter-spacing: normal; orphans: 2; text-align: left; text-decoration: none; text-indent: 0px; text-transform: none; -webkit-text-stroke-width: 0px; white-space: normal; word-spacing: 0px;\"> Contains Vitamin A which is important for viable froglets.</span></p>'),(257,85,0,70,'Repashy Calcium Plus - 17.6 Oz (500g)'),(258,75,0,71,'<p><span style=\"display: inline !important; float: none; background-color: transparent; color: #2f2f2f; font-family: Arial,Helvetica,sans-serif; font-size: 12px; font-style: normal; font-variant: normal; font-weight: 400; letter-spacing: normal; orphans: 2; text-align: left; text-decoration: none; text-indent: 0px; text-transform: none; -webkit-text-stroke-width: 0px; white-space: normal; word-spacing: 0px;\">“All-in-One” Insect Dusting Powder provides essential vitamins, minerals and trace elements. Featuring both Retinol and Carotenoids as sources of Vitamin A. INFORMATION: Calcium Plus was developed to increase the nutritional value of insects as they are fed to all insectivores, transforming insects into a food item that has an optimal calcium/phosphorus ratio, as well as balanced levels of vitamins, minerals, and trace elements. INGREDIENTS: Calcium Carbonate, Dried Kelp, Cellulose (as carrier), Brewer’s Yeast, RoseHips, Calendula Flower, Marigold Flower Extract, Phaffia Rhodozyma Yeast, Paprika Extract, Spirulina Algae, Turmeric, Salt, Potassium Citrate, Magnesium Gluconate, Canthaxanthin, Calcium Propionate and Potassium Sorbate (as mold inhibitors), Natural Flavoring, Lecithin, Rosemary Extract and Mixed Tocopherols (as preservatives), Vitamins (Vitamin A Supplement, Vitamin D Supplement, Choline Chloride, Ascorbic Acid, Vitamin E Supplement, Niacin, Beta Carotene, Pantothenic Acid, Riboflavin, Pyridoxine Hydrochloride, Thiamine Mononitrate, Menadione Sodium Bisulfite Complex, Folic Acid, Biotin, Vitamin B-12 Supplement). GUARANTEED ANALYSIS: Crude Protein min. 2%, Crude Fat min. 0.2%, Crude Fat max. 0.6%, Crude Fiber max. 1%, Moisture max. 8%, Ash max. 35%, Calcium min. 17%, Calcium max. 20%, Phosphorus min. 0.6%, Vitamin E min. 2,000 IU/lb, Vitamin D min. 20,000 IU/lb, Vitamin A min. 200,000 IU/lb. Total Carotenoids min. 500 mg/lb. DIRECTIONS: Use with every insect feeding. Best applied by placing insects in a plastic bag or container with Calcium Plus and shake to lightly coat insects. Feed insects to your reptiles shortly thereafter. To maximize the nutritional value of insects, use this product with Repashy’s SuperLoad and Repashy’s HydroLoad. Refrigeration will extend product life. MADE IN USA </span></p>'),(259,76,0,71,'<p><span style=\"display: inline !important; float: none; background-color: transparent; color: #2f2f2f; font-family: Arial,Helvetica,sans-serif; font-size: 12px; font-style: normal; font-variant: normal; font-weight: 400; letter-spacing: normal; orphans: 2; text-align: left; text-decoration: none; text-indent: 0px; text-transform: none; -webkit-text-stroke-width: 0px; white-space: normal; word-spacing: 0px;\">\"All-in-One\" formula takes the guesswork out of supplementing nutrients.</span><br style=\"background-color: transparent; color: #2f2f2f; font-family: Arial,Helvetica,sans-serif; font-size: 12px; font-style: normal; font-variant: normal; font-weight: 400; letter-spacing: normal; orphans: 2; text-align: left; text-decoration: none; text-indent: 0px; text-transform: none; -webkit-text-stroke-width: 0px; white-space: normal; word-spacing: 0px; padding: 0px; margin: 0px;\" /><span style=\"display: inline !important; float: none; background-color: transparent; color: #2f2f2f; font-family: Arial,Helvetica,sans-serif; font-size: 12px; font-style: normal; font-variant: normal; font-weight: 400; letter-spacing: normal; orphans: 2; text-align: left; text-decoration: none; text-indent: 0px; text-transform: none; -webkit-text-stroke-width: 0px; white-space: normal; word-spacing: 0px;\"> Contains Vitamin A which is important for viable froglets.</span></p>'),(260,85,0,71,'Repashy Calcium Plus - 3 Oz Jar'),(261,75,0,72,'<p><span style=\"display: inline !important; float: none; background-color: transparent; color: #2f2f2f; font-family: Arial,Helvetica,sans-serif; font-size: 12px; font-style: normal; font-variant: normal; font-weight: 400; letter-spacing: normal; orphans: 2; text-align: left; text-decoration: none; text-indent: 0px; text-transform: none; -webkit-text-stroke-width: 0px; white-space: normal; word-spacing: 0px;\">“All-in-One” Insect Dusting Powder provides essential vitamins, minerals and trace elements. Featuring both Retinol and Carotenoids as sources of Vitamin A. INFORMATION: Calcium Plus was developed to increase the nutritional value of insects as they are fed to all insectivores, transforming insects into a food item that has an optimal calcium/phosphorus ratio, as well as balanced levels of vitamins, minerals, and trace elements. INGREDIENTS: Calcium Carbonate, Dried Kelp, Cellulose (as carrier), Brewer’s Yeast, RoseHips, Calendula Flower, Marigold Flower Extract, Phaffia Rhodozyma Yeast, Paprika Extract, Spirulina Algae, Turmeric, Salt, Potassium Citrate, Magnesium Gluconate, Canthaxanthin, Calcium Propionate and Potassium Sorbate (as mold inhibitors), Natural Flavoring, Lecithin, Rosemary Extract and Mixed Tocopherols (as preservatives), Vitamins (Vitamin A Supplement, Vitamin D Supplement, Choline Chloride, Ascorbic Acid, Vitamin E Supplement, Niacin, Beta Carotene, Pantothenic Acid, Riboflavin, Pyridoxine Hydrochloride, Thiamine Mononitrate, Menadione Sodium Bisulfite Complex, Folic Acid, Biotin, Vitamin B-12 Supplement). GUARANTEED ANALYSIS: Crude Protein min. 2%, Crude Fat min. 0.2%, Crude Fat max. 0.6%, Crude Fiber max. 1%, Moisture max. 8%, Ash max. 35%, Calcium min. 17%, Calcium max. 20%, Phosphorus min. 0.6%, Vitamin E min. 2,000 IU/lb, Vitamin D min. 20,000 IU/lb, Vitamin A min. 200,000 IU/lb. Total Carotenoids min. 500 mg/lb. DIRECTIONS: Use with every insect feeding. Best applied by placing insects in a plastic bag or container with Calcium Plus and shake to lightly coat insects. Feed insects to your reptiles shortly thereafter. To maximize the nutritional value of insects, use this product with Repashy’s SuperLoad and Repashy’s HydroLoad. Refrigeration will extend product life. MADE IN USA </span></p>'),(262,76,0,72,'<p><span style=\"display: inline !important; float: none; background-color: transparent; color: #2f2f2f; font-family: Arial,Helvetica,sans-serif; font-size: 12px; font-style: normal; font-variant: normal; font-weight: 400; letter-spacing: normal; orphans: 2; text-align: left; text-decoration: none; text-indent: 0px; text-transform: none; -webkit-text-stroke-width: 0px; white-space: normal; word-spacing: 0px;\">\"All-in-One\" formula takes the guesswork out of supplementing nutrients.</span><br style=\"background-color: transparent; color: #2f2f2f; font-family: Arial,Helvetica,sans-serif; font-size: 12px; font-style: normal; font-variant: normal; font-weight: 400; letter-spacing: normal; orphans: 2; text-align: left; text-decoration: none; text-indent: 0px; text-transform: none; -webkit-text-stroke-width: 0px; white-space: normal; word-spacing: 0px; padding: 0px; margin: 0px;\" /><span style=\"display: inline !important; float: none; background-color: transparent; color: #2f2f2f; font-family: Arial,Helvetica,sans-serif; font-size: 12px; font-style: normal; font-variant: normal; font-weight: 400; letter-spacing: normal; orphans: 2; text-align: left; text-decoration: none; text-indent: 0px; text-transform: none; -webkit-text-stroke-width: 0px; white-space: normal; word-spacing: 0px;\"> Contains Vitamin A which is important for viable froglets.</span></p>'),(263,85,0,72,'Repashy Calcium Plus - 6 Oz Jar'),(265,75,0,73,'<p><span style=\"display: inline !important; float: none; background-color: transparent; color: #2f2f2f; font-family: Arial,Helvetica,sans-serif; font-size: 12px; font-style: normal; font-variant: normal; font-weight: 400; letter-spacing: normal; orphans: 2; text-align: left; text-decoration: none; text-indent: 0px; text-transform: none; -webkit-text-stroke-width: 0px; white-space: normal; word-spacing: 0px;\">MICRO-FINE CALCIUM SUPPLEMENT Micro Fine Calcium Supplement with Medium Levels of Vitamin D. For Species with Normal Vitamin D Requirements. Receiving little UVB Radiation from Natural or Artificial Sunlight. Also for Therapeutic Use. DIRECTIONS: Dust insects by placing in a plastic bag and shaking lightly to coat insects with powder before feeding to animals. For supplementing fresh fruit and vegetables, use 1 heaping Teaspoon per Pound. INFORMATION: Our Calcium Carbonate is mined from the Mohave Desert in California, where it was deposited 300 million years ago during the Mississippian Age as a large graveyard of marine animals. Our calcium is micro ground to an average size of 3.5 microns, and provides the ultimate “stick” when dusted onto insects. INGREDIENTS: Calcium Carbonate, Vitamins: (Vitamin D Supplement). Guaranteed Analysis: Moisture max. 6%, Calcium min. 30%, Vitamin D 25,000 IU/lb. Refrigeration will extend freshness </span></p>'),(266,76,0,73,'<p><span style=\"display: inline !important; float: none; background-color: transparent; color: #2f2f2f; font-family: Arial,Helvetica,sans-serif; font-size: 12px; font-style: normal; font-variant: normal; font-weight: 400; letter-spacing: normal; orphans: 2; text-align: left; text-decoration: none; text-indent: 0px; text-transform: none; -webkit-text-stroke-width: 0px; white-space: normal; word-spacing: 0px;\">Micro Fine Calcium Supplement with Medium Levels of Vitamin D.</span><br style=\"background-color: transparent; color: #2f2f2f; font-family: Arial,Helvetica,sans-serif; font-size: 12px; font-style: normal; font-variant: normal; font-weight: 400; letter-spacing: normal; orphans: 2; text-align: left; text-decoration: none; text-indent: 0px; text-transform: none; -webkit-text-stroke-width: 0px; white-space: normal; word-spacing: 0px; padding: 0px; margin: 0px;\" /><span style=\"display: inline !important; float: none; background-color: transparent; color: #2f2f2f; font-family: Arial,Helvetica,sans-serif; font-size: 12px; font-style: normal; font-variant: normal; font-weight: 400; letter-spacing: normal; orphans: 2; text-align: left; text-decoration: none; text-indent: 0px; text-transform: none; -webkit-text-stroke-width: 0px; white-space: normal; word-spacing: 0px;\"> We recommend using SuperCal every other feeding with Repashy SuperVite in between. Alternatively, product can be mixed 1:1 with SuperVite and used every feeding.</span></p>'),(267,85,0,73,'Repashy SuperCal MedD - 3 Oz Jar'),(268,75,0,74,'<p><span style=\"display: inline !important; float: none; background-color: transparent; color: #2f2f2f; font-family: Arial,Helvetica,sans-serif; font-size: 12px; font-style: normal; font-variant: normal; font-weight: 400; letter-spacing: normal; orphans: 2; text-align: left; text-decoration: none; text-indent: 0px; text-transform: none; -webkit-text-stroke-width: 0px; white-space: normal; word-spacing: 0px;\">MICRO-FINE CALCIUM SUPPLEMENT Micro Fine Calcium Supplement with Medium Levels of Vitamin D. For Species with Normal Vitamin D Requirements. Receiving little UVB Radiation from Natural or Artificial Sunlight. Also for Therapeutic Use. DIRECTIONS: Dust insects by placing in a plastic bag and shaking lightly to coat insects with powder before feeding to animals. For supplementing fresh fruit and vegetables, use 1 heaping Teaspoon per Pound. INFORMATION: Our Calcium Carbonate is mined from the Mohave Desert in California, where it was deposited 300 million years ago during the Mississippian Age as a large graveyard of marine animals. Our calcium is micro ground to an average size of 3.5 microns, and provides the ultimate “stick” when dusted onto insects. INGREDIENTS: Calcium Carbonate, Vitamins: (Vitamin D Supplement). Guaranteed Analysis: Moisture max. 6%, Calcium min. 30%, Vitamin D 25,000 IU/lb. Refrigeration will extend freshness </span></p>'),(269,76,0,74,'<p><span style=\"display: inline !important; float: none; background-color: transparent; color: #2f2f2f; font-family: Arial,Helvetica,sans-serif; font-size: 12px; font-style: normal; font-variant: normal; font-weight: 400; letter-spacing: normal; orphans: 2; text-align: left; text-decoration: none; text-indent: 0px; text-transform: none; -webkit-text-stroke-width: 0px; white-space: normal; word-spacing: 0px;\">Micro Fine Calcium Supplement with Medium Levels of Vitamin D.</span><br style=\"background-color: transparent; color: #2f2f2f; font-family: Arial,Helvetica,sans-serif; font-size: 12px; font-style: normal; font-variant: normal; font-weight: 400; letter-spacing: normal; orphans: 2; text-align: left; text-decoration: none; text-indent: 0px; text-transform: none; -webkit-text-stroke-width: 0px; white-space: normal; word-spacing: 0px; padding: 0px; margin: 0px;\" /><span style=\"display: inline !important; float: none; background-color: transparent; color: #2f2f2f; font-family: Arial,Helvetica,sans-serif; font-size: 12px; font-style: normal; font-variant: normal; font-weight: 400; letter-spacing: normal; orphans: 2; text-align: left; text-decoration: none; text-indent: 0px; text-transform: none; -webkit-text-stroke-width: 0px; white-space: normal; word-spacing: 0px;\"> We recommend using SuperCal every other feeding with Repashy SuperVite in between. Alternatively, product can be mixed 1:1 with SuperVite and used every feeding.</span></p>'),(270,85,0,74,'Repashy SuperCal MedD - 6 Oz Jar'),(272,75,0,75,'<p><span style=\"display: inline !important; float: none; background-color: transparent; color: #2f2f2f; font-family: Arial,Helvetica,sans-serif; font-size: 12px; font-style: normal; font-variant: normal; font-weight: 400; letter-spacing: normal; orphans: 2; text-align: left; text-decoration: none; text-indent: 0px; text-transform: none; -webkit-text-stroke-width: 0px; white-space: normal; word-spacing: 0px;\">Repashy\'s Pigment Enhancement Formula is a Carotenoid Supplement designed to enhance the diet of Reptiles, Fish, Amphibians and Birds. INFORMATION: Contains a “broad spectrum” of Carotenoids including, but not limited to: Astaxanthin, Capsanthin, Capsorubin, Beta-Carotene, Alpha Carotene, Beta Cryptoxanthin, Zeaxanthin, Neoaxanthin, Cucurbitaxanthin, Violaxanthin, Lutein, Echineone, Canthaxanthin and Lycopene. INGREDIENTS: Calendula Flower, Pfaffia Yeast, Paprika, Marigold Flower, Algae Meal (Chlorella), RoseHips, Hibiscus Flower, Turmeric. Guaranteed Analysis: Crude Protein min. 6%, Crude Fat min. 1%, Crude Fiber max. 10%, Moisture max. 8%, Ash max. 8%. DIRECTIONS: Mix into complete feeds at up to a 4% (dry weight basis) inclusion level (providing 50 ppm astaxanthin). Refrigeration will extend freshness NOT FOR HUMAN CONSUMPTION ï Made in USA </span></p>'),(273,76,0,75,'<p><span style=\"display: inline !important; float: none; background-color: transparent; color: #2f2f2f; font-family: Arial,Helvetica,sans-serif; font-size: 12px; font-style: normal; font-variant: normal; font-weight: 400; letter-spacing: normal; orphans: 2; text-align: left; text-decoration: none; text-indent: 0px; text-transform: none; -webkit-text-stroke-width: 0px; white-space: normal; word-spacing: 0px;\">Mix Superpig into your supplementation routine to enhance the red coloring of your pdfs</span></p>'),(274,85,0,75,'Repashy Superpig - 3 Oz Jar'),(275,75,0,76,'<p><span style=\"display: inline !important; float: none; background-color: transparent; color: #2f2f2f; font-family: Arial,Helvetica,sans-serif; font-size: 12px; font-style: normal; font-variant: normal; font-weight: 400; letter-spacing: normal; orphans: 2; text-align: left; text-decoration: none; text-indent: 0px; text-transform: none; -webkit-text-stroke-width: 0px; white-space: normal; word-spacing: 0px;\">Repashy\'s Pigment Enhancement Formula is a Carotenoid Supplement designed to enhance the diet of Reptiles, Fish, Amphibians and Birds. INFORMATION: Contains a “broad spectrum” of Carotenoids including, but not limited to: Astaxanthin, Capsanthin, Capsorubin, Beta-Carotene, Alpha Carotene, Beta Cryptoxanthin, Zeaxanthin, Neoaxanthin, Cucurbitaxanthin, Violaxanthin, Lutein, Echineone, Canthaxanthin and Lycopene. INGREDIENTS: Calendula Flower, Pfaffia Yeast, Paprika, Marigold Flower, Algae Meal (Chlorella), RoseHips, Hibiscus Flower, Turmeric. Guaranteed Analysis: Crude Protein min. 6%, Crude Fat min. 1%, Crude Fiber max. 10%, Moisture max. 8%, Ash max. 8%. DIRECTIONS: Mix into complete feeds at up to a 4% (dry weight basis) inclusion level (providing 50 ppm astaxanthin). Refrigeration will extend freshness NOT FOR HUMAN CONSUMPTION ï Made in USA </span></p>'),(276,76,0,76,'<p><span style=\"display: inline !important; float: none; background-color: transparent; color: #2f2f2f; font-family: Arial,Helvetica,sans-serif; font-size: 12px; font-style: normal; font-variant: normal; font-weight: 400; letter-spacing: normal; orphans: 2; text-align: left; text-decoration: none; text-indent: 0px; text-transform: none; -webkit-text-stroke-width: 0px; white-space: normal; word-spacing: 0px;\">Mix Superpig into your supplementation routine to enhance the red coloring of your pdfs</span></p>'),(277,85,0,76,'Repashy Superpig - 6 Oz Jar'),(279,75,0,77,'<p><span style=\"display: inline !important; float: none; background-color: transparent; color: #2f2f2f; font-family: Arial,Helvetica,sans-serif; font-size: 12px; font-style: normal; font-variant: normal; font-weight: 400; letter-spacing: normal; orphans: 2; text-align: left; text-decoration: none; text-indent: 0px; text-transform: none; -webkit-text-stroke-width: 0px; white-space: normal; word-spacing: 0px;\">Micro-Fine Vitamin Supplement Supplement powder. Contains both Preformed Vitamin A and Beta Carotene. INFORMATION: SuperVite is the same Vitamin formula that has been the backbone of the SuperFoods line of complete diets and supplements. INGREDIENTS: Cellulose Powder and Calcium Carbonate (as carriers), Vitamins: (, L-ascorbyl-2-polyphosphate, Vitamin A Supplement, Vitamin D3 Supplement, Vitamin E Supplement, Niacin, Beta Carotene, Pantothenic Acid, Riboflavin, Pyridoxine Hydrochloride, Thiamine Mononitrate, Menadione Sodium Bisulfite Complex, Folic Acid, Biotin, Vitamin B-12 Supplement). GUARANTEED ANALYSIS: Vitamin A 200,000 IU/lb, Vitamin D 20,000 IU/lb, Vitamin E 2,000 IU/lb, Vitamin K (Metadione) 30 mg/lb, Vitamin C (L-ascorbyl-2-polyphosphate) 2,500 mg/lb, Vitamin B1 (Thiamine HCL) 40 mg/lb, Vitamin B2 (Riboflavin) 70 mg/lb, Vitamin B5 (Patothenic Acid) 130 mg/lb, Niacin 450 mg/lb, Vitamin B6 (Pyridoxine HCL) 55 mg/lb, Vitamin B12 .4 mg/lb, Folic Acid 20 mg/lb, Biotin 2 mg/lb, Choline 5,000 mg/lb, Beta Carotene 500 mg/lb. DIRECTIONS: This product can be used as a stand-alone supplement, or combined with the SuperCal series of Calcium supplements to balance both vitamin and mineral requirements. For insects, dust using the “shake and bake” method. For fresh fruit and vegetables, mix one heaping teaspoon per Pound. Refrigeration will extend freshness NOT FOR HUMAN CONSUMPTION ï Made in USA </span></p>'),(280,76,0,77,'<p><span style=\"display: inline !important; float: none; background-color: transparent; color: #2f2f2f; font-family: Arial,Helvetica,sans-serif; font-size: 12px; font-style: normal; font-variant: normal; font-weight: 400; letter-spacing: normal; orphans: 2; text-align: left; text-decoration: none; text-indent: 0px; text-transform: none; -webkit-text-stroke-width: 0px; white-space: normal; word-spacing: 0px;\">Micro Fine Vitamin Supplement with both Preformed Vitamin A and Beta Carotene.</span><br style=\"background-color: transparent; color: #2f2f2f; font-family: Arial,Helvetica,sans-serif; font-size: 12px; font-style: normal; font-variant: normal; font-weight: 400; letter-spacing: normal; orphans: 2; text-align: left; text-decoration: none; text-indent: 0px; text-transform: none; -webkit-text-stroke-width: 0px; white-space: normal; word-spacing: 0px; padding: 0px; margin: 0px;\" /><span style=\"display: inline !important; float: none; background-color: transparent; color: #2f2f2f; font-family: Arial,Helvetica,sans-serif; font-size: 12px; font-style: normal; font-variant: normal; font-weight: 400; letter-spacing: normal; orphans: 2; text-align: left; text-decoration: none; text-indent: 0px; text-transform: none; -webkit-text-stroke-width: 0px; white-space: normal; word-spacing: 0px;\"> We recommend using SuperVite every other feeding with Repashy SuperCal in between. Alternatively, product can be mixed 1:1 with SuperCal and used every feeding.</span></p>'),(281,85,0,77,'Repashy SuperVite - 3 Oz Jar'),(282,75,0,78,'<p><span style=\"display: inline !important; float: none; background-color: transparent; color: #2f2f2f; font-family: Arial,Helvetica,sans-serif; font-size: 12px; font-style: normal; font-variant: normal; font-weight: 400; letter-spacing: normal; orphans: 2; text-align: left; text-decoration: none; text-indent: 0px; text-transform: none; -webkit-text-stroke-width: 0px; white-space: normal; word-spacing: 0px;\">Micro-Fine Vitamin Supplement Supplement powder. Contains both Preformed Vitamin A and Beta Carotene. INFORMATION: SuperVite is the same Vitamin formula that has been the backbone of the SuperFoods line of complete diets and supplements. INGREDIENTS: Cellulose Powder and Calcium Carbonate (as carriers), Vitamins: (, L-ascorbyl-2-polyphosphate, Vitamin A Supplement, Vitamin D3 Supplement, Vitamin E Supplement, Niacin, Beta Carotene, Pantothenic Acid, Riboflavin, Pyridoxine Hydrochloride, Thiamine Mononitrate, Menadione Sodium Bisulfite Complex, Folic Acid, Biotin, Vitamin B-12 Supplement). GUARANTEED ANALYSIS: Vitamin A 200,000 IU/lb, Vitamin D 20,000 IU/lb, Vitamin E 2,000 IU/lb, Vitamin K (Metadione) 30 mg/lb, Vitamin C (L-ascorbyl-2-polyphosphate) 2,500 mg/lb, Vitamin B1 (Thiamine HCL) 40 mg/lb, Vitamin B2 (Riboflavin) 70 mg/lb, Vitamin B5 (Patothenic Acid) 130 mg/lb, Niacin 450 mg/lb, Vitamin B6 (Pyridoxine HCL) 55 mg/lb, Vitamin B12 .4 mg/lb, Folic Acid 20 mg/lb, Biotin 2 mg/lb, Choline 5,000 mg/lb, Beta Carotene 500 mg/lb. DIRECTIONS: This product can be used as a stand-alone supplement, or combined with the SuperCal series of Calcium supplements to balance both vitamin and mineral requirements. For insects, dust using the “shake and bake” method. For fresh fruit and vegetables, mix one heaping teaspoon per Pound. Refrigeration will extend freshness NOT FOR HUMAN CONSUMPTION ï Made in USA </span></p>'),(283,76,0,78,'<p><span style=\"display: inline !important; float: none; background-color: transparent; color: #2f2f2f; font-family: Arial,Helvetica,sans-serif; font-size: 12px; font-style: normal; font-variant: normal; font-weight: 400; letter-spacing: normal; orphans: 2; text-align: left; text-decoration: none; text-indent: 0px; text-transform: none; -webkit-text-stroke-width: 0px; white-space: normal; word-spacing: 0px;\">Micro Fine Vitamin Supplement with both Preformed Vitamin A and Beta Carotene.</span><br style=\"background-color: transparent; color: #2f2f2f; font-family: Arial,Helvetica,sans-serif; font-size: 12px; font-style: normal; font-variant: normal; font-weight: 400; letter-spacing: normal; orphans: 2; text-align: left; text-decoration: none; text-indent: 0px; text-transform: none; -webkit-text-stroke-width: 0px; white-space: normal; word-spacing: 0px; padding: 0px; margin: 0px;\" /><span style=\"display: inline !important; float: none; background-color: transparent; color: #2f2f2f; font-family: Arial,Helvetica,sans-serif; font-size: 12px; font-style: normal; font-variant: normal; font-weight: 400; letter-spacing: normal; orphans: 2; text-align: left; text-decoration: none; text-indent: 0px; text-transform: none; -webkit-text-stroke-width: 0px; white-space: normal; word-spacing: 0px;\"> We recommend using SuperVite every other feeding with Repashy SuperCal in between. Alternatively, product can be mixed 1:1 with SuperCal and used every feeding.</span></p>'),(284,85,0,78,'Repashy SuperVite - 6 Oz Jar'),(286,75,0,79,'<p><span style=\"display: inline !important; float: none; background-color: transparent; color: #2f2f2f; font-family: Arial,Helvetica,sans-serif; font-size: 12px; font-style: normal; font-variant: normal; font-weight: 400; letter-spacing: normal; orphans: 2; text-align: left; text-decoration: none; text-indent: 0px; text-transform: none; -webkit-text-stroke-width: 0px; white-space: normal; word-spacing: 0px;\">Micro Fine Vitamin A Supplement for Reptiles and Amphibians. Contains Preformed Vitamin A as well as natural ingredients which provide beta carotene. INFORMATION: Preformed Vitamin A (Retinol) is an essential fat soluble vitamin that in nature comes from animal sources only. Plant sources of Vitamin A such as Beta Carotene and other Carotenoids must be converted into this active animal form to be utilized by the body. Carotenoids can be converted into Retinol by some species given optimal conditions but it has been shown that deficiencies can develop if Preformed Vitamin A is not directly provided in the Retinol form. This Supplement provides preformed Vitamin A in the form of a spray dried water dispersible Retinyl Acetate powder in combination with natural sources of Beta Carotene derived from algae. INGREDIENTS: Calcium Carbonate, Fructose Powder, Cellulose Powder (as carriers), Chlorella Algae, Spirulina Algae, Calcium Propionate, Retinyl Acetate, Rosemary and Mixed Tocopherols (as preservatives). Guaranteed Analysis: Vitamin A (as Retinyl Acetate) 2,000,000 IU/lb. DIRECTIONS: This product contains high levels of preformed Vitamin A (Retinol). As a regular supplement, it should not be used more than once per month by “dusting” insects. It can be used therapeutically in higher or more frequent doses to reverse Vitamin A deficiency (Hypovitamintosis A) under Veterinary prescription. Retinol and other fat soluble vitamins such as Vitamin E and Vitamin D3 can build up in the body. Prolonged over supplementation can lead to toxicity (Hypervitamintosis A) and overdose or kill your specimens. MADE IN USA </span></p>'),(287,76,0,79,'<p><span style=\"display: inline !important; float: none; background-color: transparent; color: #2f2f2f; font-family: Arial,Helvetica,sans-serif; font-size: 12px; font-style: normal; font-variant: normal; font-weight: 400; letter-spacing: normal; orphans: 2; text-align: left; text-decoration: none; text-indent: 0px; text-transform: none; -webkit-text-stroke-width: 0px; white-space: normal; word-spacing: 0px;\">VITAMIN A PLUS MICRO-FINE VITAMIN A SUPPLEMENT. </span><br style=\"background-color: transparent; color: #2f2f2f; font-family: Arial,Helvetica,sans-serif; font-size: 12px; font-style: normal; font-variant: normal; font-weight: 400; letter-spacing: normal; orphans: 2; text-align: left; text-decoration: none; text-indent: 0px; text-transform: none; -webkit-text-stroke-width: 0px; white-space: normal; word-spacing: 0px; padding: 0px; margin: 0px;\" /><span style=\"display: inline !important; float: none; background-color: transparent; color: #2f2f2f; font-family: Arial,Helvetica,sans-serif; font-size: 12px; font-style: normal; font-variant: normal; font-weight: 400; letter-spacing: normal; orphans: 2; text-align: left; text-decoration: none; text-indent: 0px; text-transform: none; -webkit-text-stroke-width: 0px; white-space: normal; word-spacing: 0px;\"> Use once a month to reduce malformations (like SLS) in offspring from young or frequently breeding parents.</span></p>'),(288,85,0,79,'Repashy Vitamin A Plus - 3 Oz Jar'),(289,75,0,80,'<p><span style=\"display: inline !important; float: none; background-color: transparent; color: #2f2f2f; font-family: Arial,Helvetica,sans-serif; font-size: 12px; font-style: normal; font-variant: normal; font-weight: 400; letter-spacing: normal; orphans: 2; text-align: left; text-decoration: none; text-indent: 0px; text-transform: none; -webkit-text-stroke-width: 0px; white-space: normal; word-spacing: 0px;\">This Contemporary Ultra Slim designed LED fixture features a series of LEDs to promote Marine Refugium &amp; Freshwater growth. Unlike the Ray II which incorporates multiple High Output LEDS pinched together for high light output, the FugeRay features a more evenly spaced LED alignment ideal for refugium purposes as well as low-medium light needy aquariums. The FugeRay also features moonlights on a separate switch, which can be activated during the evening to give the aquarium a pleasant moonlight tone. All models feature a moisture resistant PC Splash Guard to protect against water mishaps. Differentiating itself from the original Finnex FugeRAY LED, the Planted+ series offers true 660nm red LEDs. Unlike competiting LED fixtures offering a cheaper and mass produced labeled \'RED\' LED, the Finnex Planted+ has incorporated TRUE 660nm RED LEDs- which studies have found to be one of the most efficient wavelengths for plant photosynthesis. The true 660nm red LEDs also offer a warmer tone throughout one\'s aquarium. Such as the Original Finnex FugeRAY LED, the FugeRAY Planted+ also has the blue LED moonlight feature. The durable high output LED bulbs are built to last 40,000+ hours. With a LED spread of 120 degrees, this slim LED bar lights up the largest of aquariums. A unique leg fixture allows this LED light to mount on various sized aquariums and sump setups. To extend LED bulb longevity, the circuit boards are built with high quality aluminum and the fixture itself acts as the heat sync to allow ample cooling and superior heat dissipation. </span></p>'),(290,76,0,80,'<p><span style=\"display: inline !important; float: none; background-color: transparent; color: #2f2f2f; font-family: Arial,Helvetica,sans-serif; font-size: 12px; font-style: normal; font-variant: normal; font-weight: 400; letter-spacing: normal; orphans: 2; text-align: left; text-decoration: none; text-indent: 0px; text-transform: none; -webkit-text-stroke-width: 0px; white-space: normal; word-spacing: 0px;\">• 12\" Unibody Ultra Slim High Output Planted LED </span><br style=\"background-color: transparent; color: #2f2f2f; font-family: Arial,Helvetica,sans-serif; font-size: 12px; font-style: normal; font-variant: normal; font-weight: 400; letter-spacing: normal; orphans: 2; text-align: left; text-decoration: none; text-indent: 0px; text-transform: none; -webkit-text-stroke-width: 0px; white-space: normal; word-spacing: 0px; padding: 0px; margin: 0px;\" /><span style=\"display: inline !important; float: none; background-color: transparent; color: #2f2f2f; font-family: Arial,Helvetica,sans-serif; font-size: 12px; font-style: normal; font-variant: normal; font-weight: 400; letter-spacing: normal; orphans: 2; text-align: left; text-decoration: none; text-indent: 0px; text-transform: none; -webkit-text-stroke-width: 0px; white-space: normal; word-spacing: 0px;\"> • TRUE 660nm intensive photosynthesis RED LEDs </span><br style=\"background-color: transparent; color: #2f2f2f; font-family: Arial,Helvetica,sans-serif; font-size: 12px; font-style: normal; font-variant: normal; font-weight: 400; letter-spacing: normal; orphans: 2; text-align: left; text-decoration: none; text-indent: 0px; text-transform: none; -webkit-text-stroke-width: 0px; white-space: normal; word-spacing: 0px; padding: 0px; margin: 0px;\" /><span style=\"display: inline !important; float: none; background-color: transparent; color: #2f2f2f; font-family: Arial,Helvetica,sans-serif; font-size: 12px; font-style: normal; font-variant: normal; font-weight: 400; letter-spacing: normal; orphans: 2; text-align: left; text-decoration: none; text-indent: 0px; text-transform: none; -webkit-text-stroke-width: 0px; white-space: normal; word-spacing: 0px;\"> • (44) 7000k + (24) 660nm RED + (4) Blue Moonlights</span><br style=\"background-color: transparent; color: #2f2f2f; font-family: Arial,Helvetica,sans-serif; font-size: 12px; font-style: normal; font-variant: normal; font-weight: 400; letter-spacing: normal; orphans: 2; text-align: left; text-decoration: none; text-indent: 0px; text-transform: none; -webkit-text-stroke-width: 0px; white-space: normal; word-spacing: 0px; padding: 0px; margin: 0px;\" /><span style=\"display: inline !important; float: none; background-color: transparent; color: #2f2f2f; font-family: Arial,Helvetica,sans-serif; font-size: 12px; font-style: normal; font-variant: normal; font-weight: 400; letter-spacing: normal; orphans: 2; text-align: left; text-decoration: none; text-indent: 0px; text-transform: none; -webkit-text-stroke-width: 0px; white-space: normal; word-spacing: 0px;\"> • 8.9 Watts</span></p>'),(291,85,0,80,'12\" Finnex Planted+ High Intentisty LED w/ Moonlights'),(292,75,0,81,'<p><span style=\"display: inline !important; float: none; background-color: transparent; color: #2f2f2f; font-family: Arial,Helvetica,sans-serif; font-size: 12px; font-style: normal; font-variant: normal; font-weight: 400; letter-spacing: normal; orphans: 2; text-align: left; text-decoration: none; text-indent: 0px; text-transform: none; -webkit-text-stroke-width: 0px; white-space: normal; word-spacing: 0px;\">This Contemporary Ultra Slim designed LED fixture features a series of LEDs to promote Marine Refugium &amp; Freshwater growth. Unlike the Ray II which incorporates multiple High Output LEDS pinched together for high light output, the FugeRay features a more evenly spaced LED alignment ideal for refugium purposes as well as low-medium light needy aquariums. The FugeRay also features moonlights on a separate switch, which can be activated during the evening to give the aquarium a pleasant moonlight tone. All models feature a moisture resistant PC Splash Guard to protect against water mishaps. Differentiating itself from the original Finnex FugeRAY LED, the Planted+ series offers true 660nm red LEDs. Unlike competiting LED fixtures offering a cheaper and mass produced labeled \'RED\' LED, the Finnex Planted+ has incorporated TRUE 660nm RED LEDs- which studies have found to be one of the most efficient wavelengths for plant photosynthesis. The true 660nm red LEDs also offer a warmer tone throughout one\'s aquarium. Such as the Original Finnex FugeRAY LED, the FugeRAY Planted+ also has the blue LED moonlight feature. The durable high output LED bulbs are built to last 40,000+ hours. With a LED spread of 120 degrees, this slim LED bar lights up the largest of aquariums. A unique leg fixture allows this LED light to mount on various sized aquariums and sump setups. To extend LED bulb longevity, the circuit boards are built with high quality aluminum and the fixture itself acts as the heat sync to allow ample cooling and superior heat dissipation. </span></p>'),(293,76,0,81,'<p><span style=\"display: inline !important; float: none; background-color: transparent; color: #2f2f2f; font-family: Arial,Helvetica,sans-serif; font-size: 12px; font-style: normal; font-variant: normal; font-weight: 400; letter-spacing: normal; orphans: 2; text-align: left; text-decoration: none; text-indent: 0px; text-transform: none; -webkit-text-stroke-width: 0px; white-space: normal; word-spacing: 0px;\">• 20\" Unibody Ultra Slim High Output Planted LED </span><br style=\"background-color: transparent; color: #2f2f2f; font-family: Arial,Helvetica,sans-serif; font-size: 12px; font-style: normal; font-variant: normal; font-weight: 400; letter-spacing: normal; orphans: 2; text-align: left; text-decoration: none; text-indent: 0px; text-transform: none; -webkit-text-stroke-width: 0px; white-space: normal; word-spacing: 0px; padding: 0px; margin: 0px;\" /><span style=\"display: inline !important; float: none; background-color: transparent; color: #2f2f2f; font-family: Arial,Helvetica,sans-serif; font-size: 12px; font-style: normal; font-variant: normal; font-weight: 400; letter-spacing: normal; orphans: 2; text-align: left; text-decoration: none; text-indent: 0px; text-transform: none; -webkit-text-stroke-width: 0px; white-space: normal; word-spacing: 0px;\"> • TRUE 660nm intensive photosynthesis RED LEDs </span><br style=\"background-color: transparent; color: #2f2f2f; font-family: Arial,Helvetica,sans-serif; font-size: 12px; font-style: normal; font-variant: normal; font-weight: 400; letter-spacing: normal; orphans: 2; text-align: left; text-decoration: none; text-indent: 0px; text-transform: none; -webkit-text-stroke-width: 0px; white-space: normal; word-spacing: 0px; padding: 0px; margin: 0px;\" /><span style=\"display: inline !important; float: none; background-color: transparent; color: #2f2f2f; font-family: Arial,Helvetica,sans-serif; font-size: 12px; font-style: normal; font-variant: normal; font-weight: 400; letter-spacing: normal; orphans: 2; text-align: left; text-decoration: none; text-indent: 0px; text-transform: none; -webkit-text-stroke-width: 0px; white-space: normal; word-spacing: 0px;\"> • (72) 7000k + (40) 660nm RED + (8) Blue Moonlights</span><br style=\"background-color: transparent; color: #2f2f2f; font-family: Arial,Helvetica,sans-serif; font-size: 12px; font-style: normal; font-variant: normal; font-weight: 400; letter-spacing: normal; orphans: 2; text-align: left; text-decoration: none; text-indent: 0px; text-transform: none; -webkit-text-stroke-width: 0px; white-space: normal; word-spacing: 0px; padding: 0px; margin: 0px;\" /><span style=\"display: inline !important; float: none; background-color: transparent; color: #2f2f2f; font-family: Arial,Helvetica,sans-serif; font-size: 12px; font-style: normal; font-variant: normal; font-weight: 400; letter-spacing: normal; orphans: 2; text-align: left; text-decoration: none; text-indent: 0px; text-transform: none; -webkit-text-stroke-width: 0px; white-space: normal; word-spacing: 0px;\"> • 14.7 Watts</span></p>'),(294,85,0,81,'20\" Finnex Planted+ High Intentisty LED w/ Moonlights'),(299,75,0,83,'<p><span style=\"display: inline !important; float: none; background-color: transparent; color: #2f2f2f; font-family: Arial,Helvetica,sans-serif; font-size: 12px; font-style: normal; font-variant: normal; font-weight: 400; letter-spacing: normal; orphans: 2; text-align: left; text-decoration: none; text-indent: 0px; text-transform: none; -webkit-text-stroke-width: 0px; white-space: normal; word-spacing: 0px;\">This Contemporary Ultra Slim designed LED fixture features a series of LEDs to promote Marine Refugium &amp; Freshwater growth. Unlike the Ray II which incorporates multiple High Output LEDS pinched together for high light output, the FugeRay features a more evenly spaced LED alignment ideal for refugium purposes as well as low-medium light needy aquariums. The FugeRay also features moonlights on a separate switch, which can be activated during the evening to give the aquarium a pleasant moonlight tone. All models feature a moisture resistant PC Splash Guard to protect against water mishaps. Differentiating itself from the original Finnex FugeRAY LED, the Planted+ series offers true 660nm red LEDs. Unlike competiting LED fixtures offering a cheaper and mass produced labeled \'RED\' LED, the Finnex Planted+ has incorporated TRUE 660nm RED LEDs- which studies have found to be one of the most efficient wavelengths for plant photosynthesis. The true 660nm red LEDs also offer a warmer tone throughout one\'s aquarium. Such as the Original Finnex FugeRAY LED, the FugeRAY Planted+ also has the blue LED moonlight feature. The durable high output LED bulbs are built to last 40,000+ hours. With a LED spread of 120 degrees, this slim LED bar lights up the largest of aquariums. A unique leg fixture allows this LED light to mount on various sized aquariums and sump setups. To extend LED bulb longevity, the circuit boards are built with high quality aluminum and the fixture itself acts as the heat sync to allow ample cooling and superior heat dissipation. </span></p>');
