CREATE TABLE `mz0b_quote_address` (
  `address_id` int(10) unsigned NOT NULL AUTO_INCREMENT COMMENT 'Address Id',
  `quote_id` int(10) unsigned NOT NULL DEFAULT '0' COMMENT 'Quote Id',
  `created_at` timestamp NOT NULL DEFAULT CURRENT_TIMESTAMP COMMENT 'Created At',
  `updated_at` timestamp NOT NULL DEFAULT CURRENT_TIMESTAMP ON UPDATE CURRENT_TIMESTAMP COMMENT 'Updated At',
  `customer_id` int(10) unsigned DEFAULT NULL COMMENT 'Customer Id',
  `save_in_address_book` smallint(6) DEFAULT '0' COMMENT 'Save In Address Book',
  `customer_address_id` int(10) unsigned DEFAULT NULL COMMENT 'Customer Address Id',
  `address_type` varchar(10) DEFAULT NULL COMMENT 'Address Type',
  `email` varchar(255) DEFAULT NULL COMMENT 'Email',
  `prefix` varchar(40) DEFAULT NULL COMMENT 'Prefix',
  `firstname` varchar(255) DEFAULT NULL,
  `middlename` varchar(40) DEFAULT NULL,
  `lastname` varchar(255) DEFAULT NULL,
  `suffix` varchar(40) DEFAULT NULL COMMENT 'Suffix',
  `company` varchar(255) DEFAULT NULL COMMENT 'Company',
  `street` varchar(255) DEFAULT NULL COMMENT 'Street',
  `city` varchar(255) DEFAULT NULL,
  `region` varchar(255) DEFAULT NULL,
  `region_id` int(10) unsigned DEFAULT NULL COMMENT 'Region Id',
  `postcode` varchar(20) DEFAULT NULL COMMENT 'Postcode',
  `country_id` varchar(30) DEFAULT NULL COMMENT 'Country Id',
  `telephone` varchar(255) DEFAULT NULL,
  `fax` varchar(255) DEFAULT NULL,
  `same_as_billing` smallint(5) unsigned NOT NULL DEFAULT '0' COMMENT 'Same As Billing',
  `collect_shipping_rates` smallint(5) unsigned NOT NULL DEFAULT '0' COMMENT 'Collect Shipping Rates',
  `shipping_method` varchar(120) DEFAULT NULL,
  `shipping_description` varchar(255) DEFAULT NULL COMMENT 'Shipping Description',
  `weight` decimal(12,4) NOT NULL DEFAULT '0.0000' COMMENT 'Weight',
  `subtotal` decimal(20,4) NOT NULL DEFAULT '0.0000' COMMENT 'Subtotal',
  `base_subtotal` decimal(20,4) NOT NULL DEFAULT '0.0000' COMMENT 'Base Subtotal',
  `subtotal_with_discount` decimal(20,4) NOT NULL DEFAULT '0.0000' COMMENT 'Subtotal With Discount',
  `base_subtotal_with_discount` decimal(20,4) NOT NULL DEFAULT '0.0000' COMMENT 'Base Subtotal With Discount',
  `tax_amount` decimal(20,4) NOT NULL DEFAULT '0.0000' COMMENT 'Tax Amount',
  `base_tax_amount` decimal(20,4) NOT NULL DEFAULT '0.0000' COMMENT 'Base Tax Amount',
  `shipping_amount` decimal(20,4) NOT NULL DEFAULT '0.0000' COMMENT 'Shipping Amount',
  `base_shipping_amount` decimal(20,4) NOT NULL DEFAULT '0.0000' COMMENT 'Base Shipping Amount',
  `shipping_tax_amount` decimal(20,4) DEFAULT NULL COMMENT 'Shipping Tax Amount',
  `base_shipping_tax_amount` decimal(20,4) DEFAULT NULL COMMENT 'Base Shipping Tax Amount',
  `discount_amount` decimal(20,4) NOT NULL DEFAULT '0.0000' COMMENT 'Discount Amount',
  `base_discount_amount` decimal(20,4) NOT NULL DEFAULT '0.0000' COMMENT 'Base Discount Amount',
  `grand_total` decimal(20,4) NOT NULL DEFAULT '0.0000' COMMENT 'Grand Total',
  `base_grand_total` decimal(20,4) NOT NULL DEFAULT '0.0000' COMMENT 'Base Grand Total',
  `customer_notes` text COMMENT 'Customer Notes',
  `applied_taxes` text COMMENT 'Applied Taxes',
  `discount_description` varchar(255) DEFAULT NULL COMMENT 'Discount Description',
  `shipping_discount_amount` decimal(20,4) DEFAULT NULL COMMENT 'Shipping Discount Amount',
  `base_shipping_discount_amount` decimal(20,4) DEFAULT NULL COMMENT 'Base Shipping Discount Amount',
  `subtotal_incl_tax` decimal(20,4) DEFAULT NULL COMMENT 'Subtotal Incl Tax',
  `base_subtotal_total_incl_tax` decimal(20,4) DEFAULT NULL COMMENT 'Base Subtotal Total Incl Tax',
  `discount_tax_compensation_amount` decimal(20,4) DEFAULT NULL COMMENT 'Discount Tax Compensation Amount',
  `base_discount_tax_compensation_amount` decimal(20,4) DEFAULT NULL COMMENT 'Base Discount Tax Compensation Amount',
  `shipping_discount_tax_compensation_amount` decimal(20,4) DEFAULT NULL COMMENT 'Shipping Discount Tax Compensation Amount',
  `base_shipping_discount_tax_compensation_amnt` decimal(20,4) DEFAULT NULL COMMENT 'Base Shipping Discount Tax Compensation Amount',
  `shipping_incl_tax` decimal(20,4) DEFAULT NULL COMMENT 'Shipping Incl Tax',
  `base_shipping_incl_tax` decimal(20,4) DEFAULT NULL COMMENT 'Base Shipping Incl Tax',
  `vat_id` text COMMENT 'Vat Id',
  `vat_is_valid` smallint(6) DEFAULT NULL COMMENT 'Vat Is Valid',
  `vat_request_id` text COMMENT 'Vat Request Id',
  `vat_request_date` text COMMENT 'Vat Request Date',
  `vat_request_success` smallint(6) DEFAULT NULL COMMENT 'Vat Request Success',
  `validated_country_code` text COMMENT 'Validated Country Code',
  `validated_vat_number` text COMMENT 'Validated Vat Number',
  `gift_message_id` int(11) DEFAULT NULL COMMENT 'Gift Message Id',
  `free_shipping` smallint(5) unsigned NOT NULL DEFAULT '0' COMMENT 'Free Shipping',
  PRIMARY KEY (`address_id`),
  KEY `MZ0B_QUOTE_ADDRESS_QUOTE_ID` (`quote_id`)
) ENGINE=InnoDB AUTO_INCREMENT=156 DEFAULT CHARSET=utf8 COMMENT='Sales Flat Quote Address';
INSERT INTO `mz0b_quote_address` VALUES (1,1,'2019-08-17 22:49:23','2019-08-17 22:49:23',NULL,0,NULL,'billing',NULL,NULL,NULL,NULL,NULL,NULL,NULL,NULL,NULL,NULL,NULL,NULL,NULL,NULL,NULL,0,0,NULL,NULL,0.0000,50.0000,50.0000,50.0000,50.0000,0.0000,0.0000,0.0000,0.0000,0.0000,0.0000,0.0000,0.0000,50.0000,50.0000,NULL,'[]',NULL,0.0000,0.0000,50.0000,50.0000,0.0000,0.0000,0.0000,NULL,0.0000,0.0000,NULL,NULL,NULL,NULL,NULL,NULL,NULL,NULL,0),(2,1,'2019-08-17 22:49:23','2019-08-17 22:49:23',NULL,0,NULL,'shipping',NULL,NULL,NULL,NULL,NULL,NULL,NULL,NULL,NULL,NULL,NULL,NULL,NULL,NULL,NULL,1,1,NULL,NULL,0.0000,0.0000,0.0000,0.0000,0.0000,0.0000,0.0000,0.0000,0.0000,0.0000,0.0000,0.0000,0.0000,0.0000,0.0000,NULL,'null',NULL,0.0000,0.0000,0.0000,NULL,0.0000,0.0000,0.0000,NULL,0.0000,0.0000,NULL,NULL,NULL,NULL,NULL,NULL,NULL,NULL,0),(7,3,'2019-08-17 23:44:53','2019-08-17 23:44:53',NULL,0,NULL,'billing',NULL,NULL,NULL,NULL,NULL,NULL,NULL,NULL,NULL,NULL,NULL,NULL,NULL,NULL,NULL,0,0,NULL,NULL,0.0000,0.0000,0.0000,0.0000,0.0000,0.0000,0.0000,0.0000,0.0000,0.0000,0.0000,0.0000,0.0000,0.0000,0.0000,NULL,'null',NULL,0.0000,0.0000,0.0000,NULL,0.0000,0.0000,0.0000,NULL,0.0000,0.0000,NULL,NULL,NULL,NULL,NULL,NULL,NULL,NULL,0),(8,3,'2019-08-17 23:44:53','2019-08-17 23:44:53',NULL,0,NULL,'shipping',NULL,NULL,NULL,NULL,NULL,NULL,NULL,NULL,NULL,NULL,NULL,NULL,NULL,NULL,NULL,1,1,NULL,NULL,0.2000,40.0000,40.0000,40.0000,40.0000,0.0000,0.0000,0.0000,0.0000,0.0000,0.0000,0.0000,0.0000,40.0000,40.0000,NULL,'[]',NULL,0.0000,0.0000,40.0000,40.0000,0.0000,0.0000,0.0000,NULL,0.0000,0.0000,NULL,NULL,NULL,NULL,NULL,NULL,NULL,NULL,0),(12,5,'2019-08-18 23:40:53','2019-08-18 23:40:53',NULL,0,NULL,'billing',NULL,' ','Keith',NULL,'Tanis',NULL,'Frogs \'N\' Things','618 Fairhill Rd','Hatfield','Pennsylvania',51,'19440','US','212232323',NULL,0,0,NULL,NULL,0.0000,0.0000,0.0000,0.0000,0.0000,0.0000,0.0000,0.0000,0.0000,0.0000,0.0000,0.0000,0.0000,0.0000,0.0000,NULL,'null',NULL,0.0000,0.0000,0.0000,NULL,0.0000,0.0000,0.0000,NULL,0.0000,0.0000,NULL,NULL,NULL,NULL,NULL,NULL,NULL,NULL,0),(13,5,'2019-08-18 23:40:53','2019-08-19 22:12:59',NULL,0,NULL,'shipping',NULL,' ','Keith',NULL,'Tanis',NULL,'Frogs \'N\' Things','618 Fairhill Rd','Hatfield','Pennsylvania',51,'19440','US','212232323',NULL,0,0,'usps_1','For Supplies Only (No Frogs or Insects Please) - Priority Mail 1-Day',0.0100,45.0000,45.0000,45.0000,45.0000,0.0000,0.0000,7.3500,7.3500,0.0000,0.0000,0.0000,0.0000,52.3500,52.3500,NULL,'[]',NULL,0.0000,0.0000,45.0000,45.0000,0.0000,0.0000,0.0000,NULL,7.3500,7.3500,NULL,NULL,NULL,NULL,NULL,NULL,NULL,NULL,0),(21,8,'2019-08-26 22:37:24','2019-08-26 22:37:24',NULL,0,NULL,'billing',NULL,NULL,NULL,NULL,NULL,NULL,NULL,NULL,NULL,NULL,NULL,NULL,NULL,NULL,NULL,0,0,NULL,NULL,0.0000,0.0000,0.0000,0.0000,0.0000,0.0000,0.0000,0.0000,0.0000,0.0000,0.0000,0.0000,0.0000,0.0000,0.0000,NULL,'null',NULL,0.0000,0.0000,0.0000,NULL,0.0000,0.0000,0.0000,NULL,0.0000,0.0000,NULL,NULL,NULL,NULL,NULL,NULL,NULL,NULL,0),(22,8,'2019-08-26 22:37:24','2019-08-26 22:37:24',NULL,0,NULL,'shipping',NULL,NULL,NULL,NULL,NULL,NULL,NULL,NULL,NULL,NULL,NULL,NULL,NULL,NULL,NULL,1,0,NULL,NULL,0.0100,90.0000,90.0000,90.0000,90.0000,0.0000,0.0000,0.0000,0.0000,0.0000,0.0000,0.0000,0.0000,90.0000,90.0000,NULL,'[]',NULL,0.0000,0.0000,90.0000,90.0000,0.0000,0.0000,0.0000,NULL,0.0000,0.0000,NULL,NULL,NULL,NULL,NULL,NULL,NULL,NULL,0),(23,9,'2019-08-29 23:02:43','2019-08-29 23:02:43',NULL,0,NULL,'billing',NULL,NULL,NULL,NULL,NULL,NULL,NULL,NULL,NULL,NULL,NULL,NULL,NULL,NULL,NULL,0,0,NULL,NULL,0.0000,0.0000,0.0000,0.0000,0.0000,0.0000,0.0000,0.0000,0.0000,0.0000,0.0000,0.0000,0.0000,0.0000,0.0000,NULL,'null',NULL,0.0000,0.0000,0.0000,NULL,0.0000,0.0000,0.0000,NULL,0.0000,0.0000,NULL,NULL,NULL,NULL,NULL,NULL,NULL,NULL,0),(24,9,'2019-08-29 23:02:43','2019-08-29 23:02:43',NULL,0,NULL,'shipping',NULL,NULL,NULL,NULL,NULL,NULL,NULL,NULL,NULL,NULL,NULL,NULL,NULL,NULL,NULL,1,0,NULL,NULL,2.0000,50.0000,50.0000,50.0000,50.0000,0.0000,0.0000,0.0000,0.0000,0.0000,0.0000,0.0000,0.0000,50.0000,50.0000,NULL,'[]',NULL,0.0000,0.0000,50.0000,50.0000,0.0000,0.0000,0.0000,NULL,0.0000,0.0000,NULL,NULL,NULL,NULL,NULL,NULL,NULL,NULL,0),(30,11,'2019-09-06 21:16:55','2019-09-06 21:16:55',NULL,0,NULL,'billing',NULL,NULL,NULL,NULL,NULL,NULL,NULL,NULL,NULL,NULL,NULL,NULL,NULL,NULL,NULL,0,0,NULL,NULL,0.0000,0.0000,0.0000,0.0000,0.0000,0.0000,0.0000,0.0000,0.0000,0.0000,0.0000,0.0000,0.0000,0.0000,0.0000,NULL,'null',NULL,0.0000,0.0000,0.0000,NULL,0.0000,0.0000,0.0000,NULL,0.0000,0.0000,NULL,NULL,NULL,NULL,NULL,NULL,NULL,NULL,0),(31,11,'2019-09-06 21:16:55','2019-09-06 21:16:55',NULL,0,NULL,'shipping',NULL,NULL,NULL,NULL,NULL,NULL,NULL,NULL,NULL,NULL,NULL,NULL,NULL,NULL,NULL,1,1,NULL,NULL,0.0000,0.0000,0.0000,0.0000,0.0000,0.0000,0.0000,0.0000,0.0000,0.0000,0.0000,0.0000,0.0000,0.0000,0.0000,NULL,'null',NULL,0.0000,0.0000,0.0000,NULL,0.0000,0.0000,0.0000,NULL,0.0000,0.0000,NULL,NULL,NULL,NULL,NULL,NULL,NULL,NULL,0),(32,12,'2019-09-07 00:33:12','2019-09-07 00:33:12',NULL,0,NULL,'billing',NULL,NULL,NULL,NULL,NULL,NULL,NULL,NULL,NULL,NULL,NULL,NULL,NULL,NULL,NULL,0,0,NULL,NULL,0.0000,0.0000,0.0000,0.0000,0.0000,0.0000,0.0000,0.0000,0.0000,0.0000,0.0000,0.0000,0.0000,0.0000,0.0000,NULL,'null',NULL,0.0000,0.0000,0.0000,NULL,0.0000,0.0000,0.0000,NULL,0.0000,0.0000,NULL,NULL,NULL,NULL,NULL,NULL,NULL,NULL,0),(33,12,'2019-09-07 00:33:12','2019-09-07 00:33:12',NULL,0,NULL,'shipping',NULL,NULL,NULL,NULL,NULL,NULL,NULL,NULL,NULL,NULL,NULL,NULL,NULL,NULL,NULL,1,0,NULL,NULL,0.0500,100.0000,100.0000,100.0000,100.0000,0.0000,0.0000,0.0000,0.0000,0.0000,0.0000,0.0000,0.0000,100.0000,100.0000,NULL,'[]',NULL,0.0000,0.0000,100.0000,100.0000,0.0000,0.0000,0.0000,NULL,0.0000,0.0000,NULL,NULL,NULL,NULL,NULL,NULL,NULL,NULL,0),(34,13,'2019-09-07 19:05:24','2019-09-07 19:05:24',NULL,0,NULL,'billing',NULL,NULL,NULL,NULL,NULL,NULL,NULL,NULL,NULL,NULL,NULL,NULL,NULL,NULL,NULL,0,0,NULL,NULL,0.0000,0.0000,0.0000,0.0000,0.0000,0.0000,0.0000,0.0000,0.0000,0.0000,0.0000,0.0000,0.0000,0.0000,0.0000,NULL,'null',NULL,0.0000,0.0000,0.0000,NULL,0.0000,0.0000,0.0000,NULL,0.0000,0.0000,NULL,NULL,NULL,NULL,NULL,NULL,NULL,NULL,0),(35,13,'2019-09-07 19:05:24','2019-09-07 19:05:24',NULL,0,NULL,'shipping',NULL,NULL,NULL,NULL,NULL,NULL,NULL,NULL,NULL,NULL,NULL,NULL,NULL,NULL,NULL,1,1,NULL,NULL,0.1100,45.0000,45.0000,45.0000,45.0000,0.0000,0.0000,0.0000,0.0000,0.0000,0.0000,0.0000,0.0000,45.0000,45.0000,NULL,'[]',NULL,0.0000,0.0000,45.0000,45.0000,0.0000,0.0000,0.0000,NULL,0.0000,0.0000,NULL,NULL,NULL,NULL,NULL,NULL,NULL,NULL,0),(40,14,'2019-09-07 21:12:44','2019-09-07 21:12:44',NULL,0,NULL,'billing',NULL,NULL,NULL,NULL,NULL,NULL,NULL,NULL,NULL,NULL,NULL,NULL,NULL,NULL,NULL,0,0,NULL,NULL,0.0000,0.0000,0.0000,0.0000,0.0000,0.0000,0.0000,0.0000,0.0000,0.0000,0.0000,0.0000,0.0000,0.0000,0.0000,NULL,'null',NULL,0.0000,0.0000,0.0000,NULL,0.0000,0.0000,0.0000,NULL,0.0000,0.0000,NULL,NULL,NULL,NULL,NULL,NULL,NULL,NULL,0),(41,14,'2019-09-07 21:12:44','2019-09-07 21:12:44',NULL,0,NULL,'shipping',NULL,NULL,NULL,NULL,NULL,NULL,NULL,NULL,NULL,NULL,NULL,NULL,NULL,NULL,NULL,1,1,NULL,NULL,0.0000,0.0000,0.0000,0.0000,0.0000,0.0000,0.0000,0.0000,0.0000,0.0000,0.0000,0.0000,0.0000,0.0000,0.0000,NULL,'null',NULL,0.0000,0.0000,0.0000,NULL,0.0000,0.0000,0.0000,NULL,0.0000,0.0000,NULL,NULL,NULL,NULL,NULL,NULL,NULL,NULL,0),(42,15,'2019-09-08 03:59:13','2019-09-08 03:59:13',NULL,0,NULL,'billing',NULL,NULL,NULL,NULL,NULL,NULL,NULL,NULL,NULL,NULL,NULL,NULL,NULL,NULL,NULL,0,0,NULL,NULL,0.0000,0.0000,0.0000,0.0000,0.0000,0.0000,0.0000,0.0000,0.0000,0.0000,0.0000,0.0000,0.0000,0.0000,0.0000,NULL,'null',NULL,0.0000,0.0000,0.0000,NULL,0.0000,0.0000,0.0000,NULL,0.0000,0.0000,NULL,NULL,NULL,NULL,NULL,NULL,NULL,NULL,0),(43,15,'2019-09-08 03:59:13','2019-09-08 03:59:13',NULL,0,NULL,'shipping',NULL,NULL,NULL,NULL,NULL,NULL,NULL,NULL,NULL,NULL,NULL,NULL,NULL,NULL,NULL,1,0,NULL,NULL,0.1000,8.0000,8.0000,8.0000,8.0000,0.0000,0.0000,0.0000,0.0000,0.0000,0.0000,0.0000,0.0000,8.0000,8.0000,NULL,'[]',NULL,0.0000,0.0000,8.0000,8.0000,0.0000,0.0000,0.0000,NULL,0.0000,0.0000,NULL,NULL,NULL,NULL,NULL,NULL,NULL,NULL,0),(44,16,'2019-09-08 08:11:23','2019-09-08 08:11:23',NULL,0,NULL,'billing',NULL,NULL,NULL,NULL,NULL,NULL,NULL,NULL,NULL,NULL,NULL,NULL,NULL,NULL,NULL,0,0,NULL,NULL,0.0000,0.0000,0.0000,0.0000,0.0000,0.0000,0.0000,0.0000,0.0000,0.0000,0.0000,0.0000,0.0000,0.0000,0.0000,NULL,'null',NULL,0.0000,0.0000,0.0000,NULL,0.0000,0.0000,0.0000,NULL,0.0000,0.0000,NULL,NULL,NULL,NULL,NULL,NULL,NULL,NULL,0),(45,16,'2019-09-08 08:11:23','2019-09-08 08:11:23',NULL,0,NULL,'shipping',NULL,NULL,NULL,NULL,NULL,NULL,NULL,NULL,NULL,NULL,NULL,NULL,NULL,NULL,NULL,1,0,NULL,NULL,0.0100,70.0000,70.0000,70.0000,70.0000,0.0000,0.0000,0.0000,0.0000,0.0000,0.0000,0.0000,0.0000,70.0000,70.0000,NULL,'[]',NULL,0.0000,0.0000,70.0000,70.0000,0.0000,0.0000,0.0000,NULL,0.0000,0.0000,NULL,NULL,NULL,NULL,NULL,NULL,NULL,NULL,0),(47,17,'2019-09-10 11:30:47','2019-09-10 11:34:02',NULL,0,NULL,'shipping','Joshstottlemyer@hotmail.com',' ','josh',NULL,'stottlemyer',NULL,NULL,'15367 MARYLAND LINE RD','GREENCASTLE','Pennsylvania',51,'17225','US','17173870552',NULL,0,1,'usps_1','For Supplies Only (No Frogs or Insects Please) - Priority Mail 2-Day',0.2000,15.0000,15.0000,15.0000,15.0000,0.0000,0.0000,7.3500,7.3500,0.0000,0.0000,0.0000,0.0000,22.3500,22.3500,NULL,'[]',NULL,0.0000,0.0000,15.0000,15.0000,0.0000,0.0000,0.0000,NULL,7.3500,7.3500,NULL,NULL,NULL,NULL,NULL,NULL,NULL,NULL,0),(48,17,'2019-09-10 11:34:17','2019-09-10 11:34:17',NULL,NULL,NULL,'billing','Joshstottlemyer@hotmail.com',' ','josh',NULL,'stottlemyer',NULL,NULL,'15367 MARYLAND LINE RD','GREENCASTLE','Pennsylvania',51,'17225','US','17173870552',NULL,0,0,NULL,NULL,0.0000,0.0000,0.0000,0.0000,0.0000,0.0000,0.0000,0.0000,0.0000,0.0000,0.0000,0.0000,0.0000,0.0000,0.0000,NULL,'null',NULL,0.0000,0.0000,0.0000,NULL,0.0000,0.0000,0.0000,NULL,0.0000,0.0000,NULL,NULL,NULL,NULL,NULL,NULL,NULL,NULL,0),(50,18,'2019-09-10 13:48:53','2019-09-10 13:52:18',NULL,0,NULL,'shipping',NULL,' ','Keith',NULL,'Tanis',NULL,NULL,'618 Fairhill Rd','Hatfield','Pennsylvania',51,'19440','US','2155362407',NULL,0,1,'freeshipping_freeshipping','Pickup in Hilltown PA (19440) - Free',0.0500,1.5000,1.5000,1.5000,1.5000,0.0000,0.0000,0.0000,0.0000,0.0000,0.0000,0.0000,0.0000,1.5000,1.5000,NULL,'[]',NULL,0.0000,0.0000,1.5000,1.5000,0.0000,0.0000,0.0000,NULL,0.0000,0.0000,NULL,NULL,NULL,NULL,NULL,NULL,NULL,NULL,0),(52,18,'2019-09-10 14:00:43','2019-09-10 14:00:43',NULL,NULL,NULL,'billing','keith@frogsnthings.com',' ','Keith',NULL,'Tanis',NULL,NULL,'618 Fairhill Rd','Hatfield','Pennsylvania',51,'19440','US','2155362407',NULL,0,0,NULL,NULL,0.0000,0.0000,0.0000,0.0000,0.0000,0.0000,0.0000,0.0000,0.0000,0.0000,0.0000,0.0000,0.0000,0.0000,0.0000,NULL,'null',NULL,0.0000,0.0000,0.0000,NULL,0.0000,0.0000,0.0000,NULL,0.0000,0.0000,NULL,NULL,NULL,NULL,NULL,NULL,NULL,NULL,0),(54,19,'2019-09-10 18:32:13','2019-09-10 18:33:11',NULL,0,NULL,'shipping','keith_tanis@verizon.net',' ','Keith',NULL,'Tanis',NULL,NULL,'618 Fairhill Rd','Hatfield','Pennsylvania',51,'19440','US','2155362407',NULL,0,1,'freeshipping_freeshipping','Pickup in Hilltown PA (19440) - Free',0.0500,1.5000,1.5000,1.5000,1.5000,0.0000,0.0000,0.0000,0.0000,0.0000,0.0000,0.0000,0.0000,1.5000,1.5000,NULL,'[]',NULL,0.0000,0.0000,1.5000,1.5000,0.0000,0.0000,0.0000,NULL,0.0000,0.0000,NULL,NULL,NULL,NULL,NULL,NULL,NULL,NULL,0),(55,19,'2019-09-10 18:33:25','2019-09-10 18:33:25',NULL,NULL,NULL,'billing','keith_tanis@verizon.net',' ','Keith',NULL,'Tanis',NULL,NULL,'618 Fairhill Rd','Hatfield','Pennsylvania',51,'19440','US','2155362407',NULL,0,0,NULL,NULL,0.0000,0.0000,0.0000,0.0000,0.0000,0.0000,0.0000,0.0000,0.0000,0.0000,0.0000,0.0000,0.0000,0.0000,0.0000,NULL,'null',NULL,0.0000,0.0000,0.0000,NULL,0.0000,0.0000,0.0000,NULL,0.0000,0.0000,NULL,NULL,NULL,NULL,NULL,NULL,NULL,NULL,0),(56,20,'2019-09-15 12:38:43','2019-09-15 12:38:43',NULL,0,NULL,'billing',NULL,NULL,NULL,NULL,NULL,NULL,NULL,NULL,NULL,NULL,NULL,NULL,NULL,NULL,NULL,0,0,NULL,NULL,0.0000,0.0000,0.0000,0.0000,0.0000,0.0000,0.0000,0.0000,0.0000,0.0000,0.0000,0.0000,0.0000,0.0000,0.0000,NULL,'null',NULL,0.0000,0.0000,0.0000,NULL,0.0000,0.0000,0.0000,NULL,0.0000,0.0000,NULL,NULL,NULL,NULL,NULL,NULL,NULL,NULL,0),(57,20,'2019-09-15 12:38:43','2019-09-15 12:38:43',NULL,0,NULL,'shipping',NULL,NULL,NULL,NULL,NULL,NULL,NULL,NULL,NULL,NULL,NULL,NULL,NULL,NULL,NULL,1,0,NULL,NULL,2.0000,45.0000,45.0000,45.0000,45.0000,0.0000,0.0000,0.0000,0.0000,0.0000,0.0000,0.0000,0.0000,45.0000,45.0000,NULL,'[]',NULL,0.0000,0.0000,45.0000,45.0000,0.0000,0.0000,0.0000,NULL,0.0000,0.0000,NULL,NULL,NULL,NULL,NULL,NULL,NULL,NULL,0),(58,21,'2019-09-16 07:34:59','2019-09-16 07:34:59',NULL,0,NULL,'billing',NULL,NULL,NULL,NULL,NULL,NULL,NULL,NULL,NULL,NULL,NULL,NULL,NULL,NULL,NULL,0,0,NULL,NULL,0.0000,0.0000,0.0000,0.0000,0.0000,0.0000,0.0000,0.0000,0.0000,0.0000,0.0000,0.0000,0.0000,0.0000,0.0000,NULL,'null',NULL,0.0000,0.0000,0.0000,NULL,0.0000,0.0000,0.0000,NULL,0.0000,0.0000,NULL,NULL,NULL,NULL,NULL,NULL,NULL,NULL,0),(59,21,'2019-09-16 07:34:59','2019-09-16 07:34:59',NULL,0,NULL,'shipping',NULL,NULL,NULL,NULL,NULL,NULL,NULL,NULL,NULL,NULL,NULL,NULL,NULL,NULL,NULL,1,0,NULL,NULL,0.0100,75.0000,75.0000,75.0000,75.0000,0.0000,0.0000,0.0000,0.0000,0.0000,0.0000,0.0000,0.0000,75.0000,75.0000,NULL,'[]',NULL,0.0000,0.0000,75.0000,75.0000,0.0000,0.0000,0.0000,NULL,0.0000,0.0000,NULL,NULL,NULL,NULL,NULL,NULL,NULL,NULL,0),(60,22,'2019-09-16 21:06:30','2019-09-16 21:06:30',NULL,0,NULL,'billing',NULL,NULL,NULL,NULL,NULL,NULL,NULL,NULL,NULL,NULL,NULL,NULL,NULL,NULL,NULL,0,0,NULL,NULL,0.0000,0.0000,0.0000,0.0000,0.0000,0.0000,0.0000,0.0000,0.0000,0.0000,0.0000,0.0000,0.0000,0.0000,0.0000,NULL,'null',NULL,0.0000,0.0000,0.0000,NULL,0.0000,0.0000,0.0000,NULL,0.0000,0.0000,NULL,NULL,NULL,NULL,NULL,NULL,NULL,NULL,0),(61,22,'2019-09-16 21:06:30','2019-09-16 21:06:30',NULL,0,NULL,'shipping',NULL,NULL,NULL,NULL,NULL,NULL,NULL,NULL,NULL,NULL,NULL,NULL,NULL,NULL,NULL,1,0,NULL,NULL,0.1000,20.0000,20.0000,20.0000,20.0000,0.0000,0.0000,0.0000,0.0000,0.0000,0.0000,0.0000,0.0000,20.0000,20.0000,NULL,'[]',NULL,0.0000,0.0000,20.0000,20.0000,0.0000,0.0000,0.0000,NULL,0.0000,0.0000,NULL,NULL,NULL,NULL,NULL,NULL,NULL,NULL,0),(62,23,'2019-09-17 17:37:01','2019-09-17 17:37:01',NULL,0,NULL,'billing','wendyljs2002@yahoo.com',NULL,'wendy johnson',NULL,NULL,NULL,NULL,'12 Shamrock Ave','New Castle','Delaware',15,'19720','US',NULL,NULL,0,1,NULL,NULL,0.9000,0.0000,0.0000,30.0000,30.0000,0.0000,0.0000,0.0000,0.0000,0.0000,0.0000,0.0000,0.0000,0.0000,0.0000,NULL,'null',NULL,0.0000,0.0000,0.0000,30.0000,0.0000,0.0000,0.0000,NULL,0.0000,0.0000,NULL,NULL,NULL,NULL,NULL,NULL,NULL,NULL,0),(63,23,'2019-09-17 17:37:01','2019-09-17 17:37:01',NULL,0,NULL,'shipping','wendyljs2002@yahoo.com',NULL,'wendy johnson',NULL,NULL,NULL,NULL,'12 Shamrock Ave','New Castle','Delaware',15,'19720','US',NULL,NULL,1,0,'ups_03','For Supples/Insects (No Frogs Please) - UPS Ground',0.9000,30.0000,30.0000,30.0000,30.0000,0.0000,0.0000,12.6300,12.6300,0.0000,0.0000,0.0000,0.0000,42.6300,42.6300,NULL,'[]',NULL,0.0000,0.0000,30.0000,30.0000,0.0000,0.0000,0.0000,NULL,12.6300,12.6300,NULL,NULL,NULL,NULL,NULL,NULL,NULL,NULL,0),(64,24,'2019-09-17 23:26:48','2019-09-17 23:26:48',NULL,0,NULL,'billing',NULL,NULL,NULL,NULL,NULL,NULL,NULL,NULL,NULL,NULL,NULL,NULL,NULL,NULL,NULL,0,0,NULL,NULL,0.0000,0.0000,0.0000,0.0000,0.0000,0.0000,0.0000,0.0000,0.0000,0.0000,0.0000,0.0000,0.0000,0.0000,0.0000,NULL,'null',NULL,0.0000,0.0000,0.0000,NULL,0.0000,0.0000,0.0000,NULL,0.0000,0.0000,NULL,NULL,NULL,NULL,NULL,NULL,NULL,NULL,0),(65,24,'2019-09-17 23:26:48','2019-09-17 23:26:48',NULL,0,NULL,'shipping',NULL,NULL,NULL,NULL,NULL,NULL,NULL,NULL,NULL,NULL,NULL,NULL,NULL,NULL,NULL,1,1,NULL,NULL,0.0100,75.0000,75.0000,75.0000,75.0000,0.0000,0.0000,0.0000,0.0000,0.0000,0.0000,0.0000,0.0000,75.0000,75.0000,NULL,'[]',NULL,0.0000,0.0000,75.0000,75.0000,0.0000,0.0000,0.0000,NULL,0.0000,0.0000,NULL,NULL,NULL,NULL,NULL,NULL,NULL,NULL,0),(66,25,'2019-09-18 05:35:08','2019-09-18 05:35:08',NULL,0,NULL,'billing','smakeeper@gmail.com',NULL,'Stephen Medina',NULL,NULL,NULL,NULL,'140 Eagle Street #101','Anchorage','Alaska',2,'99501','US',NULL,NULL,0,1,NULL,NULL,0.0100,0.0000,0.0000,75.0000,75.0000,0.0000,0.0000,0.0000,0.0000,0.0000,0.0000,0.0000,0.0000,0.0000,0.0000,NULL,'null',NULL,0.0000,0.0000,0.0000,75.0000,0.0000,0.0000,0.0000,NULL,0.0000,0.0000,NULL,NULL,NULL,NULL,NULL,NULL,NULL,NULL,0),(67,25,'2019-09-18 05:35:08','2019-09-18 05:35:08',NULL,0,NULL,'shipping','smakeeper@gmail.com',NULL,'Stephen Medina',NULL,NULL,NULL,NULL,'140 Eagle Street #101','Anchorage','Alaska',2,'99501','US',NULL,NULL,1,0,'fedex_PRIORITY_OVERNIGHT','Required for All Frog Orders - Priority Overnight',0.0100,75.0000,75.0000,75.0000,75.0000,0.0000,0.0000,79.4900,79.4900,0.0000,0.0000,0.0000,0.0000,154.4900,154.4900,NULL,'[]',NULL,0.0000,0.0000,75.0000,75.0000,0.0000,0.0000,0.0000,NULL,79.4900,79.4900,NULL,NULL,NULL,NULL,NULL,NULL,NULL,NULL,0),(68,26,'2019-09-18 17:34:16','2019-09-18 17:34:16',NULL,0,NULL,'billing',NULL,NULL,NULL,NULL,NULL,NULL,NULL,NULL,NULL,NULL,NULL,NULL,NULL,NULL,NULL,0,0,NULL,NULL,0.0000,0.0000,0.0000,0.0000,0.0000,0.0000,0.0000,0.0000,0.0000,0.0000,0.0000,0.0000,0.0000,0.0000,0.0000,NULL,'null',NULL,0.0000,0.0000,0.0000,NULL,0.0000,0.0000,0.0000,NULL,0.0000,0.0000,NULL,NULL,NULL,NULL,NULL,NULL,NULL,NULL,0),(69,26,'2019-09-18 17:34:16','2019-09-18 17:34:16',NULL,0,NULL,'shipping',NULL,NULL,NULL,NULL,NULL,NULL,NULL,NULL,NULL,NULL,NULL,NULL,NULL,NULL,NULL,1,1,NULL,NULL,1001.0000,150.0000,150.0000,150.0000,150.0000,0.0000,0.0000,0.0000,0.0000,0.0000,0.0000,0.0000,0.0000,150.0000,150.0000,NULL,'[]',NULL,0.0000,0.0000,150.0000,150.0000,0.0000,0.0000,0.0000,NULL,0.0000,0.0000,NULL,NULL,NULL,NULL,NULL,NULL,NULL,NULL,0),(70,27,'2019-09-19 09:29:32','2019-09-19 09:29:32',2,0,NULL,'billing','nikitka.dimidovy@mail.ru',NULL,NULL,NULL,NULL,NULL,NULL,NULL,NULL,NULL,NULL,NULL,NULL,NULL,NULL,0,0,NULL,NULL,0.0000,0.0000,0.0000,0.0000,0.0000,0.0000,0.0000,0.0000,0.0000,0.0000,0.0000,0.0000,0.0000,0.0000,0.0000,NULL,'null',NULL,0.0000,0.0000,0.0000,NULL,0.0000,0.0000,0.0000,NULL,0.0000,0.0000,NULL,NULL,NULL,NULL,NULL,NULL,NULL,NULL,0),(71,27,'2019-09-19 09:29:32','2019-09-19 09:29:32',2,0,NULL,'shipping','nikitka.dimidovy@mail.ru',NULL,NULL,NULL,NULL,NULL,NULL,NULL,NULL,NULL,NULL,NULL,NULL,NULL,NULL,1,0,NULL,NULL,0.0000,0.0000,0.0000,0.0000,0.0000,0.0000,0.0000,0.0000,0.0000,0.0000,0.0000,0.0000,0.0000,0.0000,0.0000,NULL,'null',NULL,0.0000,0.0000,0.0000,NULL,0.0000,0.0000,0.0000,NULL,0.0000,0.0000,NULL,NULL,NULL,NULL,NULL,NULL,NULL,NULL,0),(72,28,'2019-09-19 11:33:09','2019-09-19 11:33:09',3,0,NULL,'billing','forsythsl@aol.com',NULL,NULL,NULL,NULL,NULL,NULL,NULL,NULL,NULL,NULL,NULL,NULL,NULL,NULL,0,0,NULL,NULL,0.0000,0.0000,0.0000,0.0000,0.0000,0.0000,0.0000,0.0000,0.0000,0.0000,0.0000,0.0000,0.0000,0.0000,0.0000,NULL,'null',NULL,0.0000,0.0000,0.0000,NULL,0.0000,0.0000,0.0000,NULL,0.0000,0.0000,NULL,NULL,NULL,NULL,NULL,NULL,NULL,NULL,0),(73,28,'2019-09-19 11:33:09','2019-09-19 11:33:09',3,0,NULL,'shipping','forsythsl@aol.com',NULL,NULL,NULL,NULL,NULL,NULL,NULL,NULL,NULL,NULL,NULL,NULL,NULL,NULL,1,0,NULL,NULL,0.0000,0.0000,0.0000,0.0000,0.0000,0.0000,0.0000,0.0000,0.0000,0.0000,0.0000,0.0000,0.0000,0.0000,0.0000,NULL,'null',NULL,0.0000,0.0000,0.0000,NULL,0.0000,0.0000,0.0000,NULL,0.0000,0.0000,NULL,NULL,NULL,NULL,NULL,NULL,NULL,NULL,0),(75,29,'2019-09-19 14:08:31','2019-09-19 15:21:57',NULL,0,NULL,'shipping',NULL,' ','Blake',NULL,'Milburn',NULL,NULL,'1000 Bonieta Harrold Dr\nApt 3103','Charleston','South Carolina',54,'29414','US','4433095832',NULL,0,0,'ups_03','For Supples/Insects (No Frogs Please) - UPS Ground',1.2000,30.0000,30.0000,30.0000,30.0000,0.0000,0.0000,14.2200,14.2200,0.0000,0.0000,0.0000,0.0000,44.2200,44.2200,NULL,'[]',NULL,0.0000,0.0000,30.0000,30.0000,0.0000,0.0000,0.0000,NULL,14.2200,14.2200,NULL,NULL,NULL,NULL,NULL,NULL,NULL,NULL,0),(78,29,'2019-09-19 15:23:33','2019-09-19 15:23:33',NULL,NULL,NULL,'billing','blake.m.milburn@gmail.com',' ','Blake',NULL,'Milburn',NULL,NULL,'1000 Bonieta Harrold Dr\nApt 3103','Charleston','South Carolina',54,'29414','US','4433095832',NULL,0,0,NULL,NULL,0.0000,0.0000,0.0000,0.0000,0.0000,0.0000,0.0000,0.0000,0.0000,0.0000,0.0000,0.0000,0.0000,0.0000,0.0000,NULL,'null',NULL,0.0000,0.0000,0.0000,NULL,0.0000,0.0000,0.0000,NULL,0.0000,0.0000,NULL,NULL,NULL,NULL,NULL,NULL,NULL,NULL,0),(81,30,'2019-09-19 18:04:46','2019-09-19 18:04:46',NULL,0,NULL,'billing',NULL,NULL,NULL,NULL,NULL,NULL,NULL,NULL,NULL,NULL,NULL,NULL,NULL,NULL,NULL,0,0,NULL,NULL,0.0000,0.0000,0.0000,0.0000,0.0000,0.0000,0.0000,0.0000,0.0000,0.0000,0.0000,0.0000,0.0000,0.0000,0.0000,NULL,'null',NULL,0.0000,0.0000,0.0000,NULL,0.0000,0.0000,0.0000,NULL,0.0000,0.0000,NULL,NULL,NULL,NULL,NULL,NULL,NULL,NULL,0),(82,30,'2019-09-19 18:04:46','2019-09-19 18:04:46',NULL,0,NULL,'shipping',NULL,NULL,NULL,NULL,NULL,NULL,NULL,NULL,NULL,NULL,NULL,NULL,NULL,NULL,NULL,1,1,NULL,NULL,0.0000,0.0000,0.0000,0.0000,0.0000,0.0000,0.0000,0.0000,0.0000,0.0000,0.0000,0.0000,0.0000,0.0000,0.0000,NULL,'null',NULL,0.0000,0.0000,0.0000,NULL,0.0000,0.0000,0.0000,NULL,0.0000,0.0000,NULL,NULL,NULL,NULL,NULL,NULL,NULL,NULL,0),(83,31,'2019-09-20 00:37:33','2019-09-20 00:37:33',NULL,0,NULL,'billing','alibaba62398@gmail.com',NULL,'Ali Ajaj',NULL,NULL,NULL,NULL,'21022 Los Alisos Blvd\n824','Rancho Santa Marfarita','California',12,'92688','US',NULL,NULL,0,1,NULL,NULL,2.0000,0.0000,0.0000,20.0000,20.0000,0.0000,0.0000,0.0000,0.0000,0.0000,0.0000,0.0000,0.0000,0.0000,0.0000,NULL,'null',NULL,0.0000,0.0000,0.0000,20.0000,0.0000,0.0000,0.0000,NULL,0.0000,0.0000,NULL,NULL,NULL,NULL,NULL,NULL,NULL,NULL,0),(84,31,'2019-09-20 00:37:33','2019-09-20 00:37:33',NULL,0,NULL,'shipping','alibaba62398@gmail.com',NULL,'Ali Ajaj',NULL,NULL,NULL,NULL,'21022 Los Alisos Blvd\n824','Rancho Santa Marfarita','California',12,'92688','US',NULL,NULL,1,1,'ups_03','For Supples/Insects (No Frogs Please) - UPS Ground',2.0000,20.0000,20.0000,20.0000,20.0000,0.0000,0.0000,15.4900,15.4900,0.0000,0.0000,0.0000,0.0000,35.4900,35.4900,NULL,'[]',NULL,0.0000,0.0000,20.0000,20.0000,0.0000,0.0000,0.0000,NULL,15.4900,15.4900,NULL,NULL,NULL,NULL,NULL,NULL,NULL,NULL,0),(85,32,'2019-09-20 11:55:37','2019-09-20 11:55:37',4,0,NULL,'billing','alibaba62398@gmail.com',NULL,'Ali Ajaj',NULL,NULL,NULL,NULL,'21022 Los Alisos Blvd\n824','Rancho Santa Marfarita','California',12,'92688','US',NULL,NULL,0,1,NULL,NULL,2.2000,0.0000,0.0000,25.0000,25.0000,0.0000,0.0000,0.0000,0.0000,0.0000,0.0000,0.0000,0.0000,0.0000,0.0000,NULL,'null',NULL,0.0000,0.0000,0.0000,25.0000,0.0000,0.0000,0.0000,NULL,0.0000,0.0000,NULL,NULL,NULL,NULL,NULL,NULL,NULL,NULL,0),(86,32,'2019-09-20 11:55:37','2019-09-20 11:55:37',4,0,NULL,'shipping','alibaba62398@gmail.com',NULL,'Ali Ajaj',NULL,NULL,NULL,NULL,'21022 Los Alisos Blvd\n824','Rancho Santa Marfarita','California',12,'92688','US',NULL,NULL,1,1,'ups_03','For Supples/Insects (No Frogs Please) - UPS Ground',2.2000,25.0000,25.0000,25.0000,25.0000,0.0000,0.0000,16.6000,16.6000,0.0000,0.0000,0.0000,0.0000,41.6000,41.6000,NULL,'[]',NULL,0.0000,0.0000,25.0000,25.0000,0.0000,0.0000,0.0000,NULL,16.6000,16.6000,NULL,NULL,NULL,NULL,NULL,NULL,NULL,NULL,0),(87,33,'2019-09-21 13:03:21','2019-09-21 13:03:21',NULL,0,NULL,'billing','alibaba62398@gmail.com',NULL,'Ali Ajaj',NULL,NULL,NULL,NULL,'21022 Los Alisos Blvd\n824','Rancho Santa Marfarita','California',12,'92688','US',NULL,NULL,0,1,NULL,NULL,2.0000,0.0000,0.0000,20.0000,20.0000,0.0000,0.0000,0.0000,0.0000,0.0000,0.0000,0.0000,0.0000,0.0000,0.0000,NULL,'null',NULL,0.0000,0.0000,0.0000,20.0000,0.0000,0.0000,0.0000,NULL,0.0000,0.0000,NULL,NULL,NULL,NULL,NULL,NULL,NULL,NULL,0),(88,33,'2019-09-21 13:03:21','2019-09-21 13:03:21',NULL,0,NULL,'shipping','alibaba62398@gmail.com',NULL,'Ali Ajaj',NULL,NULL,NULL,NULL,'21022 Los Alisos Blvd\n824','Rancho Santa Marfarita','California',12,'92688','US',NULL,NULL,1,0,'ups_03','For Supples/Insects (No Frogs Please) - UPS Ground',2.0000,20.0000,20.0000,20.0000,20.0000,0.0000,0.0000,15.4900,15.4900,0.0000,0.0000,0.0000,0.0000,35.4900,35.4900,NULL,'[]',NULL,0.0000,0.0000,20.0000,20.0000,0.0000,0.0000,0.0000,NULL,15.4900,15.4900,NULL,NULL,NULL,NULL,NULL,NULL,NULL,NULL,0),(90,34,'2019-09-23 14:48:25','2019-09-23 14:53:13',NULL,0,NULL,'shipping','blake.m.milburn@gmail.com',' ','Blake',NULL,'Milburn',NULL,NULL,'1000 Bonieta Harrold Dr\nApt 3103','Charleston','South Carolina',54,'29414','US','4433095832',NULL,0,1,'ups_02','For Supples/Insects (No Frogs Please) - UPS Second Day Air',1.2000,30.0000,30.0000,30.0000,30.0000,0.0000,0.0000,23.3900,23.3900,0.0000,0.0000,0.0000,0.0000,53.3900,53.3900,NULL,'[]',NULL,0.0000,0.0000,30.0000,30.0000,0.0000,0.0000,0.0000,NULL,23.3900,23.3900,NULL,NULL,NULL,NULL,NULL,NULL,NULL,NULL,0),(91,34,'2019-09-23 14:52:36','2019-09-23 14:52:36',NULL,NULL,NULL,'billing','blake.m.milburn@gmail.com',' ','Blake',NULL,'Milburn',NULL,NULL,'1000 Bonieta Harrold Dr\nApt 3103','Charleston','South Carolina',54,'29414','US','4433095832',NULL,0,0,NULL,NULL,0.0000,0.0000,0.0000,0.0000,0.0000,0.0000,0.0000,0.0000,0.0000,0.0000,0.0000,0.0000,0.0000,0.0000,0.0000,NULL,'null',NULL,0.0000,0.0000,0.0000,NULL,0.0000,0.0000,0.0000,NULL,0.0000,0.0000,NULL,NULL,NULL,NULL,NULL,NULL,NULL,NULL,0),(92,35,'2019-09-24 12:51:06','2019-09-24 12:51:06',5,0,NULL,'billing','simberdeevar@bk.ru',NULL,NULL,NULL,NULL,NULL,NULL,NULL,NULL,NULL,NULL,NULL,NULL,NULL,NULL,0,0,NULL,NULL,0.0000,0.0000,0.0000,0.0000,0.0000,0.0000,0.0000,0.0000,0.0000,0.0000,0.0000,0.0000,0.0000,0.0000,0.0000,NULL,'null',NULL,0.0000,0.0000,0.0000,NULL,0.0000,0.0000,0.0000,NULL,0.0000,0.0000,NULL,NULL,NULL,NULL,NULL,NULL,NULL,NULL,0),(93,35,'2019-09-24 12:51:06','2019-09-24 12:51:06',5,0,NULL,'shipping','simberdeevar@bk.ru',NULL,NULL,NULL,NULL,NULL,NULL,NULL,NULL,NULL,NULL,NULL,NULL,NULL,NULL,1,0,NULL,NULL,0.0000,0.0000,0.0000,0.0000,0.0000,0.0000,0.0000,0.0000,0.0000,0.0000,0.0000,0.0000,0.0000,0.0000,0.0000,NULL,'null',NULL,0.0000,0.0000,0.0000,NULL,0.0000,0.0000,0.0000,NULL,0.0000,0.0000,NULL,NULL,NULL,NULL,NULL,NULL,NULL,NULL,0),(94,36,'2019-09-24 17:55:21','2019-09-24 17:55:21',NULL,0,NULL,'billing',NULL,NULL,NULL,NULL,NULL,NULL,NULL,NULL,NULL,NULL,NULL,NULL,NULL,NULL,NULL,0,0,NULL,NULL,0.0000,0.0000,0.0000,0.0000,0.0000,0.0000,0.0000,0.0000,0.0000,0.0000,0.0000,0.0000,0.0000,0.0000,0.0000,NULL,'null',NULL,0.0000,0.0000,0.0000,NULL,0.0000,0.0000,0.0000,NULL,0.0000,0.0000,NULL,NULL,NULL,NULL,NULL,NULL,NULL,NULL,0),(95,36,'2019-09-24 17:55:21','2019-09-24 17:55:21',NULL,0,NULL,'shipping',NULL,NULL,NULL,NULL,NULL,NULL,NULL,NULL,NULL,NULL,NULL,NULL,NULL,NULL,NULL,1,0,NULL,NULL,0.1000,25.0000,25.0000,25.0000,25.0000,0.0000,0.0000,0.0000,0.0000,0.0000,0.0000,0.0000,0.0000,25.0000,25.0000,NULL,'[]',NULL,0.0000,0.0000,25.0000,25.0000,0.0000,0.0000,0.0000,NULL,0.0000,0.0000,NULL,NULL,NULL,NULL,NULL,NULL,NULL,NULL,0),(96,37,'2019-09-24 21:43:32','2019-09-24 21:43:32',NULL,0,NULL,'billing',NULL,NULL,NULL,NULL,NULL,NULL,NULL,NULL,NULL,NULL,NULL,NULL,NULL,NULL,NULL,0,0,NULL,NULL,0.0000,0.0000,0.0000,0.0000,0.0000,0.0000,0.0000,0.0000,0.0000,0.0000,0.0000,0.0000,0.0000,0.0000,0.0000,NULL,'null',NULL,0.0000,0.0000,0.0000,NULL,0.0000,0.0000,0.0000,NULL,0.0000,0.0000,NULL,NULL,NULL,NULL,NULL,NULL,NULL,NULL,0),(97,37,'2019-09-24 21:43:32','2019-09-24 21:43:32',NULL,0,NULL,'shipping',NULL,NULL,NULL,NULL,NULL,NULL,NULL,NULL,NULL,NULL,NULL,NULL,NULL,NULL,NULL,1,1,NULL,NULL,0.0200,140.0000,140.0000,140.0000,140.0000,0.0000,0.0000,0.0000,0.0000,0.0000,0.0000,0.0000,0.0000,140.0000,140.0000,NULL,'[]',NULL,0.0000,0.0000,140.0000,140.0000,0.0000,0.0000,0.0000,NULL,0.0000,0.0000,NULL,NULL,NULL,NULL,NULL,NULL,NULL,NULL,0),(99,38,'2019-09-26 16:49:40','2019-09-26 16:58:42',NULL,0,NULL,'shipping','davidseubert@icloud.com',' ','Dave Seubert',NULL,'Seubert',NULL,'Home','1541 Mineral Springs RD\nApt3R','Reading','Pennsylvania',51,'19602','US','4848249080',NULL,0,1,'ups_03','For Supples/Insects (No Frogs Please) - UPS Ground',2.6000,60.0000,60.0000,60.0000,60.0000,0.0000,0.0000,12.9600,12.9600,0.0000,0.0000,0.0000,0.0000,72.9600,72.9600,NULL,'[]',NULL,0.0000,0.0000,60.0000,60.0000,0.0000,0.0000,0.0000,NULL,12.9600,12.9600,NULL,NULL,NULL,NULL,NULL,NULL,NULL,NULL,0),(100,38,'2019-09-26 16:59:04','2019-09-26 16:59:04',NULL,NULL,NULL,'billing','davidseubert@icloud.com',' ','Dave Seubert',NULL,'Seubert',NULL,'Home','1541 Mineral Springs RD\nApt3R','Reading','Pennsylvania',51,'19602','US','4848249080',NULL,0,0,NULL,NULL,0.0000,0.0000,0.0000,0.0000,0.0000,0.0000,0.0000,0.0000,0.0000,0.0000,0.0000,0.0000,0.0000,0.0000,0.0000,NULL,'null',NULL,0.0000,0.0000,0.0000,NULL,0.0000,0.0000,0.0000,NULL,0.0000,0.0000,NULL,NULL,NULL,NULL,NULL,NULL,NULL,NULL,0),(101,39,'2019-09-27 14:47:19','2019-09-27 14:47:19',NULL,0,NULL,'billing','denisescmidt1@verizon.net',NULL,'Denise Schmidt',NULL,NULL,NULL,NULL,'640 Upper State Road','Chalfont','Pennsylvania',51,'18914','US',NULL,NULL,0,1,NULL,NULL,0.3000,0.0000,0.0000,60.0000,60.0000,0.0000,0.0000,0.0000,0.0000,0.0000,0.0000,0.0000,0.0000,0.0000,0.0000,NULL,'null',NULL,0.0000,0.0000,0.0000,60.0000,0.0000,0.0000,0.0000,NULL,0.0000,0.0000,NULL,NULL,NULL,NULL,NULL,NULL,NULL,NULL,0),(102,39,'2019-09-27 14:47:19','2019-09-27 14:47:19',NULL,0,NULL,'shipping','denisescmidt1@verizon.net',NULL,'Denise Schmidt',NULL,NULL,NULL,NULL,'640 Upper State Road','Chalfont','Pennsylvania',51,'18914','US',NULL,NULL,1,0,'freeshipping_freeshipping','Pickup in Hilltown PA (19440) - Free',0.3000,60.0000,60.0000,60.0000,60.0000,0.0000,0.0000,0.0000,0.0000,0.0000,0.0000,0.0000,0.0000,60.0000,60.0000,NULL,'[]',NULL,0.0000,0.0000,60.0000,60.0000,0.0000,0.0000,0.0000,NULL,0.0000,0.0000,NULL,NULL,NULL,NULL,NULL,NULL,NULL,NULL,0),(103,40,'2019-09-28 09:17:19','2019-09-28 09:17:19',NULL,0,NULL,'billing','nick.netherland@gmail.com',NULL,'Nick Netherland',NULL,NULL,NULL,NULL,'1416 Baltimore Rd','27006','North Carolina',44,'27006','US',NULL,NULL,0,1,NULL,NULL,0.4000,0.0000,0.0000,30.0000,30.0000,0.0000,0.0000,0.0000,0.0000,0.0000,0.0000,0.0000,0.0000,0.0000,0.0000,NULL,'null',NULL,0.0000,0.0000,0.0000,30.0000,0.0000,0.0000,0.0000,NULL,0.0000,0.0000,NULL,NULL,NULL,NULL,NULL,NULL,NULL,NULL,0),(104,40,'2019-09-28 09:17:19','2019-09-28 09:17:19',NULL,0,NULL,'shipping','nick.netherland@gmail.com',NULL,'Nick Netherland',NULL,NULL,NULL,NULL,'1416 Baltimore Rd','27006','North Carolina',44,'27006','US',NULL,NULL,1,0,'usps_1','For Supplies Only (No Frogs or Insects Please) - Priority Mail 2-Day',0.4000,30.0000,30.0000,30.0000,30.0000,0.0000,0.0000,7.8500,7.8500,0.0000,0.0000,0.0000,0.0000,37.8500,37.8500,NULL,'[]',NULL,0.0000,0.0000,30.0000,30.0000,0.0000,0.0000,0.0000,NULL,7.8500,7.8500,NULL,NULL,NULL,NULL,NULL,NULL,NULL,NULL,0),(105,41,'2019-09-29 05:13:18','2019-09-29 05:13:18',NULL,0,NULL,'billing',NULL,NULL,NULL,NULL,NULL,NULL,NULL,NULL,NULL,NULL,NULL,NULL,NULL,NULL,NULL,0,0,NULL,NULL,0.0000,0.0000,0.0000,0.0000,0.0000,0.0000,0.0000,0.0000,0.0000,0.0000,0.0000,0.0000,0.0000,0.0000,0.0000,NULL,'null',NULL,0.0000,0.0000,0.0000,NULL,0.0000,0.0000,0.0000,NULL,0.0000,0.0000,NULL,NULL,NULL,NULL,NULL,NULL,NULL,NULL,0),(106,41,'2019-09-29 05:13:18','2019-09-29 05:13:18',NULL,0,NULL,'shipping',NULL,NULL,NULL,NULL,NULL,NULL,NULL,NULL,NULL,NULL,NULL,NULL,NULL,NULL,NULL,1,0,NULL,NULL,0.2000,5.0000,5.0000,5.0000,5.0000,0.0000,0.0000,0.0000,0.0000,0.0000,0.0000,0.0000,0.0000,5.0000,5.0000,NULL,'[]',NULL,0.0000,0.0000,5.0000,5.0000,0.0000,0.0000,0.0000,NULL,0.0000,0.0000,NULL,NULL,NULL,NULL,NULL,NULL,NULL,NULL,0),(107,42,'2019-09-29 08:44:11','2019-09-29 08:44:11',NULL,0,NULL,'billing',NULL,NULL,NULL,NULL,NULL,NULL,NULL,NULL,NULL,NULL,NULL,NULL,NULL,NULL,NULL,0,0,NULL,NULL,0.0000,0.0000,0.0000,0.0000,0.0000,0.0000,0.0000,0.0000,0.0000,0.0000,0.0000,0.0000,0.0000,0.0000,0.0000,NULL,'null',NULL,0.0000,0.0000,0.0000,NULL,0.0000,0.0000,0.0000,NULL,0.0000,0.0000,NULL,NULL,NULL,NULL,NULL,NULL,NULL,NULL,0),(108,42,'2019-09-29 08:44:11','2019-09-29 08:44:11',NULL,0,NULL,'shipping',NULL,NULL,NULL,NULL,NULL,NULL,NULL,NULL,NULL,NULL,NULL,NULL,NULL,NULL,NULL,1,1,NULL,NULL,0.2400,125.0000,125.0000,125.0000,125.0000,0.0000,0.0000,0.0000,0.0000,0.0000,0.0000,0.0000,0.0000,125.0000,125.0000,NULL,'[]',NULL,0.0000,0.0000,125.0000,125.0000,0.0000,0.0000,0.0000,NULL,0.0000,0.0000,NULL,NULL,NULL,NULL,NULL,NULL,NULL,NULL,0),(109,43,'2019-09-29 10:05:25','2019-09-29 10:05:25',6,0,NULL,'billing','alexander_alexander_2019@list.ru',NULL,NULL,NULL,NULL,NULL,NULL,NULL,NULL,NULL,NULL,NULL,NULL,NULL,NULL,0,0,NULL,NULL,0.0000,0.0000,0.0000,0.0000,0.0000,0.0000,0.0000,0.0000,0.0000,0.0000,0.0000,0.0000,0.0000,0.0000,0.0000,NULL,'null',NULL,0.0000,0.0000,0.0000,NULL,0.0000,0.0000,0.0000,NULL,0.0000,0.0000,NULL,NULL,NULL,NULL,NULL,NULL,NULL,NULL,0),(110,43,'2019-09-29 10:05:25','2019-09-29 10:05:25',6,0,NULL,'shipping','alexander_alexander_2019@list.ru',NULL,NULL,NULL,NULL,NULL,NULL,NULL,NULL,NULL,NULL,NULL,NULL,NULL,NULL,1,0,NULL,NULL,0.0000,0.0000,0.0000,0.0000,0.0000,0.0000,0.0000,0.0000,0.0000,0.0000,0.0000,0.0000,0.0000,0.0000,0.0000,NULL,'null',NULL,0.0000,0.0000,0.0000,NULL,0.0000,0.0000,0.0000,NULL,0.0000,0.0000,NULL,NULL,NULL,NULL,NULL,NULL,NULL,NULL,0),(111,44,'2019-09-29 17:06:00','2019-09-29 17:06:00',NULL,0,NULL,'billing',NULL,NULL,NULL,NULL,NULL,NULL,NULL,NULL,NULL,NULL,NULL,NULL,NULL,NULL,NULL,0,0,NULL,NULL,0.0000,0.0000,0.0000,0.0000,0.0000,0.0000,0.0000,0.0000,0.0000,0.0000,0.0000,0.0000,0.0000,0.0000,0.0000,NULL,'null',NULL,0.0000,0.0000,0.0000,NULL,0.0000,0.0000,0.0000,NULL,0.0000,0.0000,NULL,NULL,NULL,NULL,NULL,NULL,NULL,NULL,0),(112,44,'2019-09-29 17:06:00','2019-09-29 17:06:00',NULL,0,NULL,'shipping',NULL,NULL,NULL,NULL,NULL,NULL,NULL,NULL,NULL,NULL,NULL,NULL,NULL,NULL,NULL,1,1,NULL,NULL,0.0200,140.0000,140.0000,140.0000,140.0000,0.0000,0.0000,0.0000,0.0000,0.0000,0.0000,0.0000,0.0000,140.0000,140.0000,NULL,'[]',NULL,0.0000,0.0000,140.0000,140.0000,0.0000,0.0000,0.0000,NULL,0.0000,0.0000,NULL,NULL,NULL,NULL,NULL,NULL,NULL,NULL,0),(114,45,'2019-09-29 19:11:47','2019-09-29 19:14:02',7,0,3,'shipping','dmb5245@gmail.com',' ','David',NULL,'Brown',NULL,NULL,'111 Locust Drive','Freeport','Pennsylvania',51,'16229','US','7244489137',NULL,0,1,'fedex_PRIORITY_OVERNIGHT','Required for All Frog Orders - Priority Overnight',0.2200,145.0000,145.0000,145.0000,145.0000,0.0000,0.0000,51.1400,51.1400,0.0000,0.0000,0.0000,0.0000,196.1400,196.1400,NULL,'[]',NULL,0.0000,0.0000,145.0000,145.0000,0.0000,0.0000,0.0000,NULL,51.1400,51.1400,NULL,NULL,NULL,NULL,NULL,NULL,NULL,NULL,0),(115,45,'2019-09-29 19:14:28','2019-09-29 19:14:28',7,0,NULL,'billing','dmb5245@gmail.com',' ','David',NULL,'Brown',NULL,NULL,'111 Locust Drive','Freeport','Pennsylvania',51,'16229','US','7244489137',NULL,0,0,NULL,NULL,0.0000,0.0000,0.0000,0.0000,0.0000,0.0000,0.0000,0.0000,0.0000,0.0000,0.0000,0.0000,0.0000,0.0000,0.0000,NULL,'null',NULL,0.0000,0.0000,0.0000,NULL,0.0000,0.0000,0.0000,NULL,0.0000,0.0000,NULL,NULL,NULL,NULL,NULL,NULL,NULL,NULL,0),(116,46,'2019-09-29 22:01:36','2019-09-29 22:01:36',NULL,0,NULL,'billing',NULL,NULL,NULL,NULL,NULL,NULL,NULL,NULL,NULL,NULL,NULL,NULL,NULL,NULL,NULL,0,0,NULL,NULL,0.0000,0.0000,0.0000,0.0000,0.0000,0.0000,0.0000,0.0000,0.0000,0.0000,0.0000,0.0000,0.0000,0.0000,0.0000,NULL,'null',NULL,0.0000,0.0000,0.0000,NULL,0.0000,0.0000,0.0000,NULL,0.0000,0.0000,NULL,NULL,NULL,NULL,NULL,NULL,NULL,NULL,0),(117,46,'2019-09-29 22:01:36','2019-09-29 22:01:36',NULL,0,NULL,'shipping',NULL,NULL,NULL,NULL,NULL,NULL,NULL,NULL,NULL,NULL,NULL,NULL,NULL,NULL,NULL,1,1,NULL,NULL,0.4000,10.0000,10.0000,10.0000,10.0000,0.0000,0.0000,0.0000,0.0000,0.0000,0.0000,0.0000,0.0000,10.0000,10.0000,NULL,'[]',NULL,0.0000,0.0000,10.0000,10.0000,0.0000,0.0000,0.0000,NULL,0.0000,0.0000,NULL,NULL,NULL,NULL,NULL,NULL,NULL,NULL,0),(118,47,'2019-09-29 23:22:18','2019-09-29 23:22:18',NULL,0,NULL,'billing',NULL,NULL,NULL,NULL,NULL,NULL,NULL,NULL,NULL,NULL,NULL,NULL,NULL,NULL,NULL,0,0,NULL,NULL,0.0000,0.0000,0.0000,0.0000,0.0000,0.0000,0.0000,0.0000,0.0000,0.0000,0.0000,0.0000,0.0000,0.0000,0.0000,NULL,'null',NULL,0.0000,0.0000,0.0000,NULL,0.0000,0.0000,0.0000,NULL,0.0000,0.0000,NULL,NULL,NULL,NULL,NULL,NULL,NULL,NULL,0),(119,47,'2019-09-29 23:22:18','2019-09-29 23:22:18',NULL,0,NULL,'shipping',NULL,NULL,NULL,NULL,NULL,NULL,NULL,NULL,NULL,NULL,NULL,NULL,NULL,NULL,NULL,1,1,NULL,NULL,2.5000,25.0000,25.0000,25.0000,25.0000,0.0000,0.0000,0.0000,0.0000,0.0000,0.0000,0.0000,0.0000,25.0000,25.0000,NULL,'[]',NULL,0.0000,0.0000,25.0000,25.0000,0.0000,0.0000,0.0000,NULL,0.0000,0.0000,NULL,NULL,NULL,NULL,NULL,NULL,NULL,NULL,0),(120,48,'2019-09-30 04:08:47','2019-09-30 04:08:47',8,0,NULL,'billing','v.it.ali.yserg.eev.0.2.2.019.7.9@gmail.com',NULL,NULL,NULL,NULL,NULL,NULL,NULL,NULL,NULL,NULL,NULL,NULL,NULL,NULL,0,0,NULL,NULL,0.0000,0.0000,0.0000,0.0000,0.0000,0.0000,0.0000,0.0000,0.0000,0.0000,0.0000,0.0000,0.0000,0.0000,0.0000,NULL,'null',NULL,0.0000,0.0000,0.0000,NULL,0.0000,0.0000,0.0000,NULL,0.0000,0.0000,NULL,NULL,NULL,NULL,NULL,NULL,NULL,NULL,0),(121,48,'2019-09-30 04:08:47','2019-09-30 04:08:47',8,0,NULL,'shipping','v.it.ali.yserg.eev.0.2.2.019.7.9@gmail.com',NULL,NULL,NULL,NULL,NULL,NULL,NULL,NULL,NULL,NULL,NULL,NULL,NULL,NULL,1,0,NULL,NULL,0.0000,0.0000,0.0000,0.0000,0.0000,0.0000,0.0000,0.0000,0.0000,0.0000,0.0000,0.0000,0.0000,0.0000,0.0000,NULL,'null',NULL,0.0000,0.0000,0.0000,NULL,0.0000,0.0000,0.0000,NULL,0.0000,0.0000,NULL,NULL,NULL,NULL,NULL,NULL,NULL,NULL,0),(122,49,'2019-09-30 13:21:37','2019-09-30 13:21:37',NULL,0,NULL,'billing',NULL,NULL,NULL,NULL,NULL,NULL,NULL,NULL,NULL,NULL,NULL,NULL,NULL,NULL,NULL,0,0,NULL,NULL,0.0000,0.0000,0.0000,0.0000,0.0000,0.0000,0.0000,0.0000,0.0000,0.0000,0.0000,0.0000,0.0000,0.0000,0.0000,NULL,'null',NULL,0.0000,0.0000,0.0000,NULL,0.0000,0.0000,0.0000,NULL,0.0000,0.0000,NULL,NULL,NULL,NULL,NULL,NULL,NULL,NULL,0),(123,49,'2019-09-30 13:21:37','2019-09-30 13:21:37',NULL,0,NULL,'shipping',NULL,NULL,NULL,NULL,NULL,NULL,NULL,NULL,NULL,NULL,NULL,NULL,NULL,NULL,NULL,1,0,NULL,NULL,0.2000,9.9900,9.9900,9.9900,9.9900,0.0000,0.0000,0.0000,0.0000,0.0000,0.0000,0.0000,0.0000,9.9900,9.9900,NULL,'[]',NULL,0.0000,0.0000,9.9900,9.9900,0.0000,0.0000,0.0000,NULL,0.0000,0.0000,NULL,NULL,NULL,NULL,NULL,NULL,NULL,NULL,0),(124,50,'2019-10-02 11:33:37','2019-10-02 11:33:37',9,0,NULL,'billing','fbyn777@mail.ru',NULL,NULL,NULL,NULL,NULL,NULL,NULL,NULL,NULL,NULL,NULL,NULL,NULL,NULL,0,0,NULL,NULL,0.0000,0.0000,0.0000,0.0000,0.0000,0.0000,0.0000,0.0000,0.0000,0.0000,0.0000,0.0000,0.0000,0.0000,0.0000,NULL,'null',NULL,0.0000,0.0000,0.0000,NULL,0.0000,0.0000,0.0000,NULL,0.0000,0.0000,NULL,NULL,NULL,NULL,NULL,NULL,NULL,NULL,0),(125,50,'2019-10-02 11:33:37','2019-10-02 11:33:37',9,0,NULL,'shipping','fbyn777@mail.ru',NULL,NULL,NULL,NULL,NULL,NULL,NULL,NULL,NULL,NULL,NULL,NULL,NULL,NULL,1,0,NULL,NULL,0.0000,0.0000,0.0000,0.0000,0.0000,0.0000,0.0000,0.0000,0.0000,0.0000,0.0000,0.0000,0.0000,0.0000,0.0000,NULL,'null',NULL,0.0000,0.0000,0.0000,NULL,0.0000,0.0000,0.0000,NULL,0.0000,0.0000,NULL,NULL,NULL,NULL,NULL,NULL,NULL,NULL,0),(126,51,'2019-10-02 21:31:08','2019-10-02 21:31:08',NULL,0,NULL,'billing',NULL,NULL,NULL,NULL,NULL,NULL,NULL,NULL,NULL,NULL,NULL,NULL,NULL,NULL,NULL,0,0,NULL,NULL,0.0000,0.0000,0.0000,0.0000,0.0000,0.0000,0.0000,0.0000,0.0000,0.0000,0.0000,0.0000,0.0000,0.0000,0.0000,NULL,'null',NULL,0.0000,0.0000,0.0000,NULL,0.0000,0.0000,0.0000,NULL,0.0000,0.0000,NULL,NULL,NULL,NULL,NULL,NULL,NULL,NULL,0),(127,51,'2019-10-02 21:31:08','2019-10-02 21:31:08',NULL,0,NULL,'shipping',NULL,NULL,NULL,NULL,NULL,NULL,NULL,NULL,NULL,NULL,NULL,NULL,NULL,NULL,NULL,1,0,NULL,NULL,1000.0000,130.0000,130.0000,130.0000,130.0000,0.0000,0.0000,0.0000,0.0000,0.0000,0.0000,0.0000,0.0000,130.0000,130.0000,NULL,'[]',NULL,0.0000,0.0000,130.0000,130.0000,0.0000,0.0000,0.0000,NULL,0.0000,0.0000,NULL,NULL,NULL,NULL,NULL,NULL,NULL,NULL,0),(128,52,'2019-10-03 02:21:26','2019-10-03 02:21:26',10,0,NULL,'billing','norod70@mail.ru',NULL,NULL,NULL,NULL,NULL,NULL,NULL,NULL,NULL,NULL,NULL,NULL,NULL,NULL,0,0,NULL,NULL,0.0000,0.0000,0.0000,0.0000,0.0000,0.0000,0.0000,0.0000,0.0000,0.0000,0.0000,0.0000,0.0000,0.0000,0.0000,NULL,'null',NULL,0.0000,0.0000,0.0000,NULL,0.0000,0.0000,0.0000,NULL,0.0000,0.0000,NULL,NULL,NULL,NULL,NULL,NULL,NULL,NULL,0),(129,52,'2019-10-03 02:21:26','2019-10-03 02:21:26',10,0,NULL,'shipping','norod70@mail.ru',NULL,NULL,NULL,NULL,NULL,NULL,NULL,NULL,NULL,NULL,NULL,NULL,NULL,NULL,1,0,NULL,NULL,0.0000,0.0000,0.0000,0.0000,0.0000,0.0000,0.0000,0.0000,0.0000,0.0000,0.0000,0.0000,0.0000,0.0000,0.0000,NULL,'null',NULL,0.0000,0.0000,0.0000,NULL,0.0000,0.0000,0.0000,NULL,0.0000,0.0000,NULL,NULL,NULL,NULL,NULL,NULL,NULL,NULL,0),(130,53,'2019-10-03 21:29:10','2019-10-03 21:29:10',11,0,NULL,'billing','john.zimmerman33@gmail.com',NULL,'John Zimmerman',NULL,NULL,NULL,NULL,'1417 Bleigh Avenue','Philadelphia','Pennsylvania',51,'19111','US',NULL,NULL,0,1,NULL,NULL,1.0000,0.0000,0.0000,20.0000,20.0000,0.0000,0.0000,0.0000,0.0000,0.0000,0.0000,0.0000,0.0000,0.0000,0.0000,NULL,'null',NULL,0.0000,0.0000,0.0000,20.0000,0.0000,0.0000,0.0000,NULL,0.0000,0.0000,NULL,NULL,NULL,NULL,NULL,NULL,NULL,NULL,0),(131,53,'2019-10-03 21:29:10','2019-10-03 21:29:10',11,0,NULL,'shipping','john.zimmerman33@gmail.com',NULL,'John Zimmerman',NULL,NULL,NULL,NULL,'1417 Bleigh Avenue','Philadelphia','Pennsylvania',51,'19111','US',NULL,NULL,1,0,'usps_1','For Supplies Only (No Frogs or Insects Please) - Priority Mail 1-Day',1.0000,20.0000,20.0000,20.0000,20.0000,0.0000,0.0000,7.3500,7.3500,0.0000,0.0000,0.0000,0.0000,27.3500,27.3500,NULL,'[]',NULL,0.0000,0.0000,20.0000,20.0000,0.0000,0.0000,0.0000,NULL,7.3500,7.3500,NULL,NULL,NULL,NULL,NULL,NULL,NULL,NULL,0),(132,54,'2019-10-04 13:14:02','2019-10-04 13:14:02',NULL,0,NULL,'billing','lokshin55@yahoo.com',NULL,'anna lokshin',NULL,NULL,NULL,NULL,'5619 Marlborough Rd.','Pittsburgh','Pennsylvania',51,'15217','US',NULL,NULL,0,1,NULL,NULL,0.8000,0.0000,0.0000,20.0000,20.0000,0.0000,0.0000,0.0000,0.0000,0.0000,0.0000,0.0000,0.0000,0.0000,0.0000,NULL,'null',NULL,0.0000,0.0000,0.0000,20.0000,0.0000,0.0000,0.0000,NULL,0.0000,0.0000,NULL,NULL,NULL,NULL,NULL,NULL,NULL,NULL,0),(133,54,'2019-10-04 13:14:02','2019-10-04 13:14:02',NULL,0,NULL,'shipping','lokshin55@yahoo.com',NULL,'anna lokshin',NULL,NULL,NULL,NULL,'5619 Marlborough Rd.','Pittsburgh','Pennsylvania',51,'15217','US',NULL,NULL,1,0,'ups_03','For Supples/Insects (No Frogs Please) - UPS Ground',0.8000,20.0000,20.0000,20.0000,20.0000,0.0000,0.0000,12.7400,12.7400,0.0000,0.0000,0.0000,0.0000,32.7400,32.7400,NULL,'[]',NULL,0.0000,0.0000,20.0000,20.0000,0.0000,0.0000,0.0000,NULL,12.7400,12.7400,NULL,NULL,NULL,NULL,NULL,NULL,NULL,NULL,0),(135,55,'2019-10-04 22:27:28','2019-10-04 22:28:57',NULL,0,NULL,'shipping','keith_tanis@verizon.net',' ','Keith',NULL,'Tanis',NULL,'Frogs \'N\' Things','618 Fairhill Rd','Hatfield','Pennsylvania',51,'19440','US','3555555555',NULL,0,0,'freeshipping_freeshipping','Pickup in Hilltown PA (19440) - Free',0.2000,5.0000,5.0000,5.0000,5.0000,0.0000,0.0000,0.0000,0.0000,0.0000,0.0000,0.0000,0.0000,5.0000,5.0000,NULL,'[]',NULL,0.0000,0.0000,5.0000,5.0000,0.0000,0.0000,0.0000,NULL,0.0000,0.0000,NULL,NULL,NULL,NULL,NULL,NULL,NULL,NULL,0),(136,55,'2019-10-04 22:29:22','2019-10-04 22:29:22',NULL,NULL,NULL,'billing','keith_tanis@verizon.net',' ','Keith',NULL,'Tanis',NULL,'Frogs \'N\' Things','618 Fairhill Rd','Hatfield','Pennsylvania',51,'19440','US','3555555555',NULL,0,0,NULL,NULL,0.0000,0.0000,0.0000,0.0000,0.0000,0.0000,0.0000,0.0000,0.0000,0.0000,0.0000,0.0000,0.0000,0.0000,0.0000,NULL,'null',NULL,0.0000,0.0000,0.0000,NULL,0.0000,0.0000,0.0000,NULL,0.0000,0.0000,NULL,NULL,NULL,NULL,NULL,NULL,NULL,NULL,0),(138,56,'2019-10-05 14:07:10','2019-10-05 14:22:15',NULL,0,NULL,'shipping','colelofink@gmail.com',' ','Cole',NULL,'Lofink',NULL,'SONUS','4204 Lackland Tr','Philadelphia','Pennsylvania',51,'19114','US','6094586242',NULL,0,1,'ups_03','For Supples/Insects (No Frogs Please) - UPS Ground',0.6000,15.0000,15.0000,15.0000,15.0000,0.0000,0.0000,12.6600,12.6600,0.0000,0.0000,0.0000,0.0000,27.6600,27.6600,NULL,'[]',NULL,0.0000,0.0000,15.0000,15.0000,0.0000,0.0000,0.0000,NULL,12.6600,12.6600,NULL,NULL,NULL,NULL,NULL,NULL,NULL,NULL,0),(139,56,'2019-10-05 14:21:03','2019-10-05 14:21:03',NULL,NULL,NULL,'billing','colelofink@gmail.com',' ','Cole',NULL,'Lofink',NULL,'SONUS','4204 Lackland Tr','Philadelphia','Pennsylvania',51,'19114','US','6094586242',NULL,0,0,NULL,NULL,0.0000,0.0000,0.0000,0.0000,0.0000,0.0000,0.0000,0.0000,0.0000,0.0000,0.0000,0.0000,0.0000,0.0000,0.0000,NULL,'null',NULL,0.0000,0.0000,0.0000,NULL,0.0000,0.0000,0.0000,NULL,0.0000,0.0000,NULL,NULL,NULL,NULL,NULL,NULL,NULL,NULL,0),(140,57,'2019-10-06 14:22:56','2019-10-06 14:22:56',NULL,0,NULL,'billing','wendyljs2002@yahoo.com',NULL,'wendy johnson',NULL,NULL,NULL,NULL,'12 Shamrock Ave','New Castle','Delaware',15,'19720','US',NULL,NULL,0,1,NULL,NULL,1.3500,0.0000,0.0000,36.0000,36.0000,0.0000,0.0000,0.0000,0.0000,0.0000,0.0000,0.0000,0.0000,0.0000,0.0000,NULL,'null',NULL,0.0000,0.0000,0.0000,36.0000,0.0000,0.0000,0.0000,NULL,0.0000,0.0000,NULL,NULL,NULL,NULL,NULL,NULL,NULL,NULL,0),(141,57,'2019-10-06 14:22:56','2019-10-06 14:22:56',NULL,0,NULL,'shipping','wendyljs2002@yahoo.com',NULL,'wendy johnson',NULL,NULL,NULL,NULL,'12 Shamrock Ave','New Castle','Delaware',15,'19720','US',NULL,NULL,1,0,'usps_1','For Supplies Only (No Frogs or Insects Please) - Priority Mail 1-Day',1.3500,36.0000,36.0000,36.0000,36.0000,0.0000,0.0000,7.8500,7.8500,0.0000,0.0000,0.0000,0.0000,43.8500,43.8500,NULL,'[]',NULL,0.0000,0.0000,36.0000,36.0000,0.0000,0.0000,0.0000,NULL,7.8500,7.8500,NULL,NULL,NULL,NULL,NULL,NULL,NULL,NULL,0),(142,58,'2019-10-06 17:14:25','2019-10-06 17:14:25',NULL,0,NULL,'billing',NULL,NULL,NULL,NULL,NULL,NULL,NULL,NULL,NULL,NULL,NULL,NULL,NULL,NULL,NULL,0,0,NULL,NULL,0.0000,0.0000,0.0000,0.0000,0.0000,0.0000,0.0000,0.0000,0.0000,0.0000,0.0000,0.0000,0.0000,0.0000,0.0000,NULL,'null',NULL,0.0000,0.0000,0.0000,NULL,0.0000,0.0000,0.0000,NULL,0.0000,0.0000,NULL,NULL,NULL,NULL,NULL,NULL,NULL,NULL,0),(143,58,'2019-10-06 17:14:25','2019-10-06 17:14:25',NULL,0,NULL,'shipping',NULL,NULL,NULL,NULL,NULL,NULL,NULL,NULL,NULL,NULL,NULL,NULL,NULL,NULL,NULL,1,0,NULL,NULL,0.1000,5.0000,5.0000,5.0000,5.0000,0.0000,0.0000,0.0000,0.0000,0.0000,0.0000,0.0000,0.0000,5.0000,5.0000,NULL,'[]',NULL,0.0000,0.0000,5.0000,5.0000,0.0000,0.0000,0.0000,NULL,0.0000,0.0000,NULL,NULL,NULL,NULL,NULL,NULL,NULL,NULL,0),(145,59,'2019-10-08 08:01:52','2019-10-08 08:16:58',NULL,0,NULL,'shipping','harveydd978@gmail.com','Mr','charles',NULL,'lower',NULL,NULL,'243 providence pl','mountville','Pennsylvania',51,'17554','US','7173712185',NULL,0,1,'ups_03','For Supples/Insects (No Frogs Please) - UPS Ground',0.4000,10.0000,10.0000,10.0000,10.0000,0.0000,0.0000,12.6600,12.6600,0.0000,0.0000,0.0000,0.0000,22.6600,22.6600,NULL,'[]',NULL,0.0000,0.0000,10.0000,10.0000,0.0000,0.0000,0.0000,NULL,12.6600,12.6600,NULL,NULL,NULL,NULL,NULL,NULL,NULL,NULL,0),(147,59,'2019-10-08 08:21:15','2019-10-08 08:21:15',NULL,NULL,NULL,'billing','harveydd978@gmail.com','Mr','charles',NULL,'lower',NULL,NULL,'243 providence pl','mountville','Pennsylvania',51,'17554','US','7173712185',NULL,0,0,NULL,NULL,0.0000,0.0000,0.0000,0.0000,0.0000,0.0000,0.0000,0.0000,0.0000,0.0000,0.0000,0.0000,0.0000,0.0000,0.0000,NULL,'null',NULL,0.0000,0.0000,0.0000,NULL,0.0000,0.0000,0.0000,NULL,0.0000,0.0000,NULL,NULL,NULL,NULL,NULL,NULL,NULL,NULL,0),(148,60,'2019-10-08 08:23:15','2019-10-08 08:23:15',12,0,NULL,'billing','harveydd978@gmail.com',NULL,NULL,NULL,NULL,NULL,NULL,NULL,NULL,NULL,NULL,NULL,NULL,NULL,NULL,0,0,NULL,NULL,0.0000,0.0000,0.0000,0.0000,0.0000,0.0000,0.0000,0.0000,0.0000,0.0000,0.0000,0.0000,0.0000,0.0000,0.0000,NULL,'null',NULL,0.0000,0.0000,0.0000,NULL,0.0000,0.0000,0.0000,NULL,0.0000,0.0000,NULL,NULL,NULL,NULL,NULL,NULL,NULL,NULL,0),(149,60,'2019-10-08 08:23:15','2019-10-08 08:23:15',12,0,NULL,'shipping','harveydd978@gmail.com',NULL,NULL,NULL,NULL,NULL,NULL,NULL,NULL,NULL,NULL,NULL,NULL,NULL,NULL,1,0,NULL,NULL,0.0000,0.0000,0.0000,0.0000,0.0000,0.0000,0.0000,0.0000,0.0000,0.0000,0.0000,0.0000,0.0000,0.0000,0.0000,NULL,'null',NULL,0.0000,0.0000,0.0000,NULL,0.0000,0.0000,0.0000,NULL,0.0000,0.0000,NULL,NULL,NULL,NULL,NULL,NULL,NULL,NULL,0),(150,61,'2019-10-08 10:40:30','2019-10-08 10:40:30',NULL,0,NULL,'billing',NULL,NULL,NULL,NULL,NULL,NULL,NULL,NULL,NULL,NULL,NULL,NULL,NULL,NULL,NULL,0,0,NULL,NULL,0.0000,0.0000,0.0000,0.0000,0.0000,0.0000,0.0000,0.0000,0.0000,0.0000,0.0000,0.0000,0.0000,0.0000,0.0000,NULL,'null',NULL,0.0000,0.0000,0.0000,NULL,0.0000,0.0000,0.0000,NULL,0.0000,0.0000,NULL,NULL,NULL,NULL,NULL,NULL,NULL,NULL,0),(151,61,'2019-10-08 10:40:30','2019-10-08 10:40:30',NULL,0,NULL,'shipping',NULL,NULL,NULL,NULL,NULL,NULL,NULL,NULL,NULL,NULL,NULL,NULL,NULL,NULL,NULL,1,1,NULL,NULL,0.0200,80.0000,80.0000,80.0000,80.0000,0.0000,0.0000,0.0000,0.0000,0.0000,0.0000,0.0000,0.0000,80.0000,80.0000,NULL,'[]',NULL,0.0000,0.0000,80.0000,80.0000,0.0000,0.0000,0.0000,NULL,0.0000,0.0000,NULL,NULL,NULL,NULL,NULL,NULL,NULL,NULL,0),(152,62,'2019-10-09 20:18:12','2019-10-09 20:18:12',NULL,0,NULL,'billing',NULL,NULL,NULL,NULL,NULL,NULL,NULL,NULL,NULL,NULL,NULL,NULL,NULL,NULL,NULL,0,0,NULL,NULL,0.0000,0.0000,0.0000,0.0000,0.0000,0.0000,0.0000,0.0000,0.0000,0.0000,0.0000,0.0000,0.0000,0.0000,0.0000,NULL,'null',NULL,0.0000,0.0000,0.0000,NULL,0.0000,0.0000,0.0000,NULL,0.0000,0.0000,NULL,NULL,NULL,NULL,NULL,NULL,NULL,NULL,0),(153,62,'2019-10-09 20:18:12','2019-10-09 20:18:12',NULL,0,NULL,'shipping',NULL,NULL,NULL,NULL,NULL,NULL,NULL,NULL,NULL,NULL,NULL,NULL,NULL,NULL,NULL,1,0,NULL,NULL,0.0400,120.0000,120.0000,120.0000,120.0000,0.0000,0.0000,0.0000,0.0000,0.0000,0.0000,0.0000,0.0000,120.0000,120.0000,NULL,'[]',NULL,0.0000,0.0000,120.0000,120.0000,0.0000,0.0000,0.0000,NULL,0.0000,0.0000,NULL,NULL,NULL,NULL,NULL,NULL,NULL,NULL,0),(154,63,'2019-10-10 05:19:28','2019-10-10 05:19:28',13,0,NULL,'billing','sunnaq@mail.ru',NULL,NULL,NULL,NULL,NULL,NULL,NULL,NULL,NULL,NULL,NULL,NULL,NULL,NULL,0,0,NULL,NULL,0.0000,0.0000,0.0000,0.0000,0.0000,0.0000,0.0000,0.0000,0.0000,0.0000,0.0000,0.0000,0.0000,0.0000,0.0000,NULL,'null',NULL,0.0000,0.0000,0.0000,NULL,0.0000,0.0000,0.0000,NULL,0.0000,0.0000,NULL,NULL,NULL,NULL,NULL,NULL,NULL,NULL,0),(155,63,'2019-10-10 05:19:28','2019-10-10 05:19:28',13,0,NULL,'shipping','sunnaq@mail.ru',NULL,NULL,NULL,NULL,NULL,NULL,NULL,NULL,NULL,NULL,NULL,NULL,NULL,NULL,1,0,NULL,NULL,0.0000,0.0000,0.0000,0.0000,0.0000,0.0000,0.0000,0.0000,0.0000,0.0000,0.0000,0.0000,0.0000,0.0000,0.0000,NULL,'null',NULL,0.0000,0.0000,0.0000,NULL,0.0000,0.0000,0.0000,NULL,0.0000,0.0000,NULL,NULL,NULL,NULL,NULL,NULL,NULL,NULL,0);
CREATE TABLE `mz0b_quote_address_item` (
  `address_item_id` int(10) unsigned NOT NULL AUTO_INCREMENT COMMENT 'Address Item Id',
  `parent_item_id` int(10) unsigned DEFAULT NULL COMMENT 'Parent Item Id',
  `quote_address_id` int(10) unsigned NOT NULL DEFAULT '0' COMMENT 'Quote Address Id',
  `quote_item_id` int(10) unsigned NOT NULL DEFAULT '0' COMMENT 'Quote Item Id',
  `created_at` timestamp NOT NULL DEFAULT CURRENT_TIMESTAMP COMMENT 'Created At',
  `updated_at` timestamp NOT NULL DEFAULT CURRENT_TIMESTAMP ON UPDATE CURRENT_TIMESTAMP COMMENT 'Updated At',
  `applied_rule_ids` text COMMENT 'Applied Rule Ids',
  `additional_data` text COMMENT 'Additional Data',
  `weight` decimal(12,4) DEFAULT '0.0000' COMMENT 'Weight',
  `qty` decimal(12,4) NOT NULL DEFAULT '0.0000' COMMENT 'Qty',
  `discount_amount` decimal(20,4) DEFAULT '0.0000' COMMENT 'Discount Amount',
  `tax_amount` decimal(20,4) DEFAULT '0.0000' COMMENT 'Tax Amount',
  `row_total` decimal(20,4) NOT NULL DEFAULT '0.0000' COMMENT 'Row Total',
  `base_row_total` decimal(20,4) NOT NULL DEFAULT '0.0000' COMMENT 'Base Row Total',
  `row_total_with_discount` decimal(20,4) DEFAULT '0.0000' COMMENT 'Row Total With Discount',
  `base_discount_amount` decimal(20,4) DEFAULT '0.0000' COMMENT 'Base Discount Amount',
  `base_tax_amount` decimal(20,4) DEFAULT '0.0000' COMMENT 'Base Tax Amount',
  `row_weight` decimal(12,4) DEFAULT '0.0000' COMMENT 'Row Weight',
  `product_id` int(10) unsigned DEFAULT NULL COMMENT 'Product Id',
  `super_product_id` int(10) unsigned DEFAULT NULL COMMENT 'Super Product Id',
  `parent_product_id` int(10) unsigned DEFAULT NULL COMMENT 'Parent Product Id',
  `store_id` smallint(5) unsigned DEFAULT NULL COMMENT 'Store Id',
  `sku` varchar(255) DEFAULT NULL COMMENT 'Sku',
  `image` varchar(255) DEFAULT NULL COMMENT 'Image',
  `name` varchar(255) DEFAULT NULL COMMENT 'Name',
  `description` text COMMENT 'Description',
  `is_qty_decimal` int(10) unsigned DEFAULT NULL COMMENT 'Is Qty Decimal',
  `price` decimal(12,4) DEFAULT NULL COMMENT 'Price',
  `discount_percent` decimal(12,4) DEFAULT NULL COMMENT 'Discount Percent',
  `no_discount` int(10) unsigned DEFAULT NULL COMMENT 'No Discount',
  `tax_percent` decimal(12,4) DEFAULT NULL COMMENT 'Tax Percent',
  `base_price` decimal(12,4) DEFAULT NULL COMMENT 'Base Price',
  `base_cost` decimal(12,4) DEFAULT NULL COMMENT 'Base Cost',
  `price_incl_tax` decimal(20,4) DEFAULT NULL COMMENT 'Price Incl Tax',
  `base_price_incl_tax` decimal(20,4) DEFAULT NULL COMMENT 'Base Price Incl Tax',
  `row_total_incl_tax` decimal(20,4) DEFAULT NULL COMMENT 'Row Total Incl Tax',
  `base_row_total_incl_tax` decimal(20,4) DEFAULT NULL COMMENT 'Base Row Total Incl Tax',
  `discount_tax_compensation_amount` decimal(20,4) DEFAULT NULL COMMENT 'Discount Tax Compensation Amount',
  `base_discount_tax_compensation_amount` decimal(20,4) DEFAULT NULL COMMENT 'Base Discount Tax Compensation Amount',
  `gift_message_id` int(11) DEFAULT NULL COMMENT 'Gift Message Id',
  `free_shipping` int(10) unsigned DEFAULT NULL COMMENT 'Free Shipping',
  PRIMARY KEY (`address_item_id`),
  KEY `MZ0B_QUOTE_ADDRESS_ITEM_QUOTE_ADDRESS_ID` (`quote_address_id`),
  KEY `MZ0B_QUOTE_ADDRESS_ITEM_PARENT_ITEM_ID` (`parent_item_id`),
  KEY `MZ0B_QUOTE_ADDRESS_ITEM_QUOTE_ITEM_ID` (`quote_item_id`),
  KEY `MZ0B_QUOTE_ADDRESS_ITEM_STORE_ID` (`store_id`)
) ENGINE=InnoDB DEFAULT CHARSET=utf8 COMMENT='Sales Flat Quote Address Item';
CREATE TABLE `mz0b_quote_id_mask` (
  `entity_id` int(10) unsigned NOT NULL AUTO_INCREMENT COMMENT 'Entity ID',
  `quote_id` int(10) unsigned NOT NULL COMMENT 'Quote ID',
  `masked_id` varchar(32) DEFAULT NULL COMMENT 'Masked ID',
  PRIMARY KEY (`entity_id`,`quote_id`),
  KEY `MZ0B_QUOTE_ID_MASK_QUOTE_ID` (`quote_id`),
  KEY `MZ0B_QUOTE_ID_MASK_MASKED_ID` (`masked_id`)
) ENGINE=InnoDB AUTO_INCREMENT=55 DEFAULT CHARSET=utf8 COMMENT='Quote ID and masked ID mapping';
INSERT INTO `mz0b_quote_id_mask` VALUES (31,33,'19Kr9wEWQH2ARN0Kvmt3Z53nH1R1eki5'),(11,11,'1ec5LKHSzt7jDmpCViHP2yZO7O5xqtYG'),(25,25,'2QzNcDakSS3ebkBBt7zcGB4j1qqEVWnG'),(29,30,'2zk19nt7hMq5TlqWZHUeEF1IEavQqpWI'),(43,47,'5PJ1xKEwywjN0iCLVAVUv7O2nUYBn1q1'),(32,34,'663YEHQ80HKEW48qSwh0ySOuxzRhfbcl'),(39,42,'6XmCXhvnBhGoMcUo3qNMAkiLU6gj0X7B'),(26,26,'7NWxtd0cYZHU4HwhIek8sdnFebqppaIa'),(15,15,'7vP42p6rCF455jRdrLRCwtQMC7wu4VG0'),(42,46,'8zyzeezgto3oH9HMJyFVwQY4BUYNd1nn'),(18,18,'9BIQMBToh6UE3wgfJu4Y1MI7jO5aW1Pw'),(30,31,'9Ig2wvmWWmf3FOd4Pk7bGq0W084MEcWC'),(41,45,'aPODHU2EdZLASyM28gRwACzT1fbeK0Jf'),(5,5,'BbRnz1WDDjFexzQI33i3gkjC6kPEFqUG'),(1,1,'BBrnZMkan3SUGfwt6cl7nuu03hyuf8Bk'),(34,37,'C3M9T9p2IIvGSlYkqEmkZrgojTLFyUld'),(49,56,'cfJNho1g4LwyLZijdatbZseiM7KKZgCe'),(22,22,'CHKAReVWMyV97ulJA1HUURNSHO2fbvL7'),(52,59,'e7B2xfKXf4FfJWlBbhAHeEwNIGdOC1lh'),(46,53,'enPAGe8pAY8UgYqgd2HyjUv8h7WeDJX2'),(50,57,'GfQZfbcDBqOtCcSR0ao3GrYSJ059F3Ex'),(9,9,'JEC48CQvFzdAZz43jUrXQLlSV5mg2vte'),(37,40,'k6obeTk6N8xX3U5oTcg47wBbQ0BiQhqS'),(53,61,'l8yZx2AB0jpTil5efepR8kXlyZzRitHK'),(16,16,'ldkaUaRv9NnTgNJhA7t8N8vBlhsvwwp4'),(35,38,'LlJ0ELqQyFmXBEXvQr5ReMwUIb7exmwt'),(44,49,'lXV6qi7aR4HUxp3OA0M7rZDiciObKi37'),(12,12,'mDK9nRpjaFEnWvI4bZooVxqFVhy1iOrN'),(24,24,'mVT18JrH37VVvzbYGCSsrReeZajA889F'),(33,36,'n3d3dqFSxeh3vmBQWgrOnq3FTLXzxyvK'),(21,21,'n8QzZ4rlTjLUsEudXGxW6MiNuN1OePbc'),(23,23,'Neyva1OdiFxFvQKQtLO8yMJRpzxj3H0n'),(45,51,'NFS78FZMOBLAnP4szMjfUEa0O7ys2ZS3'),(54,62,'NtBvcO7bzvhJyqMjybXNyoOWVGQSGhZe'),(28,29,'NW1uy82PFhKwZpqSNbLs8iO6FBtkI2tB'),(47,54,'OHGF5LKUZdaoT5hbStvM68Pg0SnYd6BV'),(36,39,'Ol6IimfWp187vr44H4XwfIlMvGawnQhN'),(20,20,'oM0PoQsXeEwnSv3AGQp3UD68VSyPrI7R'),(14,14,'OQePJkktJ8i3NkNLvDnxTJSbm93DzgqS'),(17,17,'sZxqYWpn1bxyCVV2vCzubxFCnMwiQ0Gg'),(19,19,'tEIZc2WbcFQke4myZ2aaI5TaZMyCwUgg'),(38,41,'tTL3VQVWZS3F2G4xsE5vmXgylwbX4HKJ'),(40,44,'V8bOWFaHstLQf2KExVinP27zeNtMDsO8'),(51,58,'W43PdUBa242znQkcFBMCVzth1DX0LUkV'),(8,8,'W4bPeZ3GYAkJbIL6I2oQCQ7wWnEahZRM'),(3,3,'W8v7H3jCtvF2kdixy4tYnH3eM3MsLCnU'),(7,7,'XgO2sU6V6nRErSeB4rBKtsb8d3TfU0bX'),(27,28,'XSICDvhfd3Uhthd2taCkVXqKxcuCPRC0'),(48,55,'ycUk44coE9V1jiItI05pk5GgqwfVMa7q'),(13,13,'YygSAj0ZWTvdIVkGehrllGX4I9kl6rvF');
CREATE TABLE `mz0b_quote_item` (
  `item_id` int(10) unsigned NOT NULL AUTO_INCREMENT COMMENT 'Item Id',
  `quote_id` int(10) unsigned NOT NULL DEFAULT '0' COMMENT 'Quote Id',
  `created_at` timestamp NOT NULL DEFAULT CURRENT_TIMESTAMP COMMENT 'Created At',
  `updated_at` timestamp NOT NULL DEFAULT CURRENT_TIMESTAMP ON UPDATE CURRENT_TIMESTAMP COMMENT 'Updated At',
  `product_id` int(10) unsigned DEFAULT NULL COMMENT 'Product Id',
  `store_id` smallint(5) unsigned DEFAULT NULL COMMENT 'Store Id',
  `parent_item_id` int(10) unsigned DEFAULT NULL COMMENT 'Parent Item Id',
  `is_virtual` smallint(5) unsigned DEFAULT NULL COMMENT 'Is Virtual',
  `sku` varchar(255) DEFAULT NULL COMMENT 'Sku',
  `name` varchar(255) DEFAULT NULL COMMENT 'Name',
  `description` text COMMENT 'Description',
  `applied_rule_ids` text COMMENT 'Applied Rule Ids',
  `additional_data` text COMMENT 'Additional Data',
  `is_qty_decimal` smallint(5) unsigned DEFAULT NULL COMMENT 'Is Qty Decimal',
  `no_discount` smallint(5) unsigned DEFAULT '0' COMMENT 'No Discount',
  `weight` decimal(12,4) DEFAULT '0.0000' COMMENT 'Weight',
  `qty` decimal(12,4) NOT NULL DEFAULT '0.0000' COMMENT 'Qty',
  `price` decimal(12,4) NOT NULL DEFAULT '0.0000' COMMENT 'Price',
  `base_price` decimal(12,4) NOT NULL DEFAULT '0.0000' COMMENT 'Base Price',
  `custom_price` decimal(12,4) DEFAULT NULL COMMENT 'Custom Price',
  `discount_percent` decimal(12,4) DEFAULT '0.0000' COMMENT 'Discount Percent',
  `discount_amount` decimal(20,4) DEFAULT '0.0000' COMMENT 'Discount Amount',
  `base_discount_amount` decimal(20,4) DEFAULT '0.0000' COMMENT 'Base Discount Amount',
  `tax_percent` decimal(12,4) DEFAULT '0.0000' COMMENT 'Tax Percent',
  `tax_amount` decimal(20,4) DEFAULT '0.0000' COMMENT 'Tax Amount',
  `base_tax_amount` decimal(20,4) DEFAULT '0.0000' COMMENT 'Base Tax Amount',
  `row_total` decimal(20,4) NOT NULL DEFAULT '0.0000' COMMENT 'Row Total',
  `base_row_total` decimal(20,4) NOT NULL DEFAULT '0.0000' COMMENT 'Base Row Total',
  `row_total_with_discount` decimal(20,4) DEFAULT '0.0000' COMMENT 'Row Total With Discount',
  `row_weight` decimal(12,4) DEFAULT '0.0000' COMMENT 'Row Weight',
  `product_type` varchar(255) DEFAULT NULL COMMENT 'Product Type',
  `base_tax_before_discount` decimal(20,4) DEFAULT NULL COMMENT 'Base Tax Before Discount',
  `tax_before_discount` decimal(20,4) DEFAULT NULL COMMENT 'Tax Before Discount',
  `original_custom_price` decimal(12,4) DEFAULT NULL COMMENT 'Original Custom Price',
  `redirect_url` varchar(255) DEFAULT NULL COMMENT 'Redirect Url',
  `base_cost` decimal(12,4) DEFAULT NULL COMMENT 'Base Cost',
  `price_incl_tax` decimal(20,4) DEFAULT NULL COMMENT 'Price Incl Tax',
  `base_price_incl_tax` decimal(20,4) DEFAULT NULL COMMENT 'Base Price Incl Tax',
  `row_total_incl_tax` decimal(20,4) DEFAULT NULL COMMENT 'Row Total Incl Tax',
  `base_row_total_incl_tax` decimal(20,4) DEFAULT NULL COMMENT 'Base Row Total Incl Tax',
  `discount_tax_compensation_amount` decimal(20,4) DEFAULT NULL COMMENT 'Discount Tax Compensation Amount',
  `base_discount_tax_compensation_amount` decimal(20,4) DEFAULT NULL COMMENT 'Base Discount Tax Compensation Amount',
  `gift_message_id` int(11) DEFAULT NULL COMMENT 'Gift Message Id',
  `free_shipping` smallint(5) unsigned NOT NULL DEFAULT '0' COMMENT 'Free Shipping',
  `weee_tax_applied` text COMMENT 'Weee Tax Applied',
  `weee_tax_applied_amount` decimal(12,4) DEFAULT NULL COMMENT 'Weee Tax Applied Amount',
  `weee_tax_applied_row_amount` decimal(12,4) DEFAULT NULL COMMENT 'Weee Tax Applied Row Amount',
  `weee_tax_disposition` decimal(12,4) DEFAULT NULL COMMENT 'Weee Tax Disposition',
  `weee_tax_row_disposition` decimal(12,4) DEFAULT NULL COMMENT 'Weee Tax Row Disposition',
  `base_weee_tax_applied_amount` decimal(12,4) DEFAULT NULL COMMENT 'Base Weee Tax Applied Amount',
  `base_weee_tax_applied_row_amnt` decimal(12,4) DEFAULT NULL COMMENT 'Base Weee Tax Applied Row Amnt',
  `base_weee_tax_disposition` decimal(12,4) DEFAULT NULL COMMENT 'Base Weee Tax Disposition',
  `base_weee_tax_row_disposition` decimal(12,4) DEFAULT NULL COMMENT 'Base Weee Tax Row Disposition',
  PRIMARY KEY (`item_id`),
  KEY `MZ0B_QUOTE_ITEM_PARENT_ITEM_ID` (`parent_item_id`),
  KEY `MZ0B_QUOTE_ITEM_PRODUCT_ID` (`product_id`),
  KEY `MZ0B_QUOTE_ITEM_QUOTE_ID` (`quote_id`),
  KEY `MZ0B_QUOTE_ITEM_STORE_ID` (`store_id`)
) ENGINE=InnoDB AUTO_INCREMENT=80 DEFAULT CHARSET=utf8 COMMENT='Sales Flat Quote Item';
INSERT INTO `mz0b_quote_item` VALUES (1,1,'2019-08-17 22:49:23','2019-08-17 22:49:23',3,1,NULL,1,'Gift Card','Gift Card',NULL,NULL,NULL,0,0,NULL,1.0000,50.0000,50.0000,NULL,0.0000,0.0000,0.0000,0.0000,0.0000,0.0000,50.0000,50.0000,0.0000,0.0000,'virtual',NULL,NULL,NULL,NULL,NULL,50.0000,50.0000,50.0000,50.0000,0.0000,0.0000,NULL,0,NULL,NULL,NULL,NULL,NULL,NULL,NULL,NULL,NULL),(3,3,'2019-08-17 23:44:53','2019-08-18 00:08:25',2,1,NULL,0,'D. Auratus - Green/Black','D. Auratus - Green/Black',NULL,NULL,NULL,0,0,0.1000,2.0000,20.0000,20.0000,NULL,0.0000,0.0000,0.0000,0.0000,0.0000,0.0000,40.0000,40.0000,0.0000,0.2000,'simple',NULL,NULL,NULL,NULL,NULL,20.0000,20.0000,40.0000,40.0000,0.0000,0.0000,NULL,0,NULL,NULL,NULL,NULL,NULL,NULL,NULL,NULL,NULL),(5,5,'2019-08-18 23:40:53','2019-08-18 23:40:53',1,1,NULL,0,'D. Azureus','D. Azureus',NULL,NULL,NULL,0,0,0.0100,1.0000,45.0000,45.0000,NULL,0.0000,0.0000,0.0000,0.0000,0.0000,0.0000,45.0000,45.0000,0.0000,0.0100,'simple',NULL,NULL,NULL,NULL,NULL,45.0000,45.0000,45.0000,45.0000,0.0000,0.0000,NULL,0,NULL,NULL,NULL,NULL,NULL,NULL,NULL,NULL,NULL),(8,8,'2019-08-26 22:37:24','2019-08-26 22:37:24',7,1,NULL,0,'Ameerega Bassleri - Chrome','Ameerega Bassleri - Chrome',NULL,NULL,NULL,0,0,0.0100,1.0000,90.0000,90.0000,NULL,0.0000,0.0000,0.0000,0.0000,0.0000,0.0000,90.0000,90.0000,0.0000,0.0100,'simple',NULL,NULL,NULL,NULL,NULL,90.0000,90.0000,90.0000,90.0000,0.0000,0.0000,NULL,0,NULL,NULL,NULL,NULL,NULL,NULL,NULL,NULL,NULL),(9,9,'2019-08-29 23:02:43','2019-08-29 23:02:43',53,1,NULL,0,'32 Oz Disposable Insect Culture Containers','32 Oz Disposable Insect Culture Containers',NULL,NULL,NULL,0,0,0.0200,100.0000,0.5000,0.5000,NULL,0.0000,0.0000,0.0000,0.0000,0.0000,0.0000,50.0000,50.0000,0.0000,2.0000,'simple',NULL,NULL,NULL,NULL,NULL,0.5000,0.5000,50.0000,50.0000,0.0000,0.0000,NULL,0,NULL,NULL,NULL,NULL,NULL,NULL,NULL,NULL,NULL),(15,12,'2019-09-07 00:33:12','2019-09-07 00:33:12',15,1,NULL,0,'D. Tinctorius - Robertus Morph','D. Tinctorius - Robertus Morph',NULL,NULL,NULL,0,0,0.0100,5.0000,20.0000,20.0000,NULL,0.0000,0.0000,0.0000,0.0000,0.0000,0.0000,100.0000,100.0000,0.0000,0.0500,'simple',NULL,NULL,NULL,NULL,NULL,20.0000,20.0000,100.0000,100.0000,0.0000,0.0000,NULL,0,NULL,NULL,NULL,NULL,NULL,NULL,NULL,NULL,NULL),(16,13,'2019-09-07 19:05:24','2019-09-07 19:05:24',2,1,NULL,0,'D. Auratus - Green/Black','D. Auratus - Green/Black',NULL,NULL,NULL,0,0,0.1000,1.0000,20.0000,20.0000,NULL,0.0000,0.0000,0.0000,0.0000,0.0000,0.0000,20.0000,20.0000,0.0000,0.1000,'simple',NULL,NULL,NULL,NULL,NULL,20.0000,20.0000,20.0000,20.0000,0.0000,0.0000,NULL,0,NULL,NULL,NULL,NULL,NULL,NULL,NULL,NULL,NULL),(17,13,'2019-09-07 19:05:26','2019-09-07 19:05:26',8,1,NULL,0,'D. Auratus - Blue/Black','D. Auratus - Blue/Black',NULL,NULL,NULL,0,0,0.0100,1.0000,25.0000,25.0000,NULL,0.0000,0.0000,0.0000,0.0000,0.0000,0.0000,25.0000,25.0000,0.0000,0.0100,'simple',NULL,NULL,NULL,NULL,NULL,25.0000,25.0000,25.0000,25.0000,0.0000,0.0000,NULL,0,NULL,NULL,NULL,NULL,NULL,NULL,NULL,NULL,NULL),(20,15,'2019-09-08 03:59:13','2019-09-08 03:59:13',58,1,NULL,0,'Bromeliad Neoregelia','Bromeliad Neoregelia',NULL,NULL,NULL,0,0,0.1000,1.0000,8.0000,8.0000,NULL,0.0000,0.0000,0.0000,0.0000,0.0000,0.0000,8.0000,8.0000,0.0000,0.1000,'simple',NULL,NULL,NULL,NULL,NULL,8.0000,8.0000,8.0000,8.0000,0.0000,0.0000,NULL,0,NULL,NULL,NULL,NULL,NULL,NULL,NULL,NULL,NULL),(21,16,'2019-09-08 08:11:23','2019-09-08 08:11:23',24,1,NULL,0,'R. Imitator - Varadero','R. Imitator - Varadero',NULL,NULL,NULL,0,0,0.0100,1.0000,70.0000,70.0000,NULL,0.0000,0.0000,0.0000,0.0000,0.0000,0.0000,70.0000,70.0000,0.0000,0.0100,'simple',NULL,NULL,NULL,NULL,NULL,70.0000,70.0000,70.0000,70.0000,0.0000,0.0000,NULL,0,NULL,NULL,NULL,NULL,NULL,NULL,NULL,NULL,NULL),(22,17,'2019-09-10 11:30:47','2019-09-10 11:30:47',67,1,NULL,0,'Isotonic Amphibian’s Ringer Solids (Makes 1/2 Gal Soln)','Isotonic Amphibian’s Ringer Solids (Makes 1/2 Gal Soln)',NULL,NULL,NULL,0,0,0.1000,1.0000,10.0000,10.0000,NULL,0.0000,0.0000,0.0000,0.0000,0.0000,0.0000,10.0000,10.0000,0.0000,0.1000,'simple',NULL,NULL,NULL,NULL,NULL,10.0000,10.0000,10.0000,10.0000,0.0000,0.0000,NULL,0,NULL,NULL,NULL,NULL,NULL,NULL,NULL,NULL,NULL),(23,17,'2019-09-10 11:31:14','2019-09-10 11:31:14',68,1,NULL,0,'2% Calcium Gluconate 8 ml','2% Calcium Gluconate 8 ml',NULL,NULL,NULL,0,0,0.1000,1.0000,5.0000,5.0000,NULL,0.0000,0.0000,0.0000,0.0000,0.0000,0.0000,5.0000,5.0000,0.0000,0.1000,'simple',NULL,NULL,NULL,NULL,NULL,5.0000,5.0000,5.0000,5.0000,0.0000,0.0000,NULL,0,NULL,NULL,NULL,NULL,NULL,NULL,NULL,NULL,NULL),(24,18,'2019-09-10 13:48:53','2019-09-10 13:48:53',52,1,NULL,0,'Black Film Canister with Suction Cup','Black Film Canister with Suction Cup',NULL,NULL,NULL,0,0,0.0500,1.0000,1.5000,1.5000,NULL,0.0000,0.0000,0.0000,0.0000,0.0000,0.0000,1.5000,1.5000,0.0000,0.0500,'simple',NULL,NULL,NULL,NULL,NULL,1.5000,1.5000,1.5000,1.5000,0.0000,0.0000,NULL,0,NULL,NULL,NULL,NULL,NULL,NULL,NULL,NULL,NULL),(25,19,'2019-09-10 18:32:13','2019-09-10 18:32:13',52,1,NULL,0,'Black Film Canister with Suction Cup','Black Film Canister with Suction Cup',NULL,NULL,NULL,0,0,0.0500,1.0000,1.5000,1.5000,NULL,0.0000,0.0000,0.0000,0.0000,0.0000,0.0000,1.5000,1.5000,0.0000,0.0500,'simple',NULL,NULL,NULL,NULL,NULL,1.5000,1.5000,1.5000,1.5000,0.0000,0.0000,NULL,0,NULL,NULL,NULL,NULL,NULL,NULL,NULL,NULL,NULL),(26,20,'2019-09-15 12:38:43','2019-09-15 12:38:43',91,1,NULL,0,'10 Gallon Vertical Conversion Kit','10 Gallon Vertical Conversion Kit (Face Only)',NULL,NULL,NULL,0,0,2.0000,1.0000,45.0000,45.0000,NULL,0.0000,0.0000,0.0000,0.0000,0.0000,0.0000,45.0000,45.0000,0.0000,2.0000,'simple',NULL,NULL,NULL,NULL,NULL,45.0000,45.0000,45.0000,45.0000,0.0000,0.0000,NULL,0,NULL,NULL,NULL,NULL,NULL,NULL,NULL,NULL,NULL),(27,21,'2019-09-16 07:34:59','2019-09-16 07:34:59',23,1,NULL,0,'R. Imitator - Banded','R. Imitator - Banded',NULL,NULL,NULL,0,0,0.0100,1.0000,75.0000,75.0000,NULL,0.0000,0.0000,0.0000,0.0000,0.0000,0.0000,75.0000,75.0000,0.0000,0.0100,'simple',NULL,NULL,NULL,NULL,NULL,75.0000,75.0000,75.0000,75.0000,0.0000,0.0000,NULL,0,NULL,NULL,NULL,NULL,NULL,NULL,NULL,NULL,NULL),(28,22,'2019-09-16 21:06:30','2019-09-16 21:06:30',2,1,NULL,0,'D. Auratus - Green/Black','D. Auratus - Green/Black',NULL,NULL,NULL,0,0,0.1000,1.0000,20.0000,20.0000,NULL,0.0000,0.0000,0.0000,0.0000,0.0000,0.0000,20.0000,20.0000,0.0000,0.1000,'simple',NULL,NULL,NULL,NULL,NULL,20.0000,20.0000,20.0000,20.0000,0.0000,0.0000,NULL,0,NULL,NULL,NULL,NULL,NULL,NULL,NULL,NULL,NULL),(29,23,'2019-09-17 17:37:01','2019-09-17 17:37:01',29,1,NULL,0,'32oz \"Jumpy\" Winged Flightless Drosophila Melanogaster--','32oz \"Jumpy\" Winged Flightless Drosophila Melanogaster',NULL,NULL,NULL,0,0,0.2000,2.0000,5.0000,5.0000,NULL,0.0000,0.0000,0.0000,0.0000,0.0000,0.0000,10.0000,10.0000,0.0000,0.4000,'simple',NULL,NULL,NULL,NULL,NULL,5.0000,5.0000,10.0000,10.0000,0.0000,0.0000,NULL,0,NULL,NULL,NULL,NULL,NULL,NULL,NULL,NULL,NULL),(30,23,'2019-09-17 17:38:08','2019-09-17 17:38:08',53,1,NULL,0,'32 Oz Disposable Insect Culture Containers','32 Oz Disposable Insect Culture Containers',NULL,NULL,NULL,0,0,0.0200,25.0000,0.8000,0.8000,NULL,0.0000,0.0000,0.0000,0.0000,0.0000,0.0000,20.0000,20.0000,0.0000,0.5000,'simple',NULL,NULL,NULL,NULL,NULL,0.8000,0.8000,20.0000,20.0000,0.0000,0.0000,NULL,0,NULL,NULL,NULL,NULL,NULL,NULL,NULL,NULL,NULL),(31,24,'2019-09-17 23:26:48','2019-09-17 23:31:39',23,1,NULL,0,'R. Imitator - Banded','R. Imitator - Banded',NULL,NULL,NULL,0,0,0.0100,1.0000,75.0000,75.0000,NULL,0.0000,0.0000,0.0000,0.0000,0.0000,0.0000,75.0000,75.0000,0.0000,0.0100,'simple',NULL,NULL,NULL,NULL,NULL,75.0000,75.0000,75.0000,75.0000,0.0000,0.0000,NULL,0,NULL,NULL,NULL,NULL,NULL,NULL,NULL,NULL,NULL),(32,25,'2019-09-18 05:35:08','2019-09-18 05:35:08',23,1,NULL,0,'R. Imitator - Banded','R. Imitator - Banded',NULL,NULL,NULL,0,0,0.0100,1.0000,75.0000,75.0000,NULL,0.0000,0.0000,0.0000,0.0000,0.0000,0.0000,75.0000,75.0000,0.0000,0.0100,'simple',NULL,NULL,NULL,NULL,NULL,75.0000,75.0000,75.0000,75.0000,0.0000,0.0000,NULL,0,NULL,NULL,NULL,NULL,NULL,NULL,NULL,NULL,NULL),(33,26,'2019-09-18 17:34:16','2019-09-18 17:34:16',92,1,NULL,0,'10 Gallon Vertical Thumbnail Setup','10 Gallon Vertical Thumbnail Setup',NULL,NULL,NULL,0,0,1000.0000,1.0000,130.0000,130.0000,NULL,0.0000,0.0000,0.0000,0.0000,0.0000,0.0000,130.0000,130.0000,0.0000,1000.0000,'simple',NULL,NULL,NULL,NULL,NULL,130.0000,130.0000,130.0000,130.0000,0.0000,0.0000,NULL,0,NULL,NULL,NULL,NULL,NULL,NULL,NULL,NULL,NULL),(34,26,'2019-09-18 17:34:49','2019-09-18 17:34:49',66,1,NULL,0,'Tropical Plant Starter Pack','Tropical Plant Starter Pack',NULL,NULL,NULL,0,0,1.0000,1.0000,20.0000,20.0000,NULL,0.0000,0.0000,0.0000,0.0000,0.0000,0.0000,20.0000,20.0000,0.0000,1.0000,'simple',NULL,NULL,NULL,NULL,NULL,20.0000,20.0000,20.0000,20.0000,0.0000,0.0000,NULL,0,NULL,NULL,NULL,NULL,NULL,NULL,NULL,NULL,NULL),(35,29,'2019-09-19 14:08:31','2019-09-19 14:08:31',28,1,NULL,0,'32oz \"Golden Delicious\" Wingless Drosophila Melanogaster','32oz \"Golden Delicious\" Wingless Drosophila Melanogaster',NULL,NULL,NULL,0,0,0.2000,3.0000,5.0000,5.0000,NULL,0.0000,0.0000,0.0000,0.0000,0.0000,0.0000,15.0000,15.0000,0.0000,0.6000,'simple',NULL,NULL,NULL,NULL,NULL,5.0000,5.0000,15.0000,15.0000,0.0000,0.0000,NULL,0,NULL,NULL,NULL,NULL,NULL,NULL,NULL,NULL,NULL),(36,29,'2019-09-19 14:10:54','2019-09-19 14:10:54',29,1,NULL,0,'32oz \"Jumpy\" Winged Flightless Drosophila Melanogaster','32oz \"Jumpy\" Winged Flightless Drosophila Melanogaster',NULL,NULL,NULL,0,0,0.2000,3.0000,5.0000,5.0000,NULL,0.0000,0.0000,0.0000,0.0000,0.0000,0.0000,15.0000,15.0000,0.0000,0.6000,'simple',NULL,NULL,NULL,NULL,NULL,5.0000,5.0000,15.0000,15.0000,0.0000,0.0000,NULL,0,NULL,NULL,NULL,NULL,NULL,NULL,NULL,NULL,NULL),(39,31,'2019-09-20 00:40:45','2019-09-20 00:40:45',36,1,NULL,0,'Fruit Fly Starter Kit - \"Golden Delicious\"','Fruit Fly Starter Kit - \"Golden Delicious\" Wingless Drosophila Melanogaster',NULL,NULL,NULL,0,0,2.0000,1.0000,20.0000,20.0000,NULL,0.0000,0.0000,0.0000,0.0000,0.0000,0.0000,20.0000,20.0000,0.0000,2.0000,'simple',NULL,NULL,NULL,NULL,NULL,20.0000,20.0000,20.0000,20.0000,0.0000,0.0000,NULL,0,NULL,NULL,NULL,NULL,NULL,NULL,NULL,NULL,NULL),(40,32,'2019-09-20 11:56:52','2019-09-20 11:56:52',36,1,NULL,0,'Fruit Fly Starter Kit - \"Golden Delicious\"','Fruit Fly Starter Kit - \"Golden Delicious\" Wingless Drosophila Melanogaster',NULL,NULL,NULL,0,0,2.0000,1.0000,20.0000,20.0000,NULL,0.0000,0.0000,0.0000,0.0000,0.0000,0.0000,20.0000,20.0000,0.0000,2.0000,'simple',NULL,NULL,NULL,NULL,NULL,20.0000,20.0000,20.0000,20.0000,0.0000,0.0000,NULL,0,NULL,NULL,NULL,NULL,NULL,NULL,NULL,NULL,NULL),(41,32,'2019-09-20 12:02:08','2019-09-20 12:02:08',32,1,NULL,0,'32oz Bean Beetle (Callosobruchus Maculatus) Culture','32oz Bean Beetle (Callosobruchus Maculatus) Culture',NULL,NULL,NULL,0,0,0.2000,1.0000,5.0000,5.0000,NULL,0.0000,0.0000,0.0000,0.0000,0.0000,0.0000,5.0000,5.0000,0.0000,0.2000,'simple',NULL,NULL,NULL,NULL,NULL,5.0000,5.0000,5.0000,5.0000,0.0000,0.0000,NULL,0,NULL,NULL,NULL,NULL,NULL,NULL,NULL,NULL,NULL),(42,33,'2019-09-21 13:03:21','2019-09-21 13:03:21',36,1,NULL,0,'Fruit Fly Starter Kit - \"Golden Delicious\"','Fruit Fly Starter Kit - \"Golden Delicious\" Wingless Drosophila Melanogaster',NULL,NULL,NULL,0,0,2.0000,1.0000,20.0000,20.0000,NULL,0.0000,0.0000,0.0000,0.0000,0.0000,0.0000,20.0000,20.0000,0.0000,2.0000,'simple',NULL,NULL,NULL,NULL,NULL,20.0000,20.0000,20.0000,20.0000,0.0000,0.0000,NULL,0,NULL,NULL,NULL,NULL,NULL,NULL,NULL,NULL,NULL),(43,34,'2019-09-23 14:48:25','2019-09-23 14:48:25',29,1,NULL,0,'32oz \"Jumpy\" Winged Flightless Drosophila Melanogaster','32oz \"Jumpy\" Winged Flightless Drosophila Melanogaster',NULL,NULL,NULL,0,0,0.2000,3.0000,5.0000,5.0000,NULL,0.0000,0.0000,0.0000,0.0000,0.0000,0.0000,15.0000,15.0000,0.0000,0.6000,'simple',NULL,NULL,NULL,NULL,NULL,5.0000,5.0000,15.0000,15.0000,0.0000,0.0000,NULL,0,NULL,NULL,NULL,NULL,NULL,NULL,NULL,NULL,NULL),(44,34,'2019-09-23 14:49:34','2019-09-23 14:49:34',28,1,NULL,0,'32oz \"Golden Delicious\" Wingless Drosophila Melanogaster--','32oz \"Golden Delicious\" Wingless Drosophila Melanogaster',NULL,NULL,NULL,0,0,0.2000,3.0000,5.0000,5.0000,NULL,0.0000,0.0000,0.0000,0.0000,0.0000,0.0000,15.0000,15.0000,0.0000,0.6000,'simple',NULL,NULL,NULL,NULL,NULL,5.0000,5.0000,15.0000,15.0000,0.0000,0.0000,NULL,0,NULL,NULL,NULL,NULL,NULL,NULL,NULL,NULL,NULL),(45,36,'2019-09-24 17:55:21','2019-09-24 17:55:21',10,1,NULL,0,'D. Auratus - Reticulated','D. Auratus - Reticulated',NULL,NULL,NULL,0,0,0.1000,1.0000,25.0000,25.0000,NULL,0.0000,0.0000,0.0000,0.0000,0.0000,0.0000,25.0000,25.0000,0.0000,0.1000,'simple',NULL,NULL,NULL,NULL,NULL,25.0000,25.0000,25.0000,25.0000,0.0000,0.0000,NULL,0,NULL,NULL,NULL,NULL,NULL,NULL,NULL,NULL,NULL),(46,37,'2019-09-24 21:43:32','2019-09-24 21:43:38',24,1,NULL,0,'R. Imitator - Varadero','R. Imitator - Varadero',NULL,NULL,NULL,0,0,0.0100,2.0000,70.0000,70.0000,NULL,0.0000,0.0000,0.0000,0.0000,0.0000,0.0000,140.0000,140.0000,0.0000,0.0200,'simple',NULL,NULL,NULL,NULL,NULL,70.0000,70.0000,140.0000,140.0000,0.0000,0.0000,NULL,0,NULL,NULL,NULL,NULL,NULL,NULL,NULL,NULL,NULL),(47,38,'2019-09-26 16:49:40','2019-09-26 16:49:40',29,1,NULL,0,'32oz \"Jumpy\" Winged Flightless Drosophila Melanogaster--','32oz \"Jumpy\" Winged Flightless Drosophila Melanogaster',NULL,NULL,NULL,0,0,0.2000,4.0000,5.0000,5.0000,NULL,0.0000,0.0000,0.0000,0.0000,0.0000,0.0000,20.0000,20.0000,0.0000,0.8000,'simple',NULL,NULL,NULL,NULL,NULL,5.0000,5.0000,20.0000,20.0000,0.0000,0.0000,NULL,0,NULL,NULL,NULL,NULL,NULL,NULL,NULL,NULL,NULL),(48,38,'2019-09-26 16:50:55','2019-09-26 16:50:55',30,1,NULL,0,'32oz \"Turkish\" Winged Flightless Drosophila Melanogaster--','32oz \"Turkish\" Winged Flightless Drosophila Melanogaster',NULL,NULL,NULL,0,0,0.2000,4.0000,5.0000,5.0000,NULL,0.0000,0.0000,0.0000,0.0000,0.0000,0.0000,20.0000,20.0000,0.0000,0.8000,'simple',NULL,NULL,NULL,NULL,NULL,5.0000,5.0000,20.0000,20.0000,0.0000,0.0000,NULL,0,NULL,NULL,NULL,NULL,NULL,NULL,NULL,NULL,NULL),(49,38,'2019-09-26 16:56:40','2019-09-26 16:56:40',55,1,NULL,0,'F&T\'s Optimized Drosophila Culture Media - 1 Gallon','F&T\'s Optimized Drosophila Culture Media - 1 Gallon',NULL,NULL,NULL,0,0,1.0000,1.0000,20.0000,20.0000,NULL,0.0000,0.0000,0.0000,0.0000,0.0000,0.0000,20.0000,20.0000,0.0000,1.0000,'simple',NULL,NULL,NULL,NULL,NULL,20.0000,20.0000,20.0000,20.0000,0.0000,0.0000,NULL,0,NULL,NULL,NULL,NULL,NULL,NULL,NULL,NULL,NULL),(50,39,'2019-09-27 14:47:19','2019-09-27 14:51:18',2,1,NULL,0,'D. Auratus - Green/Black','D. Auratus - Green/Black',NULL,NULL,NULL,0,0,0.1000,3.0000,20.0000,20.0000,NULL,0.0000,0.0000,0.0000,0.0000,0.0000,0.0000,60.0000,60.0000,0.0000,0.3000,'simple',NULL,NULL,NULL,NULL,NULL,20.0000,20.0000,60.0000,60.0000,0.0000,0.0000,NULL,0,NULL,NULL,NULL,NULL,NULL,NULL,NULL,NULL,NULL),(51,40,'2019-09-28 09:17:19','2019-09-28 09:17:19',67,1,NULL,0,'Isotonic Amphibian’s Ringer Solids (Makes 1/2 Gal Soln)','Isotonic Amphibian’s Ringer Solids (Makes 1/2 Gal Soln)',NULL,NULL,NULL,0,0,0.1000,2.0000,10.0000,10.0000,NULL,0.0000,0.0000,0.0000,0.0000,0.0000,0.0000,20.0000,20.0000,0.0000,0.2000,'simple',NULL,NULL,NULL,NULL,NULL,10.0000,10.0000,20.0000,20.0000,0.0000,0.0000,NULL,0,NULL,NULL,NULL,NULL,NULL,NULL,NULL,NULL,NULL),(52,40,'2019-09-28 09:18:47','2019-09-28 09:18:47',68,1,NULL,0,'2% Calcium Gluconate 8 ml','2% Calcium Gluconate 8 ml',NULL,NULL,NULL,0,0,0.1000,2.0000,5.0000,5.0000,NULL,0.0000,0.0000,0.0000,0.0000,0.0000,0.0000,10.0000,10.0000,0.0000,0.2000,'simple',NULL,NULL,NULL,NULL,NULL,5.0000,5.0000,10.0000,10.0000,0.0000,0.0000,NULL,0,NULL,NULL,NULL,NULL,NULL,NULL,NULL,NULL,NULL),(53,41,'2019-09-29 05:13:19','2019-09-29 05:13:19',30,1,NULL,0,'32oz \"Turkish\" Winged Flightless Drosophila Melanogaster','32oz \"Turkish\" Winged Flightless Drosophila Melanogaster',NULL,NULL,NULL,0,0,0.2000,1.0000,5.0000,5.0000,NULL,0.0000,0.0000,0.0000,0.0000,0.0000,0.0000,5.0000,5.0000,0.0000,0.2000,'simple',NULL,NULL,NULL,NULL,NULL,5.0000,5.0000,5.0000,5.0000,0.0000,0.0000,NULL,0,NULL,NULL,NULL,NULL,NULL,NULL,NULL,NULL,NULL),(54,42,'2019-09-29 08:44:11','2019-09-29 08:44:11',12,1,NULL,0,'D. Leucomelas','D. Leucomelas - Standard',NULL,NULL,NULL,0,0,0.0100,4.0000,30.0000,30.0000,NULL,0.0000,0.0000,0.0000,0.0000,0.0000,0.0000,120.0000,120.0000,0.0000,0.0400,'simple',NULL,NULL,NULL,NULL,NULL,30.0000,30.0000,120.0000,120.0000,0.0000,0.0000,NULL,0,NULL,NULL,NULL,NULL,NULL,NULL,NULL,NULL,NULL),(55,42,'2019-09-29 08:48:23','2019-09-29 08:48:23',29,1,NULL,0,'32oz \"Jumpy\" Winged Flightless Drosophila Melanogaster','32oz \"Jumpy\" Winged Flightless Drosophila Melanogaster',NULL,NULL,NULL,0,0,0.2000,1.0000,5.0000,5.0000,NULL,0.0000,0.0000,0.0000,0.0000,0.0000,0.0000,5.0000,5.0000,0.0000,0.2000,'simple',NULL,NULL,NULL,NULL,NULL,5.0000,5.0000,5.0000,5.0000,0.0000,0.0000,NULL,0,NULL,NULL,NULL,NULL,NULL,NULL,NULL,NULL,NULL),(56,44,'2019-09-29 17:06:00','2019-09-29 17:06:00',24,1,NULL,0,'R. Imitator - Varadero','R. Imitator - Varadero',NULL,NULL,NULL,0,0,0.0100,2.0000,70.0000,70.0000,NULL,0.0000,0.0000,0.0000,0.0000,0.0000,0.0000,140.0000,140.0000,0.0000,0.0200,'simple',NULL,NULL,NULL,NULL,NULL,70.0000,70.0000,140.0000,140.0000,0.0000,0.0000,NULL,0,NULL,NULL,NULL,NULL,NULL,NULL,NULL,NULL,NULL),(58,45,'2019-09-29 19:12:48','2019-09-29 19:12:48',24,1,NULL,0,'R. Imitator - Varadero','R. Imitator - Varadero',NULL,NULL,NULL,0,0,0.0100,2.0000,70.0000,70.0000,NULL,0.0000,0.0000,0.0000,0.0000,0.0000,0.0000,140.0000,140.0000,0.0000,0.0200,'simple',NULL,NULL,NULL,NULL,NULL,70.0000,70.0000,140.0000,140.0000,0.0000,0.0000,NULL,0,NULL,NULL,NULL,NULL,NULL,NULL,NULL,NULL,NULL),(59,45,'2019-09-29 19:13:20','2019-09-29 19:13:20',31,1,NULL,0,'16oz Tropical Springtail Culture','16oz Tropical Springtail Culture',NULL,NULL,NULL,0,0,0.2000,1.0000,5.0000,5.0000,NULL,0.0000,0.0000,0.0000,0.0000,0.0000,0.0000,5.0000,5.0000,0.0000,0.2000,'simple',NULL,NULL,NULL,NULL,NULL,5.0000,5.0000,5.0000,5.0000,0.0000,0.0000,NULL,0,NULL,NULL,NULL,NULL,NULL,NULL,NULL,NULL,NULL),(60,46,'2019-09-29 22:01:36','2019-09-29 22:01:36',28,1,NULL,0,'32oz \"Golden Delicious\" Wingless Drosophila Melanogaster','32oz \"Golden Delicious\" Wingless Drosophila Melanogaster',NULL,NULL,NULL,0,0,0.2000,1.0000,5.0000,5.0000,NULL,0.0000,0.0000,0.0000,0.0000,0.0000,0.0000,5.0000,5.0000,0.0000,0.2000,'simple',NULL,NULL,NULL,NULL,NULL,5.0000,5.0000,5.0000,5.0000,0.0000,0.0000,NULL,0,NULL,NULL,NULL,NULL,NULL,NULL,NULL,NULL,NULL),(61,46,'2019-09-29 22:08:10','2019-09-29 22:08:10',28,1,NULL,0,'32oz \"Golden Delicious\" Wingless Drosophila Melanogaster','32oz \"Golden Delicious\" Wingless Drosophila Melanogaster',NULL,NULL,NULL,0,0,0.2000,1.0000,5.0000,5.0000,NULL,0.0000,0.0000,0.0000,0.0000,0.0000,0.0000,5.0000,5.0000,0.0000,0.2000,'simple',NULL,NULL,NULL,NULL,NULL,5.0000,5.0000,5.0000,5.0000,0.0000,0.0000,NULL,0,NULL,NULL,NULL,NULL,NULL,NULL,NULL,NULL,NULL),(62,47,'2019-09-29 23:22:18','2019-09-29 23:22:34',90,1,NULL,0,'8\"x8\"x8\" Shipping Box with 1\" Foam','8\"x8\"x8\" Shipping Box with 1\" Foam',NULL,NULL,NULL,0,0,0.2500,2.0000,5.0000,5.0000,NULL,0.0000,0.0000,0.0000,0.0000,0.0000,0.0000,10.0000,10.0000,0.0000,0.5000,'simple',NULL,NULL,NULL,NULL,NULL,5.0000,5.0000,10.0000,10.0000,0.0000,0.0000,NULL,0,NULL,NULL,NULL,NULL,NULL,NULL,NULL,NULL,NULL),(63,47,'2019-09-29 23:22:26','2019-09-29 23:22:43',89,1,NULL,0,'22C (72F) Phase Change Panel (10.6oz)','22C (72F) Phase Change Panel (10.6oz)',NULL,NULL,NULL,0,0,1.0000,2.0000,7.5000,7.5000,NULL,0.0000,0.0000,0.0000,0.0000,0.0000,0.0000,15.0000,15.0000,0.0000,2.0000,'simple',NULL,NULL,NULL,NULL,NULL,7.5000,7.5000,15.0000,15.0000,0.0000,0.0000,NULL,0,NULL,NULL,NULL,NULL,NULL,NULL,NULL,NULL,NULL),(64,49,'2019-09-30 13:21:37','2019-09-30 13:21:37',39,1,NULL,0,'Repashy Morning Wood - 3 Oz Jar','Repashy Morning Wood - 3 Oz Jar',NULL,NULL,NULL,0,0,0.2000,1.0000,9.9900,9.9900,NULL,0.0000,0.0000,0.0000,0.0000,0.0000,0.0000,9.9900,9.9900,0.0000,0.2000,'simple',NULL,NULL,NULL,NULL,NULL,9.9900,9.9900,9.9900,9.9900,0.0000,0.0000,NULL,0,NULL,NULL,NULL,NULL,NULL,NULL,NULL,NULL,NULL),(65,51,'2019-10-02 21:31:08','2019-10-02 21:31:08',92,1,NULL,0,'10 Gallon Vertical Thumbnail Setup','10 Gallon Vertical Thumbnail Setup',NULL,NULL,NULL,0,0,1000.0000,1.0000,130.0000,130.0000,NULL,0.0000,0.0000,0.0000,0.0000,0.0000,0.0000,130.0000,130.0000,0.0000,1000.0000,'simple',NULL,NULL,NULL,NULL,NULL,130.0000,130.0000,130.0000,130.0000,0.0000,0.0000,NULL,0,NULL,NULL,NULL,NULL,NULL,NULL,NULL,NULL,NULL),(66,53,'2019-10-03 21:32:19','2019-10-03 21:32:19',55,1,NULL,0,'F&T\'s Optimized Drosophila Culture Media - 1 Gallon','F&T\'s Optimized Drosophila Culture Media - 1 Gallon',NULL,NULL,NULL,0,0,1.0000,1.0000,20.0000,20.0000,NULL,0.0000,0.0000,0.0000,0.0000,0.0000,0.0000,20.0000,20.0000,0.0000,1.0000,'simple',NULL,NULL,NULL,NULL,NULL,20.0000,20.0000,20.0000,20.0000,0.0000,0.0000,NULL,0,NULL,NULL,NULL,NULL,NULL,NULL,NULL,NULL,NULL),(67,54,'2019-10-04 13:14:02','2019-10-04 13:14:02',32,1,NULL,0,'32oz Bean Beetle (Callosobruchus Maculatus) Culture','32oz Bean Beetle (Callosobruchus Maculatus) Culture',NULL,NULL,NULL,0,0,0.2000,2.0000,5.0000,5.0000,NULL,0.0000,0.0000,0.0000,0.0000,0.0000,0.0000,10.0000,10.0000,0.0000,0.4000,'simple',NULL,NULL,NULL,NULL,NULL,5.0000,5.0000,10.0000,10.0000,0.0000,0.0000,NULL,0,NULL,NULL,NULL,NULL,NULL,NULL,NULL,NULL,NULL),(68,54,'2019-10-04 13:20:10','2019-10-04 13:20:10',32,1,NULL,0,'32oz Bean Beetle (Callosobruchus Maculatus) Culture','32oz Bean Beetle (Callosobruchus Maculatus) Culture',NULL,NULL,NULL,0,0,0.2000,2.0000,5.0000,5.0000,NULL,0.0000,0.0000,0.0000,0.0000,0.0000,0.0000,10.0000,10.0000,0.0000,0.4000,'simple',NULL,NULL,NULL,NULL,NULL,5.0000,5.0000,10.0000,10.0000,0.0000,0.0000,NULL,0,NULL,NULL,NULL,NULL,NULL,NULL,NULL,NULL,NULL),(69,55,'2019-10-04 22:27:28','2019-10-04 22:27:28',31,1,NULL,0,'16oz Tropical Springtail Culture','16oz Tropical Springtail Culture',NULL,NULL,NULL,0,0,0.2000,1.0000,5.0000,5.0000,NULL,0.0000,0.0000,0.0000,0.0000,0.0000,0.0000,5.0000,5.0000,0.0000,0.2000,'simple',NULL,NULL,NULL,NULL,NULL,5.0000,5.0000,5.0000,5.0000,0.0000,0.0000,NULL,0,NULL,NULL,NULL,NULL,NULL,NULL,NULL,NULL,NULL),(70,56,'2019-10-05 14:07:10','2019-10-05 14:07:10',28,1,NULL,0,'32oz \"Golden Delicious\" Wingless Drosophila Melanogaster','32oz \"Golden Delicious\" Wingless Drosophila Melanogaster',NULL,NULL,NULL,0,0,0.2000,1.0000,5.0000,5.0000,NULL,0.0000,0.0000,0.0000,0.0000,0.0000,0.0000,5.0000,5.0000,0.0000,0.2000,'simple',NULL,NULL,NULL,NULL,NULL,5.0000,5.0000,5.0000,5.0000,0.0000,0.0000,NULL,0,NULL,NULL,NULL,NULL,NULL,NULL,NULL,NULL,NULL),(71,56,'2019-10-05 14:07:28','2019-10-05 14:07:28',29,1,NULL,0,'32oz \"Jumpy\" Winged Flightless Drosophila Melanogaster','32oz \"Jumpy\" Winged Flightless Drosophila Melanogaster',NULL,NULL,NULL,0,0,0.2000,1.0000,5.0000,5.0000,NULL,0.0000,0.0000,0.0000,0.0000,0.0000,0.0000,5.0000,5.0000,0.0000,0.2000,'simple',NULL,NULL,NULL,NULL,NULL,5.0000,5.0000,5.0000,5.0000,0.0000,0.0000,NULL,0,NULL,NULL,NULL,NULL,NULL,NULL,NULL,NULL,NULL),(72,56,'2019-10-05 14:08:09','2019-10-05 14:08:09',30,1,NULL,0,'32oz \"Turkish\" Winged Flightless Drosophila Melanogaster','32oz \"Turkish\" Winged Flightless Drosophila Melanogaster',NULL,NULL,NULL,0,0,0.2000,1.0000,5.0000,5.0000,NULL,0.0000,0.0000,0.0000,0.0000,0.0000,0.0000,5.0000,5.0000,0.0000,0.2000,'simple',NULL,NULL,NULL,NULL,NULL,5.0000,5.0000,5.0000,5.0000,0.0000,0.0000,NULL,0,NULL,NULL,NULL,NULL,NULL,NULL,NULL,NULL,NULL),(73,57,'2019-10-06 14:22:56','2019-10-06 14:22:56',58,1,NULL,0,'Bromeliad Neoregelia','Bromeliad Neoregelia',NULL,NULL,NULL,0,0,0.1000,1.0000,8.0000,8.0000,NULL,0.0000,0.0000,0.0000,0.0000,0.0000,0.0000,8.0000,8.0000,0.0000,0.1000,'simple',NULL,NULL,NULL,NULL,NULL,8.0000,8.0000,8.0000,8.0000,0.0000,0.0000,NULL,0,NULL,NULL,NULL,NULL,NULL,NULL,NULL,NULL,NULL),(74,57,'2019-10-06 14:23:23','2019-10-06 14:23:23',64,1,NULL,0,'Pilea Nummulariifolia','Pilea Nummulariifolia',NULL,NULL,NULL,0,0,0.2500,1.0000,8.0000,8.0000,NULL,0.0000,0.0000,0.0000,0.0000,0.0000,0.0000,8.0000,8.0000,0.0000,0.2500,'simple',NULL,NULL,NULL,NULL,NULL,8.0000,8.0000,8.0000,8.0000,0.0000,0.0000,NULL,0,NULL,NULL,NULL,NULL,NULL,NULL,NULL,NULL,NULL),(75,57,'2019-10-06 14:24:01','2019-10-06 14:24:01',55,1,NULL,0,'F&T\'s Optimized Drosophila Culture Media - 1 Gallon','F&T\'s Optimized Drosophila Culture Media - 1 Gallon',NULL,NULL,NULL,0,0,1.0000,1.0000,20.0000,20.0000,NULL,0.0000,0.0000,0.0000,0.0000,0.0000,0.0000,20.0000,20.0000,0.0000,1.0000,'simple',NULL,NULL,NULL,NULL,NULL,20.0000,20.0000,20.0000,20.0000,0.0000,0.0000,NULL,0,NULL,NULL,NULL,NULL,NULL,NULL,NULL,NULL,NULL),(76,58,'2019-10-06 17:14:25','2019-10-06 17:14:25',68,1,NULL,0,'2% Calcium Gluconate 8 ml','2% Calcium Gluconate 8 ml',NULL,NULL,NULL,0,0,0.1000,1.0000,5.0000,5.0000,NULL,0.0000,0.0000,0.0000,0.0000,0.0000,0.0000,5.0000,5.0000,0.0000,0.1000,'simple',NULL,NULL,NULL,NULL,NULL,5.0000,5.0000,5.0000,5.0000,0.0000,0.0000,NULL,0,NULL,NULL,NULL,NULL,NULL,NULL,NULL,NULL,NULL),(77,59,'2019-10-08 08:01:52','2019-10-08 08:01:52',31,1,NULL,0,'16oz Tropical Springtail Culture','16oz Tropical Springtail Culture',NULL,NULL,NULL,0,0,0.2000,2.0000,5.0000,5.0000,NULL,0.0000,0.0000,0.0000,0.0000,0.0000,0.0000,10.0000,10.0000,0.0000,0.4000,'simple',NULL,NULL,NULL,NULL,NULL,5.0000,5.0000,10.0000,10.0000,0.0000,0.0000,NULL,0,NULL,NULL,NULL,NULL,NULL,NULL,NULL,NULL,NULL),(78,61,'2019-10-08 10:40:30','2019-10-08 10:40:43',4,1,NULL,0,'A. Galactonotus - Lemon Morph','A. Galactonotus - Lemon Morph',NULL,NULL,NULL,0,0,0.0100,2.0000,40.0000,40.0000,NULL,0.0000,0.0000,0.0000,0.0000,0.0000,0.0000,80.0000,80.0000,0.0000,0.0200,'simple',NULL,NULL,NULL,NULL,NULL,40.0000,40.0000,80.0000,80.0000,0.0000,0.0000,NULL,0,NULL,NULL,NULL,NULL,NULL,NULL,NULL,NULL,NULL),(79,62,'2019-10-09 20:18:12','2019-10-09 20:18:12',12,1,NULL,0,'D. Leucomelas','D. Leucomelas - Standard',NULL,NULL,NULL,0,0,0.0100,4.0000,30.0000,30.0000,NULL,0.0000,0.0000,0.0000,0.0000,0.0000,0.0000,120.0000,120.0000,0.0000,0.0400,'simple',NULL,NULL,NULL,NULL,NULL,30.0000,30.0000,120.0000,120.0000,0.0000,0.0000,NULL,0,NULL,NULL,NULL,NULL,NULL,NULL,NULL,NULL,NULL);
CREATE TABLE `mz0b_quote_item_option` (
  `option_id` int(10) unsigned NOT NULL AUTO_INCREMENT COMMENT 'Option Id',
  `item_id` int(10) unsigned NOT NULL COMMENT 'Item Id',
  `product_id` int(10) unsigned NOT NULL COMMENT 'Product Id',
  `code` varchar(255) NOT NULL COMMENT 'Code',
  `value` text COMMENT 'Value',
  PRIMARY KEY (`option_id`),
  KEY `MZ0B_QUOTE_ITEM_OPTION_ITEM_ID` (`item_id`)
) ENGINE=InnoDB AUTO_INCREMENT=147 DEFAULT CHARSET=utf8 COMMENT='Sales Flat Quote Item Option';
INSERT INTO `mz0b_quote_item_option` VALUES (1,1,3,'info_buyRequest','{\"uenc\":\"aHR0cDovL3N0b3JlLmZyb2dzbnRoaW5ncy5jb20vZ2lmdC1jYXJkLmh0bWw,\",\"product\":\"3\",\"selected_configurable_option\":\"\",\"related_product\":\"\",\"item\":\"3\",\"options\":{\"1\":\"2\"},\"qty\":\"1\"}'),(2,1,3,'option_ids','1'),(3,1,3,'option_1','2'),(7,3,2,'info_buyRequest','{\"uenc\":\"aHR0cDovL3N0b3JlLmZyb2dzbnRoaW5ncy5jb20vcGxhbnRzL2Zyb2dzLW4tdGhpbmdzLWZyb2dzLmh0bWw,\",\"product\":\"2\",\"qty\":1}'),(9,5,1,'info_buyRequest','{\"uenc\":\"aHR0cDovL3N0b3JlLmZyb2dzbnRoaW5ncy5jb20vcGxhbnRzL2Zyb2dzLW4tdGhpbmdzLWZyb2dzLmh0bWw,\",\"product\":\"1\",\"qty\":1}'),(12,8,7,'info_buyRequest','{\"uenc\":\"aHR0cHM6Ly9zdG9yZS5mcm9nc250aGluZ3MuY29tL2Zyb2dzLmh0bWw,\",\"product\":\"7\",\"qty\":1}'),(13,9,53,'info_buyRequest','{\"uenc\":\"aHR0cHM6Ly9zdG9yZS5mcm9nc250aGluZ3MuY29tLzMyLW96LWRpc3Bvc2FibGUtaW5zZWN0LWN1bHR1cmUtY29udGFpbmVycy5odG1s\",\"product\":\"53\",\"selected_configurable_option\":\"\",\"related_product\":\"\",\"item\":\"53\",\"qty\":\"100\"}'),(23,15,15,'info_buyRequest','{\"uenc\":\"aHR0cHM6Ly9zdG9yZS5mcm9nc250aGluZ3MuY29tL2QtdGluY3Rvcml1cy1yb2JlcnR1cy1tb3JwaC5odG1s\",\"product\":\"15\",\"selected_configurable_option\":\"\",\"related_product\":\"\",\"item\":\"15\",\"qty\":\"5\"}'),(24,16,2,'info_buyRequest','{\"uenc\":\"aHR0cHM6Ly9zdG9yZS5mcm9nc250aGluZ3MuY29tL2Zyb2dzLmh0bWw,\",\"product\":\"2\",\"qty\":1}'),(25,17,8,'info_buyRequest','{\"uenc\":\"aHR0cHM6Ly9zdG9yZS5mcm9nc250aGluZ3MuY29tL2Zyb2dzLmh0bWw,\",\"product\":\"8\",\"qty\":1}'),(28,20,58,'info_buyRequest','{\"uenc\":\"aHR0cHM6Ly9zdG9yZS5mcm9nc250aGluZ3MuY29tL2Jyb21lbGlhZC1uZW9yZWdlbGlhLmh0bWw,\",\"product\":\"58\",\"selected_configurable_option\":\"\",\"related_product\":\"\",\"item\":\"58\",\"qty\":\"1\"}'),(29,21,24,'info_buyRequest','{\"uenc\":\"aHR0cHM6Ly9zdG9yZS5mcm9nc250aGluZ3MuY29tL2Zyb2dzLmh0bWw,\",\"product\":\"24\",\"qty\":1}'),(30,22,67,'info_buyRequest','{\"uenc\":\"aHR0cHM6Ly9zdG9yZS5mcm9nc250aGluZ3MuY29tL3BsYW50cy9oZWFsdGgtYW5kLW1lZGljYXRpb25zLmh0bWw,\",\"product\":\"67\",\"qty\":1}'),(31,23,68,'info_buyRequest','{\"uenc\":\"aHR0cHM6Ly9zdG9yZS5mcm9nc250aGluZ3MuY29tL2NhdGFsb2dzZWFyY2gvcmVzdWx0Lz9xPUNhbGNpdW0,\",\"product\":\"68\",\"qty\":1}'),(32,24,52,'info_buyRequest','{\"uenc\":\"aHR0cHM6Ly9zdG9yZS5mcm9nc250aGluZ3MuY29tL2NhdGFsb2dzZWFyY2gvcmVzdWx0Lz9xPUZpbG0,\",\"product\":\"52\",\"qty\":1}'),(33,25,52,'info_buyRequest','{\"uenc\":\"aHR0cHM6Ly9zdG9yZS5mcm9nc250aGluZ3MuY29tL2NhdGFsb2dzZWFyY2gvcmVzdWx0Lz9xPUZpbG0,\",\"product\":\"52\",\"qty\":1}'),(34,26,91,'info_buyRequest','{\"uenc\":\"aHR0cHM6Ly9zdG9yZS5mcm9nc250aGluZ3MuY29tLzEwLWdhbGxvbi12ZXJ0aWNhbC1jb252ZXJzaW9uLWtpdC1mYWNlLW9ubHkuaHRtbA,,\",\"product\":\"91\",\"selected_configurable_option\":\"\",\"related_product\":\"\",\"item\":\"91\",\"qty\":\"1\"}'),(35,27,23,'info_buyRequest','{\"uenc\":\"aHR0cHM6Ly9zdG9yZS5mcm9nc250aGluZ3MuY29tL2Zyb2dzLmh0bWw,\",\"product\":\"23\",\"qty\":1}'),(36,28,2,'info_buyRequest','{\"uenc\":\"aHR0cHM6Ly9zdG9yZS5mcm9nc250aGluZ3MuY29tL2QtYXVyYXR1cy1ncmVlbi1ibGFjay5odG1s\",\"product\":\"2\",\"selected_configurable_option\":\"\",\"related_product\":\"\",\"item\":\"2\",\"qty\":\"1\"}'),(37,29,29,'info_buyRequest','{\"uenc\":\"aHR0cHM6Ly9zdG9yZS5mcm9nc250aGluZ3MuY29tLzMyb3otanVtcHktd2luZ2VkLWZsaWdodGxlc3MtZHJvc29waGlsYS1tZWxhbm9nYXN0ZXIuaHRtbA,,\",\"product\":\"29\",\"selected_configurable_option\":\"\",\"related_product\":\"\",\"item\":\"29\",\"options\":{\"4\":[\"7\",\"9\"],\"5\":\"One of each \"},\"qty\":\"2\"}'),(38,29,29,'option_ids','4,5'),(39,29,29,'option_4','7,9'),(40,29,29,'option_5','One of each'),(41,30,53,'info_buyRequest','{\"uenc\":\"aHR0cHM6Ly9zdG9yZS5mcm9nc250aGluZ3MuY29tLzMyLW96LWRpc3Bvc2FibGUtaW5zZWN0LWN1bHR1cmUtY29udGFpbmVycy5odG1s\",\"product\":\"53\",\"selected_configurable_option\":\"\",\"related_product\":\"\",\"item\":\"53\",\"qty\":\"25\"}'),(42,31,23,'info_buyRequest','{\"uenc\":\"aHR0cHM6Ly9zdG9yZS5mcm9nc250aGluZ3MuY29tL2Zyb2dzLmh0bWw_Y3Q9dChZKSZtY19jaWQ9MzE4ZjgwNzRmZSZtY19laWQ9ZWY4YzNkYTQ5MQ,,\",\"product\":\"23\",\"qty\":1}'),(43,32,23,'info_buyRequest','{\"uenc\":\"aHR0cHM6Ly9zdG9yZS5mcm9nc250aGluZ3MuY29tL3BsYW50cy9mcm9ncy1uLXRoaW5ncy1mcm9ncy5odG1s\",\"product\":\"23\",\"qty\":1}'),(44,33,92,'info_buyRequest','{\"uenc\":\"aHR0cHM6Ly9zdG9yZS5mcm9nc250aGluZ3MuY29tLzEwLWdhbGxvbi12ZXJ0aWNhbC10aHVtYm5haWwtc2V0dXAuaHRtbA,,\",\"product\":\"92\",\"selected_configurable_option\":\"\",\"related_product\":\"\",\"item\":\"92\",\"qty\":\"1\"}'),(45,34,66,'info_buyRequest','{\"uenc\":\"aHR0cHM6Ly9zdG9yZS5mcm9nc250aGluZ3MuY29tL3Ryb3BpY2FsLXBsYW50LXN0YXJ0ZXItcGFjay5odG1s\",\"product\":\"66\",\"selected_configurable_option\":\"\",\"related_product\":\"\",\"item\":\"66\",\"qty\":\"1\"}'),(46,35,28,'info_buyRequest','{\"uenc\":\"aHR0cHM6Ly9zdG9yZS5mcm9nc250aGluZ3MuY29tLzMyb3otZ29sZGVuLWRlbGljaW91cy13aW5nbGVzcy1kcm9zb3BoaWxhLW1lbGFub2dhc3Rlci5odG1s\",\"product\":\"28\",\"selected_configurable_option\":\"\",\"related_product\":\"\",\"item\":\"28\",\"options\":{\"2\":[\"6\"],\"3\":\"All 3 11-14\"},\"qty\":\"3\"}'),(47,35,28,'option_ids','2,3'),(48,35,28,'option_2','6'),(49,35,28,'option_3','All 3 11-14'),(50,36,29,'info_buyRequest','{\"uenc\":\"aHR0cHM6Ly9zdG9yZS5mcm9nc250aGluZ3MuY29tLzMyb3otanVtcHktd2luZ2VkLWZsaWdodGxlc3MtZHJvc29waGlsYS1tZWxhbm9nYXN0ZXIuaHRtbA,,\",\"product\":\"29\",\"selected_configurable_option\":\"\",\"related_product\":\"\",\"item\":\"29\",\"options\":{\"4\":[\"9\"],\"5\":\"All 3 11-14\"},\"qty\":\"3\"}'),(51,36,29,'option_ids','4,5'),(52,36,29,'option_4','9'),(53,36,29,'option_5','All 3 11-14'),(59,39,36,'info_buyRequest','{\"uenc\":\"aHR0cHM6Ly9zdG9yZS5mcm9nc250aGluZ3MuY29tL2ZydWl0LWZseS1zdGFydGVyLWtpdC1nb2xkZW4tZGVsaWNpb3VzLXdpbmdsZXNzLWRyb3NvcGhpbGEtbWVsYW5vZ2FzdGVyLmh0bWw,\",\"product\":\"36\",\"selected_configurable_option\":\"\",\"related_product\":\"\",\"item\":\"36\",\"qty\":\"1\"}'),(60,40,36,'info_buyRequest','{\"uenc\":\"aHR0cHM6Ly9zdG9yZS5mcm9nc250aGluZ3MuY29tL3BsYW50cy9mcm9ncy1uLXRoaW5ncy1mZWVkZXItaW5zZWN0cy5odG1s\",\"product\":\"36\",\"qty\":1}'),(61,41,32,'info_buyRequest','{\"uenc\":\"aHR0cHM6Ly9zdG9yZS5mcm9nc250aGluZ3MuY29tLzMyb3otYmVhbi1iZWV0bGUtY2FsbG9zb2JydWNodXMtbWFjdWxhdHVzLWN1bHR1cmUuaHRtbD9vcHRpb25zPWNhcnQ,\",\"product\":\"32\",\"selected_configurable_option\":\"\",\"related_product\":\"\",\"item\":\"32\",\"options\":{\"10\":[\"17\"],\"11\":\"1\"},\"qty\":\"1\"}'),(62,41,32,'option_ids','10,11'),(63,41,32,'option_10','17'),(64,41,32,'option_11','1'),(65,42,36,'info_buyRequest','{\"uenc\":\"aHR0cHM6Ly9zdG9yZS5mcm9nc250aGluZ3MuY29tL2ZydWl0LWZseS1zdGFydGVyLWtpdC1nb2xkZW4tZGVsaWNpb3VzLXdpbmdsZXNzLWRyb3NvcGhpbGEtbWVsYW5vZ2FzdGVyLmh0bWw,\",\"product\":\"36\",\"selected_configurable_option\":\"\",\"related_product\":\"\",\"item\":\"36\",\"qty\":\"1\"}'),(66,43,29,'info_buyRequest','{\"uenc\":\"aHR0cHM6Ly9zdG9yZS5mcm9nc250aGluZ3MuY29tLzMyb3otanVtcHktd2luZ2VkLWZsaWdodGxlc3MtZHJvc29waGlsYS1tZWxhbm9nYXN0ZXIuaHRtbA,,\",\"product\":\"29\",\"selected_configurable_option\":\"\",\"related_product\":\"\",\"item\":\"29\",\"options\":{\"4\":[\"9\"],\"5\":\"All 11-14 days\"},\"qty\":\"3\"}'),(67,43,29,'option_ids','4,5'),(68,43,29,'option_4','9'),(69,43,29,'option_5','All 11-14 days'),(70,44,28,'info_buyRequest','{\"uenc\":\"aHR0cHM6Ly9zdG9yZS5mcm9nc250aGluZ3MuY29tLzMyb3otZ29sZGVuLWRlbGljaW91cy13aW5nbGVzcy1kcm9zb3BoaWxhLW1lbGFub2dhc3Rlci5odG1s\",\"product\":\"28\",\"selected_configurable_option\":\"\",\"related_product\":\"\",\"item\":\"28\",\"options\":{\"2\":[\"5\",\"6\"],\"3\":\"1x 7-10, 2x 11-14\"},\"qty\":\"3\"}'),(71,44,28,'option_ids','2,3'),(72,44,28,'option_2','5,6'),(73,44,28,'option_3','1x 7-10, 2x 11-14'),(74,45,10,'info_buyRequest','{\"uenc\":\"aHR0cHM6Ly9zdG9yZS5mcm9nc250aGluZ3MuY29tL2QtYXVyYXR1cy1yZXRpY3VsYXRlZC5odG1s\",\"product\":\"10\",\"selected_configurable_option\":\"\",\"related_product\":\"\",\"item\":\"10\",\"qty\":\"1\"}'),(75,46,24,'info_buyRequest','{\"uenc\":\"aHR0cHM6Ly9zdG9yZS5mcm9nc250aGluZ3MuY29tL2Zyb2dzLmh0bWw,\",\"product\":\"24\",\"qty\":1}'),(76,47,29,'info_buyRequest','{\"uenc\":\"aHR0cHM6Ly9zdG9yZS5mcm9nc250aGluZ3MuY29tLzMyb3otanVtcHktd2luZ2VkLWZsaWdodGxlc3MtZHJvc29waGlsYS1tZWxhbm9nYXN0ZXIuaHRtbD9vcHRpb25zPWNhcnQ,\",\"product\":\"29\",\"selected_configurable_option\":\"\",\"related_product\":\"\",\"item\":\"29\",\"options\":{\"4\":[\"8\",\"9\"],\"5\":\"2 of each\"},\"qty\":\"4\"}'),(77,47,29,'option_ids','4,5'),(78,47,29,'option_4','8,9'),(79,47,29,'option_5','2 of each'),(80,48,30,'info_buyRequest','{\"uenc\":\"aHR0cHM6Ly9zdG9yZS5mcm9nc250aGluZ3MuY29tLzMyb3otdHVya2lzaC13aW5nZWQtZmxpZ2h0bGVzcy1kcm9zb3BoaWxhLW1lbGFub2dhc3Rlci5odG1sP29wdGlvbnM9Y2FydA,,\",\"product\":\"30\",\"selected_configurable_option\":\"\",\"related_product\":\"\",\"item\":\"30\",\"options\":{\"6\":[\"11\",\"12\"],\"7\":\"2 of each\"},\"qty\":\"4\"}'),(81,48,30,'option_ids','6,7'),(82,48,30,'option_6','11,12'),(83,48,30,'option_7','2 of each'),(84,49,55,'info_buyRequest','{\"uenc\":\"aHR0cHM6Ly9zdG9yZS5mcm9nc250aGluZ3MuY29tL2YtdC1zLW9wdGltaXplZC1kcm9zb3BoaWxhLWN1bHR1cmUtbWVkaWEtMS1nYWxsb24uaHRtbA,,\",\"product\":\"55\",\"selected_configurable_option\":\"\",\"related_product\":\"\",\"item\":\"55\",\"qty\":\"1\"}'),(85,50,2,'info_buyRequest','{\"uenc\":\"aHR0cHM6Ly9zdG9yZS5mcm9nc250aGluZ3MuY29tL2Zyb2dzLmh0bWw,\",\"product\":\"2\",\"qty\":1}'),(86,51,67,'info_buyRequest','{\"uenc\":\"aHR0cHM6Ly9zdG9yZS5mcm9nc250aGluZ3MuY29tL2lzb3RvbmljLWFtcGhpYmlhbi1zLXJpbmdlci1zb2xpZHMtbWFrZXMtMS0yLWdhbC1zb2xuLmh0bWw,\",\"product\":\"67\",\"selected_configurable_option\":\"\",\"related_product\":\"\",\"item\":\"67\",\"qty\":\"2\"}'),(87,52,68,'info_buyRequest','{\"uenc\":\"aHR0cHM6Ly9zdG9yZS5mcm9nc250aGluZ3MuY29tLzItY2FsY2l1bS1nbHVjb25hdGUtOC1tbC5odG1s\",\"product\":\"68\",\"selected_configurable_option\":\"\",\"related_product\":\"\",\"item\":\"68\",\"qty\":\"2\"}'),(88,53,30,'info_buyRequest','{\"uenc\":\"aHR0cHM6Ly9zdG9yZS5mcm9nc250aGluZ3MuY29tLzMyb3otdHVya2lzaC13aW5nZWQtZmxpZ2h0bGVzcy1kcm9zb3BoaWxhLW1lbGFub2dhc3Rlci5odG1sP3V0bV9jYW1wYWlnbj1zb2NpYWxfcHVzaCZ1dG1fbWVkaXVtPWZhY2Vib29rJnV0bV9zb3VyY2U9eW90cG8,\",\"product\":\"30\",\"selected_configurable_option\":\"\",\"related_product\":\"\",\"item\":\"30\",\"options\":{\"6\":[\"10\"],\"7\":\"0-7\"},\"qty\":\"1\"}'),(89,53,30,'option_ids','6,7'),(90,53,30,'option_6','10'),(91,53,30,'option_7','0-7'),(92,54,12,'info_buyRequest','{\"uenc\":\"aHR0cHM6Ly9zdG9yZS5mcm9nc250aGluZ3MuY29tL2QtbGV1Y29tZWxhcy1zdGFuZGFyZC5odG1s\",\"product\":\"12\",\"selected_configurable_option\":\"\",\"related_product\":\"\",\"item\":\"12\",\"qty\":\"4\"}'),(93,55,29,'info_buyRequest','{\"uenc\":\"aHR0cHM6Ly9zdG9yZS5mcm9nc250aGluZ3MuY29tLzMyb3otanVtcHktd2luZ2VkLWZsaWdodGxlc3MtZHJvc29waGlsYS1tZWxhbm9nYXN0ZXIuaHRtbA,,\",\"product\":\"29\",\"selected_configurable_option\":\"\",\"related_product\":\"\",\"item\":\"29\",\"options\":{\"4\":[\"9\"],\"5\":\"1\"},\"qty\":\"1\"}'),(94,55,29,'option_ids','4,5'),(95,55,29,'option_4','9'),(96,55,29,'option_5','1'),(97,56,24,'info_buyRequest','{\"uenc\":\"aHR0cHM6Ly9zdG9yZS5mcm9nc250aGluZ3MuY29tL3ItaW1pdGF0b3ItdmFyYWRlcm8uaHRtbA,,\",\"product\":\"24\",\"selected_configurable_option\":\"\",\"related_product\":\"\",\"item\":\"24\",\"qty\":\"2\"}'),(102,58,24,'info_buyRequest','{\"uenc\":\"aHR0cHM6Ly9zdG9yZS5mcm9nc250aGluZ3MuY29tL3ItaW1pdGF0b3ItdmFyYWRlcm8uaHRtbA,,\",\"product\":\"24\",\"selected_configurable_option\":\"\",\"related_product\":\"\",\"item\":\"24\",\"qty\":\"2\"}'),(103,59,31,'info_buyRequest','{\"uenc\":\"aHR0cHM6Ly9zdG9yZS5mcm9nc250aGluZ3MuY29tLzE2b3otdHJvcGljYWwtc3ByaW5ndGFpbC1jdWx0dXJlLmh0bWw_b3B0aW9ucz1jYXJ0\",\"product\":\"31\",\"selected_configurable_option\":\"\",\"related_product\":\"\",\"item\":\"31\",\"options\":{\"8\":[\"15\"],\"9\":\"na\"},\"qty\":\"1\"}'),(104,59,31,'option_ids','8,9'),(105,59,31,'option_8','15'),(106,59,31,'option_9','na'),(107,60,28,'info_buyRequest','{\"uenc\":\"aHR0cHM6Ly9zdG9yZS5mcm9nc250aGluZ3MuY29tLzMyb3otZ29sZGVuLWRlbGljaW91cy13aW5nbGVzcy1kcm9zb3BoaWxhLW1lbGFub2dhc3Rlci5odG1s\",\"product\":\"28\",\"selected_configurable_option\":\"\",\"related_product\":\"\",\"item\":\"28\",\"options\":{\"2\":[\"4\"],\"3\":\"as\"},\"qty\":\"1\"}'),(108,60,28,'option_ids','2,3'),(109,60,28,'option_2','4'),(110,60,28,'option_3','as'),(111,61,28,'info_buyRequest','{\"uenc\":\"aHR0cHM6Ly9zdG9yZS5mcm9nc250aGluZ3MuY29tLzMyb3otZ29sZGVuLWRlbGljaW91cy13aW5nbGVzcy1kcm9zb3BoaWxhLW1lbGFub2dhc3Rlci5odG1s\",\"product\":\"28\",\"selected_configurable_option\":\"\",\"related_product\":\"\",\"item\":\"28\",\"options\":{\"2\":[\"4\"],\"3\":\"\"},\"qty\":\"1\"}'),(112,61,28,'option_ids','2'),(113,61,28,'option_2','4'),(114,62,90,'info_buyRequest','{\"uenc\":\"aHR0cHM6Ly9zdG9yZS5mcm9nc250aGluZ3MuY29tLw,,\",\"product\":\"90\",\"qty\":1}'),(115,63,89,'info_buyRequest','{\"uenc\":\"aHR0cHM6Ly9zdG9yZS5mcm9nc250aGluZ3MuY29tLw,,\",\"product\":\"89\",\"qty\":1}'),(116,64,39,'info_buyRequest','{\"uenc\":\"aHR0cHM6Ly9zdG9yZS5mcm9nc250aGluZ3MuY29tL3JlcGFzaHktbW9ybmluZy13b29kLTMtb3otamFyLmh0bWw,\",\"product\":\"39\",\"selected_configurable_option\":\"\",\"related_product\":\"\",\"item\":\"39\",\"qty\":\"1\"}'),(117,65,92,'info_buyRequest','{\"uenc\":\"aHR0cHM6Ly9zdG9yZS5mcm9nc250aGluZ3MuY29tLzEwLWdhbGxvbi12ZXJ0aWNhbC10aHVtYm5haWwtc2V0dXAuaHRtbA,,\",\"product\":\"92\",\"selected_configurable_option\":\"\",\"related_product\":\"\",\"item\":\"92\",\"qty\":\"1\"}'),(118,66,55,'info_buyRequest','{\"uenc\":\"aHR0cHM6Ly9zdG9yZS5mcm9nc250aGluZ3MuY29tL3BsYW50cy9jdWx0dXJlLW1lZGlhLWFuZC1zdXBwbGllcy5odG1s\",\"product\":\"55\",\"qty\":1}'),(119,67,32,'info_buyRequest','{\"uenc\":\"aHR0cHM6Ly9zdG9yZS5mcm9nc250aGluZ3MuY29tLzMyb3otYmVhbi1iZWV0bGUtY2FsbG9zb2JydWNodXMtbWFjdWxhdHVzLWN1bHR1cmUuaHRtbA,,\",\"product\":\"32\",\"selected_configurable_option\":\"\",\"related_product\":\"\",\"item\":\"32\",\"options\":{\"10\":[\"18\"],\"11\":\"All 11-14 Days\"},\"qty\":\"2\"}'),(120,67,32,'option_ids','10,11'),(121,67,32,'option_10','18'),(122,67,32,'option_11','All 11-14 Days'),(123,68,32,'info_buyRequest','{\"uenc\":\"aHR0cHM6Ly9zdG9yZS5mcm9nc250aGluZ3MuY29tLzMyb3otYmVhbi1iZWV0bGUtY2FsbG9zb2JydWNodXMtbWFjdWxhdHVzLWN1bHR1cmUuaHRtbD9vcHRpb25zPWNhcnQ,\",\"product\":\"32\",\"selected_configurable_option\":\"\",\"related_product\":\"\",\"item\":\"32\",\"options\":{\"10\":[\"17\"],\"11\":\"7-10 days\"},\"qty\":\"2\"}'),(124,68,32,'option_ids','10,11'),(125,68,32,'option_10','17'),(126,68,32,'option_11','7-10 days'),(127,69,31,'info_buyRequest','{\"uenc\":\"aHR0cHM6Ly9zdG9yZS5mcm9nc250aGluZ3MuY29tLzE2b3otdHJvcGljYWwtc3ByaW5ndGFpbC1jdWx0dXJlLmh0bWw,\",\"product\":\"31\",\"selected_configurable_option\":\"\",\"related_product\":\"\",\"item\":\"31\",\"options\":{\"8\":[\"13\"],\"9\":\"dd\"},\"qty\":\"1\"}'),(128,69,31,'option_ids','8,9'),(129,69,31,'option_8','13'),(130,69,31,'option_9','dd'),(131,70,28,'info_buyRequest','{\"uenc\":\"aHR0cHM6Ly9zdG9yZS5mcm9nc250aGluZ3MuY29tLzMyb3otZ29sZGVuLWRlbGljaW91cy13aW5nbGVzcy1kcm9zb3BoaWxhLW1lbGFub2dhc3Rlci5odG1s\",\"product\":\"28\",\"selected_configurable_option\":\"\",\"related_product\":\"\",\"item\":\"28\",\"options\":{\"2\":[\"6\"],\"3\":\"\"},\"qty\":\"1\"}'),(132,70,28,'option_ids','2'),(133,70,28,'option_2','6'),(134,71,29,'info_buyRequest','{\"uenc\":\"aHR0cHM6Ly9zdG9yZS5mcm9nc250aGluZ3MuY29tLzMyb3otanVtcHktd2luZ2VkLWZsaWdodGxlc3MtZHJvc29waGlsYS1tZWxhbm9nYXN0ZXIuaHRtbA,,\",\"product\":\"29\",\"selected_configurable_option\":\"\",\"related_product\":\"\",\"item\":\"29\",\"options\":{\"4\":[\"9\"],\"5\":\"\"},\"qty\":\"1\"}'),(135,71,29,'option_ids','4'),(136,71,29,'option_4','9'),(137,72,30,'info_buyRequest','{\"uenc\":\"aHR0cHM6Ly9zdG9yZS5mcm9nc250aGluZ3MuY29tLzMyb3otdHVya2lzaC13aW5nZWQtZmxpZ2h0bGVzcy1kcm9zb3BoaWxhLW1lbGFub2dhc3Rlci5odG1s\",\"product\":\"30\",\"selected_configurable_option\":\"\",\"related_product\":\"\",\"item\":\"30\",\"options\":{\"6\":[\"10\"],\"7\":\"\"},\"qty\":\"1\"}'),(138,72,30,'option_ids','6'),(139,72,30,'option_6','10'),(140,73,58,'info_buyRequest','{\"uenc\":\"aHR0cHM6Ly9zdG9yZS5mcm9nc250aGluZ3MuY29tL2Jyb21lbGlhZC1uZW9yZWdlbGlhLmh0bWw,\",\"product\":\"58\",\"selected_configurable_option\":\"\",\"related_product\":\"\",\"item\":\"58\",\"qty\":\"1\"}'),(141,74,64,'info_buyRequest','{\"uenc\":\"aHR0cHM6Ly9zdG9yZS5mcm9nc250aGluZ3MuY29tL2Zyb2dzL3BsYW50cy9wbGFudHMuaHRtbA,,\",\"product\":\"64\",\"qty\":1}'),(142,75,55,'info_buyRequest','{\"uenc\":\"aHR0cHM6Ly9zdG9yZS5mcm9nc250aGluZ3MuY29tL3BsYW50cy9jdWx0dXJlLW1lZGlhLWFuZC1zdXBwbGllcy5odG1s\",\"product\":\"55\",\"qty\":1}'),(143,76,68,'info_buyRequest','{\"uenc\":\"aHR0cHM6Ly9zdG9yZS5mcm9nc250aGluZ3MuY29tLzItY2FsY2l1bS1nbHVjb25hdGUtOC1tbC5odG1s\",\"product\":\"68\",\"selected_configurable_option\":\"\",\"related_product\":\"\",\"item\":\"68\",\"qty\":\"1\"}'),(144,77,31,'info_buyRequest','{\"uenc\":\"aHR0cHM6Ly9zdG9yZS5mcm9nc250aGluZ3MuY29tLzE2b3otdHJvcGljYWwtc3ByaW5ndGFpbC1jdWx0dXJlLmh0bWw,\",\"product\":\"31\",\"selected_configurable_option\":\"\",\"related_product\":\"\",\"item\":\"31\",\"qty\":\"2\"}'),(145,78,4,'info_buyRequest','{\"uenc\":\"aHR0cHM6Ly9zdG9yZS5mcm9nc250aGluZ3MuY29tL2Zyb2dzLmh0bWw,\",\"product\":\"4\",\"qty\":1}'),(146,79,12,'info_buyRequest','{\"uenc\":\"aHR0cHM6Ly9zdG9yZS5mcm9nc250aGluZ3MuY29tL2QtbGV1Y29tZWxhcy1zdGFuZGFyZC5odG1s\",\"product\":\"12\",\"selected_configurable_option\":\"\",\"related_product\":\"\",\"item\":\"12\",\"qty\":\"4\"}');
CREATE TABLE `mz0b_quote_payment` (
  `payment_id` int(10) unsigned NOT NULL AUTO_INCREMENT COMMENT 'Payment Id',
  `quote_id` int(10) unsigned NOT NULL DEFAULT '0' COMMENT 'Quote Id',
  `created_at` timestamp NOT NULL DEFAULT CURRENT_TIMESTAMP COMMENT 'Created At',
  `updated_at` timestamp NOT NULL DEFAULT CURRENT_TIMESTAMP ON UPDATE CURRENT_TIMESTAMP COMMENT 'Updated At',
  `method` varchar(255) DEFAULT NULL COMMENT 'Method',
  `cc_type` varchar(255) DEFAULT NULL COMMENT 'Cc Type',
  `cc_number_enc` varchar(255) DEFAULT NULL COMMENT 'Cc Number Enc',
  `cc_last_4` varchar(255) DEFAULT NULL COMMENT 'Cc Last 4',
  `cc_cid_enc` varchar(255) DEFAULT NULL COMMENT 'Cc Cid Enc',
  `cc_owner` varchar(255) DEFAULT NULL COMMENT 'Cc Owner',
  `cc_exp_month` varchar(255) DEFAULT NULL COMMENT 'Cc Exp Month',
  `cc_exp_year` smallint(5) unsigned DEFAULT '0' COMMENT 'Cc Exp Year',
  `cc_ss_owner` varchar(255) DEFAULT NULL COMMENT 'Cc Ss Owner',
  `cc_ss_start_month` smallint(5) unsigned DEFAULT '0' COMMENT 'Cc Ss Start Month',
  `cc_ss_start_year` smallint(5) unsigned DEFAULT '0' COMMENT 'Cc Ss Start Year',
  `po_number` varchar(255) DEFAULT NULL COMMENT 'Po Number',
  `additional_data` text COMMENT 'Additional Data',
  `cc_ss_issue` varchar(255) DEFAULT NULL COMMENT 'Cc Ss Issue',
  `additional_information` text COMMENT 'Additional Information',
  `paypal_payer_id` varchar(255) DEFAULT NULL COMMENT 'Paypal Payer Id',
  `paypal_payer_status` varchar(255) DEFAULT NULL COMMENT 'Paypal Payer Status',
  `paypal_correlation_id` varchar(255) DEFAULT NULL COMMENT 'Paypal Correlation Id',
  PRIMARY KEY (`payment_id`),
  KEY `MZ0B_QUOTE_PAYMENT_QUOTE_ID` (`quote_id`)
) ENGINE=InnoDB AUTO_INCREMENT=26 DEFAULT CHARSET=utf8 COMMENT='Sales Flat Quote Payment';
INSERT INTO `mz0b_quote_payment` VALUES (6,17,'2019-09-10 11:34:17','2019-09-10 11:34:17','paypal_express',NULL,NULL,NULL,NULL,NULL,NULL,0,NULL,0,0,NULL,NULL,NULL,'{\"paypal_express_checkout_shipping_overridden\":1,\"paypal_express_checkout_shipping_method\":\"\",\"paypal_payer_id\":\"P3ZKX7ZGRFGXJ\",\"paypal_payer_email\":\"joshstottlemyer@hotmail.com\",\"paypal_payer_status\":\"verified\",\"paypal_address_status\":\"Confirmed\",\"paypal_correlation_id\":\"9ce4a13c41bc2\",\"paypal_express_checkout_payer_id\":\"P3ZKX7ZGRFGXJ\",\"paypal_express_checkout_token\":\"EC-9VB29720Y7190215R\"}',NULL,NULL,NULL),(7,18,'2019-09-10 13:52:43','2019-09-10 13:52:43','paypal_express',NULL,NULL,NULL,NULL,NULL,NULL,0,NULL,0,0,NULL,NULL,NULL,'{\"paypal_express_checkout_shipping_overridden\":1}',NULL,NULL,NULL),(8,19,'2019-09-10 18:33:25','2019-09-10 18:33:25','paypal_express',NULL,NULL,NULL,NULL,NULL,NULL,0,NULL,0,0,NULL,NULL,NULL,'{\"paypal_express_checkout_shipping_overridden\":1,\"paypal_express_checkout_shipping_method\":\"\",\"paypal_payer_id\":\"55AT7VADV8JC6\",\"paypal_payer_email\":\"keith_tanis@verizon.net\",\"paypal_payer_status\":\"unverified\",\"paypal_address_status\":\"Confirmed\",\"paypal_correlation_id\":\"bfb1ea61f5779\",\"paypal_express_checkout_payer_id\":\"55AT7VADV8JC6\",\"paypal_express_checkout_token\":\"EC-3Y948706AJ012400J\"}',NULL,NULL,NULL),(9,23,'2019-09-17 17:39:15','2019-09-17 17:39:16','paypal_express',NULL,NULL,NULL,NULL,NULL,NULL,0,NULL,0,0,NULL,NULL,NULL,'{\"paypal_express_checkout_shipping_overridden\":0,\"button\":1,\"paypal_express_checkout_shipping_method\":\"\",\"paypal_payer_id\":\"HPERYU66UAPHG\",\"paypal_payer_email\":\"wendyljs2002@yahoo.com\",\"paypal_payer_status\":\"unverified\",\"paypal_address_status\":\"Confirmed\",\"paypal_correlation_id\":\"69df9b9bcdff8\",\"paypal_express_checkout_payer_id\":\"HPERYU66UAPHG\",\"paypal_express_checkout_token\":\"EC-65W91837M9555020H\"}',NULL,NULL,NULL),(10,25,'2019-09-18 05:37:22','2019-09-18 05:37:23','paypal_express',NULL,NULL,NULL,NULL,NULL,NULL,0,NULL,0,0,NULL,NULL,NULL,'{\"paypal_express_checkout_shipping_overridden\":0,\"button\":1,\"paypal_express_checkout_shipping_method\":\"\",\"paypal_payer_id\":\"EWWHCX2EMZ7N8\",\"paypal_payer_email\":\"smakeeper@gmail.com\",\"paypal_payer_status\":\"verified\",\"paypal_address_status\":\"Confirmed\",\"paypal_correlation_id\":\"563379894296a\",\"paypal_express_checkout_payer_id\":\"EWWHCX2EMZ7N8\",\"paypal_express_checkout_token\":\"EC-5TU637552G824600H\"}',NULL,NULL,NULL),(11,29,'2019-09-19 14:11:47','2019-09-19 14:11:48','paypal_express',NULL,NULL,NULL,NULL,NULL,NULL,0,NULL,0,0,NULL,NULL,NULL,'{\"paypal_express_checkout_shipping_overridden\":0,\"button\":1}',NULL,NULL,NULL),(12,31,'2019-09-20 00:40:59','2019-09-20 00:41:00','paypal_express',NULL,NULL,NULL,NULL,NULL,NULL,0,NULL,0,0,NULL,NULL,NULL,'{\"paypal_express_checkout_shipping_overridden\":0,\"button\":1,\"paypal_express_checkout_shipping_method\":\"\",\"paypal_payer_id\":\"94B87X4CPT6NS\",\"paypal_payer_email\":\"alibaba62398@gmail.com\",\"paypal_payer_status\":\"verified\",\"paypal_address_status\":\"Confirmed\",\"paypal_correlation_id\":\"e014c0092cc25\",\"paypal_express_checkout_payer_id\":\"94B87X4CPT6NS\",\"paypal_express_checkout_token\":\"EC-36D353130N020372M\"}',NULL,NULL,NULL),(13,32,'2019-09-20 12:02:25','2019-09-20 12:02:26','paypal_express',NULL,NULL,NULL,NULL,NULL,NULL,0,NULL,0,0,NULL,NULL,NULL,'{\"paypal_express_checkout_shipping_overridden\":0,\"button\":1,\"paypal_express_checkout_shipping_method\":\"\",\"paypal_payer_id\":\"94B87X4CPT6NS\",\"paypal_payer_email\":\"alibaba62398@gmail.com\",\"paypal_payer_status\":\"verified\",\"paypal_address_status\":\"Confirmed\",\"paypal_correlation_id\":\"c0d73eaaa7e64\",\"paypal_express_checkout_payer_id\":\"94B87X4CPT6NS\",\"paypal_express_checkout_token\":\"EC-2A248905NR569984A\"}',NULL,NULL,NULL),(14,33,'2019-09-21 13:03:26','2019-09-21 13:03:27','paypal_express',NULL,NULL,NULL,NULL,NULL,NULL,0,NULL,0,0,NULL,NULL,NULL,'{\"paypal_express_checkout_shipping_overridden\":0,\"button\":1,\"paypal_express_checkout_shipping_method\":\"\",\"paypal_payer_id\":\"94B87X4CPT6NS\",\"paypal_payer_email\":\"alibaba62398@gmail.com\",\"paypal_payer_status\":\"verified\",\"paypal_address_status\":\"Confirmed\",\"paypal_correlation_id\":\"f7b5b833eb4ff\",\"paypal_express_checkout_payer_id\":\"94B87X4CPT6NS\",\"paypal_express_checkout_token\":\"EC-0E676621M0072980S\"}',NULL,NULL,NULL),(15,34,'2019-09-23 14:52:36','2019-09-23 14:52:36','paypal_express',NULL,NULL,NULL,NULL,NULL,NULL,0,NULL,0,0,NULL,NULL,NULL,'{\"paypal_express_checkout_shipping_overridden\":1,\"paypal_express_checkout_shipping_method\":\"\",\"paypal_payer_id\":\"8BBPHNNBP6ZD4\",\"paypal_payer_email\":\"blake.m.milburn@gmail.com\",\"paypal_payer_status\":\"unverified\",\"paypal_address_status\":\"Confirmed\",\"paypal_correlation_id\":\"4dee6a7ca2774\",\"paypal_express_checkout_payer_id\":\"8BBPHNNBP6ZD4\",\"paypal_express_checkout_token\":\"EC-7AT016657D426104L\"}',NULL,NULL,NULL),(16,38,'2019-09-26 16:51:17','2019-09-26 16:59:07','paypal_express',NULL,NULL,NULL,NULL,NULL,NULL,0,NULL,0,0,NULL,NULL,NULL,'{\"paypal_express_checkout_shipping_overridden\":1,\"paypal_express_checkout_shipping_method\":\"\",\"paypal_payer_id\":\"EGRB3KC4VFFDC\",\"paypal_payer_email\":\"davidseubert@icloud.com\",\"paypal_payer_status\":\"verified\",\"paypal_address_status\":\"Confirmed\",\"paypal_correlation_id\":\"c1db5bf885900\",\"paypal_express_checkout_payer_id\":\"EGRB3KC4VFFDC\",\"paypal_express_checkout_token\":\"EC-7GB592701X8340148\"}',NULL,NULL,NULL),(17,39,'2019-09-27 14:54:49','2019-09-27 14:54:49','paypal_express',NULL,NULL,NULL,NULL,NULL,NULL,0,NULL,0,0,NULL,NULL,NULL,'{\"paypal_express_checkout_shipping_overridden\":0,\"button\":1,\"paypal_express_checkout_shipping_method\":\"\",\"paypal_payer_id\":\"JXHE7Z5H59CN6\",\"paypal_payer_email\":\"denisescmidt1@verizon.net\",\"paypal_payer_status\":\"verified\",\"paypal_address_status\":\"Confirmed\",\"paypal_correlation_id\":\"6e2ce2eb16afa\",\"paypal_express_checkout_payer_id\":\"JXHE7Z5H59CN6\",\"paypal_express_checkout_token\":\"EC-39S164374Y672105P\"}',NULL,NULL,NULL),(18,40,'2019-09-28 09:20:22','2019-09-28 09:20:22','paypal_express',NULL,NULL,NULL,NULL,NULL,NULL,0,NULL,0,0,NULL,NULL,NULL,'{\"paypal_express_checkout_shipping_overridden\":0,\"button\":1,\"paypal_express_checkout_shipping_method\":\"\",\"paypal_payer_id\":\"PFVZXV992TL9S\",\"paypal_payer_email\":\"nick.netherland@gmail.com\",\"paypal_payer_status\":\"verified\",\"paypal_address_status\":\"Confirmed\",\"paypal_correlation_id\":\"d60610823be8a\",\"paypal_express_checkout_payer_id\":\"PFVZXV992TL9S\",\"paypal_express_checkout_token\":\"EC-07J754598B8244058\"}',NULL,NULL,NULL),(19,45,'2019-09-29 19:14:28','2019-09-29 19:14:28','paypal_express',NULL,NULL,NULL,NULL,NULL,NULL,0,NULL,0,0,NULL,NULL,NULL,'{\"paypal_express_checkout_shipping_overridden\":1,\"paypal_express_checkout_shipping_method\":\"\",\"paypal_payer_id\":\"9ZRHPUSGH62PY\",\"paypal_payer_email\":\"dmb5245@gmail.com\",\"paypal_payer_status\":\"unverified\",\"paypal_address_status\":\"Confirmed\",\"paypal_correlation_id\":\"72e26ae833eb9\",\"paypal_express_checkout_payer_id\":\"9ZRHPUSGH62PY\",\"paypal_express_checkout_token\":\"EC-3LT08779CV703150K\"}',NULL,NULL,NULL),(20,53,'2019-10-03 21:34:59','2019-10-03 21:35:00','paypal_express',NULL,NULL,NULL,NULL,NULL,NULL,0,NULL,0,0,NULL,NULL,NULL,'{\"paypal_express_checkout_shipping_overridden\":0,\"button\":1,\"paypal_express_checkout_shipping_method\":\"\",\"paypal_payer_id\":\"Z32M56LDRR22Y\",\"paypal_payer_email\":\"johnez@sas.upenn.edu\",\"paypal_payer_status\":\"unverified\",\"paypal_address_status\":\"Confirmed\",\"paypal_correlation_id\":\"3b57e8be7b4ab\",\"paypal_express_checkout_payer_id\":\"Z32M56LDRR22Y\",\"paypal_express_checkout_token\":\"EC-4Y514190D0630084B\"}',NULL,NULL,NULL),(21,54,'2019-10-04 13:21:00','2019-10-04 13:21:01','paypal_express',NULL,NULL,NULL,NULL,NULL,NULL,0,NULL,0,0,NULL,NULL,NULL,'{\"paypal_express_checkout_shipping_overridden\":0,\"button\":1,\"paypal_express_checkout_shipping_method\":\"\",\"paypal_payer_id\":\"MQHK52RV4GJVS\",\"paypal_payer_email\":\"lokshin55@yahoo.com\",\"paypal_payer_status\":\"verified\",\"paypal_address_status\":\"Confirmed\",\"paypal_correlation_id\":\"fdb374aff793c\",\"paypal_express_checkout_payer_id\":\"MQHK52RV4GJVS\",\"paypal_express_checkout_token\":\"EC-2BD04423Y95824215\"}',NULL,NULL,NULL),(22,55,'2019-10-04 22:29:22','2019-10-04 22:29:22','cashondelivery',NULL,NULL,NULL,NULL,NULL,NULL,0,NULL,0,0,NULL,NULL,NULL,'null',NULL,NULL,NULL),(23,56,'2019-10-05 14:21:03','2019-10-05 14:21:03','paypal_express',NULL,NULL,NULL,NULL,NULL,NULL,0,NULL,0,0,NULL,NULL,NULL,'{\"paypal_express_checkout_shipping_overridden\":1,\"paypal_express_checkout_shipping_method\":\"\",\"paypal_payer_id\":\"PWZK4JKDTUEYL\",\"paypal_payer_email\":\"colelofink@gmail.com\",\"paypal_payer_status\":\"verified\",\"paypal_address_status\":\"Confirmed\",\"paypal_correlation_id\":\"b78549631878a\",\"paypal_express_checkout_payer_id\":\"PWZK4JKDTUEYL\",\"paypal_express_checkout_token\":\"EC-1BP74292VS6146446\"}',NULL,NULL,NULL),(24,57,'2019-10-06 14:25:47','2019-10-06 14:25:48','paypal_express',NULL,NULL,NULL,NULL,NULL,NULL,0,NULL,0,0,NULL,NULL,NULL,'{\"paypal_express_checkout_shipping_overridden\":0,\"button\":1,\"paypal_express_checkout_shipping_method\":\"\",\"paypal_payer_id\":\"HPERYU66UAPHG\",\"paypal_payer_email\":\"wendyljs2002@yahoo.com\",\"paypal_payer_status\":\"unverified\",\"paypal_address_status\":\"Confirmed\",\"paypal_correlation_id\":\"c741515761ff0\",\"paypal_express_checkout_payer_id\":\"HPERYU66UAPHG\",\"paypal_express_checkout_token\":\"EC-6HM71078DM921244J\"}',NULL,NULL,NULL),(25,59,'2019-10-08 08:18:36','2019-10-08 08:18:36','paypal_express',NULL,NULL,NULL,NULL,NULL,NULL,0,NULL,0,0,NULL,NULL,NULL,'{\"paypal_express_checkout_shipping_overridden\":1,\"paypal_express_checkout_shipping_method\":\"\",\"paypal_payer_id\":\"ZJFYWSQMTQ9SC\",\"paypal_payer_email\":\"harveydd978@gmail.com\",\"paypal_payer_status\":\"unverified\",\"paypal_address_status\":\"Confirmed\",\"paypal_correlation_id\":\"812aedf3f51ca\",\"paypal_express_checkout_payer_id\":\"ZJFYWSQMTQ9SC\",\"paypal_express_checkout_token\":\"EC-1994159766147950Y\"}',NULL,NULL,NULL);
CREATE TABLE `mz0b_quote_shipping_rate` (
  `rate_id` int(10) unsigned NOT NULL AUTO_INCREMENT COMMENT 'Rate Id',
  `address_id` int(10) unsigned NOT NULL DEFAULT '0' COMMENT 'Address Id',
  `created_at` timestamp NOT NULL DEFAULT CURRENT_TIMESTAMP COMMENT 'Created At',
  `updated_at` timestamp NOT NULL DEFAULT CURRENT_TIMESTAMP ON UPDATE CURRENT_TIMESTAMP COMMENT 'Updated At',
  `carrier` varchar(255) DEFAULT NULL COMMENT 'Carrier',
  `carrier_title` varchar(255) DEFAULT NULL COMMENT 'Carrier Title',
  `code` varchar(255) DEFAULT NULL COMMENT 'Code',
  `method` varchar(255) DEFAULT NULL COMMENT 'Method',
  `method_description` text COMMENT 'Method Description',
  `price` decimal(20,4) NOT NULL DEFAULT '0.0000' COMMENT 'Price',
  `error_message` text COMMENT 'Error Message',
  `method_title` text COMMENT 'Method Title',
  PRIMARY KEY (`rate_id`),
  KEY `MZ0B_QUOTE_SHIPPING_RATE_ADDRESS_ID` (`address_id`)
) ENGINE=InnoDB AUTO_INCREMENT=558 DEFAULT CHARSET=utf8 COMMENT='Sales Flat Quote Shipping Rate';
INSERT INTO `mz0b_quote_shipping_rate` VALUES (24,13,'2019-08-19 22:12:59','2019-08-19 22:12:59','usps','For Supplies Only (No Frogs or Insects Please)','usps_1','1',NULL,7.3500,NULL,'Priority Mail 1-Day'),(25,13,'2019-08-19 22:12:59','2019-08-19 22:12:59','usps','For Supplies Only (No Frogs or Insects Please)','usps_3','3',NULL,25.5000,NULL,'Priority Mail Express 2-Day'),(38,47,'2019-09-10 11:34:50','2019-09-10 11:34:50','fedex','Required for All Frog Orders','fedex_PRIORITY_OVERNIGHT','PRIORITY_OVERNIGHT',NULL,35.4300,NULL,'Priority Overnight'),(39,47,'2019-09-10 11:34:50','2019-09-10 11:34:50','flatrate','Gift Card Only Purchase','flatrate_flatrate','flatrate',NULL,0.0000,NULL,'Fixed'),(40,47,'2019-09-10 11:34:50','2019-09-10 11:34:50','freeshipping','Pickup in Hilltown PA (19440)','freeshipping_freeshipping','freeshipping',NULL,0.0000,NULL,'Free'),(41,47,'2019-09-10 11:34:50','2019-09-10 11:34:50','ups','For Supples/Insects (No Frogs Please)','ups_03','03',NULL,16.6900,NULL,'UPS Ground'),(42,47,'2019-09-10 11:34:50','2019-09-10 11:34:50','ups','For Supples/Insects (No Frogs Please)','ups_02','02',NULL,25.8600,NULL,'UPS Second Day Air'),(43,47,'2019-09-10 11:34:50','2019-09-10 11:34:50','ups','For Supples/Insects (No Frogs Please)','ups_01','01',NULL,35.0700,NULL,'UPS Next Day Air'),(44,47,'2019-09-10 11:34:50','2019-09-10 11:34:50','ups','For Supples/Insects (No Frogs Please)','ups_14','14',NULL,73.1600,NULL,'UPS Next Day Air Early A.M.'),(45,47,'2019-09-10 11:34:50','2019-09-10 11:34:50','usps','For Supplies Only (No Frogs or Insects Please)','usps_1','1',NULL,7.3500,NULL,'Priority Mail 2-Day'),(46,47,'2019-09-10 11:34:50','2019-09-10 11:34:50','usps','For Supplies Only (No Frogs or Insects Please)','usps_3','3',NULL,25.5000,NULL,'Priority Mail Express 1-Day'),(49,50,'2019-09-10 14:00:43','2019-09-10 14:00:43','freeshipping','Pickup in Hilltown PA (19440)','freeshipping_freeshipping','freeshipping',NULL,0.0000,NULL,'Free'),(52,54,'2019-09-10 18:34:01','2019-09-10 18:34:01','fedex','Required for All Frog Orders','fedex_PRIORITY_OVERNIGHT','PRIORITY_OVERNIGHT',NULL,30.9300,NULL,'Priority Overnight'),(53,54,'2019-09-10 18:34:01','2019-09-10 18:34:01','flatrate','Gift Card Only Purchase','flatrate_flatrate','flatrate',NULL,0.0000,NULL,'Fixed'),(54,54,'2019-09-10 18:34:01','2019-09-10 18:34:01','freeshipping','Pickup in Hilltown PA (19440)','freeshipping_freeshipping','freeshipping',NULL,0.0000,NULL,'Free'),(55,54,'2019-09-10 18:34:01','2019-09-10 18:34:01','ups','For Supples/Insects (No Frogs Please)','ups_03','03',NULL,12.6300,NULL,'UPS Ground'),(56,54,'2019-09-10 18:34:01','2019-09-10 18:34:01','ups','For Supples/Insects (No Frogs Please)','ups_02','02',NULL,21.2100,NULL,'UPS Second Day Air'),(57,54,'2019-09-10 18:34:01','2019-09-10 18:34:01','ups','For Supples/Insects (No Frogs Please)','ups_01','01',NULL,30.4100,NULL,'UPS Next Day Air'),(58,54,'2019-09-10 18:34:01','2019-09-10 18:34:01','ups','For Supples/Insects (No Frogs Please)','ups_14','14',NULL,68.5000,NULL,'UPS Next Day Air Early A.M.'),(59,54,'2019-09-10 18:34:01','2019-09-10 18:34:01','usps','For Supplies Only (No Frogs or Insects Please)','usps_1','1',NULL,7.3500,NULL,'Priority Mail 1-Day'),(60,54,'2019-09-10 18:34:01','2019-09-10 18:34:01','usps','For Supplies Only (No Frogs or Insects Please)','usps_3','3',NULL,25.5000,NULL,'Priority Mail Express 2-Day'),(88,63,'2019-09-17 17:40:48','2019-09-17 17:40:48','fedex','Required for All Frog Orders','fedex_PRIORITY_OVERNIGHT','PRIORITY_OVERNIGHT',NULL,31.0100,NULL,'Priority Overnight'),(89,63,'2019-09-17 17:40:48','2019-09-17 17:40:48','flatrate','Gift Card Only Purchase','flatrate_flatrate','flatrate',NULL,0.0000,NULL,'Fixed'),(90,63,'2019-09-17 17:40:48','2019-09-17 17:40:48','freeshipping','Pickup in Hilltown PA (19440)','freeshipping_freeshipping','freeshipping',NULL,0.0000,NULL,'Free'),(91,63,'2019-09-17 17:40:48','2019-09-17 17:40:48','ups','For Supples/Insects (No Frogs Please)','ups_03','03',NULL,12.6300,NULL,'UPS Ground'),(92,63,'2019-09-17 17:40:48','2019-09-17 17:40:48','ups','For Supples/Insects (No Frogs Please)','ups_02','02',NULL,21.2100,NULL,'UPS Second Day Air'),(93,63,'2019-09-17 17:40:48','2019-09-17 17:40:48','ups','For Supples/Insects (No Frogs Please)','ups_01','01',NULL,30.4100,NULL,'UPS Next Day Air'),(94,63,'2019-09-17 17:40:48','2019-09-17 17:40:48','ups','For Supples/Insects (No Frogs Please)','ups_14','14',NULL,68.5000,NULL,'UPS Next Day Air Early A.M.'),(95,63,'2019-09-17 17:40:48','2019-09-17 17:40:48','usps','For Supplies Only (No Frogs or Insects Please)','usps_1','1',NULL,7.3500,NULL,'Priority Mail 1-Day'),(96,63,'2019-09-17 17:40:48','2019-09-17 17:40:48','usps','For Supplies Only (No Frogs or Insects Please)','usps_3','3',NULL,25.6000,NULL,'Priority Mail Express 2-Day'),(124,67,'2019-09-18 05:43:22','2019-09-18 05:43:22','fedex','Required for All Frog Orders','fedex_PRIORITY_OVERNIGHT','PRIORITY_OVERNIGHT',NULL,79.4900,NULL,'Priority Overnight'),(125,67,'2019-09-18 05:43:22','2019-09-18 05:43:22','flatrate','Gift Card Only Purchase','flatrate_flatrate','flatrate',NULL,0.0000,NULL,'Fixed'),(126,67,'2019-09-18 05:43:22','2019-09-18 05:43:22','freeshipping','Pickup in Hilltown PA (19440)','freeshipping_freeshipping','freeshipping',NULL,0.0000,NULL,'Free'),(127,67,'2019-09-18 05:43:22','2019-09-18 05:43:22','ups','For Supples/Insects (No Frogs Please)','ups_03','03',NULL,35.6100,NULL,'UPS Ground'),(128,67,'2019-09-18 05:43:22','2019-09-18 05:43:22','ups','For Supples/Insects (No Frogs Please)','ups_02','02',NULL,43.1300,NULL,'UPS Second Day Air'),(129,67,'2019-09-18 05:43:22','2019-09-18 05:43:22','ups','For Supples/Insects (No Frogs Please)','ups_01','01',NULL,76.2400,NULL,'UPS Next Day Air'),(130,67,'2019-09-18 05:43:22','2019-09-18 05:43:22','ups','For Supples/Insects (No Frogs Please)','ups_14','14',NULL,125.0700,NULL,'UPS Next Day Air Early A.M.'),(131,67,'2019-09-18 05:43:22','2019-09-18 05:43:22','usps','For Supplies Only (No Frogs or Insects Please)','usps_1','1',NULL,9.3000,NULL,'Priority Mail 3-Day'),(132,67,'2019-09-18 05:43:22','2019-09-18 05:43:22','usps','For Supplies Only (No Frogs or Insects Please)','usps_3','3',NULL,35.2000,NULL,'Priority Mail Express 1-Day'),(145,75,'2019-09-19 15:23:33','2019-09-19 15:23:33','ups','For Supples/Insects (No Frogs Please)','ups_03','03',NULL,14.2200,NULL,'UPS Ground'),(146,75,'2019-09-19 15:23:33','2019-09-19 15:23:33','ups','For Supples/Insects (No Frogs Please)','ups_02','02',NULL,23.3300,NULL,'UPS Second Day Air'),(147,75,'2019-09-19 15:23:33','2019-09-19 15:23:33','ups','For Supples/Insects (No Frogs Please)','ups_01','01',NULL,58.3600,NULL,'UPS Next Day Air'),(148,75,'2019-09-19 15:23:33','2019-09-19 15:23:33','ups','For Supples/Insects (No Frogs Please)','ups_14','14',NULL,103.0000,NULL,'UPS Next Day Air Early A.M.'),(167,84,'2019-09-20 00:41:52','2019-09-20 00:41:52','fedex','Required for All Frog Orders','fedex_PRIORITY_OVERNIGHT','PRIORITY_OVERNIGHT',NULL,79.9800,NULL,'Priority Overnight'),(168,84,'2019-09-20 00:41:52','2019-09-20 00:41:52','flatrate','Gift Card Only Purchase','flatrate_flatrate','flatrate',NULL,0.0000,NULL,'Fixed'),(169,84,'2019-09-20 00:41:52','2019-09-20 00:41:52','freeshipping','Pickup in Hilltown PA (19440)','freeshipping_freeshipping','freeshipping',NULL,0.0000,NULL,'Free'),(170,84,'2019-09-20 00:41:52','2019-09-20 00:41:52','ups','For Supples/Insects (No Frogs Please)','ups_03','03',NULL,15.4900,NULL,'UPS Ground'),(171,84,'2019-09-20 00:41:52','2019-09-20 00:41:52','ups','For Supples/Insects (No Frogs Please)','ups_02','02',NULL,36.7400,NULL,'UPS Second Day Air'),(172,84,'2019-09-20 00:41:52','2019-09-20 00:41:52','ups','For Supples/Insects (No Frogs Please)','ups_01','01',NULL,78.0100,NULL,'UPS Next Day Air'),(173,84,'2019-09-20 00:41:52','2019-09-20 00:41:52','ups','For Supples/Insects (No Frogs Please)','ups_14','14',NULL,127.2600,NULL,'UPS Next Day Air Early A.M.'),(174,84,'2019-09-20 00:41:52','2019-09-20 00:41:52','usps','For Supplies Only (No Frogs or Insects Please)','usps_1','1',NULL,14.2000,NULL,'Priority Mail 2-Day'),(175,84,'2019-09-20 00:41:52','2019-09-20 00:41:52','usps','For Supplies Only (No Frogs or Insects Please)','usps_3','3',NULL,45.5500,NULL,'Priority Mail Express 2-Day'),(194,86,'2019-09-20 12:03:26','2019-09-20 12:03:26','fedex','Required for All Frog Orders','fedex_PRIORITY_OVERNIGHT','PRIORITY_OVERNIGHT',NULL,87.0000,NULL,'Priority Overnight'),(195,86,'2019-09-20 12:03:26','2019-09-20 12:03:26','flatrate','Gift Card Only Purchase','flatrate_flatrate','flatrate',NULL,0.0000,NULL,'Fixed'),(196,86,'2019-09-20 12:03:26','2019-09-20 12:03:26','freeshipping','Pickup in Hilltown PA (19440)','freeshipping_freeshipping','freeshipping',NULL,0.0000,NULL,'Free'),(197,86,'2019-09-20 12:03:26','2019-09-20 12:03:26','ups','For Supples/Insects (No Frogs Please)','ups_03','03',NULL,16.6000,NULL,'UPS Ground'),(198,86,'2019-09-20 12:03:26','2019-09-20 12:03:26','ups','For Supples/Insects (No Frogs Please)','ups_02','02',NULL,41.4400,NULL,'UPS Second Day Air'),(199,86,'2019-09-20 12:03:26','2019-09-20 12:03:26','ups','For Supples/Insects (No Frogs Please)','ups_01','01',NULL,84.8100,NULL,'UPS Next Day Air'),(200,86,'2019-09-20 12:03:26','2019-09-20 12:03:26','ups','For Supples/Insects (No Frogs Please)','ups_14','14',NULL,135.6700,NULL,'UPS Next Day Air Early A.M.'),(201,86,'2019-09-20 12:03:26','2019-09-20 12:03:26','usps','For Supplies Only (No Frogs or Insects Please)','usps_1','1',NULL,19.0500,NULL,'Priority Mail 2-Day'),(202,86,'2019-09-20 12:03:26','2019-09-20 12:03:26','usps','For Supplies Only (No Frogs or Insects Please)','usps_3','3',NULL,53.5000,NULL,'Priority Mail Express 1-Day'),(230,88,'2019-09-21 13:04:50','2019-09-21 13:04:50','fedex','Required for All Frog Orders','fedex_PRIORITY_OVERNIGHT','PRIORITY_OVERNIGHT',NULL,79.9800,NULL,'Priority Overnight'),(231,88,'2019-09-21 13:04:50','2019-09-21 13:04:50','flatrate','Gift Card Only Purchase','flatrate_flatrate','flatrate',NULL,0.0000,NULL,'Fixed'),(232,88,'2019-09-21 13:04:50','2019-09-21 13:04:50','freeshipping','Pickup in Hilltown PA (19440)','freeshipping_freeshipping','freeshipping',NULL,0.0000,NULL,'Free'),(233,88,'2019-09-21 13:04:50','2019-09-21 13:04:50','ups','For Supples/Insects (No Frogs Please)','ups_03','03',NULL,15.4900,NULL,'UPS Ground'),(234,88,'2019-09-21 13:04:50','2019-09-21 13:04:50','ups','For Supples/Insects (No Frogs Please)','ups_02','02',NULL,36.8300,NULL,'UPS Second Day Air'),(235,88,'2019-09-21 13:04:50','2019-09-21 13:04:50','ups','For Supples/Insects (No Frogs Please)','ups_01','01',NULL,78.1900,NULL,'UPS Next Day Air'),(236,88,'2019-09-21 13:04:50','2019-09-21 13:04:50','ups','For Supples/Insects (No Frogs Please)','ups_14','14',NULL,127.5500,NULL,'UPS Next Day Air Early A.M.'),(237,88,'2019-09-21 13:04:50','2019-09-21 13:04:50','usps','For Supplies Only (No Frogs or Insects Please)','usps_1','1',NULL,14.2000,NULL,'Priority Mail 2-Day'),(238,88,'2019-09-21 13:04:50','2019-09-21 13:04:50','usps','For Supplies Only (No Frogs or Insects Please)','usps_3','3',NULL,45.5500,NULL,'Priority Mail Express 2-Day'),(247,90,'2019-09-23 14:53:08','2019-09-23 14:53:08','fedex','Required for All Frog Orders','fedex_PRIORITY_OVERNIGHT','PRIORITY_OVERNIGHT',NULL,59.7600,NULL,'Priority Overnight'),(248,90,'2019-09-23 14:53:08','2019-09-23 14:53:08','flatrate','Gift Card Only Purchase','flatrate_flatrate','flatrate',NULL,0.0000,NULL,'Fixed'),(249,90,'2019-09-23 14:53:08','2019-09-23 14:53:08','freeshipping','Pickup in Hilltown PA (19440)','freeshipping_freeshipping','freeshipping',NULL,0.0000,NULL,'Free'),(250,90,'2019-09-23 14:53:08','2019-09-23 14:53:08','ups','For Supples/Insects (No Frogs Please)','ups_03','03',NULL,14.2200,NULL,'UPS Ground'),(251,90,'2019-09-23 14:53:08','2019-09-23 14:53:08','ups','For Supples/Insects (No Frogs Please)','ups_02','02',NULL,23.3900,NULL,'UPS Second Day Air'),(252,90,'2019-09-23 14:53:08','2019-09-23 14:53:08','ups','For Supples/Insects (No Frogs Please)','ups_01','01',NULL,58.4900,NULL,'UPS Next Day Air'),(253,90,'2019-09-23 14:53:08','2019-09-23 14:53:08','ups','For Supples/Insects (No Frogs Please)','ups_14','14',NULL,103.2400,NULL,'UPS Next Day Air Early A.M.'),(254,90,'2019-09-23 14:53:08','2019-09-23 14:53:08','usps','For Supplies Only (No Frogs or Insects Please)','usps_1','1',NULL,9.4500,NULL,'Priority Mail 2-Day'),(255,90,'2019-09-23 14:53:08','2019-09-23 14:53:08','usps','For Supplies Only (No Frogs or Insects Please)','usps_3','3',NULL,35.2500,NULL,'Priority Mail Express 2-Day'),(300,99,'2019-09-26 16:59:30','2019-09-26 16:59:30','fedex','Required for All Frog Orders','fedex_PRIORITY_OVERNIGHT','PRIORITY_OVERNIGHT',NULL,34.5300,NULL,'Priority Overnight'),(301,99,'2019-09-26 16:59:30','2019-09-26 16:59:30','flatrate','Gift Card Only Purchase','flatrate_flatrate','flatrate',NULL,0.0000,NULL,'Fixed'),(302,99,'2019-09-26 16:59:30','2019-09-26 16:59:30','freeshipping','Pickup in Hilltown PA (19440)','freeshipping_freeshipping','freeshipping',NULL,0.0000,NULL,'Free'),(303,99,'2019-09-26 16:59:30','2019-09-26 16:59:30','ups','For Supples/Insects (No Frogs Please)','ups_03','03',NULL,12.9600,NULL,'UPS Ground'),(304,99,'2019-09-26 16:59:30','2019-09-26 16:59:30','ups','For Supples/Insects (No Frogs Please)','ups_02','02',NULL,22.0300,NULL,'UPS Second Day Air'),(305,99,'2019-09-26 16:59:30','2019-09-26 16:59:30','ups','For Supples/Insects (No Frogs Please)','ups_01','01',NULL,33.9100,NULL,'UPS Next Day Air'),(306,99,'2019-09-26 16:59:30','2019-09-26 16:59:30','ups','For Supples/Insects (No Frogs Please)','ups_14','14',NULL,72.9000,NULL,'UPS Next Day Air Early A.M.'),(307,99,'2019-09-26 16:59:30','2019-09-26 16:59:30','usps','For Supplies Only (No Frogs or Insects Please)','usps_1','1',NULL,8.3000,NULL,'Priority Mail 2-Day'),(308,99,'2019-09-26 16:59:30','2019-09-26 16:59:30','usps','For Supplies Only (No Frogs or Insects Please)','usps_3','3',NULL,25.8000,NULL,'Priority Mail Express 1-Day'),(336,102,'2019-09-27 15:03:53','2019-09-27 15:03:53','fedex','Required for All Frog Orders','fedex_PRIORITY_OVERNIGHT','PRIORITY_OVERNIGHT',NULL,31.0100,NULL,'Priority Overnight'),(337,102,'2019-09-27 15:03:53','2019-09-27 15:03:53','flatrate','Gift Card Only Purchase','flatrate_flatrate','flatrate',NULL,0.0000,NULL,'Fixed'),(338,102,'2019-09-27 15:03:53','2019-09-27 15:03:53','freeshipping','Pickup in Hilltown PA (19440)','freeshipping_freeshipping','freeshipping',NULL,0.0000,NULL,'Free'),(339,102,'2019-09-27 15:03:53','2019-09-27 15:03:53','ups','For Supples/Insects (No Frogs Please)','ups_03','03',NULL,12.6300,NULL,'UPS Ground'),(340,102,'2019-09-27 15:03:53','2019-09-27 15:03:53','ups','For Supples/Insects (No Frogs Please)','ups_02','02',NULL,21.2500,NULL,'UPS Second Day Air'),(341,102,'2019-09-27 15:03:53','2019-09-27 15:03:53','ups','For Supples/Insects (No Frogs Please)','ups_01','01',NULL,30.4800,NULL,'UPS Next Day Air'),(342,102,'2019-09-27 15:03:53','2019-09-27 15:03:53','ups','For Supples/Insects (No Frogs Please)','ups_14','14',NULL,68.6600,NULL,'UPS Next Day Air Early A.M.'),(343,102,'2019-09-27 15:03:53','2019-09-27 15:03:53','usps','For Supplies Only (No Frogs or Insects Please)','usps_1','1',NULL,7.3500,NULL,'Priority Mail 1-Day'),(344,102,'2019-09-27 15:03:53','2019-09-27 15:03:53','usps','For Supplies Only (No Frogs or Insects Please)','usps_3','3',NULL,25.5000,NULL,'Priority Mail Express 1-Day'),(372,104,'2019-09-28 09:21:34','2019-09-28 09:21:34','fedex','Required for All Frog Orders','fedex_PRIORITY_OVERNIGHT','PRIORITY_OVERNIGHT',NULL,59.6300,NULL,'Priority Overnight'),(373,104,'2019-09-28 09:21:34','2019-09-28 09:21:34','flatrate','Gift Card Only Purchase','flatrate_flatrate','flatrate',NULL,0.0000,NULL,'Fixed'),(374,104,'2019-09-28 09:21:34','2019-09-28 09:21:34','freeshipping','Pickup in Hilltown PA (19440)','freeshipping_freeshipping','freeshipping',NULL,0.0000,NULL,'Free'),(375,104,'2019-09-28 09:21:34','2019-09-28 09:21:34','ups','For Supples/Insects (No Frogs Please)','ups_03','03',NULL,17.1100,NULL,'UPS Ground'),(376,104,'2019-09-28 09:21:34','2019-09-28 09:21:34','ups','For Supples/Insects (No Frogs Please)','ups_02','02',NULL,27.4800,NULL,'UPS Second Day Air'),(377,104,'2019-09-28 09:21:34','2019-09-28 09:21:34','ups','For Supples/Insects (No Frogs Please)','ups_01','01',NULL,58.9100,NULL,'UPS Next Day Air'),(378,104,'2019-09-28 09:21:34','2019-09-28 09:21:34','ups','For Supples/Insects (No Frogs Please)','ups_14','14',NULL,102.8000,NULL,'UPS Next Day Air Early A.M.'),(379,104,'2019-09-28 09:21:34','2019-09-28 09:21:34','usps','For Supplies Only (No Frogs or Insects Please)','usps_1','1',NULL,7.8500,NULL,'Priority Mail 2-Day'),(380,104,'2019-09-28 09:21:34','2019-09-28 09:21:34','usps','For Supplies Only (No Frogs or Insects Please)','usps_3','3',NULL,26.4000,NULL,'Priority Mail Express 2-Day'),(383,114,'2019-09-29 19:15:34','2019-09-29 19:15:34','fedex','Required for All Frog Orders','fedex_PRIORITY_OVERNIGHT','PRIORITY_OVERNIGHT',NULL,51.1400,NULL,'Priority Overnight'),(384,114,'2019-09-29 19:15:34','2019-09-29 19:15:34','flatrate','Gift Card Only Purchase','flatrate_flatrate','flatrate',NULL,0.0000,NULL,'Fixed'),(385,114,'2019-09-29 19:15:34','2019-09-29 19:15:34','freeshipping','Pickup in Hilltown PA (19440)','freeshipping_freeshipping','freeshipping',NULL,0.0000,NULL,'Free'),(386,114,'2019-09-29 19:15:34','2019-09-29 19:15:34','ups','For Supples/Insects (No Frogs Please)','ups_03','03',NULL,16.8100,NULL,'UPS Ground'),(387,114,'2019-09-29 19:15:34','2019-09-29 19:15:34','ups','For Supples/Insects (No Frogs Please)','ups_02','02',NULL,26.6200,NULL,'UPS Second Day Air'),(388,114,'2019-09-29 19:15:34','2019-09-29 19:15:34','ups','For Supples/Insects (No Frogs Please)','ups_01','01',NULL,47.4500,NULL,'UPS Next Day Air'),(389,114,'2019-09-29 19:15:34','2019-09-29 19:15:34','ups','For Supples/Insects (No Frogs Please)','ups_14','14',NULL,88.5100,NULL,'UPS Next Day Air Early A.M.'),(390,114,'2019-09-29 19:15:34','2019-09-29 19:15:34','usps','For Supplies Only (No Frogs or Insects Please)','usps_1','1',NULL,7.7000,NULL,'Priority Mail 3-Day'),(391,114,'2019-09-29 19:15:34','2019-09-29 19:15:34','usps','For Supplies Only (No Frogs or Insects Please)','usps_3','3',NULL,25.6000,NULL,'Priority Mail Express 2-Day'),(437,131,'2019-10-03 21:38:55','2019-10-03 21:38:55','fedex','Required for All Frog Orders','fedex_PRIORITY_OVERNIGHT','PRIORITY_OVERNIGHT',NULL,31.1500,NULL,'Priority Overnight'),(438,131,'2019-10-03 21:38:55','2019-10-03 21:38:55','flatrate','Gift Card Only Purchase','flatrate_flatrate','flatrate',NULL,0.0000,NULL,'Fixed'),(439,131,'2019-10-03 21:38:55','2019-10-03 21:38:55','freeshipping','Pickup in Hilltown PA (19440)','freeshipping_freeshipping','freeshipping',NULL,0.0000,NULL,'Free'),(440,131,'2019-10-03 21:38:55','2019-10-03 21:38:55','ups','For Supples/Insects (No Frogs Please)','ups_03','03',NULL,12.6300,NULL,'UPS Ground'),(441,131,'2019-10-03 21:38:55','2019-10-03 21:38:55','ups','For Supples/Insects (No Frogs Please)','ups_02','02',NULL,21.3600,NULL,'UPS Second Day Air'),(442,131,'2019-10-03 21:38:55','2019-10-03 21:38:55','ups','For Supples/Insects (No Frogs Please)','ups_01','01',NULL,30.6300,NULL,'UPS Next Day Air'),(443,131,'2019-10-03 21:38:55','2019-10-03 21:38:55','ups','For Supples/Insects (No Frogs Please)','ups_14','14',NULL,68.9800,NULL,'UPS Next Day Air Early A.M.'),(444,131,'2019-10-03 21:38:55','2019-10-03 21:38:55','usps','For Supplies Only (No Frogs or Insects Please)','usps_1','1',NULL,7.3500,NULL,'Priority Mail 1-Day'),(445,131,'2019-10-03 21:38:55','2019-10-03 21:38:55','usps','For Supplies Only (No Frogs or Insects Please)','usps_3','3',NULL,25.6000,NULL,'Priority Mail Express 2-Day'),(473,133,'2019-10-04 13:22:22','2019-10-04 13:22:22','fedex','Required for All Frog Orders','fedex_PRIORITY_OVERNIGHT','PRIORITY_OVERNIGHT',NULL,43.8400,NULL,'Priority Overnight'),(474,133,'2019-10-04 13:22:22','2019-10-04 13:22:22','flatrate','Gift Card Only Purchase','flatrate_flatrate','flatrate',NULL,0.0000,NULL,'Fixed'),(475,133,'2019-10-04 13:22:22','2019-10-04 13:22:22','freeshipping','Pickup in Hilltown PA (19440)','freeshipping_freeshipping','freeshipping',NULL,0.0000,NULL,'Free'),(476,133,'2019-10-04 13:22:22','2019-10-04 13:22:22','ups','For Supples/Insects (No Frogs Please)','ups_03','03',NULL,12.7400,NULL,'UPS Ground'),(477,133,'2019-10-04 13:22:22','2019-10-04 13:22:22','ups','For Supples/Insects (No Frogs Please)','ups_02','02',NULL,22.0600,NULL,'UPS Second Day Air'),(478,133,'2019-10-04 13:22:22','2019-10-04 13:22:22','ups','For Supples/Insects (No Frogs Please)','ups_01','01',NULL,42.9800,NULL,'UPS Next Day Air'),(479,133,'2019-10-04 13:22:22','2019-10-04 13:22:22','ups','For Supples/Insects (No Frogs Please)','ups_14','14',NULL,84.2400,NULL,'UPS Next Day Air Early A.M.'),(480,133,'2019-10-04 13:22:22','2019-10-04 13:22:22','usps','For Supplies Only (No Frogs or Insects Please)','usps_1','1',NULL,7.7000,NULL,'Priority Mail 2-Day'),(481,133,'2019-10-04 13:22:22','2019-10-04 13:22:22','usps','For Supplies Only (No Frogs or Insects Please)','usps_3','3',NULL,26.8000,NULL,'Priority Mail Express 1-Day'),(483,135,'2019-10-04 22:29:22','2019-10-04 22:29:22','freeshipping','Pickup in Hilltown PA (19440)','freeshipping_freeshipping','freeshipping',NULL,0.0000,NULL,'Free'),(492,138,'2019-10-05 14:22:09','2019-10-05 14:22:09','fedex','Required for All Frog Orders','fedex_PRIORITY_OVERNIGHT','PRIORITY_OVERNIGHT',NULL,31.1500,NULL,'Priority Overnight'),(493,138,'2019-10-05 14:22:09','2019-10-05 14:22:09','flatrate','Gift Card Only Purchase','flatrate_flatrate','flatrate',NULL,0.0000,NULL,'Fixed'),(494,138,'2019-10-05 14:22:09','2019-10-05 14:22:09','freeshipping','Pickup in Hilltown PA (19440)','freeshipping_freeshipping','freeshipping',NULL,0.0000,NULL,'Free'),(495,138,'2019-10-05 14:22:09','2019-10-05 14:22:09','ups','For Supples/Insects (No Frogs Please)','ups_03','03',NULL,12.6600,NULL,'UPS Ground'),(496,138,'2019-10-05 14:22:09','2019-10-05 14:22:09','ups','For Supples/Insects (No Frogs Please)','ups_02','02',NULL,21.3100,NULL,'UPS Second Day Air'),(497,138,'2019-10-05 14:22:09','2019-10-05 14:22:09','ups','For Supples/Insects (No Frogs Please)','ups_01','01',NULL,30.5500,NULL,'UPS Next Day Air'),(498,138,'2019-10-05 14:22:09','2019-10-05 14:22:09','ups','For Supples/Insects (No Frogs Please)','ups_14','14',NULL,68.8200,NULL,'UPS Next Day Air Early A.M.'),(499,138,'2019-10-05 14:22:09','2019-10-05 14:22:09','usps','For Supplies Only (No Frogs or Insects Please)','usps_1','1',NULL,7.3500,NULL,'Priority Mail 1-Day'),(500,138,'2019-10-05 14:22:09','2019-10-05 14:22:09','usps','For Supplies Only (No Frogs or Insects Please)','usps_3','3',NULL,25.6000,NULL,'Priority Mail Express 2-Day'),(528,141,'2019-10-06 14:27:32','2019-10-06 14:27:32','fedex','Required for All Frog Orders','fedex_PRIORITY_OVERNIGHT','PRIORITY_OVERNIGHT',NULL,31.5000,NULL,'Priority Overnight'),(529,141,'2019-10-06 14:27:32','2019-10-06 14:27:32','flatrate','Gift Card Only Purchase','flatrate_flatrate','flatrate',NULL,0.0000,NULL,'Fixed'),(530,141,'2019-10-06 14:27:32','2019-10-06 14:27:32','freeshipping','Pickup in Hilltown PA (19440)','freeshipping_freeshipping','freeshipping',NULL,0.0000,NULL,'Free'),(531,141,'2019-10-06 14:27:32','2019-10-06 14:27:32','ups','For Supples/Insects (No Frogs Please)','ups_03','03',NULL,12.7400,NULL,'UPS Ground'),(532,141,'2019-10-06 14:27:32','2019-10-06 14:27:32','ups','For Supples/Insects (No Frogs Please)','ups_02','02',NULL,21.8600,NULL,'UPS Second Day Air'),(533,141,'2019-10-06 14:27:32','2019-10-06 14:27:32','ups','For Supples/Insects (No Frogs Please)','ups_01','01',NULL,30.9700,NULL,'UPS Next Day Air'),(534,141,'2019-10-06 14:27:32','2019-10-06 14:27:32','ups','For Supples/Insects (No Frogs Please)','ups_14','14',NULL,69.4000,NULL,'UPS Next Day Air Early A.M.'),(535,141,'2019-10-06 14:27:32','2019-10-06 14:27:32','usps','For Supplies Only (No Frogs or Insects Please)','usps_1','1',NULL,7.8500,NULL,'Priority Mail 1-Day'),(536,141,'2019-10-06 14:27:32','2019-10-06 14:27:32','usps','For Supplies Only (No Frogs or Insects Please)','usps_3','3',NULL,25.7000,NULL,'Priority Mail Express 2-Day'),(549,145,'2019-10-08 08:22:30','2019-10-08 08:22:30','fedex','Required for All Frog Orders','fedex_PRIORITY_OVERNIGHT','PRIORITY_OVERNIGHT',NULL,31.1500,NULL,'Priority Overnight'),(550,145,'2019-10-08 08:22:30','2019-10-08 08:22:30','flatrate','Gift Card Only Purchase','flatrate_flatrate','flatrate',NULL,0.0000,NULL,'Fixed'),(551,145,'2019-10-08 08:22:30','2019-10-08 08:22:30','freeshipping','Pickup in Hilltown PA (19440)','freeshipping_freeshipping','freeshipping',NULL,0.0000,NULL,'Free'),(552,145,'2019-10-08 08:22:30','2019-10-08 08:22:30','ups','For Supples/Insects (No Frogs Please)','ups_03','03',NULL,12.6600,NULL,'UPS Ground'),(553,145,'2019-10-08 08:22:30','2019-10-08 08:22:30','ups','For Supples/Insects (No Frogs Please)','ups_02','02',NULL,21.3100,NULL,'UPS Second Day Air'),(554,145,'2019-10-08 08:22:30','2019-10-08 08:22:30','ups','For Supples/Insects (No Frogs Please)','ups_01','01',NULL,30.5500,NULL,'UPS Next Day Air'),(555,145,'2019-10-08 08:22:30','2019-10-08 08:22:30','ups','For Supples/Insects (No Frogs Please)','ups_14','14',NULL,68.8200,NULL,'UPS Next Day Air Early A.M.'),(556,145,'2019-10-08 08:22:30','2019-10-08 08:22:30','usps','For Supplies Only (No Frogs or Insects Please)','usps_1','1',NULL,7.3500,NULL,'Priority Mail 2-Day'),(557,145,'2019-10-08 08:22:30','2019-10-08 08:22:30','usps','For Supplies Only (No Frogs or Insects Please)','usps_3','3',NULL,25.5000,NULL,'Priority Mail Express 1-Day');
CREATE TABLE `mz0b_rating` (
  `rating_id` smallint(5) unsigned NOT NULL AUTO_INCREMENT COMMENT 'Rating ID',
  `entity_id` smallint(5) unsigned NOT NULL DEFAULT '0' COMMENT 'Entity ID',
  `rating_code` varchar(64) NOT NULL COMMENT 'Rating Code',
  `position` smallint(5) unsigned NOT NULL DEFAULT '0' COMMENT 'Rating Position On Storefront',
  `is_active` smallint(6) NOT NULL DEFAULT '1' COMMENT 'Rating is active.',
  PRIMARY KEY (`rating_id`),
  UNIQUE KEY `MZ0B_RATING_RATING_CODE` (`rating_code`),
  KEY `MZ0B_RATING_ENTITY_ID` (`entity_id`)
) ENGINE=InnoDB AUTO_INCREMENT=4 DEFAULT CHARSET=utf8 COMMENT='Ratings';
INSERT INTO `mz0b_rating` VALUES (1,1,'Quality',0,1),(2,1,'Value',0,1),(3,1,'Price',0,1);
CREATE TABLE `mz0b_rating_entity` (
  `entity_id` smallint(5) unsigned NOT NULL AUTO_INCREMENT COMMENT 'Entity ID',
  `entity_code` varchar(64) NOT NULL COMMENT 'Entity Code',
  PRIMARY KEY (`entity_id`),
  UNIQUE KEY `MZ0B_RATING_ENTITY_ENTITY_CODE` (`entity_code`)
) ENGINE=InnoDB AUTO_INCREMENT=4 DEFAULT CHARSET=utf8 COMMENT='Rating entities';
INSERT INTO `mz0b_rating_entity` VALUES (1,'product'),(2,'product_review'),(3,'review');
CREATE TABLE `mz0b_rating_option` (
  `option_id` int(10) unsigned NOT NULL AUTO_INCREMENT COMMENT 'Rating Option Id',
  `rating_id` smallint(5) unsigned NOT NULL DEFAULT '0' COMMENT 'Rating Id',
  `code` varchar(32) NOT NULL COMMENT 'Rating Option Code',
  `value` smallint(5) unsigned NOT NULL DEFAULT '0' COMMENT 'Rating Option Value',
  `position` smallint(5) unsigned NOT NULL DEFAULT '0' COMMENT 'Ration option position on Storefront',
  PRIMARY KEY (`option_id`),
  KEY `MZ0B_RATING_OPTION_RATING_ID` (`rating_id`)
) ENGINE=InnoDB AUTO_INCREMENT=16 DEFAULT CHARSET=utf8 COMMENT='Rating options';
INSERT INTO `mz0b_rating_option` VALUES (1,1,'1',1,1),(2,1,'2',2,2),(3,1,'3',3,3),(4,1,'4',4,4),(5,1,'5',5,5),(6,2,'1',1,1),(7,2,'2',2,2),(8,2,'3',3,3),(9,2,'4',4,4),(10,2,'5',5,5),(11,3,'1',1,1),(12,3,'2',2,2),(13,3,'3',3,3),(14,3,'4',4,4),(15,3,'5',5,5);
CREATE TABLE `mz0b_rating_option_vote` (
  `vote_id` bigint(20) unsigned NOT NULL AUTO_INCREMENT COMMENT 'Vote id',
  `option_id` int(10) unsigned NOT NULL DEFAULT '0' COMMENT 'Vote option id',
  `remote_ip` varchar(16) NOT NULL COMMENT 'Customer IP',
  `remote_ip_long` bigint(20) NOT NULL DEFAULT '0' COMMENT 'Customer IP converted to long integer format',
  `customer_id` int(10) unsigned DEFAULT '0' COMMENT 'Customer Id',
  `entity_pk_value` bigint(20) unsigned NOT NULL DEFAULT '0' COMMENT 'Product id',
  `rating_id` smallint(5) unsigned NOT NULL DEFAULT '0' COMMENT 'Rating id',
  `review_id` bigint(20) unsigned DEFAULT NULL COMMENT 'Review id',
  `percent` smallint(6) NOT NULL DEFAULT '0' COMMENT 'Percent amount',
  `value` smallint(6) NOT NULL DEFAULT '0' COMMENT 'Vote option value',
  PRIMARY KEY (`vote_id`),
  KEY `MZ0B_RATING_OPTION_VOTE_REVIEW_ID_MZ0B_REVIEW_REVIEW_ID` (`review_id`),
  KEY `MZ0B_RATING_OPTION_VOTE_OPTION_ID` (`option_id`)
) ENGINE=InnoDB DEFAULT CHARSET=utf8 COMMENT='Rating option values';
CREATE TABLE `mz0b_rating_option_vote_aggregated` (
  `primary_id` int(11) NOT NULL AUTO_INCREMENT COMMENT 'Vote aggregation id',
  `rating_id` smallint(5) unsigned NOT NULL DEFAULT '0' COMMENT 'Rating id',
  `entity_pk_value` bigint(20) unsigned NOT NULL DEFAULT '0' COMMENT 'Product id',
  `vote_count` int(10) unsigned NOT NULL DEFAULT '0' COMMENT 'Vote dty',
  `vote_value_sum` int(10) unsigned NOT NULL DEFAULT '0' COMMENT 'General vote sum',
  `percent` smallint(6) NOT NULL DEFAULT '0' COMMENT 'Vote percent',
  `percent_approved` smallint(6) DEFAULT '0' COMMENT 'Vote percent approved by admin',
  `store_id` smallint(5) unsigned NOT NULL DEFAULT '0' COMMENT 'Store Id',
  PRIMARY KEY (`primary_id`),
  KEY `MZ0B_RATING_OPTION_VOTE_AGGREGATED_RATING_ID` (`rating_id`),
  KEY `MZ0B_RATING_OPTION_VOTE_AGGREGATED_STORE_ID` (`store_id`)
) ENGINE=InnoDB DEFAULT CHARSET=utf8 COMMENT='Rating vote aggregated';
CREATE TABLE `mz0b_rating_store` (
  `rating_id` smallint(5) unsigned NOT NULL DEFAULT '0' COMMENT 'Rating id',
  `store_id` smallint(5) unsigned NOT NULL DEFAULT '0' COMMENT 'Store id',
  PRIMARY KEY (`rating_id`,`store_id`),
  KEY `MZ0B_RATING_STORE_STORE_ID` (`store_id`)
) ENGINE=InnoDB DEFAULT CHARSET=utf8 COMMENT='Rating Store';
CREATE TABLE `mz0b_rating_title` (
  `rating_id` smallint(5) unsigned NOT NULL DEFAULT '0' COMMENT 'Rating Id',
  `store_id` smallint(5) unsigned NOT NULL DEFAULT '0' COMMENT 'Store Id',
  `value` varchar(255) NOT NULL COMMENT 'Rating Label',
  PRIMARY KEY (`rating_id`,`store_id`),
  KEY `MZ0B_RATING_TITLE_STORE_ID` (`store_id`)
) ENGINE=InnoDB DEFAULT CHARSET=utf8 COMMENT='Rating Title';
CREATE TABLE `mz0b_release_notification_viewer_log` (
  `id` int(10) unsigned NOT NULL AUTO_INCREMENT COMMENT 'Log ID',
  `viewer_id` int(10) unsigned NOT NULL COMMENT 'Viewer admin user ID',
  `last_view_version` varchar(16) NOT NULL COMMENT 'Viewer last view on product version',
  PRIMARY KEY (`id`),
  UNIQUE KEY `MZ0B_RELEASE_NOTIFICATION_VIEWER_LOG_VIEWER_ID` (`viewer_id`)
) ENGINE=InnoDB DEFAULT CHARSET=utf8 COMMENT='Release Notification Viewer Log Table';
CREATE TABLE `mz0b_report_compared_product_index` (
  `index_id` bigint(20) unsigned NOT NULL AUTO_INCREMENT COMMENT 'Index Id',
  `visitor_id` int(10) unsigned DEFAULT NULL COMMENT 'Visitor Id',
  `customer_id` int(10) unsigned DEFAULT NULL COMMENT 'Customer Id',
  `product_id` int(10) unsigned NOT NULL COMMENT 'Product Id',
  `store_id` smallint(5) unsigned DEFAULT NULL COMMENT 'Store Id',
  `added_at` timestamp NOT NULL DEFAULT CURRENT_TIMESTAMP COMMENT 'Added At',
  PRIMARY KEY (`index_id`),
  UNIQUE KEY `MZ0B_REPORT_COMPARED_PRODUCT_INDEX_VISITOR_ID_PRODUCT_ID` (`visitor_id`,`product_id`),
  UNIQUE KEY `MZ0B_REPORT_COMPARED_PRODUCT_INDEX_CUSTOMER_ID_PRODUCT_ID` (`customer_id`,`product_id`),
  KEY `MZ0B_REPORT_COMPARED_PRODUCT_INDEX_STORE_ID` (`store_id`),
  KEY `MZ0B_REPORT_COMPARED_PRODUCT_INDEX_ADDED_AT` (`added_at`),
  KEY `MZ0B_REPORT_COMPARED_PRODUCT_INDEX_PRODUCT_ID` (`product_id`)
) ENGINE=InnoDB DEFAULT CHARSET=utf8 COMMENT='Reports Compared Product Index Table';
CREATE TABLE `mz0b_report_event` (
  `event_id` bigint(20) unsigned NOT NULL AUTO_INCREMENT COMMENT 'Event Id',
  `logged_at` timestamp NOT NULL DEFAULT CURRENT_TIMESTAMP COMMENT 'Logged At',
  `event_type_id` smallint(5) unsigned NOT NULL DEFAULT '0' COMMENT 'Event Type Id',
  `object_id` int(10) unsigned NOT NULL DEFAULT '0' COMMENT 'Object Id',
  `subject_id` int(10) unsigned NOT NULL DEFAULT '0' COMMENT 'Subject Id',
  `subtype` smallint(5) unsigned NOT NULL DEFAULT '0' COMMENT 'Subtype',
  `store_id` smallint(5) unsigned NOT NULL COMMENT 'Store Id',
  PRIMARY KEY (`event_id`),
  KEY `MZ0B_REPORT_EVENT_EVENT_TYPE_ID` (`event_type_id`),
  KEY `MZ0B_REPORT_EVENT_SUBJECT_ID` (`subject_id`),
  KEY `MZ0B_REPORT_EVENT_OBJECT_ID` (`object_id`),
  KEY `MZ0B_REPORT_EVENT_SUBTYPE` (`subtype`),
  KEY `MZ0B_REPORT_EVENT_STORE_ID` (`store_id`)
) ENGINE=InnoDB AUTO_INCREMENT=1558 DEFAULT CHARSET=utf8 COMMENT='Reports Event Table';
INSERT INTO `mz0b_report_event` VALUES (15,'2019-08-21 07:58:30',5,5,1,0,1),(16,'2019-08-21 07:59:24',1,12,1,0,1),(17,'2019-08-21 08:00:14',4,12,1,0,1),(19,'2019-08-21 11:00:23',1,13,1,0,1),(20,'2019-08-21 11:01:13',1,6,1,0,1),(644,'2019-09-19 11:36:19',1,23,3,0,1),(702,'2019-09-20 11:56:52',4,36,4,0,1),(703,'2019-09-20 11:57:37',1,48,4,0,1),(704,'2019-09-20 11:58:28',1,90,4,0,1),(705,'2019-09-20 11:59:09',1,63,4,0,1),(706,'2019-09-20 11:59:41',1,58,4,0,1),(708,'2019-09-20 12:00:28',1,92,4,0,1),(709,'2019-09-20 12:01:20',1,35,4,0,1),(710,'2019-09-20 12:01:40',1,32,4,0,1),(711,'2019-09-20 12:02:08',4,32,4,0,1),(1054,'2019-09-29 19:12:41',1,24,7,0,1),(1055,'2019-09-29 19:12:48',4,24,7,0,1),(1056,'2019-09-29 19:13:07',1,31,7,0,1),(1057,'2019-09-29 19:13:20',4,31,7,0,1),(1261,'2019-10-03 21:32:19',4,55,11,0,1),(1262,'2019-10-03 21:33:10',1,40,11,0,1),(1472,'2019-10-09 00:35:21',1,47,4307,1,1),(1473,'2019-10-09 01:07:55',1,78,4310,1,1),(1474,'2019-10-09 01:13:48',1,64,4311,1,1),(1475,'2019-10-09 02:46:26',1,92,4328,1,1),(1476,'2019-10-09 03:11:45',1,27,4334,1,1),(1477,'2019-10-09 03:46:37',1,90,4337,1,1),(1478,'2019-10-09 04:19:20',1,10,4341,1,1),(1479,'2019-10-09 04:19:39',1,12,4341,1,1),(1480,'2019-10-09 04:19:49',1,14,4341,1,1),(1483,'2019-10-09 05:40:20',1,45,4345,1,1),(1484,'2019-10-09 08:02:14',1,94,4349,1,1),(1485,'2019-10-09 08:02:27',1,50,4350,1,1),(1486,'2019-10-09 08:05:41',1,68,4351,1,1),(1487,'2019-10-09 08:08:30',1,48,4352,1,1),(1488,'2019-10-09 10:32:31',1,84,4366,1,1),(1489,'2019-10-09 11:43:06',1,93,4371,1,1),(1490,'2019-10-09 12:25:48',1,6,4379,1,1),(1491,'2019-10-09 12:29:31',1,22,4381,1,1),(1492,'2019-10-09 12:29:38',1,23,4381,1,1),(1493,'2019-10-09 12:33:26',1,25,4381,1,1),(1494,'2019-10-09 12:33:32',1,24,4381,1,1),(1495,'2019-10-09 12:33:38',1,19,4381,1,1),(1496,'2019-10-09 12:34:16',1,18,4381,1,1),(1497,'2019-10-09 12:34:22',1,95,4381,1,1),(1498,'2019-10-09 13:35:05',1,47,4389,1,1),(1499,'2019-10-09 13:43:52',1,11,4391,1,1),(1500,'2019-10-09 13:44:41',1,1,4391,1,1),(1501,'2019-10-09 14:02:40',1,9,4392,1,1),(1502,'2019-10-09 14:07:20',1,89,4396,1,1),(1503,'2019-10-09 14:07:23',1,91,4397,1,1),(1504,'2019-10-09 14:07:25',1,87,4398,1,1),(1505,'2019-10-09 14:07:28',1,80,4399,1,1),(1506,'2019-10-09 14:07:30',1,96,4400,1,1),(1507,'2019-10-09 14:07:36',1,81,4401,1,1),(1508,'2019-10-09 14:07:38',1,30,4402,1,1),(1509,'2019-10-09 14:07:41',1,86,4403,1,1),(1510,'2019-10-09 14:07:44',1,88,4404,1,1),(1511,'2019-10-09 14:07:46',1,83,4405,1,1),(1512,'2019-10-09 14:49:06',1,36,4412,1,1),(1513,'2019-10-09 20:17:47',1,4,4430,1,1),(1514,'2019-10-09 20:17:53',1,5,4430,1,1),(1515,'2019-10-09 20:18:12',4,12,4430,1,1),(1516,'2019-10-09 23:36:52',1,7,4443,1,1),(1517,'2019-10-10 01:01:12',1,80,4458,1,1),(1518,'2019-10-10 01:48:16',1,51,4460,1,1),(1519,'2019-10-10 06:06:51',1,94,4514,1,1),(1520,'2019-10-10 06:17:27',1,96,4515,1,1),(1521,'2019-10-10 06:57:55',1,60,4517,1,1),(1522,'2019-10-10 07:24:55',1,3,4520,1,1),(1523,'2019-10-10 09:03:40',1,6,4531,1,1),(1524,'2019-10-10 09:03:45',1,12,4531,1,1),(1525,'2019-10-10 10:00:02',1,87,4534,1,1),(1526,'2019-10-10 10:15:27',1,95,4539,1,1),(1527,'2019-10-10 11:24:05',1,93,4543,1,1),(1528,'2019-10-10 11:31:38',1,19,4544,1,1),(1529,'2019-10-10 11:31:59',1,22,4544,1,1),(1530,'2019-10-10 11:32:09',1,24,4544,1,1),(1531,'2019-10-10 11:32:16',1,23,4544,1,1),(1532,'2019-10-10 11:32:28',1,21,4544,1,1),(1533,'2019-10-10 11:32:47',1,27,4544,1,1),(1534,'2019-10-10 12:47:36',1,68,4549,1,1),(1535,'2019-10-10 13:54:52',1,26,4550,1,1),(1536,'2019-10-10 13:55:37',1,18,4550,1,1),(1537,'2019-10-10 13:56:14',1,17,4550,1,1),(1538,'2019-10-10 13:56:27',1,16,4550,1,1),(1539,'2019-10-10 13:56:33',1,15,4550,1,1),(1540,'2019-10-10 13:56:46',1,14,4550,1,1),(1541,'2019-10-10 13:57:00',1,9,4550,1,1),(1542,'2019-10-10 13:57:25',1,11,4550,1,1),(1543,'2019-10-10 13:57:34',1,1,4550,1,1),(1544,'2019-10-10 13:57:47',1,2,4550,1,1),(1545,'2019-10-10 13:58:17',1,10,4550,1,1),(1546,'2019-10-10 13:59:07',1,7,4550,1,1),(1547,'2019-10-10 13:59:24',1,5,4550,1,1),(1548,'2019-10-10 13:59:35',1,4,4550,1,1),(1549,'2019-10-10 14:00:14',1,1,4551,1,1),(1550,'2019-10-10 14:01:13',1,13,4550,1,1),(1551,'2019-10-10 14:01:22',1,1,4552,1,1),(1552,'2019-10-10 14:47:00',1,71,4559,1,1),(1553,'2019-10-10 15:03:30',1,20,4563,1,1),(1554,'2019-10-10 15:27:09',1,25,4565,1,1),(1555,'2019-11-15 20:57:21',1,21,4583,1,1),(1556,'2019-11-15 21:09:53',1,21,4583,1,1),(1557,'2019-11-15 21:09:55',1,92,4583,1,1);
CREATE TABLE `mz0b_report_event_types` (
  `event_type_id` smallint(5) unsigned NOT NULL AUTO_INCREMENT COMMENT 'Event Type Id',
  `event_name` varchar(64) NOT NULL COMMENT 'Event Name',
  `customer_login` smallint(5) unsigned NOT NULL DEFAULT '0' COMMENT 'Customer Login',
  PRIMARY KEY (`event_type_id`)
) ENGINE=InnoDB AUTO_INCREMENT=7 DEFAULT CHARSET=utf8 COMMENT='Reports Event Type Table';
INSERT INTO `mz0b_report_event_types` VALUES (1,'catalog_product_view',0),(2,'sendfriend_product',0),(3,'catalog_product_compare_add_product',0),(4,'checkout_cart_add_product',0),(5,'wishlist_add_product',0),(6,'wishlist_share',0);
CREATE TABLE `mz0b_report_viewed_product_aggregated_daily` (
  `id` int(10) unsigned NOT NULL AUTO_INCREMENT COMMENT 'Id',
  `period` date DEFAULT NULL COMMENT 'Period',
  `store_id` smallint(5) unsigned DEFAULT NULL COMMENT 'Store Id',
  `product_id` int(10) unsigned DEFAULT NULL COMMENT 'Product Id',
  `product_name` varchar(255) DEFAULT NULL COMMENT 'Product Name',
  `product_price` decimal(12,4) NOT NULL DEFAULT '0.0000' COMMENT 'Product Price',
  `views_num` int(11) NOT NULL DEFAULT '0' COMMENT 'Number of Views',
  `rating_pos` smallint(5) unsigned NOT NULL DEFAULT '0' COMMENT 'Rating Pos',
  PRIMARY KEY (`id`),
  UNIQUE KEY `MZ0B_REPORT_VIEWED_PRD_AGGRED_DAILY_PERIOD_STORE_ID_PRD_ID` (`period`,`store_id`,`product_id`),
  KEY `MZ0B_REPORT_VIEWED_PRODUCT_AGGREGATED_DAILY_STORE_ID` (`store_id`),
  KEY `MZ0B_REPORT_VIEWED_PRODUCT_AGGREGATED_DAILY_PRODUCT_ID` (`product_id`)
) ENGINE=InnoDB DEFAULT CHARSET=utf8 COMMENT='Most Viewed Products Aggregated Daily';
CREATE TABLE `mz0b_report_viewed_product_aggregated_monthly` (
  `id` int(10) unsigned NOT NULL AUTO_INCREMENT COMMENT 'Id',
  `period` date DEFAULT NULL COMMENT 'Period',
  `store_id` smallint(5) unsigned DEFAULT NULL COMMENT 'Store Id',
  `product_id` int(10) unsigned DEFAULT NULL COMMENT 'Product Id',
  `product_name` varchar(255) DEFAULT NULL COMMENT 'Product Name',
  `product_price` decimal(12,4) NOT NULL DEFAULT '0.0000' COMMENT 'Product Price',
  `views_num` int(11) NOT NULL DEFAULT '0' COMMENT 'Number of Views',
  `rating_pos` smallint(5) unsigned NOT NULL DEFAULT '0' COMMENT 'Rating Pos',
  PRIMARY KEY (`id`),
  UNIQUE KEY `MZ0B_REPORT_VIEWED_PRD_AGGRED_MONTHLY_PERIOD_STORE_ID_PRD_ID` (`period`,`store_id`,`product_id`),
  KEY `MZ0B_REPORT_VIEWED_PRODUCT_AGGREGATED_MONTHLY_STORE_ID` (`store_id`),
  KEY `MZ0B_REPORT_VIEWED_PRODUCT_AGGREGATED_MONTHLY_PRODUCT_ID` (`product_id`)
) ENGINE=InnoDB DEFAULT CHARSET=utf8 COMMENT='Most Viewed Products Aggregated Monthly';
CREATE TABLE `mz0b_report_viewed_product_aggregated_yearly` (
  `id` int(10) unsigned NOT NULL AUTO_INCREMENT COMMENT 'Id',
  `period` date DEFAULT NULL COMMENT 'Period',
  `store_id` smallint(5) unsigned DEFAULT NULL COMMENT 'Store Id',
  `product_id` int(10) unsigned DEFAULT NULL COMMENT 'Product Id',
  `product_name` varchar(255) DEFAULT NULL COMMENT 'Product Name',
  `product_price` decimal(12,4) NOT NULL DEFAULT '0.0000' COMMENT 'Product Price',
  `views_num` int(11) NOT NULL DEFAULT '0' COMMENT 'Number of Views',
  `rating_pos` smallint(5) unsigned NOT NULL DEFAULT '0' COMMENT 'Rating Pos',
  PRIMARY KEY (`id`),
  UNIQUE KEY `MZ0B_REPORT_VIEWED_PRD_AGGRED_YEARLY_PERIOD_STORE_ID_PRD_ID` (`period`,`store_id`,`product_id`),
  KEY `MZ0B_REPORT_VIEWED_PRODUCT_AGGREGATED_YEARLY_STORE_ID` (`store_id`),
  KEY `MZ0B_REPORT_VIEWED_PRODUCT_AGGREGATED_YEARLY_PRODUCT_ID` (`product_id`)
) ENGINE=InnoDB DEFAULT CHARSET=utf8 COMMENT='Most Viewed Products Aggregated Yearly';
CREATE TABLE `mz0b_report_viewed_product_index` (
  `index_id` bigint(20) unsigned NOT NULL AUTO_INCREMENT COMMENT 'Index Id',
  `visitor_id` int(10) unsigned DEFAULT NULL COMMENT 'Visitor Id',
  `customer_id` int(10) unsigned DEFAULT NULL COMMENT 'Customer Id',
  `product_id` int(10) unsigned NOT NULL COMMENT 'Product Id',
  `store_id` smallint(5) unsigned DEFAULT NULL COMMENT 'Store Id',
  `added_at` timestamp NOT NULL DEFAULT CURRENT_TIMESTAMP COMMENT 'Added At',
  PRIMARY KEY (`index_id`),
  UNIQUE KEY `MZ0B_REPORT_VIEWED_PRODUCT_INDEX_VISITOR_ID_PRODUCT_ID` (`visitor_id`,`product_id`),
  UNIQUE KEY `MZ0B_REPORT_VIEWED_PRODUCT_INDEX_CUSTOMER_ID_PRODUCT_ID` (`customer_id`,`product_id`),
  KEY `MZ0B_REPORT_VIEWED_PRODUCT_INDEX_STORE_ID` (`store_id`),
  KEY `MZ0B_REPORT_VIEWED_PRODUCT_INDEX_ADDED_AT` (`added_at`),
  KEY `MZ0B_REPORT_VIEWED_PRODUCT_INDEX_PRODUCT_ID` (`product_id`)
) ENGINE=InnoDB AUTO_INCREMENT=1474 DEFAULT CHARSET=utf8 COMMENT='Reports Viewed Product Index Table';
INSERT INTO `mz0b_report_viewed_product_index` VALUES (9,NULL,1,12,1,'2019-08-21 07:59:24'),(11,NULL,1,13,1,'2019-08-21 11:00:23'),(605,NULL,3,23,1,'2019-09-19 11:36:19'),(658,NULL,4,48,1,'2019-09-20 11:57:37'),(659,NULL,4,90,1,'2019-09-20 11:58:28'),(660,NULL,4,63,1,'2019-09-20 11:59:09'),(661,NULL,4,58,1,'2019-09-20 11:59:41'),(663,NULL,4,92,1,'2019-09-20 12:00:28'),(664,NULL,4,35,1,'2019-09-20 12:01:20'),(665,NULL,4,32,1,'2019-09-20 12:01:40'),(992,NULL,7,24,1,'2019-09-29 19:12:41'),(993,NULL,7,31,1,'2019-09-29 19:13:07'),(1015,NULL,NULL,27,1,'2019-09-30 12:24:56'),(1021,NULL,NULL,71,1,'2019-09-30 14:07:38'),(1025,NULL,NULL,20,1,'2019-09-30 15:25:15'),(1069,NULL,NULL,83,1,'2019-09-30 18:01:05'),(1072,NULL,NULL,77,1,'2019-09-30 21:09:51'),(1074,NULL,NULL,3,1,'2019-09-30 23:32:44'),(1077,NULL,NULL,92,1,'2019-10-01 02:34:47'),(1086,NULL,NULL,38,1,'2019-10-01 03:33:33'),(1089,NULL,NULL,48,1,'2019-10-01 03:42:42'),(1090,NULL,NULL,25,1,'2019-10-01 03:51:36'),(1091,NULL,NULL,56,1,'2019-10-01 04:08:04'),(1092,NULL,NULL,28,1,'2019-10-01 04:14:28'),(1099,NULL,NULL,73,1,'2019-10-01 06:29:48'),(1101,NULL,NULL,32,1,'2019-10-01 06:56:25'),(1103,NULL,NULL,3,1,'2019-10-01 08:29:45'),(1104,NULL,NULL,43,1,'2019-10-01 08:36:46'),(1108,NULL,NULL,68,1,'2019-10-01 09:56:52'),(1118,NULL,NULL,85,1,'2019-10-01 16:48:26'),(1120,NULL,NULL,44,1,'2019-10-01 17:15:00'),(1126,NULL,NULL,81,1,'2019-10-01 20:42:14'),(1129,NULL,NULL,57,1,'2019-10-01 22:48:57'),(1134,NULL,NULL,2,1,'2019-10-02 02:36:39'),(1142,NULL,NULL,34,1,'2019-10-02 06:45:29'),(1190,NULL,NULL,76,1,'2019-10-03 21:23:58'),(1191,NULL,11,40,1,'2019-10-03 21:33:10'),(1245,NULL,NULL,55,1,'2019-10-04 17:50:27'),(1246,NULL,NULL,61,1,'2019-10-04 17:51:58'),(1262,NULL,NULL,37,1,'2019-10-05 05:12:45'),(1276,NULL,NULL,65,1,'2019-10-05 11:00:40'),(1294,NULL,NULL,24,1,'2019-10-05 20:13:13'),(1308,NULL,NULL,77,1,'2019-10-06 02:25:27'),(1316,NULL,NULL,62,1,'2019-10-06 09:53:55'),(1327,NULL,NULL,66,1,'2019-10-06 19:20:19'),(1328,NULL,NULL,41,1,'2019-10-06 22:26:52'),(1330,NULL,NULL,63,1,'2019-10-07 00:14:50'),(1332,NULL,NULL,60,1,'2019-10-07 02:15:35'),(1338,NULL,NULL,64,1,'2019-10-07 02:58:32'),(1341,NULL,NULL,41,1,'2019-10-07 06:53:17'),(1345,NULL,NULL,30,1,'2019-10-07 12:04:17'),(1354,NULL,NULL,59,1,'2019-10-07 18:15:03'),(1382,NULL,NULL,72,1,'2019-10-08 19:25:27'),(1383,NULL,NULL,50,1,'2019-10-08 21:21:00'),(1388,NULL,NULL,70,1,'2019-10-08 22:47:33'),(1389,4307,NULL,47,1,'2019-10-09 00:35:21'),(1390,4310,NULL,78,1,'2019-10-09 01:07:55'),(1391,4311,NULL,64,1,'2019-10-09 01:13:48'),(1392,4328,NULL,92,1,'2019-10-09 02:46:26'),(1393,4334,NULL,27,1,'2019-10-09 03:11:45'),(1394,4337,NULL,90,1,'2019-10-09 03:46:37'),(1395,4341,NULL,10,1,'2019-10-09 04:19:20'),(1396,4341,NULL,12,1,'2019-10-09 04:19:39'),(1397,4341,NULL,14,1,'2019-10-09 04:19:49'),(1398,NULL,NULL,74,1,'2019-10-09 04:28:14'),(1399,NULL,NULL,79,1,'2019-10-09 05:21:32'),(1400,4345,NULL,45,1,'2019-10-09 05:40:20'),(1401,4349,NULL,94,1,'2019-10-09 08:02:14'),(1402,4350,NULL,50,1,'2019-10-09 08:02:27'),(1403,4351,NULL,68,1,'2019-10-09 08:05:40'),(1404,4352,NULL,48,1,'2019-10-09 08:08:30'),(1405,4366,NULL,84,1,'2019-10-09 10:32:31'),(1406,4371,NULL,93,1,'2019-10-09 11:43:06'),(1407,4379,NULL,6,1,'2019-10-09 12:25:48'),(1408,4381,NULL,22,1,'2019-10-09 12:29:31'),(1409,4381,NULL,23,1,'2019-10-09 12:29:38'),(1410,4381,NULL,25,1,'2019-10-09 12:33:26'),(1411,4381,NULL,24,1,'2019-10-09 12:33:32'),(1412,4381,NULL,19,1,'2019-10-09 12:33:38'),(1413,4381,NULL,18,1,'2019-10-09 12:34:16'),(1414,4381,NULL,95,1,'2019-10-09 12:34:22'),(1415,4389,NULL,47,1,'2019-10-09 13:35:05'),(1416,4391,NULL,11,1,'2019-10-09 13:43:52'),(1417,4391,NULL,1,1,'2019-10-09 13:44:41'),(1418,4392,NULL,9,1,'2019-10-09 14:02:40'),(1419,4396,NULL,89,1,'2019-10-09 14:07:20'),(1420,4397,NULL,91,1,'2019-10-09 14:07:23'),(1421,4398,NULL,87,1,'2019-10-09 14:07:25'),(1422,4399,NULL,80,1,'2019-10-09 14:07:28'),(1423,4400,NULL,96,1,'2019-10-09 14:07:30'),(1424,4401,NULL,81,1,'2019-10-09 14:07:36'),(1425,4402,NULL,30,1,'2019-10-09 14:07:38'),(1426,4403,NULL,86,1,'2019-10-09 14:07:41'),(1427,4404,NULL,88,1,'2019-10-09 14:07:44'),(1428,4405,NULL,83,1,'2019-10-09 14:07:46'),(1429,4412,NULL,36,1,'2019-10-09 14:49:06'),(1430,4430,NULL,4,1,'2019-10-09 20:17:47'),(1431,4430,NULL,5,1,'2019-10-09 20:17:53'),(1432,4443,NULL,7,1,'2019-10-09 23:36:52'),(1433,4458,NULL,80,1,'2019-10-10 01:01:12'),(1434,4460,NULL,51,1,'2019-10-10 01:48:16'),(1435,4514,NULL,94,1,'2019-10-10 06:06:51'),(1436,4515,NULL,96,1,'2019-10-10 06:17:27'),(1437,4517,NULL,60,1,'2019-10-10 06:57:55'),(1438,4520,NULL,3,1,'2019-10-10 07:24:55'),(1439,4531,NULL,6,1,'2019-10-10 09:03:40'),(1440,4531,NULL,12,1,'2019-10-10 09:03:45'),(1441,4534,NULL,87,1,'2019-10-10 10:00:01'),(1442,4539,NULL,95,1,'2019-10-10 10:15:27'),(1443,4543,NULL,93,1,'2019-10-10 11:24:05'),(1444,4544,NULL,19,1,'2019-10-10 11:31:38'),(1445,4544,NULL,22,1,'2019-10-10 11:31:59'),(1446,4544,NULL,24,1,'2019-10-10 11:32:09'),(1447,4544,NULL,23,1,'2019-10-10 11:32:16'),(1448,4544,NULL,21,1,'2019-10-10 11:32:28'),(1449,4544,NULL,27,1,'2019-10-10 11:32:47'),(1450,4549,NULL,68,1,'2019-10-10 12:47:36'),(1451,4550,NULL,26,1,'2019-10-10 13:54:52'),(1452,4550,NULL,18,1,'2019-10-10 13:55:37'),(1453,4550,NULL,17,1,'2019-10-10 13:56:14'),(1454,4550,NULL,16,1,'2019-10-10 13:56:27'),(1455,4550,NULL,15,1,'2019-10-10 13:56:33'),(1456,4550,NULL,14,1,'2019-10-10 13:56:46'),(1457,4550,NULL,9,1,'2019-10-10 13:57:00'),(1458,4550,NULL,11,1,'2019-10-10 13:57:25'),(1459,4550,NULL,1,1,'2019-10-10 13:57:34'),(1460,4550,NULL,2,1,'2019-10-10 13:57:47'),(1461,4550,NULL,10,1,'2019-10-10 13:58:17'),(1462,4550,NULL,7,1,'2019-10-10 13:59:07'),(1463,4550,NULL,5,1,'2019-10-10 13:59:24'),(1464,4550,NULL,4,1,'2019-10-10 13:59:35'),(1465,4551,NULL,1,1,'2019-10-10 14:00:14'),(1466,4550,NULL,13,1,'2019-10-10 14:01:13'),(1467,4552,NULL,1,1,'2019-10-10 14:01:22'),(1468,4559,NULL,71,1,'2019-10-10 14:47:00'),(1469,4563,NULL,20,1,'2019-10-10 15:03:30'),(1470,4565,NULL,25,1,'2019-10-10 15:27:09'),(1471,4583,NULL,21,1,'2019-11-15 20:57:21'),(1473,4583,NULL,92,1,'2019-11-15 21:09:55');
CREATE TABLE `mz0b_reporting_counts` (
  `entity_id` int(10) unsigned NOT NULL AUTO_INCREMENT COMMENT 'Entity ID',
  `type` varchar(255) DEFAULT NULL COMMENT 'Item Reported',
  `count` int(10) unsigned DEFAULT NULL COMMENT 'Count Value',
  `updated_at` timestamp NOT NULL DEFAULT CURRENT_TIMESTAMP ON UPDATE CURRENT_TIMESTAMP COMMENT 'Updated At',
  PRIMARY KEY (`entity_id`)
) ENGINE=InnoDB DEFAULT CHARSET=utf8 COMMENT='Reporting for all count related events generated via the cron job';
CREATE TABLE `mz0b_reporting_module_status` (
  `entity_id` int(10) unsigned NOT NULL AUTO_INCREMENT COMMENT 'Module Id',
  `name` varchar(255) DEFAULT NULL COMMENT 'Module Name',
  `active` varchar(255) DEFAULT NULL COMMENT 'Module Active Status',
  `setup_version` varchar(255) DEFAULT NULL COMMENT 'Module Version',
  `state` varchar(255) DEFAULT NULL COMMENT 'Module State',
  `updated_at` timestamp NOT NULL DEFAULT CURRENT_TIMESTAMP ON UPDATE CURRENT_TIMESTAMP COMMENT 'Updated At',
  PRIMARY KEY (`entity_id`)
) ENGINE=InnoDB DEFAULT CHARSET=utf8 COMMENT='Module Status Table';
CREATE TABLE `mz0b_reporting_orders` (
  `entity_id` int(10) unsigned NOT NULL AUTO_INCREMENT COMMENT 'Entity ID',
  `customer_id` int(10) unsigned DEFAULT NULL COMMENT 'Customer ID',
  `total` decimal(20,4) unsigned DEFAULT NULL,
  `total_base` decimal(20,4) unsigned DEFAULT NULL,
  `item_count` int(10) unsigned NOT NULL COMMENT 'Line Item Count',
  `updated_at` timestamp NOT NULL DEFAULT CURRENT_TIMESTAMP COMMENT 'Updated At',
  PRIMARY KEY (`entity_id`)
) ENGINE=InnoDB DEFAULT CHARSET=utf8 COMMENT='Reporting for all orders';
CREATE TABLE `mz0b_reporting_system_updates` (
  `entity_id` int(10) unsigned NOT NULL AUTO_INCREMENT COMMENT 'Entity ID',
  `type` varchar(255) DEFAULT NULL COMMENT 'Update Type',
  `action` varchar(255) DEFAULT NULL COMMENT 'Action Performed',
  `updated_at` timestamp NOT NULL DEFAULT CURRENT_TIMESTAMP COMMENT 'Updated At',
  PRIMARY KEY (`entity_id`)
) ENGINE=InnoDB DEFAULT CHARSET=utf8 COMMENT='Reporting for system updates';
CREATE TABLE `mz0b_reporting_users` (
  `entity_id` int(10) unsigned NOT NULL AUTO_INCREMENT COMMENT 'Entity ID',
  `type` varchar(255) DEFAULT NULL COMMENT 'User Type',
  `action` varchar(255) DEFAULT NULL COMMENT 'Action Performed',
  `updated_at` timestamp NOT NULL DEFAULT CURRENT_TIMESTAMP COMMENT 'Updated At',
  PRIMARY KEY (`entity_id`)
) ENGINE=InnoDB DEFAULT CHARSET=utf8 COMMENT='Reporting for user actions';
CREATE TABLE `mz0b_review` (
  `review_id` bigint(20) unsigned NOT NULL AUTO_INCREMENT COMMENT 'Review id',
  `created_at` timestamp NOT NULL DEFAULT CURRENT_TIMESTAMP COMMENT 'Review create date',
  `entity_id` smallint(5) unsigned NOT NULL DEFAULT '0' COMMENT 'Entity id',
  `entity_pk_value` int(10) unsigned NOT NULL DEFAULT '0' COMMENT 'Product id',
  `status_id` smallint(5) unsigned NOT NULL DEFAULT '0' COMMENT 'Status code',
  PRIMARY KEY (`review_id`),
  KEY `MZ0B_REVIEW_ENTITY_ID` (`entity_id`),
  KEY `MZ0B_REVIEW_STATUS_ID` (`status_id`),
  KEY `MZ0B_REVIEW_ENTITY_PK_VALUE` (`entity_pk_value`)
) ENGINE=InnoDB AUTO_INCREMENT=2 DEFAULT CHARSET=utf8 COMMENT='Review base information';
INSERT INTO `mz0b_review` VALUES (1,'2019-08-16 20:58:03',1,1,2);
CREATE TABLE `mz0b_review_detail` (
  `detail_id` bigint(20) unsigned NOT NULL AUTO_INCREMENT COMMENT 'Review detail id',
  `review_id` bigint(20) unsigned NOT NULL DEFAULT '0' COMMENT 'Review id',
  `store_id` smallint(5) unsigned DEFAULT '0' COMMENT 'Store id',
  `title` varchar(255) NOT NULL COMMENT 'Title',
  `detail` text NOT NULL COMMENT 'Detail description',
  `nickname` varchar(128) NOT NULL COMMENT 'User nickname',
  `customer_id` int(10) unsigned DEFAULT NULL COMMENT 'Customer Id',
  PRIMARY KEY (`detail_id`),
  KEY `MZ0B_REVIEW_DETAIL_REVIEW_ID` (`review_id`),
  KEY `MZ0B_REVIEW_DETAIL_STORE_ID` (`store_id`),
  KEY `MZ0B_REVIEW_DETAIL_CUSTOMER_ID` (`customer_id`)
) ENGINE=InnoDB AUTO_INCREMENT=2 DEFAULT CHARSET=utf8 COMMENT='Review detail information';
INSERT INTO `mz0b_review_detail` VALUES (1,1,1,'Blue','Test','Keith',NULL);
CREATE TABLE `mz0b_review_entity` (
  `entity_id` smallint(5) unsigned NOT NULL AUTO_INCREMENT COMMENT 'Review entity id',
  `entity_code` varchar(32) NOT NULL COMMENT 'Review entity code',
  PRIMARY KEY (`entity_id`)
) ENGINE=InnoDB AUTO_INCREMENT=4 DEFAULT CHARSET=utf8 COMMENT='Review entities';
INSERT INTO `mz0b_review_entity` VALUES (1,'product'),(2,'customer'),(3,'category');
CREATE TABLE `mz0b_review_entity_summary` (
  `primary_id` bigint(20) NOT NULL AUTO_INCREMENT COMMENT 'Summary review entity id',
  `entity_pk_value` bigint(20) NOT NULL DEFAULT '0' COMMENT 'Product id',
  `entity_type` smallint(6) NOT NULL DEFAULT '0' COMMENT 'Entity type id',
  `reviews_count` smallint(6) NOT NULL DEFAULT '0' COMMENT 'Qty of reviews',
  `rating_summary` smallint(6) NOT NULL DEFAULT '0' COMMENT 'Summarized rating',
  `store_id` smallint(5) unsigned NOT NULL DEFAULT '0' COMMENT 'Store ID',
  PRIMARY KEY (`primary_id`),
  KEY `MZ0B_REVIEW_ENTITY_SUMMARY_STORE_ID` (`store_id`)
) ENGINE=InnoDB AUTO_INCREMENT=2 DEFAULT CHARSET=utf8 COMMENT='Review aggregates';
INSERT INTO `mz0b_review_entity_summary` VALUES (1,1,1,0,0,1);
CREATE TABLE `mz0b_review_status` (
  `status_id` smallint(5) unsigned NOT NULL AUTO_INCREMENT COMMENT 'Status id',
  `status_code` varchar(32) NOT NULL COMMENT 'Status code',
  PRIMARY KEY (`status_id`)
) ENGINE=InnoDB AUTO_INCREMENT=4 DEFAULT CHARSET=utf8 COMMENT='Review statuses';
INSERT INTO `mz0b_review_status` VALUES (1,'Approved'),(2,'Pending'),(3,'Not Approved');
CREATE TABLE `mz0b_review_store` (
  `review_id` bigint(20) unsigned NOT NULL COMMENT 'Review ID',
  `store_id` smallint(5) unsigned NOT NULL COMMENT 'Store ID',
  PRIMARY KEY (`review_id`,`store_id`),
  KEY `MZ0B_REVIEW_STORE_STORE_ID` (`store_id`)
) ENGINE=InnoDB DEFAULT CHARSET=utf8 COMMENT='Review Store';
INSERT INTO `mz0b_review_store` VALUES (1,0),(1,1);
CREATE TABLE `mz0b_sales_bestsellers_aggregated_daily` (
  `id` int(10) unsigned NOT NULL AUTO_INCREMENT COMMENT 'Id',
  `period` date DEFAULT NULL COMMENT 'Period',
  `store_id` smallint(5) unsigned DEFAULT NULL COMMENT 'Store Id',
  `product_id` int(10) unsigned DEFAULT NULL COMMENT 'Product Id',
  `product_name` varchar(255) DEFAULT NULL COMMENT 'Product Name',
  `product_price` decimal(12,4) NOT NULL DEFAULT '0.0000' COMMENT 'Product Price',
  `qty_ordered` decimal(12,4) NOT NULL DEFAULT '0.0000' COMMENT 'Qty Ordered',
  `rating_pos` smallint(5) unsigned NOT NULL DEFAULT '0' COMMENT 'Rating Pos',
  PRIMARY KEY (`id`),
  UNIQUE KEY `MZ0B_SALES_BESTSELLERS_AGGRED_DAILY_PERIOD_STORE_ID_PRD_ID` (`period`,`store_id`,`product_id`),
  KEY `MZ0B_SALES_BESTSELLERS_AGGREGATED_DAILY_STORE_ID` (`store_id`),
  KEY `MZ0B_SALES_BESTSELLERS_AGGREGATED_DAILY_PRODUCT_ID` (`product_id`)
) ENGINE=InnoDB AUTO_INCREMENT=205 DEFAULT CHARSET=utf8 COMMENT='Sales Bestsellers Aggregated Daily';
INSERT INTO `mz0b_sales_bestsellers_aggregated_daily` VALUES (3,'2019-08-17',1,3,'Gift Card',25.0000,1.0000,1),(6,'2019-08-17',0,3,'Gift Card',25.0000,1.0000,1),(9,'2019-08-18',1,2,'D. Auratus - Green/Black',20.0000,1.0000,1),(12,'2019-08-18',0,2,'D. Auratus - Green/Black',20.0000,1.0000,1),(15,'2019-08-19',1,1,'D. Azureus',45.0000,1.0000,1),(16,'2019-08-19',0,1,'D. Azureus',45.0000,1.0000,1),(19,'2019-09-06',1,93,'Standard Dart Frog Setup',180.0000,1.0000,1),(20,'2019-09-06',0,93,'Standard Dart Frog Setup',180.0000,1.0000,1),(27,'2019-09-10',1,52,'Black Film Canister with Suction Cup',1.5000,1.0000,3),(28,'2019-09-10',1,67,'Isotonic Amphibian’s Ringer Solids (Makes 1/2 Gal Soln)',10.0000,1.0000,1),(29,'2019-09-10',1,68,'2% Calcium Gluconate 8 ml',5.0000,1.0000,2),(30,'2019-09-10',0,52,'Black Film Canister with Suction Cup',1.5000,1.0000,1),(31,'2019-09-10',0,67,'Isotonic Amphibian’s Ringer Solids (Makes 1/2 Gal Soln)',10.0000,1.0000,2),(32,'2019-09-10',0,68,'2% Calcium Gluconate 8 ml',5.0000,1.0000,3),(39,'2019-09-17',1,29,'32oz \"Jumpy\" Winged Flightless Drosophila Melanogaster',5.0000,2.0000,2),(40,'2019-09-17',1,53,'32 Oz Disposable Insect Culture Containers',0.8000,25.0000,1),(41,'2019-09-18',1,23,'R. Imitator - Banded',75.0000,1.0000,1),(42,'2019-09-17',0,29,'32oz \"Jumpy\" Winged Flightless Drosophila Melanogaster',5.0000,2.0000,2),(43,'2019-09-17',0,53,'32 Oz Disposable Insect Culture Containers',0.8000,25.0000,1),(44,'2019-09-18',0,23,'R. Imitator - Banded',75.0000,1.0000,1),(49,'2019-09-21',1,36,'Fruit Fly Starter Kit - \"Golden Delicious\" Wingless Drosophila Melanogaster',20.0000,1.0000,1),(52,'2019-09-21',0,36,'Fruit Fly Starter Kit - \"Golden Delicious\" Wingless Drosophila Melanogaster',20.0000,1.0000,1),(61,'2019-09-27',1,2,'D. Auratus - Green/Black',20.0000,3.0000,1),(62,'2019-09-27',0,2,'D. Auratus - Green/Black',20.0000,3.0000,1),(99,'2019-09-23',1,28,'32oz \"Golden Delicious\" Wingless Drosophila Melanogaster',5.0000,3.0000,1),(100,'2019-09-23',1,29,'32oz \"Jumpy\" Winged Flightless Drosophila Melanogaster',5.0000,3.0000,2),(101,'2019-09-26',1,29,'32oz \"Jumpy\" Winged Flightless Drosophila Melanogaster',5.0000,4.0000,1),(102,'2019-09-26',1,30,'32oz \"Turkish\" Winged Flightless Drosophila Melanogaster',5.0000,4.0000,2),(103,'2019-09-26',1,55,'F&T\'s Optimized Drosophila Culture Media - 1 Gallon',20.0000,1.0000,3),(104,'2019-09-28',1,67,'Isotonic Amphibian’s Ringer Solids (Makes 1/2 Gal Soln)',10.0000,2.0000,1),(105,'2019-09-28',1,68,'2% Calcium Gluconate 8 ml',5.0000,2.0000,2),(114,'2019-09-23',0,28,'32oz \"Golden Delicious\" Wingless Drosophila Melanogaster',5.0000,3.0000,1),(115,'2019-09-23',0,29,'32oz \"Jumpy\" Winged Flightless Drosophila Melanogaster',5.0000,3.0000,2),(116,'2019-09-26',0,29,'32oz \"Jumpy\" Winged Flightless Drosophila Melanogaster',5.0000,4.0000,1),(117,'2019-09-26',0,30,'32oz \"Turkish\" Winged Flightless Drosophila Melanogaster',5.0000,4.0000,2),(118,'2019-09-26',0,55,'F&T\'s Optimized Drosophila Culture Media - 1 Gallon',20.0000,1.0000,3),(119,'2019-09-28',0,67,'Isotonic Amphibian’s Ringer Solids (Makes 1/2 Gal Soln)',10.0000,2.0000,1),(120,'2019-09-28',0,68,'2% Calcium Gluconate 8 ml',5.0000,2.0000,2),(129,'2019-09-29',1,24,'R. Imitator - Varadero',70.0000,2.0000,1),(130,'2019-09-29',1,31,'16oz Tropical Springtail Culture',5.0000,1.0000,2),(132,'2019-09-29',0,24,'R. Imitator - Varadero',70.0000,2.0000,1),(133,'2019-09-29',0,31,'16oz Tropical Springtail Culture',5.0000,1.0000,2),(137,'2019-10-03',1,55,'F&T\'s Optimized Drosophila Culture Media - 1 Gallon',20.0000,1.0000,1),(140,'2019-10-03',0,55,'F&T\'s Optimized Drosophila Culture Media - 1 Gallon',20.0000,1.0000,1),(171,'2019-10-04',1,31,'16oz Tropical Springtail Culture',5.0000,1.0000,2),(172,'2019-10-04',1,32,'32oz Bean Beetle (Callosobruchus Maculatus) Culture',5.0000,4.0000,1),(173,'2019-10-05',1,28,'32oz \"Golden Delicious\" Wingless Drosophila Melanogaster',5.0000,1.0000,2),(174,'2019-10-05',1,29,'32oz \"Jumpy\" Winged Flightless Drosophila Melanogaster',5.0000,1.0000,3),(175,'2019-10-05',1,30,'32oz \"Turkish\" Winged Flightless Drosophila Melanogaster',5.0000,1.0000,1),(176,'2019-10-06',1,55,'F&T\'s Optimized Drosophila Culture Media - 1 Gallon',20.0000,1.0000,1),(177,'2019-10-06',1,58,'Bromeliad Neoregelia',8.0000,1.0000,2),(178,'2019-10-06',1,64,'Pilea Nummulariifolia',8.0000,1.0000,3),(186,'2019-10-04',0,31,'16oz Tropical Springtail Culture',5.0000,1.0000,2),(187,'2019-10-04',0,32,'32oz Bean Beetle (Callosobruchus Maculatus) Culture',5.0000,4.0000,1),(188,'2019-10-05',0,28,'32oz \"Golden Delicious\" Wingless Drosophila Melanogaster',5.0000,1.0000,1),(189,'2019-10-05',0,29,'32oz \"Jumpy\" Winged Flightless Drosophila Melanogaster',5.0000,1.0000,2),(190,'2019-10-05',0,30,'32oz \"Turkish\" Winged Flightless Drosophila Melanogaster',5.0000,1.0000,3),(191,'2019-10-06',0,55,'F&T\'s Optimized Drosophila Culture Media - 1 Gallon',20.0000,1.0000,1),(192,'2019-10-06',0,58,'Bromeliad Neoregelia',8.0000,1.0000,2),(193,'2019-10-06',0,64,'Pilea Nummulariifolia',8.0000,1.0000,3),(203,'2019-10-08',1,31,'16oz Tropical Springtail Culture',5.0000,2.0000,1),(204,'2019-10-08',0,31,'16oz Tropical Springtail Culture',5.0000,2.0000,1);
CREATE TABLE `mz0b_sales_bestsellers_aggregated_monthly` (
  `id` int(10) unsigned NOT NULL AUTO_INCREMENT COMMENT 'Id',
  `period` date DEFAULT NULL COMMENT 'Period',
  `store_id` smallint(5) unsigned DEFAULT NULL COMMENT 'Store Id',
  `product_id` int(10) unsigned DEFAULT NULL COMMENT 'Product Id',
  `product_name` varchar(255) DEFAULT NULL COMMENT 'Product Name',
  `product_price` decimal(12,4) NOT NULL DEFAULT '0.0000' COMMENT 'Product Price',
  `qty_ordered` decimal(12,4) NOT NULL DEFAULT '0.0000' COMMENT 'Qty Ordered',
  `rating_pos` smallint(5) unsigned NOT NULL DEFAULT '0' COMMENT 'Rating Pos',
  PRIMARY KEY (`id`),
  UNIQUE KEY `MZ0B_SALES_BESTSELLERS_AGGRED_MONTHLY_PERIOD_STORE_ID_PRD_ID` (`period`,`store_id`,`product_id`),
  KEY `MZ0B_SALES_BESTSELLERS_AGGREGATED_MONTHLY_STORE_ID` (`store_id`),
  KEY `MZ0B_SALES_BESTSELLERS_AGGREGATED_MONTHLY_PRODUCT_ID` (`product_id`)
) ENGINE=InnoDB AUTO_INCREMENT=103 DEFAULT CHARSET=utf8 COMMENT='Sales Bestsellers Aggregated Monthly';
INSERT INTO `mz0b_sales_bestsellers_aggregated_monthly` VALUES (1,'2019-08-01',0,3,'Gift Card',25.0000,1.0000,1),(2,'2019-08-01',1,3,'Gift Card',25.0000,1.0000,3),(4,'2019-08-01',0,2,'D. Auratus - Green/Black',20.0000,1.0000,3),(5,'2019-08-01',1,2,'D. Auratus - Green/Black',20.0000,1.0000,2),(7,'2019-08-01',0,1,'D. Azureus',45.0000,1.0000,2),(8,'2019-08-01',1,1,'D. Azureus',45.0000,1.0000,1),(21,'2019-09-01',0,93,'Standard Dart Frog Setup',180.0000,1.0000,14),(22,'2019-09-01',1,93,'Standard Dart Frog Setup',180.0000,1.0000,9),(27,'2019-09-01',0,67,'Isotonic Amphibian’s Ringer Solids (Makes 1/2 Gal Soln)',10.0000,3.0000,4),(28,'2019-09-01',0,68,'2% Calcium Gluconate 8 ml',5.0000,3.0000,6),(29,'2019-09-01',0,52,'Black Film Canister with Suction Cup',1.5000,1.0000,10),(30,'2019-09-01',1,67,'Isotonic Amphibian’s Ringer Solids (Makes 1/2 Gal Soln)',10.0000,3.0000,4),(31,'2019-09-01',1,68,'2% Calcium Gluconate 8 ml',5.0000,3.0000,7),(32,'2019-09-01',1,52,'Black Film Canister with Suction Cup',1.5000,1.0000,14),(34,'2019-09-01',0,53,'32 Oz Disposable Insect Culture Containers',0.8000,25.0000,1),(35,'2019-09-01',0,29,'32oz \"Jumpy\" Winged Flightless Drosophila Melanogaster',5.0000,9.0000,2),(36,'2019-09-01',1,53,'32 Oz Disposable Insect Culture Containers',0.8000,25.0000,1),(37,'2019-09-01',1,29,'32oz \"Jumpy\" Winged Flightless Drosophila Melanogaster',5.0000,9.0000,2),(41,'2019-09-01',0,23,'R. Imitator - Banded',75.0000,1.0000,12),(42,'2019-09-01',1,23,'R. Imitator - Banded',75.0000,1.0000,10),(46,'2019-09-01',0,36,'Fruit Fly Starter Kit - \"Golden Delicious\" Wingless Drosophila Melanogaster',20.0000,1.0000,11),(47,'2019-09-01',1,36,'Fruit Fly Starter Kit - \"Golden Delicious\" Wingless Drosophila Melanogaster',20.0000,1.0000,13),(50,'2019-09-01',0,28,'32oz \"Golden Delicious\" Wingless Drosophila Melanogaster',5.0000,3.0000,5),(51,'2019-09-01',1,28,'32oz \"Golden Delicious\" Wingless Drosophila Melanogaster',5.0000,3.0000,5),(55,'2019-09-01',0,30,'32oz \"Turkish\" Winged Flightless Drosophila Melanogaster',5.0000,4.0000,3),(56,'2019-09-01',0,55,'F&T\'s Optimized Drosophila Culture Media - 1 Gallon',20.0000,1.0000,13),(57,'2019-09-01',1,30,'32oz \"Turkish\" Winged Flightless Drosophila Melanogaster',5.0000,4.0000,3),(58,'2019-09-01',1,55,'F&T\'s Optimized Drosophila Culture Media - 1 Gallon',20.0000,1.0000,11),(62,'2019-09-01',0,2,'D. Auratus - Green/Black',20.0000,3.0000,7),(63,'2019-09-01',1,2,'D. Auratus - Green/Black',20.0000,3.0000,6),(66,'2019-09-01',0,24,'R. Imitator - Varadero',70.0000,2.0000,8),(67,'2019-09-01',0,31,'16oz Tropical Springtail Culture',5.0000,1.0000,9),(68,'2019-09-01',1,24,'R. Imitator - Varadero',70.0000,2.0000,8),(69,'2019-09-01',1,31,'16oz Tropical Springtail Culture',5.0000,1.0000,12),(76,'2019-10-01',0,55,'F&T\'s Optimized Drosophila Culture Media - 1 Gallon',20.0000,2.0000,3),(77,'2019-10-01',1,55,'F&T\'s Optimized Drosophila Culture Media - 1 Gallon',20.0000,2.0000,3),(79,'2019-10-01',0,32,'32oz Bean Beetle (Callosobruchus Maculatus) Culture',5.0000,4.0000,1),(80,'2019-10-01',0,31,'16oz Tropical Springtail Culture',5.0000,3.0000,2),(81,'2019-10-01',1,32,'32oz Bean Beetle (Callosobruchus Maculatus) Culture',5.0000,4.0000,1),(82,'2019-10-01',1,31,'16oz Tropical Springtail Culture',5.0000,3.0000,2),(86,'2019-10-01',0,29,'32oz \"Jumpy\" Winged Flightless Drosophila Melanogaster',5.0000,1.0000,5),(87,'2019-10-01',0,30,'32oz \"Turkish\" Winged Flightless Drosophila Melanogaster',5.0000,1.0000,7),(88,'2019-10-01',0,28,'32oz \"Golden Delicious\" Wingless Drosophila Melanogaster',5.0000,1.0000,8),(89,'2019-10-01',1,29,'32oz \"Jumpy\" Winged Flightless Drosophila Melanogaster',5.0000,1.0000,6),(90,'2019-10-01',1,30,'32oz \"Turkish\" Winged Flightless Drosophila Melanogaster',5.0000,1.0000,8),(91,'2019-10-01',1,28,'32oz \"Golden Delicious\" Wingless Drosophila Melanogaster',5.0000,1.0000,4),(93,'2019-10-01',0,58,'Bromeliad Neoregelia',8.0000,1.0000,4),(94,'2019-10-01',0,64,'Pilea Nummulariifolia',8.0000,1.0000,6),(95,'2019-10-01',1,64,'Pilea Nummulariifolia',8.0000,1.0000,7),(96,'2019-10-01',1,58,'Bromeliad Neoregelia',8.0000,1.0000,5);
CREATE TABLE `mz0b_sales_bestsellers_aggregated_yearly` (
  `id` int(10) unsigned NOT NULL AUTO_INCREMENT COMMENT 'Id',
  `period` date DEFAULT NULL COMMENT 'Period',
  `store_id` smallint(5) unsigned DEFAULT NULL COMMENT 'Store Id',
  `product_id` int(10) unsigned DEFAULT NULL COMMENT 'Product Id',
  `product_name` varchar(255) DEFAULT NULL COMMENT 'Product Name',
  `product_price` decimal(12,4) NOT NULL DEFAULT '0.0000' COMMENT 'Product Price',
  `qty_ordered` decimal(12,4) NOT NULL DEFAULT '0.0000' COMMENT 'Qty Ordered',
  `rating_pos` smallint(5) unsigned NOT NULL DEFAULT '0' COMMENT 'Rating Pos',
  PRIMARY KEY (`id`),
  UNIQUE KEY `MZ0B_SALES_BESTSELLERS_AGGRED_YEARLY_PERIOD_STORE_ID_PRD_ID` (`period`,`store_id`,`product_id`),
  KEY `MZ0B_SALES_BESTSELLERS_AGGREGATED_YEARLY_STORE_ID` (`store_id`),
  KEY `MZ0B_SALES_BESTSELLERS_AGGREGATED_YEARLY_PRODUCT_ID` (`product_id`)
) ENGINE=InnoDB AUTO_INCREMENT=89 DEFAULT CHARSET=utf8 COMMENT='Sales Bestsellers Aggregated Yearly';
INSERT INTO `mz0b_sales_bestsellers_aggregated_yearly` VALUES (1,'2019-01-01',0,3,'Gift Card',25.0000,1.0000,12),(2,'2019-01-01',1,3,'Gift Card',25.0000,1.0000,17),(4,'2019-01-01',0,2,'D. Auratus - Green/Black',20.0000,4.0000,7),(5,'2019-01-01',1,2,'D. Auratus - Green/Black',20.0000,4.0000,5),(7,'2019-01-01',0,1,'D. Azureus',45.0000,1.0000,19),(8,'2019-01-01',1,1,'D. Azureus',45.0000,1.0000,15),(21,'2019-01-01',0,93,'Standard Dart Frog Setup',180.0000,1.0000,17),(22,'2019-01-01',1,93,'Standard Dart Frog Setup',180.0000,1.0000,13),(27,'2019-01-01',0,67,'Isotonic Amphibian’s Ringer Solids (Makes 1/2 Gal Soln)',10.0000,3.0000,8),(28,'2019-01-01',0,68,'2% Calcium Gluconate 8 ml',5.0000,3.0000,10),(29,'2019-01-01',0,52,'Black Film Canister with Suction Cup',1.5000,1.0000,13),(30,'2019-01-01',1,67,'Isotonic Amphibian’s Ringer Solids (Makes 1/2 Gal Soln)',10.0000,3.0000,8),(31,'2019-01-01',1,68,'2% Calcium Gluconate 8 ml',5.0000,3.0000,10),(32,'2019-01-01',1,52,'Black Film Canister with Suction Cup',1.5000,1.0000,19),(34,'2019-01-01',0,53,'32 Oz Disposable Insect Culture Containers',0.8000,25.0000,1),(35,'2019-01-01',0,29,'32oz \"Jumpy\" Winged Flightless Drosophila Melanogaster',5.0000,10.0000,2),(36,'2019-01-01',1,53,'32 Oz Disposable Insect Culture Containers',0.8000,25.0000,1),(37,'2019-01-01',1,29,'32oz \"Jumpy\" Winged Flightless Drosophila Melanogaster',5.0000,10.0000,2),(41,'2019-01-01',0,23,'R. Imitator - Banded',75.0000,1.0000,16),(42,'2019-01-01',1,23,'R. Imitator - Banded',75.0000,1.0000,14),(46,'2019-01-01',0,36,'Fruit Fly Starter Kit - \"Golden Delicious\" Wingless Drosophila Melanogaster',20.0000,1.0000,14),(47,'2019-01-01',1,36,'Fruit Fly Starter Kit - \"Golden Delicious\" Wingless Drosophila Melanogaster',20.0000,1.0000,18),(50,'2019-01-01',0,28,'32oz \"Golden Delicious\" Wingless Drosophila Melanogaster',5.0000,4.0000,5),(51,'2019-01-01',1,28,'32oz \"Golden Delicious\" Wingless Drosophila Melanogaster',5.0000,4.0000,6),(55,'2019-01-01',0,30,'32oz \"Turkish\" Winged Flightless Drosophila Melanogaster',5.0000,5.0000,3),(56,'2019-01-01',0,55,'F&T\'s Optimized Drosophila Culture Media - 1 Gallon',20.0000,3.0000,9),(57,'2019-01-01',1,30,'32oz \"Turkish\" Winged Flightless Drosophila Melanogaster',5.0000,5.0000,3),(58,'2019-01-01',1,55,'F&T\'s Optimized Drosophila Culture Media - 1 Gallon',20.0000,3.0000,9),(64,'2019-01-01',0,24,'R. Imitator - Varadero',70.0000,2.0000,11),(65,'2019-01-01',0,31,'16oz Tropical Springtail Culture',5.0000,4.0000,4),(66,'2019-01-01',1,24,'R. Imitator - Varadero',70.0000,2.0000,11),(67,'2019-01-01',1,31,'16oz Tropical Springtail Culture',5.0000,4.0000,4),(75,'2019-01-01',0,32,'32oz Bean Beetle (Callosobruchus Maculatus) Culture',5.0000,4.0000,6),(76,'2019-01-01',1,32,'32oz Bean Beetle (Callosobruchus Maculatus) Culture',5.0000,4.0000,7),(79,'2019-01-01',0,64,'Pilea Nummulariifolia',8.0000,1.0000,18),(80,'2019-01-01',0,58,'Bromeliad Neoregelia',8.0000,1.0000,15),(81,'2019-01-01',1,58,'Bromeliad Neoregelia',8.0000,1.0000,12),(82,'2019-01-01',1,64,'Pilea Nummulariifolia',8.0000,1.0000,16);
CREATE TABLE `mz0b_sales_creditmemo` (
  `entity_id` int(10) unsigned NOT NULL AUTO_INCREMENT COMMENT 'Entity Id',
  `store_id` smallint(5) unsigned DEFAULT NULL COMMENT 'Store Id',
  `adjustment_positive` decimal(20,4) DEFAULT NULL COMMENT 'Adjustment Positive',
  `base_shipping_tax_amount` decimal(20,4) DEFAULT NULL COMMENT 'Base Shipping Tax Amount',
  `store_to_order_rate` decimal(20,4) DEFAULT NULL COMMENT 'Store To Order Rate',
  `base_discount_amount` decimal(20,4) DEFAULT NULL COMMENT 'Base Discount Amount',
  `base_to_order_rate` decimal(20,4) DEFAULT NULL COMMENT 'Base To Order Rate',
  `grand_total` decimal(20,4) DEFAULT NULL COMMENT 'Grand Total',
  `base_adjustment_negative` decimal(20,4) DEFAULT NULL COMMENT 'Base Adjustment Negative',
  `base_subtotal_incl_tax` decimal(20,4) DEFAULT NULL COMMENT 'Base Subtotal Incl Tax',
  `shipping_amount` decimal(20,4) DEFAULT NULL COMMENT 'Shipping Amount',
  `subtotal_incl_tax` decimal(20,4) DEFAULT NULL COMMENT 'Subtotal Incl Tax',
  `adjustment_negative` decimal(20,4) DEFAULT NULL COMMENT 'Adjustment Negative',
  `base_shipping_amount` decimal(20,4) DEFAULT NULL COMMENT 'Base Shipping Amount',
  `store_to_base_rate` decimal(20,4) DEFAULT NULL COMMENT 'Store To Base Rate',
  `base_to_global_rate` decimal(20,4) DEFAULT NULL COMMENT 'Base To Global Rate',
  `base_adjustment` decimal(20,4) DEFAULT NULL COMMENT 'Base Adjustment',
  `base_subtotal` decimal(20,4) DEFAULT NULL COMMENT 'Base Subtotal',
  `discount_amount` decimal(20,4) DEFAULT NULL COMMENT 'Discount Amount',
  `subtotal` decimal(20,4) DEFAULT NULL COMMENT 'Subtotal',
  `adjustment` decimal(20,4) DEFAULT NULL COMMENT 'Adjustment',
  `base_grand_total` decimal(20,4) DEFAULT NULL COMMENT 'Base Grand Total',
  `base_adjustment_positive` decimal(20,4) DEFAULT NULL COMMENT 'Base Adjustment Positive',
  `base_tax_amount` decimal(20,4) DEFAULT NULL COMMENT 'Base Tax Amount',
  `shipping_tax_amount` decimal(20,4) DEFAULT NULL COMMENT 'Shipping Tax Amount',
  `tax_amount` decimal(20,4) DEFAULT NULL COMMENT 'Tax Amount',
  `order_id` int(10) unsigned NOT NULL COMMENT 'Order Id',
  `email_sent` smallint(5) unsigned DEFAULT NULL COMMENT 'Email Sent',
  `send_email` smallint(5) unsigned DEFAULT NULL COMMENT 'Send Email',
  `creditmemo_status` int(11) DEFAULT NULL COMMENT 'Creditmemo Status',
  `state` int(11) DEFAULT NULL COMMENT 'State',
  `shipping_address_id` int(11) DEFAULT NULL COMMENT 'Shipping Address Id',
  `billing_address_id` int(11) DEFAULT NULL COMMENT 'Billing Address Id',
  `invoice_id` int(11) DEFAULT NULL COMMENT 'Invoice Id',
  `store_currency_code` varchar(3) DEFAULT NULL COMMENT 'Store Currency Code',
  `order_currency_code` varchar(3) DEFAULT NULL COMMENT 'Order Currency Code',
  `base_currency_code` varchar(3) DEFAULT NULL COMMENT 'Base Currency Code',
  `global_currency_code` varchar(3) DEFAULT NULL COMMENT 'Global Currency Code',
  `transaction_id` varchar(255) DEFAULT NULL COMMENT 'Transaction Id',
  `increment_id` varchar(50) DEFAULT NULL COMMENT 'Increment Id',
  `created_at` timestamp NOT NULL DEFAULT CURRENT_TIMESTAMP COMMENT 'Created At',
  `updated_at` timestamp NOT NULL DEFAULT CURRENT_TIMESTAMP ON UPDATE CURRENT_TIMESTAMP COMMENT 'Updated At',
  `discount_tax_compensation_amount` decimal(20,4) DEFAULT NULL COMMENT 'Discount Tax Compensation Amount',
  `base_discount_tax_compensation_amount` decimal(20,4) DEFAULT NULL COMMENT 'Base Discount Tax Compensation Amount',
  `shipping_discount_tax_compensation_amount` decimal(20,4) DEFAULT NULL COMMENT 'Shipping Discount Tax Compensation Amount',
  `base_shipping_discount_tax_compensation_amnt` decimal(20,4) DEFAULT NULL COMMENT 'Base Shipping Discount Tax Compensation Amount',
  `shipping_incl_tax` decimal(20,4) DEFAULT NULL COMMENT 'Shipping Incl Tax',
  `base_shipping_incl_tax` decimal(20,4) DEFAULT NULL COMMENT 'Base Shipping Incl Tax',
  `discount_description` varchar(255) DEFAULT NULL COMMENT 'Discount Description',
  `customer_note` text COMMENT 'Customer Note',
  `customer_note_notify` smallint(5) unsigned DEFAULT NULL COMMENT 'Customer Note Notify',
  PRIMARY KEY (`entity_id`),
  UNIQUE KEY `MZ0B_SALES_CREDITMEMO_INCREMENT_ID_STORE_ID` (`increment_id`,`store_id`),
  KEY `MZ0B_SALES_CREDITMEMO_STORE_ID` (`store_id`),
  KEY `MZ0B_SALES_CREDITMEMO_ORDER_ID` (`order_id`),
  KEY `MZ0B_SALES_CREDITMEMO_CREDITMEMO_STATUS` (`creditmemo_status`),
  KEY `MZ0B_SALES_CREDITMEMO_STATE` (`state`),
  KEY `MZ0B_SALES_CREDITMEMO_CREATED_AT` (`created_at`),
  KEY `MZ0B_SALES_CREDITMEMO_UPDATED_AT` (`updated_at`),
  KEY `MZ0B_SALES_CREDITMEMO_SEND_EMAIL` (`send_email`),
  KEY `MZ0B_SALES_CREDITMEMO_EMAIL_SENT` (`email_sent`)
) ENGINE=InnoDB DEFAULT CHARSET=utf8 COMMENT='Sales Flat Creditmemo';
CREATE TABLE `mz0b_sales_creditmemo_comment` (
  `entity_id` int(10) unsigned NOT NULL AUTO_INCREMENT COMMENT 'Entity Id',
  `parent_id` int(10) unsigned NOT NULL COMMENT 'Parent Id',
  `is_customer_notified` int(11) DEFAULT NULL COMMENT 'Is Customer Notified',
  `is_visible_on_front` smallint(5) unsigned NOT NULL DEFAULT '0' COMMENT 'Is Visible On Front',
  `comment` text COMMENT 'Comment',
  `created_at` timestamp NOT NULL DEFAULT CURRENT_TIMESTAMP COMMENT 'Created At',
  PRIMARY KEY (`entity_id`),
  KEY `MZ0B_SALES_CREDITMEMO_COMMENT_CREATED_AT` (`created_at`),
  KEY `MZ0B_SALES_CREDITMEMO_COMMENT_PARENT_ID` (`parent_id`)
) ENGINE=InnoDB DEFAULT CHARSET=utf8 COMMENT='Sales Flat Creditmemo Comment';
CREATE TABLE `mz0b_sales_creditmemo_grid` (
  `entity_id` int(10) unsigned NOT NULL COMMENT 'Entity Id',
  `increment_id` varchar(50) DEFAULT NULL COMMENT 'Increment Id',
  `created_at` timestamp NULL DEFAULT NULL COMMENT 'Created At',
  `updated_at` timestamp NULL DEFAULT NULL COMMENT 'Updated At',
  `order_id` int(10) unsigned NOT NULL COMMENT 'Order Id',
  `order_increment_id` varchar(50) DEFAULT NULL COMMENT 'Order Increment Id',
  `order_created_at` timestamp NULL DEFAULT NULL COMMENT 'Order Created At',
  `billing_name` varchar(255) DEFAULT NULL COMMENT 'Billing Name',
  `state` int(11) DEFAULT NULL COMMENT 'Status',
  `base_grand_total` decimal(20,4) DEFAULT NULL COMMENT 'Base Grand Total',
  `order_status` varchar(32) DEFAULT NULL COMMENT 'Order Status',
  `store_id` smallint(5) unsigned DEFAULT NULL COMMENT 'Store Id',
  `billing_address` varchar(255) DEFAULT NULL COMMENT 'Billing Address',
  `shipping_address` varchar(255) DEFAULT NULL COMMENT 'Shipping Address',
  `customer_name` varchar(128) NOT NULL COMMENT 'Customer Name',
  `customer_email` varchar(128) DEFAULT NULL COMMENT 'Customer Email',
  `customer_group_id` smallint(6) DEFAULT NULL COMMENT 'Customer Group Id',
  `payment_method` varchar(32) DEFAULT NULL COMMENT 'Payment Method',
  `shipping_information` varchar(255) DEFAULT NULL COMMENT 'Shipping Method Name',
  `subtotal` decimal(20,4) DEFAULT NULL COMMENT 'Subtotal',
  `shipping_and_handling` decimal(20,4) DEFAULT NULL COMMENT 'Shipping and handling amount',
  `adjustment_positive` decimal(20,4) DEFAULT NULL COMMENT 'Adjustment Positive',
  `adjustment_negative` decimal(20,4) DEFAULT NULL COMMENT 'Adjustment Negative',
  `order_base_grand_total` decimal(20,4) DEFAULT NULL COMMENT 'Order Grand Total',
  PRIMARY KEY (`entity_id`),
  UNIQUE KEY `MZ0B_SALES_CREDITMEMO_GRID_INCREMENT_ID_STORE_ID` (`increment_id`,`store_id`),
  KEY `MZ0B_SALES_CREDITMEMO_GRID_ORDER_INCREMENT_ID` (`order_increment_id`),
  KEY `MZ0B_SALES_CREDITMEMO_GRID_CREATED_AT` (`created_at`),
  KEY `MZ0B_SALES_CREDITMEMO_GRID_UPDATED_AT` (`updated_at`),
  KEY `MZ0B_SALES_CREDITMEMO_GRID_ORDER_CREATED_AT` (`order_created_at`),
  KEY `MZ0B_SALES_CREDITMEMO_GRID_STATE` (`state`),
  KEY `MZ0B_SALES_CREDITMEMO_GRID_BILLING_NAME` (`billing_name`),
  KEY `MZ0B_SALES_CREDITMEMO_GRID_ORDER_STATUS` (`order_status`),
  KEY `MZ0B_SALES_CREDITMEMO_GRID_BASE_GRAND_TOTAL` (`base_grand_total`),
  KEY `MZ0B_SALES_CREDITMEMO_GRID_STORE_ID` (`store_id`),
  KEY `MZ0B_SALES_CREDITMEMO_GRID_ORDER_BASE_GRAND_TOTAL` (`order_base_grand_total`),
  KEY `MZ0B_SALES_CREDITMEMO_GRID_ORDER_ID` (`order_id`),
  FULLTEXT KEY `FTI_D5FC9F3D040B88A0C9BFF31894F3288D` (`increment_id`,`order_increment_id`,`billing_name`,`billing_address`,`shipping_address`,`customer_name`,`customer_email`)
) ENGINE=InnoDB DEFAULT CHARSET=utf8 COMMENT='Sales Flat Creditmemo Grid';
CREATE TABLE `mz0b_sales_creditmemo_item` (
  `entity_id` int(10) unsigned NOT NULL AUTO_INCREMENT COMMENT 'Entity Id',
  `parent_id` int(10) unsigned NOT NULL COMMENT 'Parent Id',
  `base_price` decimal(12,4) DEFAULT NULL COMMENT 'Base Price',
  `tax_amount` decimal(12,4) DEFAULT NULL COMMENT 'Tax Amount',
  `base_row_total` decimal(12,4) DEFAULT NULL COMMENT 'Base Row Total',
  `discount_amount` decimal(12,4) DEFAULT NULL COMMENT 'Discount Amount',
  `row_total` decimal(12,4) DEFAULT NULL COMMENT 'Row Total',
  `base_discount_amount` decimal(12,4) DEFAULT NULL COMMENT 'Base Discount Amount',
  `price_incl_tax` decimal(12,4) DEFAULT NULL COMMENT 'Price Incl Tax',
  `base_tax_amount` decimal(12,4) DEFAULT NULL COMMENT 'Base Tax Amount',
  `base_price_incl_tax` decimal(12,4) DEFAULT NULL COMMENT 'Base Price Incl Tax',
  `qty` decimal(12,4) DEFAULT NULL COMMENT 'Qty',
  `base_cost` decimal(12,4) DEFAULT NULL COMMENT 'Base Cost',
  `price` decimal(12,4) DEFAULT NULL COMMENT 'Price',
  `base_row_total_incl_tax` decimal(12,4) DEFAULT NULL COMMENT 'Base Row Total Incl Tax',
  `row_total_incl_tax` decimal(12,4) DEFAULT NULL COMMENT 'Row Total Incl Tax',
  `product_id` int(11) DEFAULT NULL COMMENT 'Product Id',
  `order_item_id` int(11) DEFAULT NULL COMMENT 'Order Item Id',
  `additional_data` text COMMENT 'Additional Data',
  `description` text COMMENT 'Description',
  `sku` varchar(255) DEFAULT NULL COMMENT 'Sku',
  `name` varchar(255) DEFAULT NULL COMMENT 'Name',
  `discount_tax_compensation_amount` decimal(12,4) DEFAULT NULL COMMENT 'Discount Tax Compensation Amount',
  `base_discount_tax_compensation_amount` decimal(12,4) DEFAULT NULL COMMENT 'Base Discount Tax Compensation Amount',
  `tax_ratio` text COMMENT 'Ratio of tax in the creditmemo item over tax of the order item',
  `weee_tax_applied` text COMMENT 'Weee Tax Applied',
  `weee_tax_applied_amount` decimal(12,4) DEFAULT NULL COMMENT 'Weee Tax Applied Amount',
  `weee_tax_applied_row_amount` decimal(12,4) DEFAULT NULL COMMENT 'Weee Tax Applied Row Amount',
  `weee_tax_disposition` decimal(12,4) DEFAULT NULL COMMENT 'Weee Tax Disposition',
  `weee_tax_row_disposition` decimal(12,4) DEFAULT NULL COMMENT 'Weee Tax Row Disposition',
  `base_weee_tax_applied_amount` decimal(12,4) DEFAULT NULL COMMENT 'Base Weee Tax Applied Amount',
  `base_weee_tax_applied_row_amnt` decimal(12,4) DEFAULT NULL COMMENT 'Base Weee Tax Applied Row Amnt',
  `base_weee_tax_disposition` decimal(12,4) DEFAULT NULL COMMENT 'Base Weee Tax Disposition',
  `base_weee_tax_row_disposition` decimal(12,4) DEFAULT NULL COMMENT 'Base Weee Tax Row Disposition',
  PRIMARY KEY (`entity_id`),
  KEY `MZ0B_SALES_CREDITMEMO_ITEM_PARENT_ID` (`parent_id`)
) ENGINE=InnoDB DEFAULT CHARSET=utf8 COMMENT='Sales Flat Creditmemo Item';
CREATE TABLE `mz0b_sales_invoice` (
  `entity_id` int(10) unsigned NOT NULL AUTO_INCREMENT COMMENT 'Entity Id',
  `store_id` smallint(5) unsigned DEFAULT NULL COMMENT 'Store Id',
  `base_grand_total` decimal(20,4) DEFAULT NULL COMMENT 'Base Grand Total',
  `shipping_tax_amount` decimal(20,4) DEFAULT NULL COMMENT 'Shipping Tax Amount',
  `tax_amount` decimal(20,4) DEFAULT NULL COMMENT 'Tax Amount',
  `base_tax_amount` decimal(20,4) DEFAULT NULL COMMENT 'Base Tax Amount',
  `store_to_order_rate` decimal(20,4) DEFAULT NULL COMMENT 'Store To Order Rate',
  `base_shipping_tax_amount` decimal(20,4) DEFAULT NULL COMMENT 'Base Shipping Tax Amount',
  `base_discount_amount` decimal(20,4) DEFAULT NULL COMMENT 'Base Discount Amount',
  `base_to_order_rate` decimal(20,4) DEFAULT NULL COMMENT 'Base To Order Rate',
  `grand_total` decimal(20,4) DEFAULT NULL COMMENT 'Grand Total',
  `shipping_amount` decimal(20,4) DEFAULT NULL COMMENT 'Shipping Amount',
  `subtotal_incl_tax` decimal(20,4) DEFAULT NULL COMMENT 'Subtotal Incl Tax',
  `base_subtotal_incl_tax` decimal(20,4) DEFAULT NULL COMMENT 'Base Subtotal Incl Tax',
  `store_to_base_rate` decimal(20,4) DEFAULT NULL COMMENT 'Store To Base Rate',
  `base_shipping_amount` decimal(20,4) DEFAULT NULL COMMENT 'Base Shipping Amount',
  `total_qty` decimal(12,4) DEFAULT NULL COMMENT 'Total Qty',
  `base_to_global_rate` decimal(20,4) DEFAULT NULL COMMENT 'Base To Global Rate',
  `subtotal` decimal(20,4) DEFAULT NULL COMMENT 'Subtotal',
  `base_subtotal` decimal(20,4) DEFAULT NULL COMMENT 'Base Subtotal',
  `discount_amount` decimal(20,4) DEFAULT NULL COMMENT 'Discount Amount',
  `billing_address_id` int(11) DEFAULT NULL COMMENT 'Billing Address Id',
  `is_used_for_refund` smallint(5) unsigned DEFAULT NULL COMMENT 'Is Used For Refund',
  `order_id` int(10) unsigned NOT NULL COMMENT 'Order Id',
  `email_sent` smallint(5) unsigned DEFAULT NULL COMMENT 'Email Sent',
  `send_email` smallint(5) unsigned DEFAULT NULL COMMENT 'Send Email',
  `can_void_flag` smallint(5) unsigned DEFAULT NULL COMMENT 'Can Void Flag',
  `state` int(11) DEFAULT NULL COMMENT 'State',
  `shipping_address_id` int(11) DEFAULT NULL COMMENT 'Shipping Address Id',
  `store_currency_code` varchar(3) DEFAULT NULL COMMENT 'Store Currency Code',
  `transaction_id` varchar(255) DEFAULT NULL COMMENT 'Transaction Id',
  `order_currency_code` varchar(3) DEFAULT NULL COMMENT 'Order Currency Code',
  `base_currency_code` varchar(3) DEFAULT NULL COMMENT 'Base Currency Code',
  `global_currency_code` varchar(3) DEFAULT NULL COMMENT 'Global Currency Code',
  `increment_id` varchar(50) DEFAULT NULL COMMENT 'Increment Id',
  `created_at` timestamp NOT NULL DEFAULT CURRENT_TIMESTAMP COMMENT 'Created At',
  `updated_at` timestamp NOT NULL DEFAULT CURRENT_TIMESTAMP ON UPDATE CURRENT_TIMESTAMP COMMENT 'Updated At',
  `discount_tax_compensation_amount` decimal(20,4) DEFAULT NULL COMMENT 'Discount Tax Compensation Amount',
  `base_discount_tax_compensation_amount` decimal(20,4) DEFAULT NULL COMMENT 'Base Discount Tax Compensation Amount',
  `shipping_discount_tax_compensation_amount` decimal(20,4) DEFAULT NULL COMMENT 'Shipping Discount Tax Compensation Amount',
  `base_shipping_discount_tax_compensation_amnt` decimal(20,4) DEFAULT NULL COMMENT 'Base Shipping Discount Tax Compensation Amount',
  `shipping_incl_tax` decimal(20,4) DEFAULT NULL COMMENT 'Shipping Incl Tax',
  `base_shipping_incl_tax` decimal(20,4) DEFAULT NULL COMMENT 'Base Shipping Incl Tax',
  `base_total_refunded` decimal(20,4) DEFAULT NULL COMMENT 'Base Total Refunded',
  `discount_description` varchar(255) DEFAULT NULL COMMENT 'Discount Description',
  `customer_note` text COMMENT 'Customer Note',
  `customer_note_notify` smallint(5) unsigned DEFAULT NULL COMMENT 'Customer Note Notify',
  PRIMARY KEY (`entity_id`),
  UNIQUE KEY `MZ0B_SALES_INVOICE_INCREMENT_ID_STORE_ID` (`increment_id`,`store_id`),
  KEY `MZ0B_SALES_INVOICE_STORE_ID` (`store_id`),
  KEY `MZ0B_SALES_INVOICE_GRAND_TOTAL` (`grand_total`),
  KEY `MZ0B_SALES_INVOICE_ORDER_ID` (`order_id`),
  KEY `MZ0B_SALES_INVOICE_STATE` (`state`),
  KEY `MZ0B_SALES_INVOICE_CREATED_AT` (`created_at`),
  KEY `MZ0B_SALES_INVOICE_UPDATED_AT` (`updated_at`),
  KEY `MZ0B_SALES_INVOICE_SEND_EMAIL` (`send_email`),
  KEY `MZ0B_SALES_INVOICE_EMAIL_SENT` (`email_sent`)
) ENGINE=InnoDB AUTO_INCREMENT=16 DEFAULT CHARSET=utf8 COMMENT='Sales Flat Invoice';
INSERT INTO `mz0b_sales_invoice` VALUES (1,1,22.3500,0.0000,0.0000,0.0000,0.0000,0.0000,0.0000,1.0000,22.3500,7.3500,15.0000,15.0000,0.0000,7.3500,2.0000,1.0000,15.0000,15.0000,0.0000,9,NULL,5,NULL,NULL,NULL,2,8,'USD','3EM55381V4555184U','USD','USD','USD','000000001','2019-09-10 12:11:33','2019-09-10 12:11:33',0.0000,0.0000,0.0000,0.0000,7.3500,7.3500,NULL,NULL,NULL,NULL),(2,1,1.5000,0.0000,0.0000,0.0000,0.0000,0.0000,0.0000,1.0000,1.5000,0.0000,1.5000,1.5000,0.0000,0.0000,1.0000,1.0000,1.5000,1.5000,0.0000,11,NULL,6,NULL,NULL,NULL,2,10,'USD','6JS732976Y4370512','USD','USD','USD','000000002','2019-09-10 18:34:04','2019-09-10 18:34:04',0.0000,0.0000,0.0000,0.0000,NULL,NULL,NULL,NULL,NULL,NULL),(3,1,42.6300,0.0000,0.0000,0.0000,0.0000,0.0000,0.0000,1.0000,42.6300,12.6300,30.0000,30.0000,0.0000,12.6300,27.0000,1.0000,30.0000,30.0000,0.0000,13,NULL,7,NULL,NULL,NULL,2,12,'USD','5NM15864MT762393B','USD','USD','USD','000000003','2019-09-17 17:40:45','2019-09-17 17:40:45',0.0000,0.0000,0.0000,0.0000,12.6300,12.6300,NULL,NULL,NULL,NULL),(4,1,154.4900,0.0000,0.0000,0.0000,0.0000,0.0000,0.0000,1.0000,154.4900,79.4900,75.0000,75.0000,0.0000,79.4900,1.0000,1.0000,75.0000,75.0000,0.0000,15,NULL,8,NULL,NULL,NULL,2,14,'USD','8M675007AH411683V','USD','USD','USD','000000004','2019-09-18 05:43:20','2019-09-18 05:43:20',0.0000,0.0000,0.0000,0.0000,79.4900,79.4900,NULL,NULL,NULL,NULL),(5,1,35.4900,0.0000,0.0000,0.0000,0.0000,0.0000,0.0000,1.0000,35.4900,15.4900,20.0000,20.0000,0.0000,15.4900,1.0000,1.0000,20.0000,20.0000,0.0000,17,NULL,9,NULL,NULL,NULL,2,16,'USD','3RR694662H941712C','USD','USD','USD','000000005','2019-09-21 13:04:48','2019-09-21 13:04:48',0.0000,0.0000,0.0000,0.0000,15.4900,15.4900,NULL,NULL,NULL,NULL),(6,1,53.3900,0.0000,0.0000,0.0000,0.0000,0.0000,0.0000,1.0000,53.3900,23.3900,30.0000,30.0000,0.0000,23.3900,6.0000,1.0000,30.0000,30.0000,0.0000,19,NULL,10,NULL,NULL,NULL,2,18,'USD','4UA26456GT2406414','USD','USD','USD','000000006','2019-09-23 14:53:10','2019-09-23 14:53:10',0.0000,0.0000,0.0000,0.0000,23.3900,23.3900,NULL,NULL,NULL,NULL),(7,1,72.9600,0.0000,0.0000,0.0000,0.0000,0.0000,0.0000,1.0000,72.9600,12.9600,60.0000,60.0000,0.0000,12.9600,9.0000,1.0000,60.0000,60.0000,0.0000,21,NULL,11,NULL,NULL,NULL,2,20,'USD','0RV78877BC927903D','USD','USD','USD','000000007','2019-09-26 16:59:33','2019-09-26 16:59:33',0.0000,0.0000,0.0000,0.0000,12.9600,12.9600,NULL,NULL,NULL,NULL),(8,1,60.0000,0.0000,0.0000,0.0000,0.0000,0.0000,0.0000,1.0000,60.0000,0.0000,60.0000,60.0000,0.0000,0.0000,3.0000,1.0000,60.0000,60.0000,0.0000,23,NULL,12,NULL,NULL,NULL,2,22,'USD','7W3563912W104983G','USD','USD','USD','000000008','2019-09-27 15:03:51','2019-09-27 15:03:51',0.0000,0.0000,0.0000,0.0000,NULL,NULL,NULL,NULL,NULL,NULL),(9,1,37.8500,0.0000,0.0000,0.0000,0.0000,0.0000,0.0000,1.0000,37.8500,7.8500,30.0000,30.0000,0.0000,7.8500,4.0000,1.0000,30.0000,30.0000,0.0000,25,NULL,13,NULL,NULL,NULL,2,24,'USD','5K179756XM9037326','USD','USD','USD','000000009','2019-09-28 09:21:32','2019-09-28 09:21:32',0.0000,0.0000,0.0000,0.0000,7.8500,7.8500,NULL,NULL,NULL,NULL),(10,1,196.1400,0.0000,0.0000,0.0000,0.0000,0.0000,0.0000,1.0000,196.1400,51.1400,145.0000,145.0000,0.0000,51.1400,3.0000,1.0000,145.0000,145.0000,0.0000,27,NULL,14,NULL,NULL,NULL,2,26,'USD','67835098CS0985437','USD','USD','USD','000000010','2019-09-29 19:15:37','2019-10-02 01:35:00',0.0000,0.0000,0.0000,0.0000,51.1400,51.1400,NULL,NULL,NULL,NULL),(11,1,27.3500,0.0000,0.0000,0.0000,0.0000,0.0000,0.0000,1.0000,27.3500,7.3500,20.0000,20.0000,0.0000,7.3500,1.0000,1.0000,20.0000,20.0000,0.0000,29,NULL,15,NULL,NULL,NULL,2,28,'USD','15S72678BU888881V','USD','USD','USD','000000011','2019-10-03 21:38:53','2019-10-03 21:38:53',0.0000,0.0000,0.0000,0.0000,7.3500,7.3500,NULL,NULL,NULL,NULL),(12,1,32.7400,0.0000,0.0000,0.0000,0.0000,0.0000,0.0000,1.0000,32.7400,12.7400,20.0000,20.0000,0.0000,12.7400,4.0000,1.0000,20.0000,20.0000,0.0000,31,NULL,16,NULL,NULL,NULL,2,30,'USD','1NG18126AH402735G','USD','USD','USD','000000012','2019-10-04 13:22:19','2019-10-04 13:22:19',0.0000,0.0000,0.0000,0.0000,12.7400,12.7400,NULL,NULL,NULL,NULL),(13,1,27.6600,0.0000,0.0000,0.0000,0.0000,0.0000,0.0000,1.0000,27.6600,12.6600,15.0000,15.0000,0.0000,12.6600,3.0000,1.0000,15.0000,15.0000,0.0000,35,NULL,18,NULL,NULL,NULL,2,34,'USD','2999720593463902T','USD','USD','USD','000000013','2019-10-05 14:22:12','2019-10-05 14:22:12',0.0000,0.0000,0.0000,0.0000,12.6600,12.6600,NULL,NULL,NULL,NULL),(14,1,43.8500,0.0000,0.0000,0.0000,0.0000,0.0000,0.0000,1.0000,43.8500,7.8500,36.0000,36.0000,0.0000,7.8500,3.0000,1.0000,36.0000,36.0000,0.0000,37,NULL,19,NULL,NULL,NULL,2,36,'USD','5B657777S7589721A','USD','USD','USD','000000014','2019-10-06 14:27:29','2019-10-06 14:27:30',0.0000,0.0000,0.0000,0.0000,7.8500,7.8500,NULL,NULL,NULL,NULL),(15,1,22.6600,0.0000,0.0000,0.0000,0.0000,0.0000,0.0000,1.0000,22.6600,12.6600,10.0000,10.0000,0.0000,12.6600,2.0000,1.0000,10.0000,10.0000,0.0000,39,NULL,20,NULL,NULL,NULL,2,38,'USD','7NC88444KX696890P','USD','USD','USD','000000015','2019-10-08 08:22:33','2019-10-08 08:22:33',0.0000,0.0000,0.0000,0.0000,12.6600,12.6600,NULL,NULL,NULL,NULL);
CREATE TABLE `mz0b_sales_invoice_comment` (
  `entity_id` int(10) unsigned NOT NULL AUTO_INCREMENT COMMENT 'Entity Id',
  `parent_id` int(10) unsigned NOT NULL COMMENT 'Parent Id',
  `is_customer_notified` smallint(5) unsigned DEFAULT NULL COMMENT 'Is Customer Notified',
  `is_visible_on_front` smallint(5) unsigned NOT NULL DEFAULT '0' COMMENT 'Is Visible On Front',
  `comment` text COMMENT 'Comment',
  `created_at` timestamp NOT NULL DEFAULT CURRENT_TIMESTAMP COMMENT 'Created At',
  PRIMARY KEY (`entity_id`),
  KEY `MZ0B_SALES_INVOICE_COMMENT_CREATED_AT` (`created_at`),
  KEY `MZ0B_SALES_INVOICE_COMMENT_PARENT_ID` (`parent_id`)
) ENGINE=InnoDB DEFAULT CHARSET=utf8 COMMENT='Sales Flat Invoice Comment';
CREATE TABLE `mz0b_sales_invoice_grid` (
  `entity_id` int(10) unsigned NOT NULL COMMENT 'Entity Id',
  `increment_id` varchar(50) DEFAULT NULL COMMENT 'Increment Id',
  `state` int(11) DEFAULT NULL COMMENT 'State',
  `store_id` smallint(5) unsigned DEFAULT NULL COMMENT 'Store Id',
  `store_name` varchar(255) DEFAULT NULL COMMENT 'Store Name',
  `order_id` int(10) unsigned NOT NULL COMMENT 'Order Id',
  `order_increment_id` varchar(50) DEFAULT NULL COMMENT 'Order Increment Id',
  `order_created_at` timestamp NULL DEFAULT NULL COMMENT 'Order Created At',
  `customer_name` varchar(255) DEFAULT NULL COMMENT 'Customer Name',
  `customer_email` varchar(255) DEFAULT NULL COMMENT 'Customer Email',
  `customer_group_id` int(11) DEFAULT NULL,
  `payment_method` varchar(128) DEFAULT NULL COMMENT 'Payment Method',
  `store_currency_code` varchar(3) DEFAULT NULL COMMENT 'Store Currency Code',
  `order_currency_code` varchar(3) DEFAULT NULL COMMENT 'Order Currency Code',
  `base_currency_code` varchar(3) DEFAULT NULL COMMENT 'Base Currency Code',
  `global_currency_code` varchar(3) DEFAULT NULL COMMENT 'Global Currency Code',
  `billing_name` varchar(255) DEFAULT NULL COMMENT 'Billing Name',
  `billing_address` varchar(255) DEFAULT NULL COMMENT 'Billing Address',
  `shipping_address` varchar(255) DEFAULT NULL COMMENT 'Shipping Address',
  `shipping_information` varchar(255) DEFAULT NULL COMMENT 'Shipping Method Name',
  `subtotal` decimal(20,4) DEFAULT NULL COMMENT 'Subtotal',
  `shipping_and_handling` decimal(20,4) DEFAULT NULL COMMENT 'Shipping and handling amount',
  `grand_total` decimal(20,4) DEFAULT NULL COMMENT 'Grand Total',
  `created_at` timestamp NULL DEFAULT NULL COMMENT 'Created At',
  `updated_at` timestamp NULL DEFAULT NULL COMMENT 'Updated At',
  `base_grand_total` decimal(20,4) DEFAULT NULL COMMENT 'Base Grand Total',
  PRIMARY KEY (`entity_id`),
  UNIQUE KEY `MZ0B_SALES_INVOICE_GRID_INCREMENT_ID_STORE_ID` (`increment_id`,`store_id`),
  KEY `MZ0B_SALES_INVOICE_GRID_STORE_ID` (`store_id`),
  KEY `MZ0B_SALES_INVOICE_GRID_GRAND_TOTAL` (`grand_total`),
  KEY `MZ0B_SALES_INVOICE_GRID_ORDER_ID` (`order_id`),
  KEY `MZ0B_SALES_INVOICE_GRID_STATE` (`state`),
  KEY `MZ0B_SALES_INVOICE_GRID_ORDER_INCREMENT_ID` (`order_increment_id`),
  KEY `MZ0B_SALES_INVOICE_GRID_CREATED_AT` (`created_at`),
  KEY `MZ0B_SALES_INVOICE_GRID_UPDATED_AT` (`updated_at`),
  KEY `MZ0B_SALES_INVOICE_GRID_ORDER_CREATED_AT` (`order_created_at`),
  KEY `MZ0B_SALES_INVOICE_GRID_BILLING_NAME` (`billing_name`),
  KEY `MZ0B_SALES_INVOICE_GRID_BASE_GRAND_TOTAL` (`base_grand_total`),
  FULLTEXT KEY `FTI_C91A4350054EF9DB3A339A545F32E2BA` (`increment_id`,`order_increment_id`,`billing_name`,`billing_address`,`shipping_address`,`customer_name`,`customer_email`)
) ENGINE=InnoDB DEFAULT CHARSET=utf8 COMMENT='Sales Flat Invoice Grid';
INSERT INTO `mz0b_sales_invoice_grid` VALUES (1,'000000001',2,1,'Frogs \'n\' Things\nMain Website St',5,'000000006','2019-09-10 11:34:52','','Joshstottlemyer@hotmail.com',0,'paypal_express','USD','USD','USD','USD','josh stottlemyer','15367 MARYLAND LINE RD,GREENCASTLE,Pennsylvania,17225','15367 MARYLAND LINE RD,GREENCASTLE,Pennsylvania,17225','For Supplies Only (No Frogs or Insects Please) - Priority Mail 2-Day',15.0000,7.3500,22.3500,'2019-09-10 12:11:33','2019-09-10 12:11:33',22.3500),(2,'000000002',2,1,'Frogs \'n\' Things\nMain Website St',6,'000000008','2019-09-10 18:34:04','','keith_tanis@verizon.net',0,'paypal_express','USD','USD','USD','USD','Keith Tanis','618 Fairhill Rd,Hatfield,Pennsylvania,19440','618 Fairhill Rd,Hatfield,Pennsylvania,19440','Pickup in Hilltown PA (19440) - Free',1.5000,0.0000,1.5000,'2019-09-10 18:34:04','2019-09-10 18:34:04',1.5000),(3,'000000003',2,1,'Frogs \'n\' Things\nMain Website St',7,'000000009','2019-09-17 17:40:45','','wendyljs2002@yahoo.com',0,'paypal_express','USD','USD','USD','USD','wendy johnson','12 Shamrock Ave,New Castle,Delaware,19720','12 Shamrock Ave,New Castle,Delaware,19720','For Supples/Insects (No Frogs Please) - UPS Ground',30.0000,12.6300,42.6300,'2019-09-17 17:40:45','2019-09-17 17:40:45',42.6300),(4,'000000004',2,1,'Frogs \'n\' Things\nMain Website St',8,'000000010','2019-09-18 05:43:19','','smakeeper@gmail.com',0,'paypal_express','USD','USD','USD','USD','Stephen Medina','140 Eagle Street #101,Anchorage,Alaska,99501','140 Eagle Street #101,Anchorage,Alaska,99501','Required for All Frog Orders - Priority Overnight',75.0000,79.4900,154.4900,'2019-09-18 05:43:20','2019-09-18 05:43:20',154.4900),(5,'000000005',2,1,'Frogs \'n\' Things\nMain Website St',9,'000000014','2019-09-21 13:04:48','','alibaba62398@gmail.com',0,'paypal_express','USD','USD','USD','USD','Ali Ajaj','21022 Los Alisos Blvd\n824,Rancho Santa Marfarita,California,92688','21022 Los Alisos Blvd\n824,Rancho Santa Marfarita,California,92688','For Supples/Insects (No Frogs Please) - UPS Ground',20.0000,15.4900,35.4900,'2019-09-21 13:04:48','2019-09-21 13:04:48',35.4900),(6,'000000006',2,1,'Frogs \'n\' Things\nMain Website St',10,'000000015','2019-09-23 14:53:10','','blake.m.milburn@gmail.com',0,'paypal_express','USD','USD','USD','USD','Blake Milburn','1000 Bonieta Harrold Dr\nApt 3103,Charleston,South Carolina,29414','1000 Bonieta Harrold Dr\nApt 3103,Charleston,South Carolina,29414','For Supples/Insects (No Frogs Please) - UPS Second Day Air',30.0000,23.3900,53.3900,'2019-09-23 14:53:10','2019-09-23 14:53:10',53.3900),(7,'000000007',2,1,'Frogs \'n\' Things\nMain Website St',11,'000000016','2019-09-26 16:59:33','','davidseubert@icloud.com',0,'paypal_express','USD','USD','USD','USD','Dave Seubert Seubert','Home,1541 Mineral Springs RD\nApt3R,Reading,Pennsylvania,19602','Home,1541 Mineral Springs RD\nApt3R,Reading,Pennsylvania,19602','For Supples/Insects (No Frogs Please) - UPS Ground',60.0000,12.9600,72.9600,'2019-09-26 16:59:33','2019-09-26 16:59:33',72.9600),(8,'000000008',2,1,'Frogs \'n\' Things\nMain Website St',12,'000000017','2019-09-27 15:03:50','','denisescmidt1@verizon.net',0,'paypal_express','USD','USD','USD','USD','Denise Schmidt','640 Upper State Road,Chalfont,Pennsylvania,18914','640 Upper State Road,Chalfont,Pennsylvania,18914','Pickup in Hilltown PA (19440) - Free',60.0000,0.0000,60.0000,'2019-09-27 15:03:51','2019-09-27 15:03:51',60.0000),(9,'000000009',2,1,'Frogs \'n\' Things\nMain Website St',13,'000000018','2019-09-28 09:21:32','','nick.netherland@gmail.com',0,'paypal_express','USD','USD','USD','USD','Nick Netherland','1416 Baltimore Rd,27006,North Carolina,27006','1416 Baltimore Rd,27006,North Carolina,27006','For Supplies Only (No Frogs or Insects Please) - Priority Mail 2-Day',30.0000,7.8500,37.8500,'2019-09-28 09:21:32','2019-09-28 09:21:32',37.8500),(10,'000000010',2,1,'Frogs \'n\' Things\nMain Website St',14,'000000019','2019-09-29 19:15:37','David Brown','dmb5245@gmail.com',1,'paypal_express','USD','USD','USD','USD','David Brown','111 Locust Drive,Freeport,Pennsylvania,16229','111 Locust Drive,Freeport,Pennsylvania,16229','Required for All Frog Orders - Priority Overnight',145.0000,51.1400,196.1400,'2019-09-29 19:15:37','2019-10-02 01:35:00',196.1400),(11,'000000011',2,1,'Frogs \'n\' Things\nMain Website St',15,'000000020','2019-10-03 21:38:53','John Zimmerman','john.zimmerman33@gmail.com',1,'paypal_express','USD','USD','USD','USD','John Zimmerman','1417 Bleigh Avenue,Philadelphia,Pennsylvania,19111','1417 Bleigh Avenue,Philadelphia,Pennsylvania,19111','For Supplies Only (No Frogs or Insects Please) - Priority Mail 1-Day',20.0000,7.3500,27.3500,'2019-10-03 21:38:53','2019-10-03 21:38:53',27.3500),(12,'000000012',2,1,'Frogs \'n\' Things\nMain Website St',16,'000000021','2019-10-04 13:22:19','','lokshin55@yahoo.com',0,'paypal_express','USD','USD','USD','USD','anna lokshin','5619 Marlborough Rd.,Pittsburgh,Pennsylvania,15217','5619 Marlborough Rd.,Pittsburgh,Pennsylvania,15217','For Supples/Insects (No Frogs Please) - UPS Ground',20.0000,12.7400,32.7400,'2019-10-04 13:22:19','2019-10-04 13:22:19',32.7400),(13,'000000013',2,1,'Frogs \'n\' Things\nMain Website St',18,'000000023','2019-10-05 14:22:12','','colelofink@gmail.com',0,'paypal_express','USD','USD','USD','USD','Cole Lofink','SONUS,4204 Lackland Tr,Philadelphia,Pennsylvania,19114','SONUS,4204 Lackland Tr,Philadelphia,Pennsylvania,19114','For Supples/Insects (No Frogs Please) - UPS Ground',15.0000,12.6600,27.6600,'2019-10-05 14:22:12','2019-10-05 14:22:12',27.6600),(14,'000000014',2,1,'Frogs \'n\' Things\nMain Website St',19,'000000024','2019-10-06 14:27:29','','wendyljs2002@yahoo.com',0,'paypal_express','USD','USD','USD','USD','wendy johnson','12 Shamrock Ave,New Castle,Delaware,19720','12 Shamrock Ave,New Castle,Delaware,19720','For Supplies Only (No Frogs or Insects Please) - Priority Mail 1-Day',36.0000,7.8500,43.8500,'2019-10-06 14:27:29','2019-10-06 14:27:30',43.8500),(15,'000000015',2,1,'Frogs \'n\' Things\nMain Website St',20,'000000025','2019-10-08 08:22:33','','harveydd978@gmail.com',0,'paypal_express','USD','USD','USD','USD','charles lower','243 providence pl,mountville,Pennsylvania,17554','243 providence pl,mountville,Pennsylvania,17554','For Supples/Insects (No Frogs Please) - UPS Ground',10.0000,12.6600,22.6600,'2019-10-08 08:22:33','2019-10-08 08:22:33',22.6600);
CREATE TABLE `mz0b_sales_invoice_item` (
  `entity_id` int(10) unsigned NOT NULL AUTO_INCREMENT COMMENT 'Entity Id',
  `parent_id` int(10) unsigned NOT NULL COMMENT 'Parent Id',
  `base_price` decimal(12,4) DEFAULT NULL COMMENT 'Base Price',
  `tax_amount` decimal(12,4) DEFAULT NULL COMMENT 'Tax Amount',
  `base_row_total` decimal(20,4) DEFAULT NULL COMMENT 'Base Row Total',
  `discount_amount` decimal(12,4) DEFAULT NULL COMMENT 'Discount Amount',
  `row_total` decimal(20,4) DEFAULT NULL COMMENT 'Row Total',
  `base_discount_amount` decimal(12,4) DEFAULT NULL COMMENT 'Base Discount Amount',
  `price_incl_tax` decimal(12,4) DEFAULT NULL COMMENT 'Price Incl Tax',
  `base_tax_amount` decimal(12,4) DEFAULT NULL COMMENT 'Base Tax Amount',
  `base_price_incl_tax` decimal(12,4) DEFAULT NULL COMMENT 'Base Price Incl Tax',
  `qty` decimal(12,4) DEFAULT NULL COMMENT 'Qty',
  `base_cost` decimal(12,4) DEFAULT NULL COMMENT 'Base Cost',
  `price` decimal(12,4) DEFAULT NULL COMMENT 'Price',
  `base_row_total_incl_tax` decimal(12,4) DEFAULT NULL COMMENT 'Base Row Total Incl Tax',
  `row_total_incl_tax` decimal(12,4) DEFAULT NULL COMMENT 'Row Total Incl Tax',
  `product_id` int(11) DEFAULT NULL COMMENT 'Product Id',
  `order_item_id` int(11) DEFAULT NULL COMMENT 'Order Item Id',
  `additional_data` text COMMENT 'Additional Data',
  `description` text COMMENT 'Description',
  `sku` varchar(255) DEFAULT NULL COMMENT 'Sku',
  `name` varchar(255) DEFAULT NULL COMMENT 'Name',
  `discount_tax_compensation_amount` decimal(12,4) DEFAULT NULL COMMENT 'Discount Tax Compensation Amount',
  `base_discount_tax_compensation_amount` decimal(12,4) DEFAULT NULL COMMENT 'Base Discount Tax Compensation Amount',
  `tax_ratio` text COMMENT 'Ratio of tax invoiced over tax of the order item',
  `weee_tax_applied` text COMMENT 'Weee Tax Applied',
  `weee_tax_applied_amount` decimal(12,4) DEFAULT NULL COMMENT 'Weee Tax Applied Amount',
  `weee_tax_applied_row_amount` decimal(12,4) DEFAULT NULL COMMENT 'Weee Tax Applied Row Amount',
  `weee_tax_disposition` decimal(12,4) DEFAULT NULL COMMENT 'Weee Tax Disposition',
  `weee_tax_row_disposition` decimal(12,4) DEFAULT NULL COMMENT 'Weee Tax Row Disposition',
  `base_weee_tax_applied_amount` decimal(12,4) DEFAULT NULL COMMENT 'Base Weee Tax Applied Amount',
  `base_weee_tax_applied_row_amnt` decimal(12,4) DEFAULT NULL COMMENT 'Base Weee Tax Applied Row Amnt',
  `base_weee_tax_disposition` decimal(12,4) DEFAULT NULL COMMENT 'Base Weee Tax Disposition',
  `base_weee_tax_row_disposition` decimal(12,4) DEFAULT NULL COMMENT 'Base Weee Tax Row Disposition',
  PRIMARY KEY (`entity_id`),
  KEY `MZ0B_SALES_INVOICE_ITEM_PARENT_ID` (`parent_id`)
) ENGINE=InnoDB AUTO_INCREMENT=28 DEFAULT CHARSET=utf8 COMMENT='Sales Flat Invoice Item';
INSERT INTO `mz0b_sales_invoice_item` VALUES (1,1,10.0000,0.0000,10.0000,NULL,10.0000,NULL,10.0000,0.0000,10.0000,1.0000,NULL,10.0000,10.0000,10.0000,67,5,NULL,NULL,'Isotonic Amphibian’s Ringer Solids (Makes 1/2 Gal Soln)','Isotonic Amphibian’s Ringer Solids (Makes 1/2 Gal Soln)',0.0000,0.0000,NULL,'[]',NULL,0.0000,NULL,0.0000,NULL,NULL,NULL,0.0000),(2,1,5.0000,0.0000,5.0000,NULL,5.0000,NULL,5.0000,0.0000,5.0000,1.0000,NULL,5.0000,5.0000,5.0000,68,6,NULL,NULL,'2% Calcium Gluconate 8 ml','2% Calcium Gluconate 8 ml',0.0000,0.0000,NULL,'[]',NULL,0.0000,NULL,0.0000,NULL,NULL,NULL,0.0000),(3,2,1.5000,NULL,1.5000,NULL,1.5000,NULL,1.5000,NULL,1.5000,1.0000,NULL,1.5000,1.5000,1.5000,52,7,NULL,NULL,'Black Film Canister with Suction Cup','Black Film Canister with Suction Cup',NULL,NULL,NULL,'[]',NULL,0.0000,NULL,0.0000,NULL,NULL,NULL,0.0000),(4,3,5.0000,NULL,10.0000,NULL,10.0000,NULL,5.0000,NULL,5.0000,2.0000,NULL,5.0000,10.0000,10.0000,29,8,NULL,NULL,'32oz \"Jumpy\" Winged Flightless Drosophila Melanogaster--','32oz \"Jumpy\" Winged Flightless Drosophila Melanogaster',NULL,NULL,NULL,'[]',NULL,0.0000,NULL,0.0000,NULL,NULL,NULL,0.0000),(5,3,0.8000,NULL,20.0000,NULL,20.0000,NULL,0.8000,NULL,0.8000,25.0000,NULL,0.8000,20.0000,20.0000,53,9,NULL,NULL,'32 Oz Disposable Insect Culture Containers','32 Oz Disposable Insect Culture Containers',NULL,NULL,NULL,'[]',NULL,0.0000,NULL,0.0000,NULL,NULL,NULL,0.0000),(6,4,75.0000,NULL,75.0000,NULL,75.0000,NULL,75.0000,NULL,75.0000,1.0000,NULL,75.0000,75.0000,75.0000,23,10,NULL,NULL,'R. Imitator - Banded','R. Imitator - Banded',NULL,NULL,NULL,'[]',NULL,0.0000,NULL,0.0000,NULL,NULL,NULL,0.0000),(7,5,20.0000,NULL,20.0000,NULL,20.0000,NULL,20.0000,NULL,20.0000,1.0000,NULL,20.0000,20.0000,20.0000,36,11,NULL,NULL,'Fruit Fly Starter Kit - \"Golden Delicious\"','Fruit Fly Starter Kit - \"Golden Delicious\" Wingless Drosophila Melanogaster',NULL,NULL,NULL,'[]',NULL,0.0000,NULL,0.0000,NULL,NULL,NULL,0.0000),(8,6,5.0000,NULL,15.0000,NULL,15.0000,NULL,5.0000,NULL,5.0000,3.0000,NULL,5.0000,15.0000,15.0000,29,12,NULL,NULL,'32oz \"Jumpy\" Winged Flightless Drosophila Melanogaster','32oz \"Jumpy\" Winged Flightless Drosophila Melanogaster',NULL,NULL,NULL,'[]',NULL,0.0000,NULL,0.0000,NULL,NULL,NULL,0.0000),(9,6,5.0000,NULL,15.0000,NULL,15.0000,NULL,5.0000,NULL,5.0000,3.0000,NULL,5.0000,15.0000,15.0000,28,13,NULL,NULL,'32oz \"Golden Delicious\" Wingless Drosophila Melanogaster--','32oz \"Golden Delicious\" Wingless Drosophila Melanogaster',NULL,NULL,NULL,'[]',NULL,0.0000,NULL,0.0000,NULL,NULL,NULL,0.0000),(10,7,5.0000,NULL,20.0000,NULL,20.0000,NULL,5.0000,NULL,5.0000,4.0000,NULL,5.0000,20.0000,20.0000,29,14,NULL,NULL,'32oz \"Jumpy\" Winged Flightless Drosophila Melanogaster--','32oz \"Jumpy\" Winged Flightless Drosophila Melanogaster',NULL,NULL,NULL,'[]',NULL,0.0000,NULL,0.0000,NULL,NULL,NULL,0.0000),(11,7,5.0000,NULL,20.0000,NULL,20.0000,NULL,5.0000,NULL,5.0000,4.0000,NULL,5.0000,20.0000,20.0000,30,15,NULL,NULL,'32oz \"Turkish\" Winged Flightless Drosophila Melanogaster--','32oz \"Turkish\" Winged Flightless Drosophila Melanogaster',NULL,NULL,NULL,'[]',NULL,0.0000,NULL,0.0000,NULL,NULL,NULL,0.0000),(12,7,20.0000,NULL,20.0000,NULL,20.0000,NULL,20.0000,NULL,20.0000,1.0000,NULL,20.0000,20.0000,20.0000,55,16,NULL,NULL,'F&T\'s Optimized Drosophila Culture Media - 1 Gallon','F&T\'s Optimized Drosophila Culture Media - 1 Gallon',NULL,NULL,NULL,'[]',NULL,0.0000,NULL,0.0000,NULL,NULL,NULL,0.0000),(13,8,20.0000,NULL,60.0000,NULL,60.0000,NULL,20.0000,NULL,20.0000,3.0000,NULL,20.0000,60.0000,60.0000,2,17,NULL,NULL,'D. Auratus - Green/Black','D. Auratus - Green/Black',NULL,NULL,NULL,'[]',NULL,0.0000,NULL,0.0000,NULL,NULL,NULL,0.0000),(14,9,10.0000,NULL,20.0000,NULL,20.0000,NULL,10.0000,NULL,10.0000,2.0000,NULL,10.0000,20.0000,20.0000,67,18,NULL,NULL,'Isotonic Amphibian’s Ringer Solids (Makes 1/2 Gal Soln)','Isotonic Amphibian’s Ringer Solids (Makes 1/2 Gal Soln)',NULL,NULL,NULL,'[]',NULL,0.0000,NULL,0.0000,NULL,NULL,NULL,0.0000),(15,9,5.0000,NULL,10.0000,NULL,10.0000,NULL,5.0000,NULL,5.0000,2.0000,NULL,5.0000,10.0000,10.0000,68,19,NULL,NULL,'2% Calcium Gluconate 8 ml','2% Calcium Gluconate 8 ml',NULL,NULL,NULL,'[]',NULL,0.0000,NULL,0.0000,NULL,NULL,NULL,0.0000),(16,10,70.0000,NULL,140.0000,NULL,140.0000,NULL,70.0000,NULL,70.0000,2.0000,NULL,70.0000,140.0000,140.0000,24,20,NULL,NULL,'R. Imitator - Varadero','R. Imitator - Varadero',NULL,NULL,NULL,'[]',NULL,0.0000,NULL,0.0000,NULL,NULL,NULL,0.0000),(17,10,5.0000,NULL,5.0000,NULL,5.0000,NULL,5.0000,NULL,5.0000,1.0000,NULL,5.0000,5.0000,5.0000,31,21,NULL,NULL,'16oz Tropical Springtail Culture','16oz Tropical Springtail Culture',NULL,NULL,NULL,'[]',NULL,0.0000,NULL,0.0000,NULL,NULL,NULL,0.0000),(18,11,20.0000,NULL,20.0000,NULL,20.0000,NULL,20.0000,NULL,20.0000,1.0000,NULL,20.0000,20.0000,20.0000,55,22,NULL,NULL,'F&T\'s Optimized Drosophila Culture Media - 1 Gallon','F&T\'s Optimized Drosophila Culture Media - 1 Gallon',NULL,NULL,NULL,'[]',NULL,0.0000,NULL,0.0000,NULL,NULL,NULL,0.0000),(19,12,5.0000,NULL,10.0000,NULL,10.0000,NULL,5.0000,NULL,5.0000,2.0000,NULL,5.0000,10.0000,10.0000,32,23,NULL,NULL,'32oz Bean Beetle (Callosobruchus Maculatus) Culture','32oz Bean Beetle (Callosobruchus Maculatus) Culture',NULL,NULL,NULL,'[]',NULL,0.0000,NULL,0.0000,NULL,NULL,NULL,0.0000),(20,12,5.0000,NULL,10.0000,NULL,10.0000,NULL,5.0000,NULL,5.0000,2.0000,NULL,5.0000,10.0000,10.0000,32,24,NULL,NULL,'32oz Bean Beetle (Callosobruchus Maculatus) Culture','32oz Bean Beetle (Callosobruchus Maculatus) Culture',NULL,NULL,NULL,'[]',NULL,0.0000,NULL,0.0000,NULL,NULL,NULL,0.0000),(21,13,5.0000,NULL,5.0000,NULL,5.0000,NULL,5.0000,NULL,5.0000,1.0000,NULL,5.0000,5.0000,5.0000,28,26,NULL,NULL,'32oz \"Golden Delicious\" Wingless Drosophila Melanogaster','32oz \"Golden Delicious\" Wingless Drosophila Melanogaster',NULL,NULL,NULL,'[]',NULL,0.0000,NULL,0.0000,NULL,NULL,NULL,0.0000),(22,13,5.0000,NULL,5.0000,NULL,5.0000,NULL,5.0000,NULL,5.0000,1.0000,NULL,5.0000,5.0000,5.0000,29,27,NULL,NULL,'32oz \"Jumpy\" Winged Flightless Drosophila Melanogaster','32oz \"Jumpy\" Winged Flightless Drosophila Melanogaster',NULL,NULL,NULL,'[]',NULL,0.0000,NULL,0.0000,NULL,NULL,NULL,0.0000),(23,13,5.0000,NULL,5.0000,NULL,5.0000,NULL,5.0000,NULL,5.0000,1.0000,NULL,5.0000,5.0000,5.0000,30,28,NULL,NULL,'32oz \"Turkish\" Winged Flightless Drosophila Melanogaster','32oz \"Turkish\" Winged Flightless Drosophila Melanogaster',NULL,NULL,NULL,'[]',NULL,0.0000,NULL,0.0000,NULL,NULL,NULL,0.0000),(24,14,8.0000,NULL,8.0000,NULL,8.0000,NULL,8.0000,NULL,8.0000,1.0000,NULL,8.0000,8.0000,8.0000,58,29,NULL,NULL,'Bromeliad Neoregelia','Bromeliad Neoregelia',NULL,NULL,NULL,'[]',NULL,0.0000,NULL,0.0000,NULL,NULL,NULL,0.0000),(25,14,8.0000,NULL,8.0000,NULL,8.0000,NULL,8.0000,NULL,8.0000,1.0000,NULL,8.0000,8.0000,8.0000,64,30,NULL,NULL,'Pilea Nummulariifolia','Pilea Nummulariifolia',NULL,NULL,NULL,'[]',NULL,0.0000,NULL,0.0000,NULL,NULL,NULL,0.0000),(26,14,20.0000,NULL,20.0000,NULL,20.0000,NULL,20.0000,NULL,20.0000,1.0000,NULL,20.0000,20.0000,20.0000,55,31,NULL,NULL,'F&T\'s Optimized Drosophila Culture Media - 1 Gallon','F&T\'s Optimized Drosophila Culture Media - 1 Gallon',NULL,NULL,NULL,'[]',NULL,0.0000,NULL,0.0000,NULL,NULL,NULL,0.0000),(27,15,5.0000,NULL,10.0000,NULL,10.0000,NULL,5.0000,NULL,5.0000,2.0000,NULL,5.0000,10.0000,10.0000,31,32,NULL,NULL,'16oz Tropical Springtail Culture','16oz Tropical Springtail Culture',NULL,NULL,NULL,'[]',NULL,0.0000,NULL,0.0000,NULL,NULL,NULL,0.0000);
CREATE TABLE `mz0b_sales_invoiced_aggregated` (
  `id` int(10) unsigned NOT NULL AUTO_INCREMENT COMMENT 'Id',
  `period` date DEFAULT NULL COMMENT 'Period',
  `store_id` smallint(5) unsigned DEFAULT NULL COMMENT 'Store Id',
  `order_status` varchar(50) DEFAULT NULL COMMENT 'Order Status',
  `orders_count` int(11) NOT NULL DEFAULT '0' COMMENT 'Orders Count',
  `orders_invoiced` decimal(12,4) DEFAULT NULL COMMENT 'Orders Invoiced',
  `invoiced` decimal(12,4) DEFAULT NULL COMMENT 'Invoiced',
  `invoiced_captured` decimal(12,4) DEFAULT NULL COMMENT 'Invoiced Captured',
  `invoiced_not_captured` decimal(12,4) DEFAULT NULL COMMENT 'Invoiced Not Captured',
  PRIMARY KEY (`id`),
  UNIQUE KEY `MZ0B_SALES_INVOICED_AGGREGATED_PERIOD_STORE_ID_ORDER_STATUS` (`period`,`store_id`,`order_status`),
  KEY `MZ0B_SALES_INVOICED_AGGREGATED_STORE_ID` (`store_id`)
) ENGINE=InnoDB AUTO_INCREMENT=82 DEFAULT CHARSET=utf8 COMMENT='Sales Invoiced Aggregated';
INSERT INTO `mz0b_sales_invoiced_aggregated` VALUES (7,'2019-09-10',1,'complete',1,1.0000,22.3500,22.3500,0.0000),(8,'2019-09-10',1,'processing',1,1.0000,1.5000,1.5000,0.0000),(10,'2019-09-10',0,'complete',1,1.0000,22.3500,22.3500,0.0000),(11,'2019-09-10',0,'processing',1,1.0000,1.5000,1.5000,0.0000),(14,'2019-09-17',1,'complete',1,1.0000,42.6300,42.6300,0.0000),(15,'2019-09-18',1,'processing',1,1.0000,154.4900,154.4900,0.0000),(17,'2019-09-17',0,'complete',1,1.0000,42.6300,42.6300,0.0000),(18,'2019-09-18',0,'processing',1,1.0000,154.4900,154.4900,0.0000),(24,'2019-09-21',1,'complete',1,1.0000,35.4900,35.4900,0.0000),(27,'2019-09-21',0,'complete',1,1.0000,35.4900,35.4900,0.0000),(32,'2019-09-27',1,'processing',1,1.0000,60.0000,60.0000,0.0000),(33,'2019-09-27',0,'processing',1,1.0000,60.0000,60.0000,0.0000),(50,'2019-09-23',1,'complete',1,1.0000,53.3900,53.3900,0.0000),(51,'2019-09-26',1,'complete',1,1.0000,72.9600,72.9600,0.0000),(52,'2019-09-28',1,'complete',1,1.0000,37.8500,37.8500,0.0000),(57,'2019-09-23',0,'complete',1,1.0000,53.3900,53.3900,0.0000),(58,'2019-09-26',0,'complete',1,1.0000,72.9600,72.9600,0.0000),(59,'2019-09-28',0,'complete',1,1.0000,37.8500,37.8500,0.0000),(64,'2019-09-29',1,'payment_review',1,1.0000,196.1400,196.1400,0.0000),(65,'2019-09-29',0,'payment_review',1,1.0000,196.1400,196.1400,0.0000),(72,'2019-10-04',1,'complete',1,1.0000,32.7400,32.7400,0.0000),(73,'2019-10-05',1,'complete',1,1.0000,27.6600,27.6600,0.0000),(74,'2019-10-06',1,'complete',1,1.0000,43.8500,43.8500,0.0000),(75,'2019-10-04',0,'complete',1,1.0000,32.7400,32.7400,0.0000),(76,'2019-10-05',0,'complete',1,1.0000,27.6600,27.6600,0.0000),(77,'2019-10-06',0,'complete',1,1.0000,43.8500,43.8500,0.0000),(80,'2019-10-08',1,'complete',1,1.0000,22.6600,22.6600,0.0000),(81,'2019-10-08',0,'complete',1,1.0000,22.6600,22.6600,0.0000);
CREATE TABLE `mz0b_sales_invoiced_aggregated_order` (
  `id` int(10) unsigned NOT NULL AUTO_INCREMENT COMMENT 'Id',
  `period` date DEFAULT NULL COMMENT 'Period',
  `store_id` smallint(5) unsigned DEFAULT NULL COMMENT 'Store Id',
  `order_status` varchar(50) NOT NULL COMMENT 'Order Status',
  `orders_count` int(11) NOT NULL DEFAULT '0' COMMENT 'Orders Count',
  `orders_invoiced` decimal(12,4) DEFAULT NULL COMMENT 'Orders Invoiced',
  `invoiced` decimal(12,4) DEFAULT NULL COMMENT 'Invoiced',
  `invoiced_captured` decimal(12,4) DEFAULT NULL COMMENT 'Invoiced Captured',
  `invoiced_not_captured` decimal(12,4) DEFAULT NULL COMMENT 'Invoiced Not Captured',
  PRIMARY KEY (`id`),
  UNIQUE KEY `MZ0B_SALES_INVOICED_AGGRED_ORDER_PERIOD_STORE_ID_ORDER_STS` (`period`,`store_id`,`order_status`),
  KEY `MZ0B_SALES_INVOICED_AGGREGATED_ORDER_STORE_ID` (`store_id`)
) ENGINE=InnoDB AUTO_INCREMENT=96 DEFAULT CHARSET=utf8 COMMENT='Sales Invoiced Aggregated Order';
INSERT INTO `mz0b_sales_invoiced_aggregated_order` VALUES (7,'2019-09-10',1,'complete',1,1.0000,22.3500,22.3500,0.0000),(8,'2019-09-10',1,'processing',1,1.0000,1.5000,1.5000,0.0000),(10,'2019-09-10',0,'complete',1,1.0000,22.3500,22.3500,0.0000),(11,'2019-09-10',0,'processing',1,1.0000,1.5000,1.5000,0.0000),(14,'2019-09-17',1,'complete',1,1.0000,42.6300,42.6300,0.0000),(15,'2019-09-18',1,'processing',1,1.0000,154.4900,154.4900,0.0000),(17,'2019-09-17',0,'complete',1,1.0000,42.6300,42.6300,0.0000),(18,'2019-09-18',0,'processing',1,1.0000,154.4900,154.4900,0.0000),(24,'2019-09-21',1,'complete',1,1.0000,35.4900,35.4900,0.0000),(27,'2019-09-21',0,'complete',1,1.0000,35.4900,35.4900,0.0000),(32,'2019-09-27',1,'processing',1,1.0000,60.0000,60.0000,0.0000),(33,'2019-09-27',0,'processing',1,1.0000,60.0000,60.0000,0.0000),(50,'2019-09-23',1,'complete',1,1.0000,53.3900,53.3900,0.0000),(51,'2019-09-26',1,'complete',1,1.0000,72.9600,72.9600,0.0000),(52,'2019-09-28',1,'complete',1,1.0000,37.8500,37.8500,0.0000),(57,'2019-09-23',0,'complete',1,1.0000,53.3900,53.3900,0.0000),(58,'2019-09-26',0,'complete',1,1.0000,72.9600,72.9600,0.0000),(59,'2019-09-28',0,'complete',1,1.0000,37.8500,37.8500,0.0000),(64,'2019-09-29',1,'payment_review',1,1.0000,196.1400,196.1400,0.0000),(65,'2019-09-29',0,'payment_review',1,1.0000,196.1400,196.1400,0.0000),(68,'2019-10-03',1,'complete',1,1.0000,27.3500,27.3500,0.0000),(71,'2019-10-03',0,'complete',1,1.0000,27.3500,27.3500,0.0000),(86,'2019-10-04',1,'complete',1,1.0000,32.7400,32.7400,0.0000),(87,'2019-10-05',1,'complete',1,1.0000,27.6600,27.6600,0.0000),(88,'2019-10-06',1,'complete',1,1.0000,43.8500,43.8500,0.0000),(89,'2019-10-04',0,'complete',1,1.0000,32.7400,32.7400,0.0000),(90,'2019-10-05',0,'complete',1,1.0000,27.6600,27.6600,0.0000),(91,'2019-10-06',0,'complete',1,1.0000,43.8500,43.8500,0.0000),(94,'2019-10-08',1,'complete',1,1.0000,22.6600,22.6600,0.0000),(95,'2019-10-08',0,'complete',1,1.0000,22.6600,22.6600,0.0000);
CREATE TABLE `mz0b_sales_order` (
  `entity_id` int(10) unsigned NOT NULL AUTO_INCREMENT COMMENT 'Entity Id',
  `state` varchar(32) DEFAULT NULL COMMENT 'State',
  `status` varchar(32) DEFAULT NULL COMMENT 'Status',
  `coupon_code` varchar(255) DEFAULT NULL COMMENT 'Coupon Code',
  `protect_code` varchar(255) DEFAULT NULL COMMENT 'Protect Code',
  `shipping_description` varchar(255) DEFAULT NULL COMMENT 'Shipping Description',
  `is_virtual` smallint(5) unsigned DEFAULT NULL COMMENT 'Is Virtual',
  `store_id` smallint(5) unsigned DEFAULT NULL COMMENT 'Store Id',
  `customer_id` int(10) unsigned DEFAULT NULL COMMENT 'Customer Id',
  `base_discount_amount` decimal(20,4) DEFAULT NULL COMMENT 'Base Discount Amount',
  `base_discount_canceled` decimal(20,4) DEFAULT NULL COMMENT 'Base Discount Canceled',
  `base_discount_invoiced` decimal(20,4) DEFAULT NULL COMMENT 'Base Discount Invoiced',
  `base_discount_refunded` decimal(20,4) DEFAULT NULL COMMENT 'Base Discount Refunded',
  `base_grand_total` decimal(20,4) DEFAULT NULL COMMENT 'Base Grand Total',
  `base_shipping_amount` decimal(20,4) DEFAULT NULL COMMENT 'Base Shipping Amount',
  `base_shipping_canceled` decimal(20,4) DEFAULT NULL COMMENT 'Base Shipping Canceled',
  `base_shipping_invoiced` decimal(20,4) DEFAULT NULL COMMENT 'Base Shipping Invoiced',
  `base_shipping_refunded` decimal(20,4) DEFAULT NULL COMMENT 'Base Shipping Refunded',
  `base_shipping_tax_amount` decimal(20,4) DEFAULT NULL COMMENT 'Base Shipping Tax Amount',
  `base_shipping_tax_refunded` decimal(20,4) DEFAULT NULL COMMENT 'Base Shipping Tax Refunded',
  `base_subtotal` decimal(20,4) DEFAULT NULL COMMENT 'Base Subtotal',
  `base_subtotal_canceled` decimal(20,4) DEFAULT NULL COMMENT 'Base Subtotal Canceled',
  `base_subtotal_invoiced` decimal(20,4) DEFAULT NULL COMMENT 'Base Subtotal Invoiced',
  `base_subtotal_refunded` decimal(20,4) DEFAULT NULL COMMENT 'Base Subtotal Refunded',
  `base_tax_amount` decimal(20,4) DEFAULT NULL COMMENT 'Base Tax Amount',
  `base_tax_canceled` decimal(20,4) DEFAULT NULL COMMENT 'Base Tax Canceled',
  `base_tax_invoiced` decimal(20,4) DEFAULT NULL COMMENT 'Base Tax Invoiced',
  `base_tax_refunded` decimal(20,4) DEFAULT NULL COMMENT 'Base Tax Refunded',
  `base_to_global_rate` decimal(20,4) DEFAULT NULL COMMENT 'Base To Global Rate',
  `base_to_order_rate` decimal(20,4) DEFAULT NULL COMMENT 'Base To Order Rate',
  `base_total_canceled` decimal(20,4) DEFAULT NULL COMMENT 'Base Total Canceled',
  `base_total_invoiced` decimal(20,4) DEFAULT NULL COMMENT 'Base Total Invoiced',
  `base_total_invoiced_cost` decimal(20,4) DEFAULT NULL COMMENT 'Base Total Invoiced Cost',
  `base_total_offline_refunded` decimal(20,4) DEFAULT NULL COMMENT 'Base Total Offline Refunded',
  `base_total_online_refunded` decimal(20,4) DEFAULT NULL COMMENT 'Base Total Online Refunded',
  `base_total_paid` decimal(20,4) DEFAULT NULL COMMENT 'Base Total Paid',
  `base_total_qty_ordered` decimal(12,4) DEFAULT NULL COMMENT 'Base Total Qty Ordered',
  `base_total_refunded` decimal(20,4) DEFAULT NULL COMMENT 'Base Total Refunded',
  `discount_amount` decimal(20,4) DEFAULT NULL COMMENT 'Discount Amount',
  `discount_canceled` decimal(20,4) DEFAULT NULL COMMENT 'Discount Canceled',
  `discount_invoiced` decimal(20,4) DEFAULT NULL COMMENT 'Discount Invoiced',
  `discount_refunded` decimal(20,4) DEFAULT NULL COMMENT 'Discount Refunded',
  `grand_total` decimal(20,4) DEFAULT NULL COMMENT 'Grand Total',
  `shipping_amount` decimal(20,4) DEFAULT NULL COMMENT 'Shipping Amount',
  `shipping_canceled` decimal(20,4) DEFAULT NULL COMMENT 'Shipping Canceled',
  `shipping_invoiced` decimal(20,4) DEFAULT NULL COMMENT 'Shipping Invoiced',
  `shipping_refunded` decimal(20,4) DEFAULT NULL COMMENT 'Shipping Refunded',
  `shipping_tax_amount` decimal(20,4) DEFAULT NULL COMMENT 'Shipping Tax Amount',
  `shipping_tax_refunded` decimal(20,4) DEFAULT NULL COMMENT 'Shipping Tax Refunded',
  `store_to_base_rate` decimal(12,4) DEFAULT NULL COMMENT 'Store To Base Rate',
  `store_to_order_rate` decimal(12,4) DEFAULT NULL COMMENT 'Store To Order Rate',
  `subtotal` decimal(20,4) DEFAULT NULL COMMENT 'Subtotal',
  `subtotal_canceled` decimal(20,4) DEFAULT NULL COMMENT 'Subtotal Canceled',
  `subtotal_invoiced` decimal(20,4) DEFAULT NULL COMMENT 'Subtotal Invoiced',
  `subtotal_refunded` decimal(20,4) DEFAULT NULL COMMENT 'Subtotal Refunded',
  `tax_amount` decimal(20,4) DEFAULT NULL COMMENT 'Tax Amount',
  `tax_canceled` decimal(20,4) DEFAULT NULL COMMENT 'Tax Canceled',
  `tax_invoiced` decimal(20,4) DEFAULT NULL COMMENT 'Tax Invoiced',
  `tax_refunded` decimal(20,4) DEFAULT NULL COMMENT 'Tax Refunded',
  `total_canceled` decimal(20,4) DEFAULT NULL COMMENT 'Total Canceled',
  `total_invoiced` decimal(20,4) DEFAULT NULL COMMENT 'Total Invoiced',
  `total_offline_refunded` decimal(20,4) DEFAULT NULL COMMENT 'Total Offline Refunded',
  `total_online_refunded` decimal(20,4) DEFAULT NULL COMMENT 'Total Online Refunded',
  `total_paid` decimal(20,4) DEFAULT NULL COMMENT 'Total Paid',
  `total_qty_ordered` decimal(12,4) DEFAULT NULL COMMENT 'Total Qty Ordered',
  `total_refunded` decimal(20,4) DEFAULT NULL COMMENT 'Total Refunded',
  `can_ship_partially` smallint(5) unsigned DEFAULT NULL COMMENT 'Can Ship Partially',
  `can_ship_partially_item` smallint(5) unsigned DEFAULT NULL COMMENT 'Can Ship Partially Item',
  `customer_is_guest` smallint(5) unsigned DEFAULT NULL COMMENT 'Customer Is Guest',
  `customer_note_notify` smallint(5) unsigned DEFAULT NULL COMMENT 'Customer Note Notify',
  `billing_address_id` int(11) DEFAULT NULL COMMENT 'Billing Address Id',
  `customer_group_id` int(11) DEFAULT NULL,
  `edit_increment` int(11) DEFAULT NULL COMMENT 'Edit Increment',
  `email_sent` smallint(5) unsigned DEFAULT NULL COMMENT 'Email Sent',
  `send_email` smallint(5) unsigned DEFAULT NULL COMMENT 'Send Email',
  `forced_shipment_with_invoice` smallint(5) unsigned DEFAULT NULL COMMENT 'Forced Do Shipment With Invoice',
  `payment_auth_expiration` int(11) DEFAULT NULL COMMENT 'Payment Authorization Expiration',
  `quote_address_id` int(11) DEFAULT NULL COMMENT 'Quote Address Id',
  `quote_id` int(11) DEFAULT NULL COMMENT 'Quote Id',
  `shipping_address_id` int(11) DEFAULT NULL COMMENT 'Shipping Address Id',
  `adjustment_negative` decimal(20,4) DEFAULT NULL COMMENT 'Adjustment Negative',
  `adjustment_positive` decimal(20,4) DEFAULT NULL COMMENT 'Adjustment Positive',
  `base_adjustment_negative` decimal(20,4) DEFAULT NULL COMMENT 'Base Adjustment Negative',
  `base_adjustment_positive` decimal(20,4) DEFAULT NULL COMMENT 'Base Adjustment Positive',
  `base_shipping_discount_amount` decimal(20,4) DEFAULT NULL COMMENT 'Base Shipping Discount Amount',
  `base_subtotal_incl_tax` decimal(20,4) DEFAULT NULL COMMENT 'Base Subtotal Incl Tax',
  `base_total_due` decimal(20,4) DEFAULT NULL COMMENT 'Base Total Due',
  `payment_authorization_amount` decimal(20,4) DEFAULT NULL COMMENT 'Payment Authorization Amount',
  `shipping_discount_amount` decimal(20,4) DEFAULT NULL COMMENT 'Shipping Discount Amount',
  `subtotal_incl_tax` decimal(20,4) DEFAULT NULL COMMENT 'Subtotal Incl Tax',
  `total_due` decimal(20,4) DEFAULT NULL COMMENT 'Total Due',
  `weight` decimal(12,4) DEFAULT NULL COMMENT 'Weight',
  `customer_dob` datetime DEFAULT NULL COMMENT 'Customer Dob',
  `increment_id` varchar(32) DEFAULT NULL COMMENT 'Increment Id',
  `applied_rule_ids` varchar(128) DEFAULT NULL COMMENT 'Applied Rule Ids',
  `base_currency_code` varchar(3) DEFAULT NULL COMMENT 'Base Currency Code',
  `customer_email` varchar(128) DEFAULT NULL COMMENT 'Customer Email',
  `customer_firstname` varchar(128) DEFAULT NULL COMMENT 'Customer Firstname',
  `customer_lastname` varchar(128) DEFAULT NULL COMMENT 'Customer Lastname',
  `customer_middlename` varchar(128) DEFAULT NULL COMMENT 'Customer Middlename',
  `customer_prefix` varchar(32) DEFAULT NULL COMMENT 'Customer Prefix',
  `customer_suffix` varchar(32) DEFAULT NULL COMMENT 'Customer Suffix',
  `customer_taxvat` varchar(32) DEFAULT NULL COMMENT 'Customer Taxvat',
  `discount_description` varchar(255) DEFAULT NULL COMMENT 'Discount Description',
  `ext_customer_id` varchar(32) DEFAULT NULL COMMENT 'Ext Customer Id',
  `ext_order_id` varchar(32) DEFAULT NULL COMMENT 'Ext Order Id',
  `global_currency_code` varchar(3) DEFAULT NULL COMMENT 'Global Currency Code',
  `hold_before_state` varchar(32) DEFAULT NULL COMMENT 'Hold Before State',
  `hold_before_status` varchar(32) DEFAULT NULL COMMENT 'Hold Before Status',
  `order_currency_code` varchar(3) DEFAULT NULL COMMENT 'Order Currency Code',
  `original_increment_id` varchar(32) DEFAULT NULL COMMENT 'Original Increment Id',
  `relation_child_id` varchar(32) DEFAULT NULL COMMENT 'Relation Child Id',
  `relation_child_real_id` varchar(32) DEFAULT NULL COMMENT 'Relation Child Real Id',
  `relation_parent_id` varchar(32) DEFAULT NULL COMMENT 'Relation Parent Id',
  `relation_parent_real_id` varchar(32) DEFAULT NULL COMMENT 'Relation Parent Real Id',
  `remote_ip` varchar(45) DEFAULT NULL COMMENT 'Remote Ip',
  `shipping_method` varchar(120) DEFAULT NULL,
  `store_currency_code` varchar(3) DEFAULT NULL COMMENT 'Store Currency Code',
  `store_name` varchar(255) DEFAULT NULL COMMENT 'Store Name',
  `x_forwarded_for` varchar(32) DEFAULT NULL COMMENT 'X Forwarded For',
  `customer_note` text COMMENT 'Customer Note',
  `created_at` timestamp NOT NULL DEFAULT CURRENT_TIMESTAMP COMMENT 'Created At',
  `updated_at` timestamp NOT NULL DEFAULT CURRENT_TIMESTAMP ON UPDATE CURRENT_TIMESTAMP COMMENT 'Updated At',
  `total_item_count` smallint(5) unsigned NOT NULL DEFAULT '0' COMMENT 'Total Item Count',
  `customer_gender` int(11) DEFAULT NULL COMMENT 'Customer Gender',
  `discount_tax_compensation_amount` decimal(20,4) DEFAULT NULL COMMENT 'Discount Tax Compensation Amount',
  `base_discount_tax_compensation_amount` decimal(20,4) DEFAULT NULL COMMENT 'Base Discount Tax Compensation Amount',
  `shipping_discount_tax_compensation_amount` decimal(20,4) DEFAULT NULL COMMENT 'Shipping Discount Tax Compensation Amount',
  `base_shipping_discount_tax_compensation_amnt` decimal(20,4) DEFAULT NULL COMMENT 'Base Shipping Discount Tax Compensation Amount',
  `discount_tax_compensation_invoiced` decimal(20,4) DEFAULT NULL COMMENT 'Discount Tax Compensation Invoiced',
  `base_discount_tax_compensation_invoiced` decimal(20,4) DEFAULT NULL COMMENT 'Base Discount Tax Compensation Invoiced',
  `discount_tax_compensation_refunded` decimal(20,4) DEFAULT NULL COMMENT 'Discount Tax Compensation Refunded',
  `base_discount_tax_compensation_refunded` decimal(20,4) DEFAULT NULL COMMENT 'Base Discount Tax Compensation Refunded',
  `shipping_incl_tax` decimal(20,4) DEFAULT NULL COMMENT 'Shipping Incl Tax',
  `base_shipping_incl_tax` decimal(20,4) DEFAULT NULL COMMENT 'Base Shipping Incl Tax',
  `coupon_rule_name` varchar(255) DEFAULT NULL COMMENT 'Coupon Sales Rule Name',
  `gift_message_id` int(11) DEFAULT NULL COMMENT 'Gift Message Id',
  `paypal_ipn_customer_notified` int(11) DEFAULT '0' COMMENT 'Paypal Ipn Customer Notified',
  `mailchimp_abandonedcart_flag` tinyint(1) DEFAULT '0' COMMENT 'Retrieved from Mailchimp',
  `mailchimp_campaign_id` varchar(16) DEFAULT '' COMMENT 'Campaign',
  `mailchimp_landing_page` text COMMENT 'Landing Page',
  `mailchimp_flag` tinyint(1) DEFAULT '0' COMMENT 'Retrieved from Mailchimp',
  PRIMARY KEY (`entity_id`),
  UNIQUE KEY `MZ0B_SALES_ORDER_INCREMENT_ID_STORE_ID` (`increment_id`,`store_id`),
  KEY `MZ0B_SALES_ORDER_STATUS` (`status`),
  KEY `MZ0B_SALES_ORDER_STATE` (`state`),
  KEY `MZ0B_SALES_ORDER_STORE_ID` (`store_id`),
  KEY `MZ0B_SALES_ORDER_CREATED_AT` (`created_at`),
  KEY `MZ0B_SALES_ORDER_CUSTOMER_ID` (`customer_id`),
  KEY `MZ0B_SALES_ORDER_EXT_ORDER_ID` (`ext_order_id`),
  KEY `MZ0B_SALES_ORDER_QUOTE_ID` (`quote_id`),
  KEY `MZ0B_SALES_ORDER_UPDATED_AT` (`updated_at`),
  KEY `MZ0B_SALES_ORDER_SEND_EMAIL` (`send_email`),
  KEY `MZ0B_SALES_ORDER_EMAIL_SENT` (`email_sent`)
) ENGINE=InnoDB AUTO_INCREMENT=21 DEFAULT CHARSET=utf8 COMMENT='Sales Flat Order';
INSERT INTO `mz0b_sales_order` VALUES (1,'new','pending',NULL,'fbef67718358767d12d1582156ca4b38',NULL,1,1,NULL,0.0000,NULL,NULL,NULL,25.0000,0.0000,NULL,NULL,NULL,0.0000,NULL,25.0000,NULL,NULL,NULL,0.0000,NULL,NULL,NULL,1.0000,1.0000,NULL,NULL,NULL,NULL,NULL,NULL,NULL,NULL,0.0000,NULL,NULL,NULL,25.0000,0.0000,NULL,NULL,NULL,0.0000,NULL,0.0000,0.0000,25.0000,NULL,NULL,NULL,0.0000,NULL,NULL,NULL,NULL,NULL,NULL,NULL,NULL,1.0000,NULL,NULL,NULL,1,1,1,0,NULL,1,1,NULL,NULL,NULL,2,NULL,NULL,NULL,NULL,NULL,0.0000,25.0000,25.0000,NULL,0.0000,25.0000,25.0000,0.0000,NULL,'000000001',NULL,'USD','keith_tanis@verizon.net','Keith','Tanis',NULL,NULL,NULL,NULL,NULL,NULL,NULL,'USD',NULL,NULL,'USD',NULL,NULL,NULL,NULL,NULL,'71.123.53.72',NULL,'USD','Frogs \'n\' Things\nMain Website St',NULL,NULL,'2019-08-17 23:44:24','2019-08-17 23:44:26',1,NULL,0.0000,0.0000,0.0000,0.0000,NULL,NULL,NULL,NULL,0.0000,0.0000,NULL,NULL,0,0,NULL,NULL,0),(2,'new','pending',NULL,'64a248ac834286085fbbf43a4ed172c9','For Supples/Insects (No Frogs Please) - UPS Ground',0,1,NULL,0.0000,NULL,NULL,NULL,32.6600,12.6600,NULL,NULL,NULL,0.0000,NULL,20.0000,NULL,NULL,NULL,0.0000,NULL,NULL,NULL,1.0000,1.0000,NULL,NULL,NULL,NULL,NULL,NULL,NULL,NULL,0.0000,NULL,NULL,NULL,32.6600,12.6600,NULL,NULL,NULL,0.0000,NULL,0.0000,0.0000,20.0000,NULL,NULL,NULL,0.0000,NULL,NULL,NULL,NULL,NULL,NULL,NULL,NULL,1.0000,NULL,NULL,NULL,1,1,3,0,NULL,1,1,NULL,NULL,NULL,4,2,NULL,NULL,NULL,NULL,0.0000,20.0000,32.6600,NULL,0.0000,20.0000,32.6600,0.1000,NULL,'000000002',NULL,'USD','keith@frogsnthings.com','keith','tanis',NULL,NULL,NULL,NULL,NULL,NULL,NULL,'USD',NULL,NULL,'USD',NULL,NULL,NULL,NULL,NULL,'71.123.53.72','ups_03','USD','Frogs \'n\' Things\nMain Website St',NULL,NULL,'2019-08-18 23:39:08','2019-08-18 23:39:12',1,NULL,0.0000,0.0000,0.0000,0.0000,NULL,NULL,NULL,NULL,12.6600,12.6600,NULL,NULL,0,0,NULL,NULL,0),(3,'new','pending',NULL,'b19a4ff88988da9a2b55ab3ee0c3ab85','For Supplies Only (No Frogs or Insects Please) - Priority Mail 1-Day',0,1,NULL,0.0000,NULL,NULL,NULL,52.3500,7.3500,NULL,NULL,NULL,0.0000,NULL,45.0000,NULL,NULL,NULL,0.0000,NULL,NULL,NULL,1.0000,1.0000,NULL,NULL,NULL,NULL,NULL,NULL,NULL,NULL,0.0000,NULL,NULL,NULL,52.3500,7.3500,NULL,NULL,NULL,0.0000,NULL,0.0000,0.0000,45.0000,NULL,NULL,NULL,0.0000,NULL,NULL,NULL,NULL,NULL,NULL,NULL,NULL,1.0000,NULL,NULL,NULL,1,1,5,0,NULL,1,1,NULL,NULL,NULL,6,4,NULL,NULL,NULL,NULL,0.0000,45.0000,52.3500,NULL,0.0000,45.0000,52.3500,0.0100,NULL,'000000003',NULL,'USD','keith@frogsnthings.com','Keith','Tanis',NULL,NULL,NULL,NULL,NULL,NULL,NULL,'USD',NULL,NULL,'USD',NULL,NULL,NULL,NULL,NULL,'71.123.53.72','usps_1','USD','Frogs \'n\' Things\nMain Website St',NULL,NULL,'2019-08-19 22:19:22','2019-08-19 22:19:25',1,NULL,0.0000,0.0000,0.0000,0.0000,NULL,NULL,NULL,NULL,7.3500,7.3500,NULL,NULL,0,0,NULL,NULL,0),(4,'new','pending',NULL,'d12ff4908f69c0097bc46d5a9485be22','Pickup in Hilltown PA (19440) - Free',0,1,NULL,0.0000,NULL,NULL,NULL,180.0000,0.0000,NULL,NULL,NULL,0.0000,NULL,180.0000,NULL,NULL,NULL,0.0000,NULL,NULL,NULL,1.0000,1.0000,NULL,NULL,NULL,NULL,NULL,NULL,NULL,NULL,0.0000,NULL,NULL,NULL,180.0000,0.0000,NULL,NULL,NULL,0.0000,NULL,0.0000,0.0000,180.0000,NULL,NULL,NULL,0.0000,NULL,NULL,NULL,NULL,NULL,NULL,NULL,NULL,1.0000,NULL,NULL,NULL,1,1,7,0,NULL,1,1,NULL,NULL,NULL,10,6,NULL,NULL,NULL,NULL,0.0000,180.0000,180.0000,NULL,0.0000,180.0000,180.0000,0.0000,NULL,'000000005',NULL,'USD','keith@frogsnthings.com','Keith','Tanis',NULL,NULL,NULL,NULL,NULL,NULL,NULL,'USD',NULL,NULL,'USD',NULL,NULL,NULL,NULL,NULL,'73.160.33.173','freeshipping_freeshipping','USD','Frogs \'n\' Things\nMain Website St',NULL,NULL,'2019-09-06 21:10:35','2019-09-06 21:10:38',1,NULL,0.0000,0.0000,0.0000,0.0000,NULL,NULL,NULL,NULL,0.0000,0.0000,NULL,NULL,0,0,NULL,NULL,0),(5,'complete','complete',NULL,'f44a604624a3c63d88e63b8004746289','For Supplies Only (No Frogs or Insects Please) - Priority Mail 2-Day',0,1,NULL,0.0000,NULL,0.0000,NULL,22.3500,7.3500,NULL,7.3500,NULL,0.0000,NULL,15.0000,NULL,15.0000,NULL,0.0000,NULL,0.0000,NULL,1.0000,1.0000,NULL,22.3500,0.0000,NULL,NULL,22.3500,NULL,NULL,0.0000,NULL,0.0000,NULL,22.3500,7.3500,NULL,7.3500,NULL,0.0000,NULL,0.0000,0.0000,15.0000,NULL,15.0000,NULL,0.0000,NULL,0.0000,NULL,NULL,22.3500,NULL,NULL,22.3500,2.0000,NULL,NULL,NULL,1,1,9,0,NULL,1,1,NULL,NULL,NULL,17,8,NULL,NULL,NULL,NULL,0.0000,15.0000,0.0000,NULL,0.0000,15.0000,0.0000,0.2000,NULL,'000000006',NULL,'USD','Joshstottlemyer@hotmail.com',NULL,NULL,NULL,NULL,NULL,NULL,NULL,NULL,NULL,'USD',NULL,NULL,'USD',NULL,NULL,NULL,NULL,NULL,'73.230.113.185','usps_1','USD','Frogs \'n\' Things\nMain Website St',NULL,NULL,'2019-09-10 11:34:52','2019-09-10 22:28:54',2,NULL,0.0000,0.0000,0.0000,0.0000,0.0000,0.0000,NULL,NULL,7.3500,7.3500,NULL,NULL,0,0,NULL,NULL,0),(6,'processing','processing',NULL,'45a6653c41a77df3af0233e7849405fa','Pickup in Hilltown PA (19440) - Free',0,1,NULL,0.0000,NULL,0.0000,NULL,1.5000,0.0000,NULL,0.0000,NULL,0.0000,NULL,1.5000,NULL,1.5000,NULL,0.0000,NULL,0.0000,NULL,1.0000,1.0000,NULL,1.5000,0.0000,NULL,NULL,1.5000,NULL,NULL,0.0000,NULL,0.0000,NULL,1.5000,0.0000,NULL,0.0000,NULL,0.0000,NULL,0.0000,0.0000,1.5000,NULL,1.5000,NULL,0.0000,NULL,0.0000,NULL,NULL,1.5000,NULL,NULL,1.5000,1.0000,NULL,NULL,NULL,1,1,11,0,NULL,1,1,NULL,NULL,NULL,19,10,NULL,NULL,NULL,NULL,0.0000,1.5000,0.0000,NULL,0.0000,1.5000,0.0000,0.0500,NULL,'000000008',NULL,'USD','keith_tanis@verizon.net',NULL,NULL,NULL,NULL,NULL,NULL,NULL,NULL,NULL,'USD',NULL,NULL,'USD',NULL,NULL,NULL,NULL,NULL,'71.123.53.72','freeshipping_freeshipping','USD','Frogs \'n\' Things\nMain Website St',NULL,NULL,'2019-09-10 18:34:04','2019-09-10 18:34:08',1,NULL,0.0000,0.0000,0.0000,0.0000,0.0000,0.0000,NULL,NULL,0.0000,0.0000,NULL,NULL,0,0,NULL,NULL,0),(7,'complete','complete',NULL,'e5d4cbb745a1dcac0a5ad2b29b3205ce','For Supples/Insects (No Frogs Please) - UPS Ground',0,1,NULL,0.0000,NULL,0.0000,NULL,42.6300,12.6300,NULL,12.6300,NULL,0.0000,NULL,30.0000,NULL,30.0000,NULL,0.0000,NULL,0.0000,NULL,1.0000,1.0000,NULL,42.6300,0.0000,NULL,NULL,42.6300,NULL,NULL,0.0000,NULL,0.0000,NULL,42.6300,12.6300,NULL,12.6300,NULL,0.0000,NULL,0.0000,0.0000,30.0000,NULL,30.0000,NULL,0.0000,NULL,0.0000,NULL,NULL,42.6300,NULL,NULL,42.6300,27.0000,NULL,NULL,NULL,1,1,13,0,NULL,1,1,NULL,NULL,NULL,23,12,NULL,NULL,NULL,NULL,0.0000,30.0000,0.0000,NULL,0.0000,30.0000,0.0000,0.9000,NULL,'000000009',NULL,'USD','wendyljs2002@yahoo.com',NULL,NULL,NULL,NULL,NULL,NULL,NULL,NULL,NULL,'USD',NULL,NULL,'USD',NULL,NULL,NULL,NULL,NULL,'76.99.10.191','ups_03','USD','Frogs \'n\' Things\nMain Website St',NULL,NULL,'2019-09-17 17:40:45','2019-09-17 21:44:14',2,NULL,0.0000,0.0000,0.0000,0.0000,0.0000,0.0000,NULL,NULL,12.6300,12.6300,NULL,NULL,0,0,NULL,NULL,0),(8,'processing','processing',NULL,'a8ef32e5939df2e98e92b9ed7883e12f','Required for All Frog Orders - Priority Overnight',0,1,NULL,0.0000,NULL,0.0000,NULL,154.4900,79.4900,NULL,79.4900,NULL,0.0000,NULL,75.0000,NULL,75.0000,NULL,0.0000,NULL,0.0000,NULL,1.0000,1.0000,NULL,154.4900,0.0000,NULL,NULL,154.4900,NULL,NULL,0.0000,NULL,0.0000,NULL,154.4900,79.4900,NULL,79.4900,NULL,0.0000,NULL,0.0000,0.0000,75.0000,NULL,75.0000,NULL,0.0000,NULL,0.0000,NULL,NULL,154.4900,NULL,NULL,154.4900,1.0000,NULL,NULL,NULL,1,1,15,0,NULL,1,1,NULL,NULL,NULL,25,14,NULL,NULL,NULL,NULL,0.0000,75.0000,0.0000,NULL,0.0000,75.0000,0.0000,0.0100,NULL,'000000010',NULL,'USD','smakeeper@gmail.com',NULL,NULL,NULL,NULL,NULL,NULL,NULL,NULL,NULL,'USD',NULL,NULL,'USD',NULL,NULL,NULL,NULL,NULL,'66.223.174.66','fedex_PRIORITY_OVERNIGHT','USD','Frogs \'n\' Things\nMain Website St',NULL,NULL,'2019-09-18 05:43:19','2019-09-18 05:43:22',1,NULL,0.0000,0.0000,0.0000,0.0000,0.0000,0.0000,NULL,NULL,79.4900,79.4900,NULL,NULL,0,0,NULL,NULL,0),(9,'complete','complete',NULL,'6e42b96cf544d0d55a4c1e82a8aea0c8','For Supples/Insects (No Frogs Please) - UPS Ground',0,1,NULL,0.0000,NULL,0.0000,NULL,35.4900,15.4900,NULL,15.4900,NULL,0.0000,NULL,20.0000,NULL,20.0000,NULL,0.0000,NULL,0.0000,NULL,1.0000,1.0000,NULL,35.4900,0.0000,NULL,NULL,35.4900,NULL,NULL,0.0000,NULL,0.0000,NULL,35.4900,15.4900,NULL,15.4900,NULL,0.0000,NULL,0.0000,0.0000,20.0000,NULL,20.0000,NULL,0.0000,NULL,0.0000,NULL,NULL,35.4900,NULL,NULL,35.4900,1.0000,NULL,NULL,NULL,1,1,17,0,NULL,1,1,NULL,NULL,NULL,33,16,NULL,NULL,NULL,NULL,0.0000,20.0000,0.0000,NULL,0.0000,20.0000,0.0000,2.0000,NULL,'000000014',NULL,'USD','alibaba62398@gmail.com',NULL,NULL,NULL,NULL,NULL,NULL,NULL,NULL,NULL,'USD',NULL,NULL,'USD',NULL,NULL,NULL,NULL,NULL,'162.196.83.102','ups_03','USD','Frogs \'n\' Things\nMain Website St',NULL,NULL,'2019-09-21 13:04:48','2019-09-22 22:24:58',1,NULL,0.0000,0.0000,0.0000,0.0000,0.0000,0.0000,NULL,NULL,15.4900,15.4900,NULL,NULL,0,0,NULL,NULL,0),(10,'complete','complete',NULL,'eae828ba74abd234ca46050e499a6a44','For Supples/Insects (No Frogs Please) - UPS Second Day Air',0,1,NULL,0.0000,NULL,0.0000,NULL,53.3900,23.3900,NULL,23.3900,NULL,0.0000,NULL,30.0000,NULL,30.0000,NULL,0.0000,NULL,0.0000,NULL,1.0000,1.0000,NULL,53.3900,0.0000,NULL,NULL,53.3900,NULL,NULL,0.0000,NULL,0.0000,NULL,53.3900,23.3900,NULL,23.3900,NULL,0.0000,NULL,0.0000,0.0000,30.0000,NULL,30.0000,NULL,0.0000,NULL,0.0000,NULL,NULL,53.3900,NULL,NULL,53.3900,6.0000,NULL,NULL,NULL,1,1,19,0,NULL,1,1,NULL,NULL,NULL,34,18,NULL,NULL,NULL,NULL,0.0000,30.0000,0.0000,NULL,0.0000,30.0000,0.0000,1.2000,NULL,'000000015',NULL,'USD','blake.m.milburn@gmail.com',NULL,NULL,NULL,NULL,NULL,NULL,NULL,NULL,NULL,'USD',NULL,NULL,'USD',NULL,NULL,NULL,NULL,NULL,'174.193.29.69','ups_02','USD','Frogs \'n\' Things\nMain Website St',NULL,NULL,'2019-09-23 14:53:10','2019-09-29 21:16:14',2,NULL,0.0000,0.0000,0.0000,0.0000,0.0000,0.0000,NULL,NULL,23.3900,23.3900,NULL,NULL,0,0,NULL,NULL,0),(11,'complete','complete',NULL,'5771c9786f204a1901126d41e60f19ea','For Supples/Insects (No Frogs Please) - UPS Ground',0,1,NULL,0.0000,NULL,0.0000,NULL,72.9600,12.9600,NULL,12.9600,NULL,0.0000,NULL,60.0000,NULL,60.0000,NULL,0.0000,NULL,0.0000,NULL,1.0000,1.0000,NULL,72.9600,0.0000,NULL,NULL,72.9600,NULL,NULL,0.0000,NULL,0.0000,NULL,72.9600,12.9600,NULL,12.9600,NULL,0.0000,NULL,0.0000,0.0000,60.0000,NULL,60.0000,NULL,0.0000,NULL,0.0000,NULL,NULL,72.9600,NULL,NULL,72.9600,9.0000,NULL,NULL,NULL,1,1,21,0,NULL,1,1,NULL,NULL,NULL,38,20,NULL,NULL,NULL,NULL,0.0000,60.0000,0.0000,NULL,0.0000,60.0000,0.0000,2.6000,NULL,'000000016',NULL,'USD','davidseubert@icloud.com',NULL,NULL,NULL,NULL,NULL,NULL,NULL,NULL,NULL,'USD',NULL,NULL,'USD',NULL,NULL,NULL,NULL,NULL,'174.49.181.174','ups_03','USD','Frogs \'n\' Things\nMain Website St',NULL,NULL,'2019-09-26 16:59:33','2019-09-29 21:16:13',3,NULL,0.0000,0.0000,0.0000,0.0000,0.0000,0.0000,NULL,NULL,12.9600,12.9600,NULL,NULL,0,0,NULL,NULL,0),(12,'processing','processing',NULL,'b80ec4706306f6efc4e010e865306eee','Pickup in Hilltown PA (19440) - Free',0,1,NULL,0.0000,NULL,0.0000,NULL,60.0000,0.0000,NULL,0.0000,NULL,0.0000,NULL,60.0000,NULL,60.0000,NULL,0.0000,NULL,0.0000,NULL,1.0000,1.0000,NULL,60.0000,0.0000,NULL,NULL,60.0000,NULL,NULL,0.0000,NULL,0.0000,NULL,60.0000,0.0000,NULL,0.0000,NULL,0.0000,NULL,0.0000,0.0000,60.0000,NULL,60.0000,NULL,0.0000,NULL,0.0000,NULL,NULL,60.0000,NULL,NULL,60.0000,3.0000,NULL,NULL,NULL,1,1,23,0,NULL,1,1,NULL,NULL,NULL,39,22,NULL,NULL,NULL,NULL,0.0000,60.0000,0.0000,NULL,0.0000,60.0000,0.0000,0.3000,NULL,'000000017',NULL,'USD','denisescmidt1@verizon.net',NULL,NULL,NULL,NULL,NULL,NULL,NULL,NULL,NULL,'USD',NULL,NULL,'USD',NULL,NULL,NULL,NULL,NULL,'108.16.255.130','freeshipping_freeshipping','USD','Frogs \'n\' Things\nMain Website St',NULL,NULL,'2019-09-27 15:03:50','2019-09-27 15:03:53',1,NULL,0.0000,0.0000,0.0000,0.0000,0.0000,0.0000,NULL,NULL,0.0000,0.0000,NULL,NULL,0,0,NULL,NULL,0),(13,'complete','complete',NULL,'aa515f79d5bc3d5084a12983576e5fda','For Supplies Only (No Frogs or Insects Please) - Priority Mail 2-Day',0,1,NULL,0.0000,NULL,0.0000,NULL,37.8500,7.8500,NULL,7.8500,NULL,0.0000,NULL,30.0000,NULL,30.0000,NULL,0.0000,NULL,0.0000,NULL,1.0000,1.0000,NULL,37.8500,0.0000,NULL,NULL,37.8500,NULL,NULL,0.0000,NULL,0.0000,NULL,37.8500,7.8500,NULL,7.8500,NULL,0.0000,NULL,0.0000,0.0000,30.0000,NULL,30.0000,NULL,0.0000,NULL,0.0000,NULL,NULL,37.8500,NULL,NULL,37.8500,4.0000,NULL,NULL,NULL,1,1,25,0,NULL,1,1,NULL,NULL,NULL,40,24,NULL,NULL,NULL,NULL,0.0000,30.0000,0.0000,NULL,0.0000,30.0000,0.0000,0.4000,NULL,'000000018',NULL,'USD','nick.netherland@gmail.com',NULL,NULL,NULL,NULL,NULL,NULL,NULL,NULL,NULL,'USD',NULL,NULL,'USD',NULL,NULL,NULL,NULL,NULL,'174.193.0.55','usps_1','USD','Frogs \'n\' Things\nMain Website St',NULL,NULL,'2019-09-28 09:21:32','2019-09-29 21:16:14',2,NULL,0.0000,0.0000,0.0000,0.0000,0.0000,0.0000,NULL,NULL,7.8500,7.8500,NULL,NULL,0,0,NULL,NULL,0),(14,'payment_review','payment_review',NULL,'6292db00d0d7894e2bb42e57879c5d7b','Required for All Frog Orders - Priority Overnight',0,1,7,0.0000,NULL,0.0000,NULL,196.1400,51.1400,NULL,51.1400,NULL,0.0000,NULL,145.0000,NULL,145.0000,NULL,0.0000,NULL,0.0000,NULL,1.0000,1.0000,NULL,196.1400,0.0000,NULL,NULL,196.1400,NULL,NULL,0.0000,NULL,0.0000,NULL,196.1400,51.1400,NULL,51.1400,NULL,0.0000,NULL,0.0000,0.0000,145.0000,NULL,145.0000,NULL,0.0000,NULL,0.0000,NULL,NULL,196.1400,NULL,NULL,196.1400,3.0000,NULL,NULL,NULL,0,1,27,1,NULL,1,1,NULL,NULL,NULL,45,26,NULL,NULL,NULL,NULL,0.0000,145.0000,0.0000,NULL,0.0000,145.0000,0.0000,0.2200,NULL,'000000019',NULL,'USD','dmb5245@gmail.com','David','Brown',NULL,' ',NULL,NULL,NULL,NULL,NULL,'USD',NULL,NULL,'USD',NULL,NULL,NULL,NULL,NULL,'104.129.194.113','fedex_PRIORITY_OVERNIGHT','USD','Frogs \'n\' Things\nMain Website St',NULL,NULL,'2019-09-29 19:15:37','2019-10-02 01:35:00',2,NULL,0.0000,0.0000,0.0000,0.0000,0.0000,0.0000,NULL,NULL,51.1400,51.1400,NULL,NULL,0,0,NULL,NULL,0),(15,'complete','complete',NULL,'7cad05a795c5a00746d08a90d0899641','For Supplies Only (No Frogs or Insects Please) - Priority Mail 1-Day',0,1,11,0.0000,NULL,0.0000,NULL,27.3500,7.3500,NULL,7.3500,NULL,0.0000,NULL,20.0000,NULL,20.0000,NULL,0.0000,NULL,0.0000,NULL,1.0000,1.0000,NULL,27.3500,0.0000,NULL,NULL,27.3500,NULL,NULL,0.0000,NULL,0.0000,NULL,27.3500,7.3500,NULL,7.3500,NULL,0.0000,NULL,0.0000,0.0000,20.0000,NULL,20.0000,NULL,0.0000,NULL,0.0000,NULL,NULL,27.3500,NULL,NULL,27.3500,1.0000,NULL,NULL,NULL,0,1,29,1,NULL,1,1,NULL,NULL,NULL,53,28,NULL,NULL,NULL,NULL,0.0000,20.0000,0.0000,NULL,0.0000,20.0000,0.0000,1.0000,NULL,'000000020',NULL,'USD','john.zimmerman33@gmail.com','John','Zimmerman',NULL,' ',NULL,NULL,NULL,NULL,NULL,'USD',NULL,NULL,'USD',NULL,NULL,NULL,NULL,NULL,'108.2.125.132','usps_1','USD','Frogs \'n\' Things\nMain Website St',NULL,NULL,'2019-10-03 21:38:53','2019-10-04 17:00:16',1,NULL,0.0000,0.0000,0.0000,0.0000,0.0000,0.0000,NULL,NULL,7.3500,7.3500,NULL,NULL,0,0,'ef92d9bb45','https://store.frogsnthings.com/?ct=t(Y)&mc_cid=ef92d9bb45&mc_eid=cf11655c6b',1),(16,'complete','complete',NULL,'0acd2ac869096d97005403bc6de98023','For Supples/Insects (No Frogs Please) - UPS Ground',0,1,NULL,0.0000,NULL,0.0000,NULL,32.7400,12.7400,NULL,12.7400,NULL,0.0000,NULL,20.0000,NULL,20.0000,NULL,0.0000,NULL,0.0000,NULL,1.0000,1.0000,NULL,32.7400,0.0000,NULL,NULL,32.7400,NULL,NULL,0.0000,NULL,0.0000,NULL,32.7400,12.7400,NULL,12.7400,NULL,0.0000,NULL,0.0000,0.0000,20.0000,NULL,20.0000,NULL,0.0000,NULL,0.0000,NULL,NULL,32.7400,NULL,NULL,32.7400,4.0000,NULL,NULL,NULL,1,1,31,0,NULL,1,1,NULL,NULL,NULL,54,30,NULL,NULL,NULL,NULL,0.0000,20.0000,0.0000,NULL,0.0000,20.0000,0.0000,0.8000,NULL,'000000021',NULL,'USD','lokshin55@yahoo.com',NULL,NULL,NULL,NULL,NULL,NULL,NULL,NULL,NULL,'USD',NULL,NULL,'USD',NULL,NULL,NULL,NULL,NULL,'74.109.216.36','ups_03','USD','Frogs \'n\' Things\nMain Website St',NULL,NULL,'2019-10-04 13:22:19','2019-10-07 17:00:45',2,NULL,0.0000,0.0000,0.0000,0.0000,0.0000,0.0000,NULL,NULL,12.7400,12.7400,NULL,NULL,0,0,NULL,NULL,0),(17,'processing','processing',NULL,'b17660923965c91c9308c35fca58411f','Pickup in Hilltown PA (19440) - Free',0,1,NULL,0.0000,NULL,NULL,NULL,5.0000,0.0000,NULL,NULL,NULL,0.0000,NULL,5.0000,NULL,NULL,NULL,0.0000,NULL,NULL,NULL,1.0000,1.0000,NULL,NULL,NULL,NULL,NULL,NULL,NULL,NULL,0.0000,NULL,NULL,NULL,5.0000,0.0000,NULL,NULL,NULL,0.0000,NULL,0.0000,0.0000,5.0000,NULL,NULL,NULL,0.0000,NULL,NULL,NULL,NULL,NULL,NULL,NULL,NULL,1.0000,NULL,NULL,NULL,1,0,33,0,NULL,1,1,NULL,NULL,NULL,55,32,NULL,NULL,NULL,NULL,0.0000,5.0000,5.0000,NULL,0.0000,5.0000,5.0000,0.2000,NULL,'000000022',NULL,'USD','keith_tanis@verizon.net','Keith','Tanis',NULL,NULL,NULL,NULL,NULL,NULL,NULL,'USD',NULL,NULL,'USD',NULL,NULL,NULL,NULL,NULL,'71.123.53.72','freeshipping_freeshipping','USD','Frogs \'n\' Things\nMain Website St',NULL,NULL,'2019-10-04 22:29:22','2019-10-05 22:25:21',1,NULL,0.0000,0.0000,0.0000,0.0000,NULL,NULL,NULL,NULL,0.0000,0.0000,NULL,NULL,0,0,NULL,NULL,0),(18,'complete','complete',NULL,'f1c7ac4234cf8c87c6414aaaef52602b','For Supples/Insects (No Frogs Please) - UPS Ground',0,1,NULL,0.0000,NULL,0.0000,NULL,27.6600,12.6600,NULL,12.6600,NULL,0.0000,NULL,15.0000,NULL,15.0000,NULL,0.0000,NULL,0.0000,NULL,1.0000,1.0000,NULL,27.6600,0.0000,NULL,NULL,27.6600,NULL,NULL,0.0000,NULL,0.0000,NULL,27.6600,12.6600,NULL,12.6600,NULL,0.0000,NULL,0.0000,0.0000,15.0000,NULL,15.0000,NULL,0.0000,NULL,0.0000,NULL,NULL,27.6600,NULL,NULL,27.6600,3.0000,NULL,NULL,NULL,1,1,35,0,NULL,1,1,NULL,NULL,NULL,56,34,NULL,NULL,NULL,NULL,0.0000,15.0000,0.0000,NULL,0.0000,15.0000,0.0000,0.6000,NULL,'000000023',NULL,'USD','colelofink@gmail.com',NULL,NULL,NULL,NULL,NULL,NULL,NULL,NULL,NULL,'USD',NULL,NULL,'USD',NULL,NULL,NULL,NULL,NULL,'174.57.28.133','ups_03','USD','Frogs \'n\' Things\nMain Website St',NULL,NULL,'2019-10-05 14:22:12','2019-10-07 17:00:45',3,NULL,0.0000,0.0000,0.0000,0.0000,0.0000,0.0000,NULL,NULL,12.6600,12.6600,NULL,NULL,0,0,NULL,NULL,0),(19,'complete','complete',NULL,'462fcccff72696db8b8e233d3e906365','For Supplies Only (No Frogs or Insects Please) - Priority Mail 1-Day',0,1,NULL,0.0000,NULL,0.0000,NULL,43.8500,7.8500,NULL,7.8500,NULL,0.0000,NULL,36.0000,NULL,36.0000,NULL,0.0000,NULL,0.0000,NULL,1.0000,1.0000,NULL,43.8500,0.0000,NULL,NULL,43.8500,NULL,NULL,0.0000,NULL,0.0000,NULL,43.8500,7.8500,NULL,7.8500,NULL,0.0000,NULL,0.0000,0.0000,36.0000,NULL,36.0000,NULL,0.0000,NULL,0.0000,NULL,NULL,43.8500,NULL,NULL,43.8500,3.0000,NULL,NULL,NULL,1,1,37,0,NULL,1,1,NULL,NULL,NULL,57,36,NULL,NULL,NULL,NULL,0.0000,36.0000,0.0000,NULL,0.0000,36.0000,0.0000,1.3500,NULL,'000000024',NULL,'USD','wendyljs2002@yahoo.com',NULL,NULL,NULL,NULL,NULL,NULL,NULL,NULL,NULL,'USD',NULL,NULL,'USD',NULL,NULL,NULL,NULL,NULL,'174.200.9.202','usps_1','USD','Frogs \'n\' Things\nMain Website St',NULL,NULL,'2019-10-06 14:27:29','2019-10-07 17:00:46',3,NULL,0.0000,0.0000,0.0000,0.0000,0.0000,0.0000,NULL,NULL,7.8500,7.8500,NULL,NULL,0,0,NULL,NULL,0),(20,'complete','complete',NULL,'81aca632f8a97663eb5d631a84b840be','For Supples/Insects (No Frogs Please) - UPS Ground',0,1,12,0.0000,NULL,0.0000,NULL,22.6600,12.6600,NULL,12.6600,NULL,0.0000,NULL,10.0000,NULL,10.0000,NULL,0.0000,NULL,0.0000,NULL,1.0000,1.0000,NULL,22.6600,0.0000,NULL,NULL,22.6600,NULL,NULL,0.0000,NULL,0.0000,NULL,22.6600,12.6600,NULL,12.6600,NULL,0.0000,NULL,0.0000,0.0000,10.0000,NULL,10.0000,NULL,0.0000,NULL,0.0000,NULL,NULL,22.6600,NULL,NULL,22.6600,2.0000,NULL,NULL,NULL,0,1,39,1,NULL,1,1,NULL,NULL,NULL,59,38,NULL,NULL,NULL,NULL,0.0000,10.0000,0.0000,NULL,0.0000,10.0000,0.0000,0.4000,NULL,'000000025',NULL,'USD','harveydd978@gmail.com','charles','lower',NULL,'Mr',NULL,NULL,NULL,NULL,NULL,'USD',NULL,NULL,'USD',NULL,NULL,NULL,NULL,NULL,'23.30.223.69','ups_03','USD','Frogs \'n\' Things\nMain Website St',NULL,NULL,'2019-10-08 08:22:33','2019-10-08 22:24:02',1,NULL,0.0000,0.0000,0.0000,0.0000,0.0000,0.0000,NULL,NULL,12.6600,12.6600,NULL,NULL,0,0,NULL,NULL,0);
