INSERT INTO `mz0b_catalog_product_entity_text` VALUES (300,76,0,83,'<p><span style=\"display: inline !important; float: none; background-color: transparent; color: #2f2f2f; font-family: Arial,Helvetica,sans-serif; font-size: 12px; font-style: normal; font-variant: normal; font-weight: 400; letter-spacing: normal; orphans: 2; text-align: left; text-decoration: none; text-indent: 0px; text-transform: none; -webkit-text-stroke-width: 0px; white-space: normal; word-spacing: 0px;\">• 24\" Unibody Ultra Slim High Output Planted LED </span><br style=\"background-color: transparent; color: #2f2f2f; font-family: Arial,Helvetica,sans-serif; font-size: 12px; font-style: normal; font-variant: normal; font-weight: 400; letter-spacing: normal; orphans: 2; text-align: left; text-decoration: none; text-indent: 0px; text-transform: none; -webkit-text-stroke-width: 0px; white-space: normal; word-spacing: 0px; padding: 0px; margin: 0px;\" /><span style=\"display: inline !important; float: none; background-color: transparent; color: #2f2f2f; font-family: Arial,Helvetica,sans-serif; font-size: 12px; font-style: normal; font-variant: normal; font-weight: 400; letter-spacing: normal; orphans: 2; text-align: left; text-decoration: none; text-indent: 0px; text-transform: none; -webkit-text-stroke-width: 0px; white-space: normal; word-spacing: 0px;\"> • TRUE 660nm intensive photosynthesis RED LEDs </span><br style=\"background-color: transparent; color: #2f2f2f; font-family: Arial,Helvetica,sans-serif; font-size: 12px; font-style: normal; font-variant: normal; font-weight: 400; letter-spacing: normal; orphans: 2; text-align: left; text-decoration: none; text-indent: 0px; text-transform: none; -webkit-text-stroke-width: 0px; white-space: normal; word-spacing: 0px; padding: 0px; margin: 0px;\" /><span style=\"display: inline !important; float: none; background-color: transparent; color: #2f2f2f; font-family: Arial,Helvetica,sans-serif; font-size: 12px; font-style: normal; font-variant: normal; font-weight: 400; letter-spacing: normal; orphans: 2; text-align: left; text-decoration: none; text-indent: 0px; text-transform: none; -webkit-text-stroke-width: 0px; white-space: normal; word-spacing: 0px;\"> • (88) 7000k + (48) 660nm RED + (8) Blue Moonlights</span><br style=\"background-color: transparent; color: #2f2f2f; font-family: Arial,Helvetica,sans-serif; font-size: 12px; font-style: normal; font-variant: normal; font-weight: 400; letter-spacing: normal; orphans: 2; text-align: left; text-decoration: none; text-indent: 0px; text-transform: none; -webkit-text-stroke-width: 0px; white-space: normal; word-spacing: 0px; padding: 0px; margin: 0px;\" /><span style=\"display: inline !important; float: none; background-color: transparent; color: #2f2f2f; font-family: Arial,Helvetica,sans-serif; font-size: 12px; font-style: normal; font-variant: normal; font-weight: 400; letter-spacing: normal; orphans: 2; text-align: left; text-decoration: none; text-indent: 0px; text-transform: none; -webkit-text-stroke-width: 0px; white-space: normal; word-spacing: 0px;\"> • 17.8 Watts</span></p>'),(301,85,0,83,'24\" Finnex Planted+ High Intentisty LED w/ Moonlights'),(303,75,0,84,'<p><span style=\"display: inline !important; float: none; background-color: transparent; color: #2f2f2f; font-family: Arial,Helvetica,sans-serif; font-size: 12px; font-style: normal; font-variant: normal; font-weight: 400; letter-spacing: normal; orphans: 2; text-align: left; text-decoration: none; text-indent: 0px; text-transform: none; -webkit-text-stroke-width: 0px; white-space: normal; word-spacing: 0px;\">The StingRAY LED series features such a slim hood that it is nearly unseen atop an aquarium. The StingRAY offers users three different colors in to their aquarium. 7,000k Daylight LEDs are used to brighten up the entire aquarium. In addition, 660nm RED LEDs and Actinic Blue LEDs are incorporated to highlight colors throughout the aquarium, in addition to providing basic aquatic life support. The true 660nm RED LEDs also efficiently peak photosynthesis activity. Included with the StingRAY are clear plastic legs and a pair of mounting clips if the users would like to easily attach their fixture inside a canopy. MODEL LEDs WATTS 12 Inch Stingray 12 x 7000k, 3 x 660nm True Red, 3 x Actinic Blue 4 Watts 16 Inch Stingray 20 x 7000k, 4 x 660nm True Red, 4 x Actinic Blue 10 Watts 20 Inch Stingray 23 x 7000k, 5 x 660nm True Red, 4 x Actinic Blue 11 Watts 24 Inch Stingray 27 x 7000k, 5 x 660nm True Red, 4 x Actinic Blue 13 Watts 30 Inch Stingray 32 x 7000k, 8 x 660nm True Red, 8 x Actinic Blue 16 Watts 36 Inch Stingray 40 x 7000k, 8 x 660nm True Red, 8 x Actinic Blue 20 Watts 48 Inch Stingray 56 x 7000k, 8 x 660nm True Red, 8 x Actinic Blue 27 Watts . </span></p>'),(304,76,0,84,'<p><span style=\"display: inline !important; float: none; background-color: transparent; color: #2f2f2f; font-family: Arial,Helvetica,sans-serif; font-size: 12px; font-style: normal; font-variant: normal; font-weight: 400; letter-spacing: normal; orphans: 2; text-align: left; text-decoration: none; text-indent: 0px; text-transform: none; -webkit-text-stroke-width: 0px; white-space: normal; word-spacing: 0px;\">• Finnex Pencil Thin LED: 12\"</span><br style=\"background-color: transparent; color: #2f2f2f; font-family: Arial,Helvetica,sans-serif; font-size: 12px; font-style: normal; font-variant: normal; font-weight: 400; letter-spacing: normal; orphans: 2; text-align: left; text-decoration: none; text-indent: 0px; text-transform: none; -webkit-text-stroke-width: 0px; white-space: normal; word-spacing: 0px; padding: 0px; margin: 0px;\" /><span style=\"display: inline !important; float: none; background-color: transparent; color: #2f2f2f; font-family: Arial,Helvetica,sans-serif; font-size: 12px; font-style: normal; font-variant: normal; font-weight: 400; letter-spacing: normal; orphans: 2; text-align: left; text-decoration: none; text-indent: 0px; text-transform: none; -webkit-text-stroke-width: 0px; white-space: normal; word-spacing: 0px;\"> • Perfect size for 10 gallon vertical setups</span><br style=\"background-color: transparent; color: #2f2f2f; font-family: Arial,Helvetica,sans-serif; font-size: 12px; font-style: normal; font-variant: normal; font-weight: 400; letter-spacing: normal; orphans: 2; text-align: left; text-decoration: none; text-indent: 0px; text-transform: none; -webkit-text-stroke-width: 0px; white-space: normal; word-spacing: 0px; padding: 0px; margin: 0px;\" /><span style=\"display: inline !important; float: none; background-color: transparent; color: #2f2f2f; font-family: Arial,Helvetica,sans-serif; font-size: 12px; font-style: normal; font-variant: normal; font-weight: 400; letter-spacing: normal; orphans: 2; text-align: left; text-decoration: none; text-indent: 0px; text-transform: none; -webkit-text-stroke-width: 0px; white-space: normal; word-spacing: 0px;\"> • Tri- Color Blend: 7k White, 660nm True Red, Actinic Blue</span><br style=\"background-color: transparent; color: #2f2f2f; font-family: Arial,Helvetica,sans-serif; font-size: 12px; font-style: normal; font-variant: normal; font-weight: 400; letter-spacing: normal; orphans: 2; text-align: left; text-decoration: none; text-indent: 0px; text-transform: none; -webkit-text-stroke-width: 0px; white-space: normal; word-spacing: 0px; padding: 0px; margin: 0px;\" /><span style=\"display: inline !important; float: none; background-color: transparent; color: #2f2f2f; font-family: Arial,Helvetica,sans-serif; font-size: 12px; font-style: normal; font-variant: normal; font-weight: 400; letter-spacing: normal; orphans: 2; text-align: left; text-decoration: none; text-indent: 0px; text-transform: none; -webkit-text-stroke-width: 0px; white-space: normal; word-spacing: 0px;\"> • (18) total LEDs</span></p>'),(305,85,0,84,'12\" Finnex Stingray LED Light Fixture'),(306,75,0,85,'<p><span style=\"display: inline !important; float: none; background-color: transparent; color: #2f2f2f; font-family: Arial,Helvetica,sans-serif; font-size: 12px; font-style: normal; font-variant: normal; font-weight: 400; letter-spacing: normal; orphans: 2; text-align: left; text-decoration: none; text-indent: 0px; text-transform: none; -webkit-text-stroke-width: 0px; white-space: normal; word-spacing: 0px;\">The StingRAY LED series features such a slim hood that it is nearly unseen atop an aquarium. The StingRAY offers users three different colors in to their aquarium. 7,000k Daylight LEDs are used to brighten up the entire aquarium. In addition, 660nm RED LEDs and Actinic Blue LEDs are incorporated to highlight colors throughout the aquarium, in addition to providing basic aquatic life support. The true 660nm RED LEDs also efficiently peak photosynthesis activity. Included with the StingRAY are clear plastic legs and a pair of mounting clips if the users would like to easily attach their fixture inside a canopy. MODEL LEDs WATTS 12 Inch Stingray 12 x 7000k, 3 x 660nm True Red, 3 x Actinic Blue 4 Watts 16 Inch Stingray 20 x 7000k, 4 x 660nm True Red, 4 x Actinic Blue 10 Watts 20 Inch Stingray 23 x 7000k, 5 x 660nm True Red, 4 x Actinic Blue 11 Watts 24 Inch Stingray 27 x 7000k, 5 x 660nm True Red, 4 x Actinic Blue 13 Watts 30 Inch Stingray 32 x 7000k, 8 x 660nm True Red, 8 x Actinic Blue 16 Watts 36 Inch Stingray 40 x 7000k, 8 x 660nm True Red, 8 x Actinic Blue 20 Watts 48 Inch Stingray 56 x 7000k, 8 x 660nm True Red, 8 x Actinic Blue 27 Watts . </span></p>'),(307,76,0,85,'<p><span style=\"display: inline !important; float: none; background-color: transparent; color: #2f2f2f; font-family: Arial,Helvetica,sans-serif; font-size: 12px; font-style: normal; font-variant: normal; font-weight: 400; letter-spacing: normal; orphans: 2; text-align: left; text-decoration: none; text-indent: 0px; text-transform: none; -webkit-text-stroke-width: 0px; white-space: normal; word-spacing: 0px;\">• Finnex Pencil Thin LED: 20\"</span><br style=\"background-color: transparent; color: #2f2f2f; font-family: Arial,Helvetica,sans-serif; font-size: 12px; font-style: normal; font-variant: normal; font-weight: 400; letter-spacing: normal; orphans: 2; text-align: left; text-decoration: none; text-indent: 0px; text-transform: none; -webkit-text-stroke-width: 0px; white-space: normal; word-spacing: 0px; padding: 0px; margin: 0px;\" /><span style=\"display: inline !important; float: none; background-color: transparent; color: #2f2f2f; font-family: Arial,Helvetica,sans-serif; font-size: 12px; font-style: normal; font-variant: normal; font-weight: 400; letter-spacing: normal; orphans: 2; text-align: left; text-decoration: none; text-indent: 0px; text-transform: none; -webkit-text-stroke-width: 0px; white-space: normal; word-spacing: 0px;\"> • Tri- Color Blend: 7k White, 660nm True Red, Actinic Blue</span><br style=\"background-color: transparent; color: #2f2f2f; font-family: Arial,Helvetica,sans-serif; font-size: 12px; font-style: normal; font-variant: normal; font-weight: 400; letter-spacing: normal; orphans: 2; text-align: left; text-decoration: none; text-indent: 0px; text-transform: none; -webkit-text-stroke-width: 0px; white-space: normal; word-spacing: 0px; padding: 0px; margin: 0px;\" /><span style=\"display: inline !important; float: none; background-color: transparent; color: #2f2f2f; font-family: Arial,Helvetica,sans-serif; font-size: 12px; font-style: normal; font-variant: normal; font-weight: 400; letter-spacing: normal; orphans: 2; text-align: left; text-decoration: none; text-indent: 0px; text-transform: none; -webkit-text-stroke-width: 0px; white-space: normal; word-spacing: 0px;\"> • (32) total LEDs</span></p>'),(308,85,0,85,'20\" Finnex Stingray LED Light Fixture'),(310,75,0,86,'<p><span style=\"display: inline !important; float: none; background-color: transparent; color: #2f2f2f; font-family: Arial,Helvetica,sans-serif; font-size: 12px; font-style: normal; font-variant: normal; font-weight: 400; letter-spacing: normal; orphans: 2; text-align: left; text-decoration: none; text-indent: 0px; text-transform: none; -webkit-text-stroke-width: 0px; white-space: normal; word-spacing: 0px;\">The StingRAY LED series features such a slim hood that it is nearly unseen atop an aquarium. The StingRAY offers users three different colors in to their aquarium. 7,000k Daylight LEDs are used to brighten up the entire aquarium. In addition, 660nm RED LEDs and Actinic Blue LEDs are incorporated to highlight colors throughout the aquarium, in addition to providing basic aquatic life support. The true 660nm RED LEDs also efficiently peak photosynthesis activity. Included with the StingRAY are clear plastic legs and a pair of mounting clips if the users would like to easily attach their fixture inside a canopy. MODEL LEDs WATTS 12 Inch Stingray 12 x 7000k, 3 x 660nm True Red, 3 x Actinic Blue 4 Watts 16 Inch Stingray 20 x 7000k, 4 x 660nm True Red, 4 x Actinic Blue 10 Watts 20 Inch Stingray 23 x 7000k, 5 x 660nm True Red, 4 x Actinic Blue 11 Watts 24 Inch Stingray 27 x 7000k, 5 x 660nm True Red, 4 x Actinic Blue 13 Watts 30 Inch Stingray 32 x 7000k, 8 x 660nm True Red, 8 x Actinic Blue 16 Watts 36 Inch Stingray 40 x 7000k, 8 x 660nm True Red, 8 x Actinic Blue 20 Watts 48 Inch Stingray 56 x 7000k, 8 x 660nm True Red, 8 x Actinic Blue 27 Watts . </span></p>'),(311,76,0,86,'<p><span style=\"display: inline !important; float: none; background-color: transparent; color: #2f2f2f; font-family: Arial,Helvetica,sans-serif; font-size: 12px; font-style: normal; font-variant: normal; font-weight: 400; letter-spacing: normal; orphans: 2; text-align: left; text-decoration: none; text-indent: 0px; text-transform: none; -webkit-text-stroke-width: 0px; white-space: normal; word-spacing: 0px;\">• Finnex Pencil Thin LED: 24\"</span><br style=\"background-color: transparent; color: #2f2f2f; font-family: Arial,Helvetica,sans-serif; font-size: 12px; font-style: normal; font-variant: normal; font-weight: 400; letter-spacing: normal; orphans: 2; text-align: left; text-decoration: none; text-indent: 0px; text-transform: none; -webkit-text-stroke-width: 0px; white-space: normal; word-spacing: 0px; padding: 0px; margin: 0px;\" /><span style=\"display: inline !important; float: none; background-color: transparent; color: #2f2f2f; font-family: Arial,Helvetica,sans-serif; font-size: 12px; font-style: normal; font-variant: normal; font-weight: 400; letter-spacing: normal; orphans: 2; text-align: left; text-decoration: none; text-indent: 0px; text-transform: none; -webkit-text-stroke-width: 0px; white-space: normal; word-spacing: 0px;\"> • Tri- Color Blend: 7k White, 660nm True Red, Actinic Blue</span><br style=\"background-color: transparent; color: #2f2f2f; font-family: Arial,Helvetica,sans-serif; font-size: 12px; font-style: normal; font-variant: normal; font-weight: 400; letter-spacing: normal; orphans: 2; text-align: left; text-decoration: none; text-indent: 0px; text-transform: none; -webkit-text-stroke-width: 0px; white-space: normal; word-spacing: 0px; padding: 0px; margin: 0px;\" /><span style=\"display: inline !important; float: none; background-color: transparent; color: #2f2f2f; font-family: Arial,Helvetica,sans-serif; font-size: 12px; font-style: normal; font-variant: normal; font-weight: 400; letter-spacing: normal; orphans: 2; text-align: left; text-decoration: none; text-indent: 0px; text-transform: none; -webkit-text-stroke-width: 0px; white-space: normal; word-spacing: 0px;\"> • (36) total LEDs</span></p>'),(312,85,0,86,'24\" Finnex Stingray LED Light Fixture'),(314,75,0,87,'<p><span style=\"display: inline !important; float: none; background-color: transparent; color: #2f2f2f; font-family: Arial,Helvetica,sans-serif; font-size: 12px; font-style: normal; font-variant: normal; font-weight: 400; letter-spacing: normal; orphans: 2; text-align: left; text-decoration: none; text-indent: 0px; text-transform: none; -webkit-text-stroke-width: 0px; white-space: normal; word-spacing: 0px;\">The Finnex HMA 50W Titanium heater has a virtually unbreakable titanium tube as well as an external temperature control unit. You can safely burry it under your false bottom and control easily from outside the tank. This compact unit is only 14.3 cm long to fit easily into small water features. Set to 78F to maintain air temperatures in the mid 70s during the winter months. • Precise electronic control • Control Range: 68ºF-92ºF • Tube Length 14.3 cm </span></p>'),(315,76,0,87,'<p><span style=\"display: inline !important; float: none; background-color: transparent; color: #2f2f2f; font-family: Arial,Helvetica,sans-serif; font-size: 12px; font-style: normal; font-variant: normal; font-weight: 400; letter-spacing: normal; orphans: 2; text-align: left; text-decoration: none; text-indent: 0px; text-transform: none; -webkit-text-stroke-width: 0px; white-space: normal; word-spacing: 0px;\">The Finnex HMA 50W Titanium heater has a virtually unbreakable titanium tube as well as an external temperature control unit. </span><br style=\"background-color: transparent; color: #2f2f2f; font-family: Arial,Helvetica,sans-serif; font-size: 12px; font-style: normal; font-variant: normal; font-weight: 400; letter-spacing: normal; orphans: 2; text-align: left; text-decoration: none; text-indent: 0px; text-transform: none; -webkit-text-stroke-width: 0px; white-space: normal; word-spacing: 0px; padding: 0px; margin: 0px;\" /> <br style=\"background-color: transparent; color: #2f2f2f; font-family: Arial,Helvetica,sans-serif; font-size: 12px; font-style: normal; font-variant: normal; font-weight: 400; letter-spacing: normal; orphans: 2; text-align: left; text-decoration: none; text-indent: 0px; text-transform: none; -webkit-text-stroke-width: 0px; white-space: normal; word-spacing: 0px; padding: 0px; margin: 0px;\" /><span style=\"display: inline !important; float: none; background-color: transparent; color: #2f2f2f; font-family: Arial,Helvetica,sans-serif; font-size: 12px; font-style: normal; font-variant: normal; font-weight: 400; letter-spacing: normal; orphans: 2; text-align: left; text-decoration: none; text-indent: 0px; text-transform: none; -webkit-text-stroke-width: 0px; white-space: normal; word-spacing: 0px;\"> • Precise electronic control</span><br style=\"background-color: transparent; color: #2f2f2f; font-family: Arial,Helvetica,sans-serif; font-size: 12px; font-style: normal; font-variant: normal; font-weight: 400; letter-spacing: normal; orphans: 2; text-align: left; text-decoration: none; text-indent: 0px; text-transform: none; -webkit-text-stroke-width: 0px; white-space: normal; word-spacing: 0px; padding: 0px; margin: 0px;\" /> <br style=\"background-color: transparent; color: #2f2f2f; font-family: Arial,Helvetica,sans-serif; font-size: 12px; font-style: normal; font-variant: normal; font-weight: 400; letter-spacing: normal; orphans: 2; text-align: left; text-decoration: none; text-indent: 0px; text-transform: none; -webkit-text-stroke-width: 0px; white-space: normal; word-spacing: 0px; padding: 0px; margin: 0px;\" /><span style=\"display: inline !important; float: none; background-color: transparent; color: #2f2f2f; font-family: Arial,Helvetica,sans-serif; font-size: 12px; font-style: normal; font-variant: normal; font-weight: 400; letter-spacing: normal; orphans: 2; text-align: left; text-decoration: none; text-indent: 0px; text-transform: none; -webkit-text-stroke-width: 0px; white-space: normal; word-spacing: 0px;\"> • Control Range: 68ºF-92ºF</span><br style=\"background-color: transparent; color: #2f2f2f; font-family: Arial,Helvetica,sans-serif; font-size: 12px; font-style: normal; font-variant: normal; font-weight: 400; letter-spacing: normal; orphans: 2; text-align: left; text-decoration: none; text-indent: 0px; text-transform: none; -webkit-text-stroke-width: 0px; white-space: normal; word-spacing: 0px; padding: 0px; margin: 0px;\" /> <br style=\"background-color: transparent; color: #2f2f2f; font-family: Arial,Helvetica,sans-serif; font-size: 12px; font-style: normal; font-variant: normal; font-weight: 400; letter-spacing: normal; orphans: 2; text-align: left; text-decoration: none; text-indent: 0px; text-transform: none; -webkit-text-stroke-width: 0px; white-space: normal; word-spacing: 0px; padding: 0px; margin: 0px;\" /><span style=\"display: inline !important; float: none; background-color: transparent; color: #2f2f2f; font-family: Arial,Helvetica,sans-serif; font-size: 12px; font-style: normal; font-variant: normal; font-weight: 400; letter-spacing: normal; orphans: 2; text-align: left; text-decoration: none; text-indent: 0px; text-transform: none; -webkit-text-stroke-width: 0px; white-space: normal; word-spacing: 0px;\"> • Tube Length 14.3 cm </span></p>'),(316,85,0,87,'50W Finnex Titanium Heater'),(317,75,0,88,'<p><span style=\"display: inline !important; float: none; background-color: transparent; color: #2f2f2f; font-family: Arial,Helvetica,sans-serif; font-size: 12px; font-style: normal; font-variant: normal; font-weight: 400; letter-spacing: normal; orphans: 2; text-align: left; text-decoration: none; text-indent: 0px; text-transform: none; -webkit-text-stroke-width: 0px; white-space: normal; word-spacing: 0px;\">Use these Phase 22 Packs to help maintain shipments between 68F-75F degrees. Changing phase from a solid to a liquid or vise versa requires energy. This buffers the temperature of the surroundings at the phase change temperature. Water-based ice packs change phase at 0C (32F), and are thus great for maintaining shipments near 0C (32F). Not so great for dart frogs however. Phase 22 Packs contain a material that changes phase at 22C (72F), and are thus very efficient at maintaining the perfect shipping temperature for dart frogs and many other amphibians. Shipping during hot weather? Cool pack in refrigerator until all solid before shipping. Shipping during cold weather? Warm pack in hot water until all liquid before shipping. Shipping from a cold to hot location or vise versa? Add a pack in the liquid phase and another in the solid phase. </span></p>'),(318,76,0,88,'<p><span style=\"display: inline !important; float: none; background-color: transparent; color: #2f2f2f; font-family: Arial,Helvetica,sans-serif; font-size: 12px; font-style: normal; font-variant: normal; font-weight: 400; letter-spacing: normal; orphans: 2; text-align: left; text-decoration: none; text-indent: 0px; text-transform: none; -webkit-text-stroke-width: 0px; white-space: normal; word-spacing: 0px;\">Use these Phase 22 Packs to help keep shipments between 68F-75F degrees. 6oz bags can be wrapped around shipping containers. Re-use packs indefinitely.</span></p>'),(319,85,0,88,'22C (72F) Phase Change Pack (6oz)'),(320,75,0,89,'<p><span style=\"display: inline !important; float: none; background-color: transparent; color: #2f2f2f; font-family: Arial,Helvetica,sans-serif; font-size: 12px; font-style: normal; font-variant: normal; font-weight: 400; letter-spacing: normal; orphans: 2; text-align: left; text-decoration: none; text-indent: 0px; text-transform: none; -webkit-text-stroke-width: 0px; white-space: normal; word-spacing: 0px;\">Use these Phase 22 Panels to help maintain shipments between 68F-75F degrees. Changing phase from a solid to a liquid or vise versa requires energy. This buffers the temperature of the surroundings at the phase change temperature. Water-based ice packs change phase at 0C (32F), and are thus great for maintaining shipments near 0C (32F). Not so great for dart frogs however. Phase 22 Panels contain a material that changes phase at 22C (72F), and are thus very efficient at maintaining the perfect shipping temperature for dart frogs and many other amphibians. Shipping during hot weather? Cool panel in refrigerator until all solid before shipping. Shipping during cold weather? Warm panel in hot water until all liquid before shipping. Shipping from a cold to hot location or vise versa? Add a panel in the liquid phase and another in the solid phase. </span></p>'),(321,76,0,89,'<p><span style=\"display: inline !important; float: none; background-color: transparent; color: #2f2f2f; font-family: Arial,Helvetica,sans-serif; font-size: 12px; font-style: normal; font-variant: normal; font-weight: 400; letter-spacing: normal; orphans: 2; text-align: left; text-decoration: none; text-indent: 0px; text-transform: none; -webkit-text-stroke-width: 0px; white-space: normal; word-spacing: 0px;\">Use these Phase 22 Panels to help keep shipments between 68F-75F degrees. 10.6oz hard shell panels are very durable and can be re-used indefinitely. </span></p>'),(322,85,0,89,'22C (72F) Phase Change Panel (10.6oz)'),(323,75,0,90,'<p><span style=\"display: inline !important; float: none; background-color: transparent; color: #2f2f2f; font-family: Arial,Helvetica,sans-serif; font-size: 12px; font-style: normal; font-variant: normal; font-weight: 400; letter-spacing: normal; orphans: 2; text-align: left; text-decoration: none; text-indent: 0px; text-transform: none; -webkit-text-stroke-width: 0px; white-space: normal; word-spacing: 0px;\">8in x 8in x8in boxes come with 1in foam inserts. Dimensional weight of the box is 4lbs. With foam inserts, box holds two 16oz deli cups, three 8oz deli cups, or twelve 4oz deli cups. </span></p>'),(324,76,0,90,'<p><span style=\"display: inline !important; float: none; background-color: transparent; color: #2f2f2f; font-family: Arial,Helvetica,sans-serif; font-size: 12px; font-style: normal; font-variant: normal; font-weight: 400; letter-spacing: normal; orphans: 2; text-align: left; text-decoration: none; text-indent: 0px; text-transform: none; -webkit-text-stroke-width: 0px; white-space: normal; word-spacing: 0px;\">8in x 8in x8in boxes come with 1in foam inserts. Dimensional weight of the box is 4lbs. </span></p>'),(325,85,0,90,'8\"x8\"x8\" Shipping Box with 1\" Foam'),(326,75,0,91,'<p><span style=\"display: inline !important; float: none; background-color: transparent; color: #2f2f2f; font-family: Arial,Helvetica,sans-serif; font-size: 12px; font-style: normal; font-variant: normal; font-weight: 400; letter-spacing: normal; orphans: 2; text-align: left; text-decoration: none; text-indent: 0px; text-transform: none; -webkit-text-stroke-width: 0px; white-space: normal; word-spacing: 0px;\">Directions: Silicone bottom glass flush with frame of tank. Glue hinges to glass door and side of tank while in closed position. Hold each ~30 seconds until glue sets. Glue one magnet inside tank frame and one juxtaposed on outside of the glass. Door should sit flush against the tank frame and bottom glass. Remove protective covers from adhesive tape, and press corner protectors onto bottom two glass corners for the tank. </span></p>'),(327,76,0,91,'<p><span style=\"display: inline !important; float: none; background-color: transparent; color: #2f2f2f; font-family: Arial,Helvetica,sans-serif; font-size: 12px; font-style: normal; font-variant: normal; font-weight: 400; letter-spacing: normal; orphans: 2; text-align: left; text-decoration: none; text-indent: 0px; text-transform: none; -webkit-text-stroke-width: 0px; white-space: normal; word-spacing: 0px;\">Includes:</span><br style=\"background-color: transparent; color: #2f2f2f; font-family: Arial,Helvetica,sans-serif; font-size: 12px; font-style: normal; font-variant: normal; font-weight: 400; letter-spacing: normal; orphans: 2; text-align: left; text-decoration: none; text-indent: 0px; text-transform: none; -webkit-text-stroke-width: 0px; white-space: normal; word-spacing: 0px; padding: 0px; margin: 0px;\" /><span style=\"display: inline !important; float: none; background-color: transparent; color: #2f2f2f; font-family: Arial,Helvetica,sans-serif; font-size: 12px; font-style: normal; font-variant: normal; font-weight: 400; letter-spacing: normal; orphans: 2; text-align: left; text-decoration: none; text-indent: 0px; text-transform: none; -webkit-text-stroke-width: 0px; white-space: normal; word-spacing: 0px;\"> Professionally Cut and Beveled 1/8\" Glass Door and Bottom Glass</span><br style=\"background-color: transparent; color: #2f2f2f; font-family: Arial,Helvetica,sans-serif; font-size: 12px; font-style: normal; font-variant: normal; font-weight: 400; letter-spacing: normal; orphans: 2; text-align: left; text-decoration: none; text-indent: 0px; text-transform: none; -webkit-text-stroke-width: 0px; white-space: normal; word-spacing: 0px; padding: 0px; margin: 0px;\" /><span style=\"display: inline !important; float: none; background-color: transparent; color: #2f2f2f; font-family: Arial,Helvetica,sans-serif; font-size: 12px; font-style: normal; font-variant: normal; font-weight: 400; letter-spacing: normal; orphans: 2; text-align: left; text-decoration: none; text-indent: 0px; text-transform: none; -webkit-text-stroke-width: 0px; white-space: normal; word-spacing: 0px;\"> 3 Acrylic Hinges</span><br style=\"background-color: transparent; color: #2f2f2f; font-family: Arial,Helvetica,sans-serif; font-size: 12px; font-style: normal; font-variant: normal; font-weight: 400; letter-spacing: normal; orphans: 2; text-align: left; text-decoration: none; text-indent: 0px; text-transform: none; -webkit-text-stroke-width: 0px; white-space: normal; word-spacing: 0px; padding: 0px; margin: 0px;\" /><span style=\"display: inline !important; float: none; background-color: transparent; color: #2f2f2f; font-family: Arial,Helvetica,sans-serif; font-size: 12px; font-style: normal; font-variant: normal; font-weight: 400; letter-spacing: normal; orphans: 2; text-align: left; text-decoration: none; text-indent: 0px; text-transform: none; -webkit-text-stroke-width: 0px; white-space: normal; word-spacing: 0px;\"> 3 1/4\" Nd Magnet Cubes</span><br style=\"background-color: transparent; color: #2f2f2f; font-family: Arial,Helvetica,sans-serif; font-size: 12px; font-style: normal; font-variant: normal; font-weight: 400; letter-spacing: normal; orphans: 2; text-align: left; text-decoration: none; text-indent: 0px; text-transform: none; -webkit-text-stroke-width: 0px; white-space: normal; word-spacing: 0px; padding: 0px; margin: 0px;\" /><span style=\"display: inline !important; float: none; background-color: transparent; color: #2f2f2f; font-family: Arial,Helvetica,sans-serif; font-size: 12px; font-style: normal; font-variant: normal; font-weight: 400; letter-spacing: normal; orphans: 2; text-align: left; text-decoration: none; text-indent: 0px; text-transform: none; -webkit-text-stroke-width: 0px; white-space: normal; word-spacing: 0px;\"> Fast Air Drying Glass Glue</span><br style=\"background-color: transparent; color: #2f2f2f; font-family: Arial,Helvetica,sans-serif; font-size: 12px; font-style: normal; font-variant: normal; font-weight: 400; letter-spacing: normal; orphans: 2; text-align: left; text-decoration: none; text-indent: 0px; text-transform: none; -webkit-text-stroke-width: 0px; white-space: normal; word-spacing: 0px; padding: 0px; margin: 0px;\" /><span style=\"display: inline !important; float: none; background-color: transparent; color: #2f2f2f; font-family: Arial,Helvetica,sans-serif; font-size: 12px; font-style: normal; font-variant: normal; font-weight: 400; letter-spacing: normal; orphans: 2; text-align: left; text-decoration: none; text-indent: 0px; text-transform: none; -webkit-text-stroke-width: 0px; white-space: normal; word-spacing: 0px;\"> 2 Bottom Corner Protectors</span><br style=\"background-color: transparent; color: #2f2f2f; font-family: Arial,Helvetica,sans-serif; font-size: 12px; font-style: normal; font-variant: normal; font-weight: 400; letter-spacing: normal; orphans: 2; text-align: left; text-decoration: none; text-indent: 0px; text-transform: none; -webkit-text-stroke-width: 0px; white-space: normal; word-spacing: 0px; padding: 0px; margin: 0px;\" /> <br style=\"background-color: transparent; color: #2f2f2f; font-family: Arial,Helvetica,sans-serif; font-size: 12px; font-style: normal; font-variant: normal; font-weight: 400; letter-spacing: normal; orphans: 2; text-align: left; text-decoration: none; text-indent: 0px; text-transform: none; -webkit-text-stroke-width: 0px; white-space: normal; word-spacing: 0px; padding: 0px; margin: 0px;\" /><span style=\"display: inline !important; float: none; background-color: transparent; color: #2f2f2f; font-family: Arial,Helvetica,sans-serif; font-size: 12px; font-style: normal; font-variant: normal; font-weight: 400; letter-spacing: normal; orphans: 2; text-align: left; text-decoration: none; text-indent: 0px; text-transform: none; -webkit-text-stroke-width: 0px; white-space: normal; word-spacing: 0px;\"> This custom vertical conversion kit allows un-impeded views and easy access. Easy and quick door assembly with included glass glue. Ultra strong Nd magnets keep the door secure while allowing easy opening. Corner protectors prevent chipping of bottom tank corners (which happens easily when the exposed sides of a standard tank become the base when placed in the vertical position). The professionally beveled 1/8th glass, while accounting for the majority of the kit cost, is stronger and much safer than hardware store cut glass. It is the same quality of glass used in Aqueon\'s glass canopies. See below for assembly directions.</span><br style=\"background-color: transparent; color: #2f2f2f; font-family: Arial,Helvetica,sans-serif; font-size: 12px; font-style: normal; font-variant: normal; font-weight: 400; letter-spacing: normal; orphans: 2; text-align: left; text-decoration: none; text-indent: 0px; text-transform: none; -webkit-text-stroke-width: 0px; white-space: normal; word-spacing: 0px; padding: 0px; margin: 0px;\" /> <br style=\"background-color: transparent; color: #2f2f2f; font-family: Arial,Helvetica,sans-serif; font-size: 12px; font-style: normal; font-variant: normal; font-weight: 400; letter-spacing: normal; orphans: 2; text-align: left; text-decoration: none; text-indent: 0px; text-transform: none; -webkit-text-stroke-width: 0px; white-space: normal; word-spacing: 0px; padding: 0px; margin: 0px;\" /><span style=\"display: inline !important; float: none; background-color: transparent; color: #2f2f2f; font-family: Arial,Helvetica,sans-serif; font-size: 12px; font-style: normal; font-variant: normal; font-weight: 400; letter-spacing: normal; orphans: 2; text-align: left; text-decoration: none; text-indent: 0px; text-transform: none; -webkit-text-stroke-width: 0px; white-space: normal; word-spacing: 0px;\"> Required: 10g Aqueon aquarium, 100% silicone sealant.</span></p>'),(328,85,0,91,'10 Gallon Vertical Conversion Kit (Face Only)'),(329,75,0,92,'<p><span style=\"display: inline !important; float: none; background-color: transparent; color: #2f2f2f; font-family: Arial,Helvetica,sans-serif; font-size: 12px; font-style: normal; font-variant: normal; font-weight: 400; letter-spacing: normal; orphans: 2; text-align: left; text-decoration: none; text-indent: 0px; text-transform: none; -webkit-text-stroke-width: 0px; white-space: normal; word-spacing: 0px;\">Includes: 10 Gallon Aqueon Aquarium, Custom Built Glass Door Front w/ Magnetic Closure, 12\" Finnex Stingray LED Light Fixture, Gravel, Substrate Barrier, ABG Substrate, Live Moss, Leaf Litter, Cork Stump and Peat-Covered Back, 2 Film Canisters, Thermometer. We use this same setup for our thumbnails. The custom built front allows un-impeded views and easy access. Ultra strong Nd magnets keep the door secure while allowing easy opening. </span></p>'),(330,76,0,92,'<p><span style=\"display: inline !important; float: none; background-color: transparent; color: #2f2f2f; font-family: Arial,Helvetica,sans-serif; font-size: 12px; font-style: normal; font-variant: normal; font-weight: 400; letter-spacing: normal; orphans: 2; text-align: left; text-decoration: none; text-indent: 0px; text-transform: none; -webkit-text-stroke-width: 0px; white-space: normal; word-spacing: 0px;\">We use this same setup for our thumbnails. </span><br style=\"background-color: transparent; color: #2f2f2f; font-family: Arial,Helvetica,sans-serif; font-size: 12px; font-style: normal; font-variant: normal; font-weight: 400; letter-spacing: normal; orphans: 2; text-align: left; text-decoration: none; text-indent: 0px; text-transform: none; -webkit-text-stroke-width: 0px; white-space: normal; word-spacing: 0px; padding: 0px; margin: 0px;\" /><span style=\"display: inline !important; float: none; background-color: transparent; color: #2f2f2f; font-family: Arial,Helvetica,sans-serif; font-size: 12px; font-style: normal; font-variant: normal; font-weight: 400; letter-spacing: normal; orphans: 2; text-align: left; text-decoration: none; text-indent: 0px; text-transform: none; -webkit-text-stroke-width: 0px; white-space: normal; word-spacing: 0px;\"> The custom built front allows un-impeded views and easy access.</span><br style=\"background-color: transparent; color: #2f2f2f; font-family: Arial,Helvetica,sans-serif; font-size: 12px; font-style: normal; font-variant: normal; font-weight: 400; letter-spacing: normal; orphans: 2; text-align: left; text-decoration: none; text-indent: 0px; text-transform: none; -webkit-text-stroke-width: 0px; white-space: normal; word-spacing: 0px; padding: 0px; margin: 0px;\" /><span style=\"display: inline !important; float: none; background-color: transparent; color: #2f2f2f; font-family: Arial,Helvetica,sans-serif; font-size: 12px; font-style: normal; font-variant: normal; font-weight: 400; letter-spacing: normal; orphans: 2; text-align: left; text-decoration: none; text-indent: 0px; text-transform: none; -webkit-text-stroke-width: 0px; white-space: normal; word-spacing: 0px;\"> Please allow 2 week production period for custom tank orders</span><br style=\"background-color: transparent; color: #2f2f2f; font-family: Arial,Helvetica,sans-serif; font-size: 12px; font-style: normal; font-variant: normal; font-weight: 400; letter-spacing: normal; orphans: 2; text-align: left; text-decoration: none; text-indent: 0px; text-transform: none; -webkit-text-stroke-width: 0px; white-space: normal; word-spacing: 0px; padding: 0px; margin: 0px;\" /> <br style=\"background-color: transparent; color: #2f2f2f; font-family: Arial,Helvetica,sans-serif; font-size: 12px; font-style: normal; font-variant: normal; font-weight: 400; letter-spacing: normal; orphans: 2; text-align: left; text-decoration: none; text-indent: 0px; text-transform: none; -webkit-text-stroke-width: 0px; white-space: normal; word-spacing: 0px; padding: 0px; margin: 0px;\" /><span style=\"display: inline !important; float: none; background-color: transparent; color: #2f2f2f; font-family: Arial,Helvetica,sans-serif; font-size: 12px; font-style: normal; font-variant: normal; font-weight: 400; letter-spacing: normal; orphans: 2; text-align: left; text-decoration: none; text-indent: 0px; text-transform: none; -webkit-text-stroke-width: 0px; white-space: normal; word-spacing: 0px;\"> Includes:</span><br style=\"background-color: transparent; color: #2f2f2f; font-family: Arial,Helvetica,sans-serif; font-size: 12px; font-style: normal; font-variant: normal; font-weight: 400; letter-spacing: normal; orphans: 2; text-align: left; text-decoration: none; text-indent: 0px; text-transform: none; -webkit-text-stroke-width: 0px; white-space: normal; word-spacing: 0px; padding: 0px; margin: 0px;\" /><span style=\"display: inline !important; float: none; background-color: transparent; color: #2f2f2f; font-family: Arial,Helvetica,sans-serif; font-size: 12px; font-style: normal; font-variant: normal; font-weight: 400; letter-spacing: normal; orphans: 2; text-align: left; text-decoration: none; text-indent: 0px; text-transform: none; -webkit-text-stroke-width: 0px; white-space: normal; word-spacing: 0px;\"> 10 Gallon Aqueon Aquarium</span><br style=\"background-color: transparent; color: #2f2f2f; font-family: Arial,Helvetica,sans-serif; font-size: 12px; font-style: normal; font-variant: normal; font-weight: 400; letter-spacing: normal; orphans: 2; text-align: left; text-decoration: none; text-indent: 0px; text-transform: none; -webkit-text-stroke-width: 0px; white-space: normal; word-spacing: 0px; padding: 0px; margin: 0px;\" /><span style=\"display: inline !important; float: none; background-color: transparent; color: #2f2f2f; font-family: Arial,Helvetica,sans-serif; font-size: 12px; font-style: normal; font-variant: normal; font-weight: 400; letter-spacing: normal; orphans: 2; text-align: left; text-decoration: none; text-indent: 0px; text-transform: none; -webkit-text-stroke-width: 0px; white-space: normal; word-spacing: 0px;\"> Custom Built Glass Door Front w/ Magnetic Closure</span><br style=\"background-color: transparent; color: #2f2f2f; font-family: Arial,Helvetica,sans-serif; font-size: 12px; font-style: normal; font-variant: normal; font-weight: 400; letter-spacing: normal; orphans: 2; text-align: left; text-decoration: none; text-indent: 0px; text-transform: none; -webkit-text-stroke-width: 0px; white-space: normal; word-spacing: 0px; padding: 0px; margin: 0px;\" /><span style=\"display: inline !important; float: none; background-color: transparent; color: #2f2f2f; font-family: Arial,Helvetica,sans-serif; font-size: 12px; font-style: normal; font-variant: normal; font-weight: 400; letter-spacing: normal; orphans: 2; text-align: left; text-decoration: none; text-indent: 0px; text-transform: none; -webkit-text-stroke-width: 0px; white-space: normal; word-spacing: 0px;\"> 12\" Finnex Stingray LED Light Fixture</span><br style=\"background-color: transparent; color: #2f2f2f; font-family: Arial,Helvetica,sans-serif; font-size: 12px; font-style: normal; font-variant: normal; font-weight: 400; letter-spacing: normal; orphans: 2; text-align: left; text-decoration: none; text-indent: 0px; text-transform: none; -webkit-text-stroke-width: 0px; white-space: normal; word-spacing: 0px; padding: 0px; margin: 0px;\" /><span style=\"display: inline !important; float: none; background-color: transparent; color: #2f2f2f; font-family: Arial,Helvetica,sans-serif; font-size: 12px; font-style: normal; font-variant: normal; font-weight: 400; letter-spacing: normal; orphans: 2; text-align: left; text-decoration: none; text-indent: 0px; text-transform: none; -webkit-text-stroke-width: 0px; white-space: normal; word-spacing: 0px;\"> Gravel, Substrate Barrier, ABG Substrate, Live Moss, Leaf Litter</span><br style=\"background-color: transparent; color: #2f2f2f; font-family: Arial,Helvetica,sans-serif; font-size: 12px; font-style: normal; font-variant: normal; font-weight: 400; letter-spacing: normal; orphans: 2; text-align: left; text-decoration: none; text-indent: 0px; text-transform: none; -webkit-text-stroke-width: 0px; white-space: normal; word-spacing: 0px; padding: 0px; margin: 0px;\" /><span style=\"display: inline !important; float: none; background-color: transparent; color: #2f2f2f; font-family: Arial,Helvetica,sans-serif; font-size: 12px; font-style: normal; font-variant: normal; font-weight: 400; letter-spacing: normal; orphans: 2; text-align: left; text-decoration: none; text-indent: 0px; text-transform: none; -webkit-text-stroke-width: 0px; white-space: normal; word-spacing: 0px;\"> Cork Stump and Peat-Covered Back</span><br style=\"background-color: transparent; color: #2f2f2f; font-family: Arial,Helvetica,sans-serif; font-size: 12px; font-style: normal; font-variant: normal; font-weight: 400; letter-spacing: normal; orphans: 2; text-align: left; text-decoration: none; text-indent: 0px; text-transform: none; -webkit-text-stroke-width: 0px; white-space: normal; word-spacing: 0px; padding: 0px; margin: 0px;\" /><span style=\"display: inline !important; float: none; background-color: transparent; color: #2f2f2f; font-family: Arial,Helvetica,sans-serif; font-size: 12px; font-style: normal; font-variant: normal; font-weight: 400; letter-spacing: normal; orphans: 2; text-align: left; text-decoration: none; text-indent: 0px; text-transform: none; -webkit-text-stroke-width: 0px; white-space: normal; word-spacing: 0px;\"> 2 Film Canisters</span><br style=\"background-color: transparent; color: #2f2f2f; font-family: Arial,Helvetica,sans-serif; font-size: 12px; font-style: normal; font-variant: normal; font-weight: 400; letter-spacing: normal; orphans: 2; text-align: left; text-decoration: none; text-indent: 0px; text-transform: none; -webkit-text-stroke-width: 0px; white-space: normal; word-spacing: 0px; padding: 0px; margin: 0px;\" /><span style=\"display: inline !important; float: none; background-color: transparent; color: #2f2f2f; font-family: Arial,Helvetica,sans-serif; font-size: 12px; font-style: normal; font-variant: normal; font-weight: 400; letter-spacing: normal; orphans: 2; text-align: left; text-decoration: none; text-indent: 0px; text-transform: none; -webkit-text-stroke-width: 0px; white-space: normal; word-spacing: 0px;\"> Thermometer</span></p>'),(331,85,0,92,'10 Gallon Vertical Thumbnail Setup'),(332,75,0,93,'<p><span style=\"display: inline !important; float: none; background-color: transparent; color: #2f2f2f; font-family: Arial,Helvetica,sans-serif; font-size: 12px; font-style: normal; font-variant: normal; font-weight: 400; letter-spacing: normal; orphans: 2; text-align: left; text-decoration: none; text-indent: 0px; text-transform: none; -webkit-text-stroke-width: 0px; white-space: normal; word-spacing: 0px;\">Includes: Aqueon Aquarium + Glass Canopy, 20\" Fluorescent Light Fixture, Thermometer, Coconut Hut, Gravel/Rocks, Sphagnum Moss, Leaf Litter, Asst. Tropical Plants. Optional Deluxe Setup adds substrate barrier, ABG substrate, sheet/mood moss and additional plant variety Optional Light Upgrade: Finnex Stingray or Planted+ LED Light Fixture. Upgrade from the Finnex Stingray to Planted+ fixture for &gt;3x increased brightness and paramount plant growth. <span style=\"display: inline !important; float: none; background-color: transparent; color: #2f2f2f; font-family: Arial,Helvetica,sans-serif; font-size: 12px; font-style: normal; font-variant: normal; font-weight: 400; letter-spacing: normal; orphans: 2; text-align: left; text-decoration: none; text-indent: 0px; text-transform: none; -webkit-text-stroke-width: 0px; white-space: normal; word-spacing: 0px;\"> We use this same setup for </span><span style=\"display: inline !important; float: none; background-color: transparent; color: #2f2f2f; font-family: Arial,Helvetica,sans-serif; font-size: 12px; font-style: normal; font-variant: normal; font-weight: 400; letter-spacing: normal; orphans: 2; text-align: left; text-decoration: none; text-indent: 0px; text-transform: none; -webkit-text-stroke-width: 0px; white-space: normal; word-spacing: 0px;\">our non-thumbnail dart frog breeding setups.</span></span></p>'),(333,76,0,93,'<p><span style=\"display: inline !important; float: none; background-color: transparent; color: #2f2f2f; font-family: Arial,Helvetica,sans-serif; font-size: 12px; font-style: normal; font-variant: normal; font-weight: 400; letter-spacing: normal; orphans: 2; text-align: left; text-decoration: none; text-indent: 0px; text-transform: none; -webkit-text-stroke-width: 0px; white-space: normal; word-spacing: 0px;\">Includes:</span><br style=\"background-color: transparent; color: #2f2f2f; font-family: Arial,Helvetica,sans-serif; font-size: 12px; font-style: normal; font-variant: normal; font-weight: 400; letter-spacing: normal; orphans: 2; text-align: left; text-decoration: none; text-indent: 0px; text-transform: none; -webkit-text-stroke-width: 0px; white-space: normal; word-spacing: 0px; padding: 0px; margin: 0px;\" /><span style=\"display: inline !important; float: none; background-color: transparent; color: #2f2f2f; font-family: Arial,Helvetica,sans-serif; font-size: 12px; font-style: normal; font-variant: normal; font-weight: 400; letter-spacing: normal; orphans: 2; text-align: left; text-decoration: none; text-indent: 0px; text-transform: none; -webkit-text-stroke-width: 0px; white-space: normal; word-spacing: 0px;\"> Aqueon Aquarium + Glass Canopy</span><br style=\"background-color: transparent; color: #2f2f2f; font-family: Arial,Helvetica,sans-serif; font-size: 12px; font-style: normal; font-variant: normal; font-weight: 400; letter-spacing: normal; orphans: 2; text-align: left; text-decoration: none; text-indent: 0px; text-transform: none; -webkit-text-stroke-width: 0px; white-space: normal; word-spacing: 0px; padding: 0px; margin: 0px;\" /><span style=\"display: inline !important; float: none; background-color: transparent; color: #2f2f2f; font-family: Arial,Helvetica,sans-serif; font-size: 12px; font-style: normal; font-variant: normal; font-weight: 400; letter-spacing: normal; orphans: 2; text-align: left; text-decoration: none; text-indent: 0px; text-transform: none; -webkit-text-stroke-width: 0px; white-space: normal; word-spacing: 0px;\"> 20\" Fluorescent Light Fixture, Thermometer</span><br style=\"background-color: transparent; color: #2f2f2f; font-family: Arial,Helvetica,sans-serif; font-size: 12px; font-style: normal; font-variant: normal; font-weight: 400; letter-spacing: normal; orphans: 2; text-align: left; text-decoration: none; text-indent: 0px; text-transform: none; -webkit-text-stroke-width: 0px; white-space: normal; word-spacing: 0px; padding: 0px; margin: 0px;\" /><span style=\"display: inline !important; float: none; background-color: transparent; color: #2f2f2f; font-family: Arial,Helvetica,sans-serif; font-size: 12px; font-style: normal; font-variant: normal; font-weight: 400; letter-spacing: normal; orphans: 2; text-align: left; text-decoration: none; text-indent: 0px; text-transform: none; -webkit-text-stroke-width: 0px; white-space: normal; word-spacing: 0px;\"> Coconut Hut, Gravel/Rocks, Sphagnum Moss, Leaf Litter, Asst. Tropical Plants</span><br style=\"background-color: transparent; color: #2f2f2f; font-family: Arial,Helvetica,sans-serif; font-size: 12px; font-style: normal; font-variant: normal; font-weight: 400; letter-spacing: normal; orphans: 2; text-align: left; text-decoration: none; text-indent: 0px; text-transform: none; -webkit-text-stroke-width: 0px; white-space: normal; word-spacing: 0px; padding: 0px; margin: 0px;\" /> <br style=\"background-color: transparent; color: #2f2f2f; font-family: Arial,Helvetica,sans-serif; font-size: 12px; font-style: normal; font-variant: normal; font-weight: 400; letter-spacing: normal; orphans: 2; text-align: left; text-decoration: none; text-indent: 0px; text-transform: none; -webkit-text-stroke-width: 0px; white-space: normal; word-spacing: 0px; padding: 0px; margin: 0px;\" /><span style=\"display: inline !important; float: none; background-color: transparent; color: #2f2f2f; font-family: Arial,Helvetica,sans-serif; font-size: 12px; font-style: normal; font-variant: normal; font-weight: 400; letter-spacing: normal; orphans: 2; text-align: left; text-decoration: none; text-indent: 0px; text-transform: none; -webkit-text-stroke-width: 0px; white-space: normal; word-spacing: 0px;\"> Optional Deluxe Setup adds substrate barrier, ABG substrate, lsheet/mood moss and additional plant variety</span><br style=\"background-color: transparent; color: #2f2f2f; font-family: Arial,Helvetica,sans-serif; font-size: 12px; font-style: normal; font-variant: normal; font-weight: 400; letter-spacing: normal; orphans: 2; text-align: left; text-decoration: none; text-indent: 0px; text-transform: none; -webkit-text-stroke-width: 0px; white-space: normal; word-spacing: 0px; padding: 0px; margin: 0px;\" /> <br style=\"background-color: transparent; color: #2f2f2f; font-family: Arial,Helvetica,sans-serif; font-size: 12px; font-style: normal; font-variant: normal; font-weight: 400; letter-spacing: normal; orphans: 2; text-align: left; text-decoration: none; text-indent: 0px; text-transform: none; -webkit-text-stroke-width: 0px; white-space: normal; word-spacing: 0px; padding: 0px; margin: 0px;\" /><span style=\"display: inline !important; float: none; background-color: transparent; color: #2f2f2f; font-family: Arial,Helvetica,sans-serif; font-size: 12px; font-style: normal; font-variant: normal; font-weight: 400; letter-spacing: normal; orphans: 2; text-align: left; text-decoration: none; text-indent: 0px; text-transform: none; -webkit-text-stroke-width: 0px; white-space: normal; word-spacing: 0px;\"> Optional Light Upgrade: Finnex Stingray or Planted+ LED Light Fixture</span></p>'),(334,85,0,93,'Standard Dart Frog Setup'),(335,75,0,94,'<p><span style=\"display: inline !important; float: none; background-color: transparent; color: #2f2f2f; font-family: Arial,Helvetica,sans-serif; font-size: 12px; font-style: normal; font-variant: normal; font-weight: 400; letter-spacing: normal; orphans: 2; text-align: left; text-decoration: none; text-indent: 0px; text-transform: none; -webkit-text-stroke-width: 0px; white-space: normal; word-spacing: 0px;\">This ABG mix is made by Josh\'s Frogs, a premium substrate for tropical vivariums. A precise blend of tree fern fiber, charcoal, sphagnum peat, long fiber sphagnum, and fir bark, this substrate is capable of lasting several years when used properly. Originally perfected by the Atlanta Botanical Gardens of Atlanta, Georgia, this substrate will support a sizable population of microfauna while allowing plants to thrive. It is a good idea to wet the substrate before placing it in the vivarium. </span></p>'),(336,76,0,94,'<p><span style=\"display: inline !important; float: none; background-color: transparent; color: #2f2f2f; font-family: Arial,Helvetica,sans-serif; font-size: 12px; font-style: normal; font-variant: normal; font-weight: 400; letter-spacing: normal; orphans: 2; text-align: left; text-decoration: none; text-indent: 0px; text-transform: none; -webkit-text-stroke-width: 0px; white-space: normal; word-spacing: 0px;\">A premium substrate for tropical vivariums.</span></p>'),(337,85,0,94,'Josh\'s Frogs ABG Mix (1 Gal)'),(338,75,0,95,'<p><span style=\"display: inline !important; float: none; background-color: transparent; color: #2f2f2f; font-family: Arial,Helvetica,sans-serif; font-size: 12px; font-style: normal; font-variant: normal; font-weight: 400; letter-spacing: normal; orphans: 2; text-align: left; text-decoration: none; text-indent: 0px; text-transform: none; -webkit-text-stroke-width: 0px; white-space: normal; word-spacing: 0px;\">Siquirres \"Black Jean\" pumilio, captive bred juveniles. They are from the Kevin Moser line of original imports in the 1990s. These pumilio are from the area of Siquirres Costa Rica. They are the largest of the pumilios and are bold, making them a great choice. They have bright red bodies with some amount of black speckling and black legs. </span></p>'),(339,76,0,95,'<p><span style=\"display: inline !important; float: none; background-color: transparent; color: #2f2f2f; font-family: Arial,Helvetica,sans-serif; font-size: 12px; font-style: normal; font-variant: normal; font-weight: 400; letter-spacing: normal; orphans: 2; text-align: left; text-decoration: none; text-indent: 0px; text-transform: none; -webkit-text-stroke-width: 0px; white-space: normal; word-spacing: 0px;\">Siquirres \"Black Jean\" pumilio, captive bred juveniles. Kevin Moser line.</span></p>'),(340,85,0,95,'O. Pumilio - Siquirres \"Black Jeans\"'),(341,75,0,96,'<p><span style=\"display: inline !important; float: none; background-color: transparent; color: #2f2f2f; font-family: Arial,Helvetica,sans-serif; font-size: 12px; font-style: normal; font-variant: normal; font-weight: 400; letter-spacing: normal; orphans: 2; text-align: left; text-decoration: none; text-indent: 0px; text-transform: none; -webkit-text-stroke-width: 0px; white-space: normal; word-spacing: 0px;\">Hydei are larger (about 2x) than melanogaster. Great for larger frogs. Note their life cycle is slower than melanos - about 3 weeks per generation. We recommend doubling the amount of media (use 1/2 cup/32 oz culture) for optimal production. </span></p>'),(342,76,0,96,'<p><span style=\"display: inline !important; float: none; background-color: transparent; color: #2f2f2f; font-family: Arial,Helvetica,sans-serif; font-size: 12px; font-style: normal; font-variant: normal; font-weight: 400; letter-spacing: normal; orphans: 2; text-align: left; text-decoration: none; text-indent: 0px; text-transform: none; -webkit-text-stroke-width: 0px; white-space: normal; word-spacing: 0px;\">Hydei are larger (about 2x) than melanogaster. Great for larger frogs.</span><span style=\"display: inline !important; float: none; background-color: transparent; color: #2f2f2f; font-family: Arial,Helvetica,sans-serif; font-size: 12px; font-style: normal; font-variant: normal; font-weight: 400; letter-spacing: normal; orphans: 2; text-align: left; text-decoration: none; text-indent: 0px; text-transform: none; -webkit-text-stroke-width: 0px; white-space: normal; word-spacing: 0px;\">.</span></p>'),(343,85,0,96,'32oz  Drosophila Melanogaster');
CREATE TABLE `mz0b_catalog_product_entity_tier_price` (
  `value_id` int(11) NOT NULL AUTO_INCREMENT COMMENT 'Value ID',
  `entity_id` int(10) unsigned NOT NULL DEFAULT '0' COMMENT 'Entity ID',
  `all_groups` smallint(5) unsigned NOT NULL DEFAULT '1' COMMENT 'Is Applicable To All Customer Groups',
  `customer_group_id` int(10) unsigned NOT NULL DEFAULT '0' COMMENT 'Customer Group ID',
  `qty` decimal(12,4) NOT NULL DEFAULT '1.0000' COMMENT 'QTY',
  `value` decimal(20,6) NOT NULL DEFAULT '0.000000' COMMENT 'Value',
  `website_id` smallint(5) unsigned NOT NULL COMMENT 'Website ID',
  `percentage_value` decimal(5,2) DEFAULT NULL COMMENT 'Percentage value',
  PRIMARY KEY (`value_id`),
  UNIQUE KEY `UNQ_9A8784D14F9C6831EC37D151C3883A9C` (`entity_id`,`all_groups`,`customer_group_id`,`qty`,`website_id`),
  KEY `MZ0B_CATALOG_PRODUCT_ENTITY_TIER_PRICE_CUSTOMER_GROUP_ID` (`customer_group_id`),
  KEY `MZ0B_CATALOG_PRODUCT_ENTITY_TIER_PRICE_WEBSITE_ID` (`website_id`)
) ENGINE=InnoDB AUTO_INCREMENT=34 DEFAULT CHARSET=utf8 COMMENT='Catalog Product Tier Price Attribute Backend Table';
INSERT INTO `mz0b_catalog_product_entity_tier_price` VALUES (1,1,1,0,4.0000,40.000000,0,NULL),(2,1,1,0,6.0000,35.000000,0,NULL),(3,8,1,0,5.0000,20.000000,0,NULL),(5,2,1,0,4.0000,18.000000,0,NULL),(6,2,1,0,6.0000,16.000000,0,NULL),(11,12,1,0,4.0000,30.000000,0,NULL),(12,12,1,0,8.0000,25.000000,0,NULL),(29,52,1,0,5.0000,1.400000,0,NULL),(30,52,1,0,10.0000,1.250000,0,NULL),(31,53,1,0,25.0000,0.800000,0,NULL),(32,53,1,0,50.0000,0.700000,0,NULL),(33,53,1,0,100.0000,0.500000,0,NULL);
CREATE TABLE `mz0b_catalog_product_entity_varchar` (
  `value_id` int(11) NOT NULL AUTO_INCREMENT COMMENT 'Value ID',
  `attribute_id` smallint(5) unsigned NOT NULL DEFAULT '0' COMMENT 'Attribute ID',
  `store_id` smallint(5) unsigned NOT NULL DEFAULT '0' COMMENT 'Store ID',
  `entity_id` int(10) unsigned NOT NULL DEFAULT '0' COMMENT 'Entity ID',
  `value` varchar(255) DEFAULT NULL COMMENT 'Value',
  PRIMARY KEY (`value_id`),
  UNIQUE KEY `MZ0B_CAT_PRD_ENTT_VCHR_ENTT_ID_ATTR_ID_STORE_ID` (`entity_id`,`attribute_id`,`store_id`),
  KEY `MZ0B_CATALOG_PRODUCT_ENTITY_VARCHAR_ATTRIBUTE_ID` (`attribute_id`),
  KEY `MZ0B_CATALOG_PRODUCT_ENTITY_VARCHAR_STORE_ID` (`store_id`)
) ENGINE=InnoDB AUTO_INCREMENT=2427 DEFAULT CHARSET=utf8 COMMENT='Catalog Product Varchar Attribute Backend Table';
INSERT INTO `mz0b_catalog_product_entity_varchar` VALUES (1,73,0,1,'D. Azureus'),(2,84,0,1,'D. Azureus'),(3,86,0,1,'D. Azureus '),(4,87,0,1,'/i/m/img_0836.jpg'),(5,88,0,1,'/i/m/img_0836.jpg'),(6,89,0,1,'/i/m/img_0836.jpg'),(7,106,0,1,'container2'),(8,118,0,1,'0'),(9,121,0,1,'d-azureus'),(10,132,0,1,'2'),(11,133,0,1,'/i/m/img_0836.jpg'),(20,73,0,2,'D. Auratus - Green/Black'),(21,84,0,2,'D. Auratus - Green/Black'),(22,86,0,2,'D. Auratus - Green/Black '),(23,106,0,2,'container2'),(24,118,0,2,'0'),(25,121,0,2,'d-auratus-green-black'),(26,132,0,2,'2'),(27,87,0,2,'/i/m/img_1277.jpg'),(28,88,0,2,'/i/m/img_1277.jpg'),(29,89,0,2,'/i/m/img_1277.jpg'),(30,133,0,2,'/i/m/img_1277.jpg'),(35,73,0,3,'Gift Card'),(36,84,0,3,'Gift Card'),(37,86,0,3,'Gift Card '),(38,106,0,3,'container2'),(39,118,0,3,'0'),(40,121,0,3,'gift-card'),(41,132,0,3,'1'),(42,87,0,3,'/1/0/100frogbucks_1_1.png'),(43,88,0,3,'/1/0/100frogbucks_1_1.png'),(44,89,0,3,'/1/0/100frogbucks_1_1.png'),(45,133,0,3,'/1/0/100frogbucks_1_1.png'),(58,73,0,4,'A. Galactonotus - Lemon Morph'),(60,86,0,4,'\r\n'),(61,87,0,4,'/i/m/img_1402.jpg'),(62,88,0,4,'/i/m/img_1402.jpg'),(63,89,0,4,'/i/m/img_1402.jpg'),(64,106,0,4,'container2'),(65,118,0,4,'0'),(66,121,0,4,'a-galactonotus-lemon-morph'),(67,132,0,4,'2'),(68,133,0,4,'/i/m/img_1402.jpg'),(78,73,0,5,'A. Galactonotus - Orange Morph'),(81,87,0,5,'/i/m/img_4293.jpg'),(82,88,0,5,'/i/m/img_4293.jpg'),(83,89,0,5,'/i/m/img_4293.jpg'),(84,106,0,5,'container2'),(85,118,0,5,'0'),(86,121,0,5,'a-galactonotus-orange-morph'),(87,132,0,5,'2'),(88,133,0,5,'/i/m/img_4293.jpg'),(102,73,0,6,'A. Galactonotus - Red Morph'),(105,87,0,6,'/i/m/img_1387.jpg'),(106,88,0,6,'/i/m/img_1387.jpg'),(107,89,0,6,'/i/m/img_1387.jpg'),(108,106,0,6,'container2'),(109,118,0,6,'0'),(110,121,0,6,'a-galactonotus-red-morph'),(111,132,0,6,'2'),(112,133,0,6,'/i/m/img_1387.jpg'),(130,73,0,7,'Ameerega Bassleri - Chrome'),(132,86,0,7,' '),(133,87,0,7,'/i/m/img_0755.jpg'),(134,88,0,7,'/i/m/img_0755.jpg'),(135,89,0,7,'/i/m/img_0755.jpg'),(136,106,0,7,'container2'),(137,118,0,7,'0'),(138,121,0,7,'ameerega-bassleri-chrome'),(139,132,0,7,'2'),(140,133,0,7,'/i/m/img_0755.jpg'),(150,73,0,8,'D. Auratus - Blue/Black'),(153,87,0,8,'/i/m/img_1294.jpg'),(154,88,0,8,'/i/m/img_1294.jpg'),(155,89,0,8,'/i/m/img_1294.jpg'),(156,106,0,8,'container2'),(157,118,0,8,'0'),(158,121,0,8,'d-auratus-blue-black'),(159,132,0,8,'2'),(160,133,0,8,'/i/m/img_1294.jpg'),(170,73,0,9,'D. Tinctorius - Matecho Morph'),(173,87,0,9,'/i/m/img_1311.jpg'),(174,88,0,9,'/i/m/img_1311.jpg'),(175,89,0,9,'/i/m/img_1311.jpg'),(176,106,0,9,'container2'),(177,118,0,9,'0'),(178,121,0,9,'d-tinctorius-matecho-morph'),(179,132,0,9,'2'),(180,133,0,9,'/i/m/img_1311.jpg'),(194,73,0,10,'D. Auratus - Reticulated'),(197,87,0,10,'/i/m/img_1271.jpg'),(198,88,0,10,'/i/m/img_1271.jpg'),(199,89,0,10,'/i/m/img_1271.jpg'),(200,106,0,10,'container2'),(201,118,0,10,'0'),(202,121,0,10,'d-auratus-reticulated'),(203,132,0,10,'2'),(204,133,0,10,'/i/m/img_1271.jpg'),(222,73,0,11,'D. Azureus Tadpole'),(223,84,0,11,'D. Azureus'),(224,86,0,11,'D. Azureus '),(225,87,0,11,'/d/k/dkenny-5325_1.jpg'),(226,88,0,11,'/d/k/dkenny-5325_1.jpg'),(227,89,0,11,'/d/k/dkenny-5325_1.jpg'),(228,106,0,11,'container2'),(229,118,0,11,'0'),(230,121,0,11,'d-azureus-tadpole'),(231,132,0,11,'2'),(232,133,0,11,'/d/k/dkenny-5325_1.jpg'),(254,73,0,12,'D. Leucomelas - Standard'),(257,87,0,12,'/i/m/img_1332.jpg'),(258,88,0,12,'/i/m/img_1332.jpg'),(259,89,0,12,'/i/m/img_1332.jpg'),(260,106,0,12,'container2'),(261,118,0,12,'0'),(262,121,0,12,'d-leucomelas-standard'),(263,132,0,12,'2'),(264,133,0,12,'/i/m/img_1332.jpg'),(278,73,0,13,'D. Leucomelas - Banded'),(281,87,0,13,'/i/m/img_5269.jpg'),(282,88,0,13,'/i/m/img_5269.jpg'),(283,89,0,13,'/i/m/img_5269.jpg'),(284,106,0,13,'container2'),(285,118,0,13,'0'),(286,121,0,13,'d-leucomelas-banded'),(287,132,0,13,'2'),(288,133,0,13,'/i/m/img_5269.jpg'),(314,73,0,14,'D. Tinctorius - Patricia Morph'),(317,87,0,14,'/i/m/img_1365.jpg'),(318,88,0,14,'/i/m/img_1365.jpg'),(319,89,0,14,'/i/m/img_1365.jpg'),(320,106,0,14,'container2'),(321,118,0,14,'0'),(322,121,0,14,'d-tinctorius-patricia-morph'),(323,132,0,14,'2'),(324,133,0,14,'/i/m/img_1365.jpg'),(334,73,0,15,'D. Tinctorius - Robertus Morph'),(337,87,0,15,'/i/m/img_5293.jpg'),(338,88,0,15,'/i/m/img_5293.jpg'),(339,89,0,15,'/i/m/img_5293.jpg'),(340,106,0,15,'container2'),(341,118,0,15,'0'),(342,121,0,15,'d-tinctorius-robertus-morph'),(343,132,0,15,'2'),(344,133,0,15,'/i/m/img_5293.jpg'),(354,73,0,16,'D. Tinctorius - Suiname Cobalt Morph'),(357,87,0,16,'/i/m/img_1310.jpg'),(358,88,0,16,'/i/m/img_1310.jpg'),(359,89,0,16,'/i/m/img_1310.jpg'),(360,106,0,16,'container2'),(361,118,0,16,'0'),(362,121,0,16,'d-tinctorius-suiname-cobalt-morph'),(363,132,0,16,'2'),(364,133,0,16,'/i/m/img_1310.jpg'),(374,73,0,17,'E. Anthonyi - Santa Isabel'),(377,87,0,17,'/i/m/img_0814.jpg'),(378,88,0,17,'/i/m/img_0814.jpg'),(379,89,0,17,'/i/m/img_0814.jpg'),(380,106,0,17,'container2'),(381,118,0,17,'0'),(382,121,0,17,'e-anthonyi-santa-isabel'),(383,132,0,17,'2'),(384,133,0,17,'/i/m/img_0814.jpg'),(394,73,0,18,'O. Pumilio - Cayo De Agua'),(397,87,0,18,'/i/m/img_4236.jpg'),(398,88,0,18,'/i/m/img_4236.jpg'),(399,89,0,18,'/i/m/img_4236.jpg'),(400,106,0,18,'container2'),(401,118,0,18,'0'),(402,121,0,18,'o-pumilio-cayo-de-agua'),(403,132,0,18,'2'),(404,133,0,18,'/i/m/img_4236.jpg'),(414,73,0,19,'O. Pumilio - Red Frog Beach Bastimentos'),(417,87,0,19,'/i/m/img_5260.jpg'),(418,88,0,19,'/i/m/img_5260.jpg'),(419,89,0,19,'/i/m/img_5260.jpg'),(420,106,0,19,'container2'),(421,118,0,19,'0'),(422,121,0,19,'o-pumilio-red-frog-beach-bastimentos'),(423,132,0,19,'2'),(424,133,0,19,'/i/m/img_5260.jpg'),(434,73,0,20,'P. Vittatus'),(437,87,0,20,'/i/m/img_1376.jpg'),(438,88,0,20,'/i/m/img_1376.jpg'),(439,89,0,20,'/i/m/img_1376.jpg'),(440,106,0,20,'container2'),(441,118,0,20,'0'),(442,121,0,20,'p-vittatus'),(443,132,0,20,'2'),(444,133,0,20,'/i/m/img_1376.jpg'),(454,73,0,21,'R. Amazonica \"Arena Blanca\"'),(457,87,0,21,'/2/0/20160204_030303610_ios.jpg'),(458,88,0,21,'/2/0/20160204_030303610_ios.jpg'),(459,89,0,21,'/2/0/20160204_030303610_ios.jpg'),(460,106,0,21,'container2'),(461,118,0,21,'0'),(462,121,0,21,'r-amazonica-arena-blanca'),(463,132,0,21,'2'),(464,133,0,21,'/2/0/20160204_030303610_ios.jpg'),(474,73,0,22,'R. Benedicta'),(477,87,0,22,'/i/m/img_1429.jpg'),(478,88,0,22,'/i/m/img_1429.jpg'),(479,89,0,22,'/i/m/img_1429.jpg'),(480,106,0,22,'container2'),(481,118,0,22,'0'),(482,121,0,22,'r-benedicta'),(483,132,0,22,'2'),(484,133,0,22,'/i/m/img_1429.jpg'),(494,73,0,23,'R. Imitator - Banded'),(497,87,0,23,'/i/m/img_1256.jpg'),(498,88,0,23,'/i/m/img_1256.jpg'),(499,89,0,23,'/i/m/img_1256.jpg'),(500,106,0,23,'container2'),(501,118,0,23,'0'),(502,121,0,23,'r-imitator-banded'),(503,132,0,23,'2'),(504,133,0,23,'/i/m/img_1256.jpg'),(514,73,0,24,'R. Imitator - Varadero'),(517,87,0,24,'/i/m/img_1456.jpg'),(518,88,0,24,'/i/m/img_1456.jpg'),(519,89,0,24,'/i/m/img_1456.jpg'),(520,106,0,24,'container2'),(521,118,0,24,'0'),(522,121,0,24,'r-imitator-varadero'),(523,132,0,24,'2'),(524,133,0,24,'/i/m/img_1456.jpg'),(534,73,0,25,'R. Vanzolini'),(537,87,0,25,'/i/m/img_1440.jpg'),(538,88,0,25,'/i/m/img_1440.jpg'),(539,89,0,25,'/i/m/img_1440.jpg'),(540,106,0,25,'container2'),(541,118,0,25,'0'),(542,121,0,25,'r-vanzolini'),(543,132,0,25,'2'),(544,133,0,25,'/i/m/img_1440.jpg'),(554,73,0,26,'R. Variabilis - Southern'),(557,87,0,26,'/i/m/img_1238.jpg'),(558,88,0,26,'/i/m/img_1238.jpg'),(559,89,0,26,'/i/m/img_1238.jpg'),(560,106,0,26,'container2'),(561,118,0,26,'0'),(562,121,0,26,'r-variabilis-southern'),(563,132,0,26,'2'),(564,133,0,26,'/i/m/img_1238.jpg'),(574,73,0,27,'R. Sirensis - Northern'),(577,87,0,27,'/i/m/img_5218.jpg'),(578,88,0,27,'/i/m/img_5218.jpg'),(579,89,0,27,'/i/m/img_5218.jpg'),(580,106,0,27,'container2'),(581,118,0,27,'0'),(582,121,0,27,'r-sirensis-northern'),(583,132,0,27,'2'),(584,133,0,27,'/i/m/img_5218.jpg'),(606,73,0,28,'32oz \"Golden Delicious\" Wingless Drosophila Melanogaster'),(607,84,0,28,'32oz \"Golden Delicious\" Wingless Drosophila Melanogaster'),(608,86,0,28,'32oz \"Golden Delicious\" Wingless Drosophila Melanogaster. Various culture ages available.  Smaller than winged varieties, a good choice for newly hatched froglets.'),(609,106,0,28,'container2'),(610,118,0,28,'0'),(611,121,0,28,'32oz-golden-delicious-wingless-drosophila-melanogaster'),(612,132,0,28,'2'),(613,87,0,28,'/i/m/img_1114.jpg'),(614,88,0,28,'/i/m/img_1114.jpg'),(615,89,0,28,'/i/m/img_1114.jpg'),(616,133,0,28,'/i/m/img_1114.jpg'),(621,73,0,29,'32oz \"Jumpy\" Winged Flightless Drosophila Melanogaster'),(622,84,0,29,'32oz Drosophila Melanogaster'),(624,87,0,29,'/i/m/img_1114_1.jpg'),(625,88,0,29,'/i/m/img_1114_1.jpg'),(626,89,0,29,'/i/m/img_1114_1.jpg'),(627,106,0,29,'container2'),(628,118,0,29,'0'),(629,121,0,29,'32oz-jumpy-winged-flightless-drosophila-melanogaster'),(630,132,0,29,'2'),(631,133,0,29,'/i/m/img_1114_1.jpg'),(641,73,0,30,'32oz \"Turkish\" Winged Flightless Drosophila Melanogaster'),(643,86,0,30,' 32oz \"Turkish\" Winged Flightless Drosophila Melanogaster. Various culture ages available.  '),(644,87,0,30,'/i/m/img_1114_1_1.jpg'),(645,88,0,30,'/i/m/img_1114_1_1.jpg'),(646,89,0,30,'/i/m/img_1114_1_1.jpg'),(647,106,0,30,'container2'),(648,118,0,30,'0'),(649,121,0,30,'32oz-turkish-winged-flightless-drosophila-melanogaster'),(650,132,0,30,'2'),(651,133,0,30,'/i/m/img_1114_1_1.jpg'),(661,73,0,31,'16oz Tropical Springtail Culture'),(664,87,0,31,'/i/m/img_1156.jpg'),(665,88,0,31,'/i/m/img_1156.jpg'),(666,89,0,31,'/i/m/img_1156.jpg'),(667,106,0,31,'container2'),(668,118,0,31,'0'),(669,121,0,31,'16oz-tropical-springtail-culture'),(670,132,0,31,'2'),(671,133,0,31,'/i/m/img_1156.jpg'),(681,73,0,32,'32oz Bean Beetle (Callosobruchus Maculatus) Culture'),(684,87,0,32,'/i/m/img_4223.jpg'),(685,88,0,32,'/i/m/img_4223.jpg'),(686,89,0,32,'/i/m/img_4223.jpg'),(687,106,0,32,'container2'),(688,118,0,32,'0'),(689,121,0,32,'32oz-bean-beetle-callosobruchus-maculatus-culture'),(690,132,0,32,'2'),(691,133,0,32,'/i/m/img_4223.jpg'),(701,73,0,33,'16oz Isopod (Armadillidium Vulgare) Culture - Dwarf Striped Gray'),(704,87,0,33,'/i/s/isotypes.jpg'),(705,88,0,33,'/i/s/isotypes.jpg'),(706,89,0,33,'/i/s/isotypes.jpg'),(707,106,0,33,'container2'),(708,118,0,33,'0'),(709,121,0,33,'16oz-isopod-armadillidium-vulgare-culture-dwarf-striped-gray'),(710,132,0,33,'2'),(711,133,0,33,'/i/s/isotypes.jpg'),(721,73,0,34,'16oz Isopod (Armadillidium Vulgare) Culture - Dwarf White'),(724,87,0,34,'/i/s/isotypes_1.jpg'),(725,88,0,34,'/i/s/isotypes_1.jpg'),(726,89,0,34,'/i/s/isotypes_1.jpg'),(727,106,0,34,'container2'),(728,118,0,34,'0'),(729,121,0,34,'16oz-isopod-armadillidium-vulgare-culture-dwarf-white'),(730,132,0,34,'2'),(731,133,0,34,'/i/s/isotypes_1.jpg'),(741,73,0,35,'16oz Isopod (Armadillidium Vulgare) Culture -Blue Giant'),(744,87,0,35,'/i/s/isotypes_1_1.jpg'),(745,88,0,35,'/i/s/isotypes_1_1.jpg'),(746,89,0,35,'/i/s/isotypes_1_1.jpg'),(747,106,0,35,'container2'),(748,118,0,35,'0'),(749,121,0,35,'16oz-isopod-armadillidium-vulgare-culture-blue-giant'),(750,132,0,35,'2'),(751,133,0,35,'/i/s/isotypes_1_1.jpg'),(765,73,0,36,'Fruit Fly Starter Kit - \"Golden Delicious\" Wingless Drosophila Melanogaster'),(766,84,0,36,NULL),(767,86,0,36,NULL),(768,87,0,36,'/i/m/img_1126.jpg'),(769,88,0,36,'/i/m/img_1126.jpg'),(770,89,0,36,'/i/m/img_1126.jpg'),(771,106,0,36,'container2'),(772,118,0,36,'0'),(773,121,0,36,'fruit-fly-starter-kit-golden-delicious-wingless-drosophila-melanogaster'),(774,132,0,36,'2'),(775,133,0,36,'/i/m/img_1126.jpg'),(789,73,0,37,'Fruit Fly Starter Kit - \"Turkish\" Winged Flightless Drosophila Melanogaster'),(790,84,0,37,NULL),(791,86,0,37,NULL),(792,87,0,37,'/i/m/img_1126_1.jpg'),(793,88,0,37,'/i/m/img_1126_1.jpg'),(794,89,0,37,'/i/m/img_1126_1.jpg'),(795,106,0,37,'container2'),(796,118,0,37,'0'),(797,121,0,37,'fruit-fly-starter-kit-turkish-winged-flightless-drosophila-melanogaster'),(798,132,0,37,'2'),(799,133,0,37,'/i/m/img_1126_1.jpg'),(813,73,0,38,'Fruit Fly Starter Kit - \"Jumpy\" Winged Flightless Drosophila Melanogaster'),(814,84,0,38,'32oz \"Golden Delicious\" Wingless Drosophila Melanogaster'),(815,86,0,38,'32oz \"Golden Delicious\" Wingless Drosophila Melanogaster 32oz \"Turkish\" Winged Flightless Drosophila Melanogaster. Various culture ages available.  Smaller than winged varieties, a good choice for newly hatched froglets.'),(816,87,0,38,'/i/m/img_1126_2.jpg'),(817,88,0,38,'/i/m/img_1126_2.jpg'),(818,89,0,38,'/i/m/img_1126_2.jpg'),(819,106,0,38,'container2'),(820,118,0,38,'0'),(821,121,0,38,'32oz-golden-delicious-wingless-drosophila-melanogaster-10'),(822,132,0,38,'2'),(823,133,0,38,'/i/m/img_1126_2.jpg'),(849,73,0,39,'Repashy Morning Wood - 3 Oz Jar'),(850,84,0,39,NULL),(851,86,0,39,NULL),(852,87,0,39,'/m/o/morningwood6oz_web_weblowres.jpg'),(853,88,0,39,'/m/o/morningwood6oz_web_weblowres.jpg'),(854,89,0,39,'/m/o/morningwood6oz_web_weblowres.jpg'),(855,106,0,39,'container2'),(856,118,0,39,'0'),(857,121,0,39,'repashy-morning-wood-3-oz-jar'),(858,132,0,39,'2'),(859,133,0,39,'/m/o/morningwood6oz_web_weblowres.jpg'),(869,73,0,40,'Repashy Morning Wood - 6 Oz Jar'),(870,84,0,40,NULL),(871,86,0,40,NULL),(872,87,0,40,'/m/o/morningwood6oz_web_weblowres_1.jpg'),(873,88,0,40,'/m/o/morningwood6oz_web_weblowres_1.jpg'),(874,89,0,40,'/m/o/morningwood6oz_web_weblowres_1.jpg'),(875,106,0,40,'container2'),(876,118,0,40,'0'),(877,121,0,40,'repashy-morning-wood-6-oz-jar'),(878,132,0,40,'2'),(879,133,0,40,'/m/o/morningwood6oz_web_weblowres_1.jpg'),(889,73,0,41,'Springtail Food (5 oz)'),(890,84,0,41,NULL),(891,86,0,41,NULL),(892,87,0,41,'/s/p/spring_to_life_springtail_food.jpg'),(893,88,0,41,'/s/p/spring_to_life_springtail_food.jpg'),(894,89,0,41,'/s/p/spring_to_life_springtail_food.jpg'),(895,106,0,41,'container2'),(896,118,0,41,'0'),(897,121,0,41,'springtail-food-5-oz'),(898,132,0,41,'2'),(899,133,0,41,'/s/p/spring_to_life_springtail_food.jpg'),(900,73,0,42,'Dried Mood Moss (1 Gal)'),(901,84,0,42,'Dried Mood Moss (1 Gal)'),(902,86,0,42,'Dried Mood Moss (1 Gal) The moss is supplied in its dormant dried state. This moss should be placed on top of a damp planting substrate, such as sphagnum moss, ABG mix, or potting soil. You can also attach this moss to wood or rock. '),(903,87,0,42,'/m/o/mood_moss.jpg'),(904,88,0,42,'/m/o/mood_moss.jpg'),(905,89,0,42,'/m/o/mood_moss.jpg'),(906,106,0,42,'container2'),(907,118,0,42,'0'),(908,121,0,42,'dried-mood-moss-1-gal'),(909,132,0,42,'2'),(910,133,0,42,'/m/o/mood_moss.jpg'),(919,73,0,43,'Dried Sheat Moss (1 Gal)'),(920,84,0,43,'Dried Sheat Moss (1 Gal)'),(921,86,0,43,'Dried Moss (1 Gal) The moss is supplied in its dormant dried state. This moss should be placed on top of a damp planting substrate, such as sphagnum moss, ABG mix, or potting soil. You can also attach this moss to wood or rock. '),(922,87,0,43,'/s/h/sheet_moss.jpg'),(923,88,0,43,'/s/h/sheet_moss.jpg'),(924,89,0,43,'/s/h/sheet_moss.jpg'),(925,106,0,43,'container2'),(926,118,0,43,'0'),(927,121,0,43,'dried-sheat-moss-1-gal'),(928,132,0,43,'2'),(929,133,0,43,'/s/h/sheet_moss.jpg'),(943,73,0,44,'Horticultural Charcoal (1 Gal)'),(944,84,0,44,NULL),(946,87,0,44,'/1/1/118180-01-2t.jpg'),(947,88,0,44,'/1/1/118180-01-2t.jpg'),(948,89,0,44,'/1/1/118180-01-2t.jpg'),(949,106,0,44,'container2'),(950,118,0,44,'0'),(951,121,0,44,'horticultural-charcoal-1-gal'),(952,132,0,44,'2'),(953,133,0,44,'/1/1/118180-01-2t.jpg'),(971,73,0,45,'New Zealand Long Fiber Sphagnum Moss 150g (3.2Gal; 12L)'),(972,84,0,45,NULL),(973,86,0,45,NULL),(974,87,0,45,'/s/p/sphagnum_2.jpg'),(975,88,0,45,'/s/p/sphagnum_2.jpg'),(976,89,0,45,'/s/p/sphagnum_2.jpg'),(977,106,0,45,'container2'),(978,118,0,45,'0'),(979,121,0,45,'new-zealand-long-fiber-sphagnum-moss-150g-3-2gal-12l'),(980,132,0,45,'2'),(981,133,0,45,'/s/p/sphagnum_2.jpg'),(991,73,0,46,'New Zealand Long Fiber Sphagnum Moss 500g (10.6Gal; 40L)'),(994,87,0,46,'/s/p/sphagnum_2_1.jpg'),(995,88,0,46,'/s/p/sphagnum_2_1.jpg'),(996,89,0,46,'/s/p/sphagnum_2_1.jpg'),(997,106,0,46,'container2'),(998,118,0,46,'0'),(999,121,0,46,'new-zealand-long-fiber-sphagnum-moss-500g-10-6gal-40l'),(1000,132,0,46,'2'),(1001,133,0,46,'/s/p/sphagnum_2_1.jpg'),(1023,73,0,47,'Hobby Starter Kit'),(1024,84,0,47,'Hobby Starter Kit'),(1025,86,0,47,'Hobby Starter Kit $10-$20 savings depending on species chosen. Includes all of the following: 2 froglets 2x32 oz melanogaster cultures (1wk,3wk) 1 qt enhanced culture media 5x32oz containers '),(1026,87,0,47,'/i/m/img_4197.jpg'),(1027,88,0,47,'/i/m/img_4197.jpg'),(1028,89,0,47,'/i/m/img_4197.jpg'),(1029,106,0,47,'container2'),(1030,118,0,47,'0'),(1031,121,0,47,'hobby-starter-kit'),(1032,132,0,47,'2'),(1033,133,0,47,'/i/m/img_4197.jpg'),(1038,73,0,48,'Science Project Kit'),(1039,84,0,48,'Project Starter Kit'),(1040,86,0,48,'$10-$20 savings depending on species chosen. Observe the various stages of frog metamorphosis! Includes all of the following: 2 tadpoles, 1 froglet, 2x32 oz melanogaster cultures, 1 qt enhanced culture media, 5x32oz containers, 1 tbs fortified tadpole cho'),(1041,87,0,48,'/i/m/img_4205.jpg'),(1042,88,0,48,'/i/m/img_4205.jpg'),(1043,89,0,48,'/i/m/img_4205.jpg'),(1044,106,0,48,'container2'),(1045,118,0,48,'0'),(1046,121,0,48,'project-starter-kit-1'),(1047,132,0,48,'2'),(1048,133,0,48,'/i/m/img_4205.jpg'),(1078,73,0,49,'F&T\'s Insect Water Crystals'),(1079,84,0,49,NULL),(1080,86,0,49,NULL),(1081,87,0,49,'/i/m/img_2045.jpg'),(1082,88,0,49,'/i/m/img_2045.jpg'),(1083,89,0,49,'/i/m/img_2045.jpg'),(1084,106,0,49,'container2'),(1085,118,0,49,'0'),(1086,121,0,49,'f-t-s-insect-water-crystals'),(1087,132,0,49,'2'),(1088,133,0,49,'/i/m/img_2045.jpg'),(1106,73,0,50,'F&T\'s Fortified Tadpole Chow - Pro, 1.0oz'),(1107,84,0,50,NULL),(1108,86,0,50,NULL),(1109,87,0,50,'/i/m/img_0753.jpg'),(1110,88,0,50,'/i/m/img_0753.jpg'),(1111,89,0,50,'/i/m/img_0753.jpg'),(1112,106,0,50,'container2'),(1113,118,0,50,'0'),(1114,121,0,50,'f-t-s-fortified-tadpole-chow-pro-1-0oz'),(1115,132,0,50,'2'),(1116,133,0,50,'/i/m/img_0753.jpg'),(1126,73,0,51,'Debittered Brewer\'s Yeast'),(1127,84,0,51,NULL),(1128,86,0,51,NULL),(1129,87,0,51,'/y/e/yeast.jpg'),(1130,88,0,51,'/y/e/yeast.jpg'),(1131,89,0,51,'/y/e/yeast.jpg'),(1132,106,0,51,'container2'),(1133,118,0,51,'0'),(1134,121,0,51,'debittered-brewer-s-yeast'),(1135,132,0,51,'2'),(1136,133,0,51,'/y/e/yeast.jpg'),(1146,73,0,52,'Black Film Canister with Suction Cup'),(1147,84,0,52,NULL),(1148,86,0,52,NULL),(1149,87,0,52,'/i/m/img_1152.jpg'),(1150,88,0,52,'/i/m/img_1152.jpg'),(1151,89,0,52,'/i/m/img_1152.jpg'),(1152,106,0,52,'container2'),(1153,118,0,52,'0'),(1154,121,0,52,'black-film-canister-with-suction-cup'),(1155,132,0,52,'2'),(1156,133,0,52,'/i/m/img_1152.jpg'),(1166,73,0,53,'32 Oz Disposable Insect Culture Containers'),(1167,84,0,53,NULL),(1168,86,0,53,'32oz Insect Containers with cloth lids.\r\nUse for fruit flies, isopods and bean beetles. '),(1169,87,0,53,'/i/m/img_1135.jpg'),(1170,88,0,53,'/i/m/img_1135.jpg'),(1171,89,0,53,'/i/m/img_1135.jpg'),(1172,106,0,53,'container2'),(1173,118,0,53,'0'),(1174,121,0,53,'32-oz-disposable-insect-culture-containers'),(1175,132,0,53,'2'),(1176,133,0,53,'/i/m/img_1135.jpg'),(1294,73,0,54,'F&T\'s Optimized Drosophila Culture Media - 1 Quart'),(1295,84,0,54,'F&T\'s Optimized Drosophila Culture Media - 1 Quart'),(1296,86,0,54,'F&T\'s Optimized Drosophila Culture Media - 1 Quart Our own mix optimized for maximal production. Just add water and cider vinegar. 1 packet of instant yeast included. 1 Qt - sufficient for 16 x 32 oz cultures\r\nSee our Culturing Fruit Flies for usage instr'),(1297,87,0,54,'/i/m/img_1138.jpg'),(1298,88,0,54,'/i/m/img_1138.jpg'),(1299,89,0,54,'/i/m/img_1138.jpg'),(1300,106,0,54,'container2'),(1301,118,0,54,'0'),(1302,121,0,54,'f-t-s-optimized-drosophila-culture-media-1-quart'),(1303,132,0,54,'2'),(1304,133,0,54,'/i/m/img_1138.jpg'),(1309,73,0,55,'F&T\'s Optimized Drosophila Culture Media - 1 Gallon'),(1310,84,0,55,'F&T\'s Optimized Drosophila Culture Media - 1 Gal'),(1311,86,0,55,'F&T\'s Optimized Drosophila Culture Media - 1 Gal. Our own mix optimized for maximal production. Just add water and cider vinegar. 1 packet of instant yeast included. 1  - Gal sufficient for 64 x 32 oz cultures\r\nSee our Culturing Fruit Flies for usage inst'),(1312,87,0,55,'/i/m/img_1145.jpg'),(1313,88,0,55,'/i/m/img_1145.jpg'),(1314,89,0,55,'/i/m/img_1145.jpg'),(1315,106,0,55,'container2'),(1316,118,0,55,'0'),(1317,121,0,55,'f-t-s-optimized-drosophila-culture-media-1-gallon'),(1318,132,0,55,'2'),(1319,133,0,55,'/i/m/img_1145.jpg'),(1333,73,0,56,'Begonia Glabra'),(1334,84,0,56,'Begonia Glabra'),(1335,86,0,56,'Begonia Glabra Begonia glabra is a fast growing and one of the easiest begonias to grow in the viv. It is a climbing vine with bright green shiny leaves and red under tones. '),(1336,87,0,56,'/i/m/img_4214.jpg'),(1337,88,0,56,'/i/m/img_4214.jpg'),(1338,89,0,56,'/i/m/img_4214.jpg'),(1339,106,0,56,'container2'),(1340,118,0,56,'0'),(1341,121,0,56,'begonia-glabra'),(1342,132,0,56,'2'),(1343,133,0,56,'/i/m/img_4214.jpg'),(1352,73,0,57,'Begonia Pigskin'),(1353,84,0,57,'Begonia Pigskin'),(1354,86,0,57,'Begonia Pigskin Begonia Pigskin is a large begonia, best suited for &gt;18in tall vivs. The large wrinkled fuzzy leaves are dark green with purplish highlights on top. Produces small white flowers. Red stems and underneath leaves add striking color highli'),(1355,87,0,57,'/i/m/img_4208.jpg'),(1356,88,0,57,'/i/m/img_4208.jpg'),(1357,89,0,57,'/i/m/img_4208.jpg'),(1358,106,0,57,'container2'),(1359,118,0,57,'0'),(1360,121,0,57,'begonia-pigskin'),(1361,132,0,57,'2'),(1362,133,0,57,'/i/m/img_4208.jpg'),(1367,73,0,58,'Bromeliad Neoregelia'),(1368,84,0,58,'Bromeliad Neoregelia'),(1369,86,0,58,'Bromeliad Neoregelia A variety of select 5-6in colorful mini Neoregelias, suitable for terrarium culture'),(1370,87,0,58,'/b/r/broms.jpg'),(1371,88,0,58,'/b/r/broms.jpg'),(1372,89,0,58,'/b/r/broms.jpg'),(1373,106,0,58,'container2'),(1374,118,0,58,'0'),(1375,121,0,58,'bromeliad-neoregelia'),(1376,132,0,58,'2'),(1377,133,0,58,'/b/r/broms.jpg'),(1382,73,0,59,'Episcia \"Silver Skies\"'),(1383,84,0,59,'Episcia \"Silver Skies\"'),(1384,86,0,59,'Episcia \"Silver Skies\" This episcia hybrid has large strikingly silver leaves. Episcia are found in the tropical regions of Central America and South America, and numerous cultivars have been produced, primarily by selection and hybridization of the speci'),(1385,87,0,59,'/i/m/img_1895small.jpg'),(1386,88,0,59,'/i/m/img_1895small.jpg'),(1387,89,0,59,'/i/m/img_1895small.jpg'),(1388,106,0,59,'container2'),(1389,118,0,59,'0'),(1390,121,0,59,'episcia-silver-skies'),(1391,132,0,59,'2'),(1392,133,0,59,'/i/m/img_1895small.jpg'),(1397,73,0,60,'Ficus Radicans'),(1398,84,0,60,'Ficus Radicans'),(1399,86,0,60,'Ficus Radicans Ficus Radicans, aka Ficus sagittata, is a sturdy trailer with 5-8cm (2-3 inch) long, leathery, lanced-shaped, green leaves and wiry stems. It is native to warm temperate and tropical regions of Asia. It is a fast grower, but not too invasiv'),(1400,87,0,60,'/i/m/img_1916small.jpg'),(1401,88,0,60,'/i/m/img_1916small.jpg'),(1402,89,0,60,'/i/m/img_1916small.jpg'),(1403,106,0,60,'container2'),(1404,118,0,60,'0'),(1405,121,0,60,'ficus-radicans'),(1406,132,0,60,'2'),(1407,133,0,60,'/i/m/img_1916small.jpg'),(1412,73,0,61,'Monocostus Uniflorus'),(1413,84,0,61,'Monocostus Uniflorus'),(1414,86,0,61,'Monocostus Uniflorus Monocostus Uniflorus grows in a vertical spiralling fashion. Hardy and fast gowing, but easy to maintain via trimming. Large sturdy overlapping leaves provide great perches and egg laying spots.  '),(1415,87,0,61,'/i/m/img_1923small.jpg'),(1416,88,0,61,'/i/m/img_1923small.jpg'),(1417,89,0,61,'/i/m/img_1923small.jpg'),(1418,106,0,61,'container2'),(1419,118,0,61,'0'),(1420,121,0,61,'monocostus-uniflorus'),(1421,132,0,61,'2'),(1422,133,0,61,'/i/m/img_1923small.jpg'),(1427,73,0,62,'Pellionia Repens'),(1428,84,0,62,'Pellionia Repens'),(1429,86,0,62,'Pellionia Repens Pellionia repens is an easy to grow plant with forest green oval crenated leaves are accented with a silvery overlay and purple/brown with red veins on trialing succulent stems. Trailing Watermelon Begonia is the common name. The plant gr'),(1430,87,0,62,'/i/m/image12.jpg'),(1431,88,0,62,'/i/m/image12.jpg'),(1432,89,0,62,'/i/m/image12.jpg'),(1433,106,0,62,'container2'),(1434,118,0,62,'0'),(1435,121,0,62,'pellionia-repens'),(1436,132,0,62,'2'),(1437,133,0,62,'/i/m/image12.jpg'),(1442,73,0,63,'Philodendron Wend-Imbe'),(1443,84,0,63,'Philodendron Wend-Imbe'),(1444,86,0,63,'Philodendron Wend-Imbe Philodendron ‘Wend-imbe’ is a cross between P. wendlandii and P. imbe. It is a small growing, clumping cultivar well suited for terrariums. Leaves typically will not exceed 6” in length, and only up to an inch in width. Clumps can b'),(1445,87,0,63,'/i/m/img_5345.jpg'),(1446,88,0,63,'/i/m/img_5345.jpg'),(1447,89,0,63,'/i/m/img_5345.jpg'),(1448,106,0,63,'container2'),(1449,118,0,63,'0'),(1450,121,0,63,'philodendron-wend-imbe'),(1451,132,0,63,'2'),(1452,133,0,63,'/i/m/img_5345.jpg'),(1465,73,0,64,'Pilea Nummulariifolia'),(1466,84,0,64,'Pilea Nummulariifolia'),(1467,86,0,64,'Pilea Nummulariifolia Creeping Charlie is a fast growing vine that has small, crinkly green foliage with silver accents and pink stems. A low, trailing or creeping herbaceous perennial, it is native to tropical South America and the West Indies. The spraw'),(1468,87,0,64,'/2/0/20160417_204225170_ios.jpg'),(1469,88,0,64,'/2/0/20160417_204225170_ios.jpg'),(1470,89,0,64,'/2/0/20160417_204225170_ios.jpg'),(1471,106,0,64,'container2'),(1472,118,0,64,'0'),(1473,121,0,64,'pilea-nummulariifolia'),(1474,132,0,64,'2'),(1475,133,0,64,'/2/0/20160417_204225170_ios.jpg'),(1480,73,0,65,'Syngonium Rayii'),(1481,84,0,65,'Syngonium Rayii'),(1482,86,0,65,'Syngonium Rayii  \r\nSyngonium rayii, also called the Arrowhead Vine, is easy to grow in the vivarium. The leaves are typically dark green to almost black with a white vein running down the center. Typically the leaves range in size from 3-5” in length and '),(1483,87,0,65,'/i/m/img_5331.jpg'),(1484,88,0,65,'/i/m/img_5331.jpg'),(1485,89,0,65,'/i/m/img_5331.jpg'),(1486,106,0,65,'container2'),(1487,118,0,65,'0'),(1488,121,0,65,'syngonium-rayii'),(1489,132,0,65,'2'),(1490,133,0,65,'/i/m/img_5331.jpg'),(1495,73,0,66,'Tropical Plant Starter Pack'),(1496,84,0,66,'Tropical Plant Starter Pack'),(1497,86,0,66,'Tropical Plant Starter Pack Pack contains cuttings from 6 different types of plants that will thrive in a dart frog setup. Types include a mixture of vines and ground plants, specific species depending on current availability, Each pack is sufficient for '),(1498,87,0,66,'/2/0/20151125_032442090_ios.jpg'),(1499,88,0,66,'/2/0/20151125_032442090_ios.jpg'),(1500,89,0,66,'/2/0/20151125_032442090_ios.jpg'),(1501,106,0,66,'container2'),(1502,118,0,66,'0'),(1503,121,0,66,'tropical-plant-starter-pack'),(1504,132,0,66,'2'),(1505,133,0,66,'/2/0/20151125_032442090_ios.jpg'),(1510,73,0,67,'Isotonic Amphibian’s Ringer Solids (Makes 1/2 Gal Soln)'),(1511,84,0,67,'Isotonic Amphibian’s Ringer Solids (Makes 1/2 Gal Soln)'),(1512,86,0,67,'Isotonic Amphibian’s Ringer Solids (Makes 1/2 Gal Soln) Dissolve solids in 1/2 gallon distilled water.  Frogs are hypertonic (contain more dissolved salts in body fluids) compared to their environment. They must actively counter osmotic pressure to mainta'),(1513,87,0,67,'/r/i/ringersbath.png'),(1514,88,0,67,'/r/i/ringersbath.png'),(1515,89,0,67,'/r/i/ringersbath.png'),(1516,106,0,67,'container2'),(1517,118,0,67,'0'),(1518,121,0,67,'isotonic-amphibian-s-ringer-solids-makes-1-2-gal-soln'),(1519,132,0,67,'2'),(1520,133,0,67,'/r/i/ringersbath.png'),(1525,73,0,68,'2% Calcium Gluconate 8 ml'),(1526,84,0,68,'2% Calcium Gluconate 8 ml'),(1527,86,0,68,'2% Calcium Gluconate 8 ml Calcium gluconate is used to provide an energy boost to weakened and/or anorexic frogs. Supplied solids can be stored at room temperature indefinitely. Before use, dissolve solids by filling supplied dropper to top with pure wate'),(1528,87,0,68,'/2/0/200px-calcium_gluconate_svg.png'),(1529,88,0,68,'/2/0/200px-calcium_gluconate_svg.png'),(1530,89,0,68,'/2/0/200px-calcium_gluconate_svg.png'),(1531,106,0,68,'container2'),(1532,118,0,68,'0'),(1533,121,0,68,'2-calcium-gluconate-8-ml'),(1534,132,0,68,'2'),(1535,133,0,68,'/2/0/200px-calcium_gluconate_svg.png'),(1540,73,0,69,'Dendrocare - 100g Jar'),(1541,84,0,69,'Dendrocare - 100g Jar'),(1542,86,0,69,'Dendrocare - 100g Jar Dendrocare was developed after years of research into the ultimate combination of vitamins and minerals for dendrobates. Dendrocare is highly valued worldwide for its benefits. An absolutely optimized dietary supplement. DIRECTIONS: '),(1543,87,0,69,'/d/e/dendrocare-images-dendrocare-medium.png'),(1544,88,0,69,'/d/e/dendrocare-images-dendrocare-medium.png'),(1545,89,0,69,'/d/e/dendrocare-images-dendrocare-medium.png'),(1546,106,0,69,'container2'),(1547,118,0,69,'0'),(1548,121,0,69,'dendrocare-100g-jar'),(1549,132,0,69,'2'),(1550,133,0,69,'/d/e/dendrocare-images-dendrocare-medium.png'),(1555,73,0,70,'Repashy Calcium Plus - 17.6 Oz (500g)'),(1556,84,0,70,'Repashy Calcium Plus - 17.6 Oz (500g)'),(1557,86,0,70,'Repashy Calcium Plus - 17.6 Oz (500g) “All-in-One” Insect Dusting Powder provides essential vitamins, minerals and trace elements. Featuring both Retinol and Carotenoids as sources of Vitamin A. INFORMATION: Calcium Plus was developed to increase the nutr'),(1558,87,0,70,'/c/a/calciumplus12oz_web_weblowres.jpg'),(1559,88,0,70,'/c/a/calciumplus12oz_web_weblowres.jpg'),(1560,89,0,70,'/c/a/calciumplus12oz_web_weblowres.jpg'),(1561,106,0,70,'container2'),(1562,118,0,70,'0'),(1563,121,0,70,'repashy-calcium-plus-17-6-oz-500g'),(1564,132,0,70,'2'),(1565,133,0,70,'/c/a/calciumplus12oz_web_weblowres.jpg'),(1570,73,0,71,'Repashy Calcium Plus - 3 Oz Jar'),(1571,84,0,71,'Repashy Calcium Plus - 3 Oz Jar'),(1572,86,0,71,'Repashy Calcium Plus - 3 Oz Jar “All-in-One” Insect Dusting Powder provides essential vitamins, minerals and trace elements. Featuring both Retinol and Carotenoids as sources of Vitamin A. INFORMATION: Calcium Plus was developed to increase the nutritiona'),(1573,87,0,71,'/c/a/calciumplus3oz_web_weblowres.jpg'),(1574,88,0,71,'/c/a/calciumplus3oz_web_weblowres.jpg'),(1575,89,0,71,'/c/a/calciumplus3oz_web_weblowres.jpg'),(1576,106,0,71,'container2'),(1577,118,0,71,'0'),(1578,121,0,71,'repashy-calcium-plus-3-oz-jar'),(1579,132,0,71,'2'),(1580,133,0,71,'/c/a/calciumplus3oz_web_weblowres.jpg'),(1585,73,0,72,'Repashy Calcium Plus - 6 Oz Jar'),(1586,84,0,72,'Repashy Calcium Plus - 6 Oz Jar'),(1587,86,0,72,'Repashy Calcium Plus - 6 Oz Jar “All-in-One” Insect Dusting Powder provides essential vitamins, minerals and trace elements. Featuring both Retinol and Carotenoids as sources of Vitamin A. INFORMATION: Calcium Plus was developed to increase the nutritiona'),(1588,87,0,72,'/c/a/calciumplus6oz_weblowres.jpg'),(1589,88,0,72,'/c/a/calciumplus6oz_weblowres.jpg'),(1590,89,0,72,'/c/a/calciumplus6oz_weblowres.jpg'),(1591,106,0,72,'container2'),(1592,118,0,72,'0'),(1593,121,0,72,'repashy-calcium-plus-6-oz-jar'),(1594,132,0,72,'2'),(1595,133,0,72,'/c/a/calciumplus6oz_weblowres.jpg'),(1609,73,0,73,'Repashy SuperCal MedD - 3 Oz Jar'),(1610,84,0,73,'Repashy SuperCal MedD - 3 Oz Jar'),(1611,86,0,73,'Repashy SuperCal MedD - 3 Oz Jar MICRO-FINE CALCIUM SUPPLEMENT Micro Fine Calcium Supplement with Medium Levels of Vitamin D. For Species with Normal Vitamin D Requirements. Receiving little UVB Radiation from Natural or Artificial Sunlight. Also for Ther'),(1612,87,0,73,'/s/u/supercalmed6oz_web_weblowres.jpg'),(1613,88,0,73,'/s/u/supercalmed6oz_web_weblowres.jpg'),(1614,89,0,73,'/s/u/supercalmed6oz_web_weblowres.jpg'),(1615,106,0,73,'container2'),(1616,118,0,73,'0'),(1617,121,0,73,'repashy-supercal-medd-3-oz-jar'),(1618,132,0,73,'2'),(1619,133,0,73,'/s/u/supercalmed6oz_web_weblowres.jpg'),(1624,73,0,74,'Repashy SuperCal MedD - 6 Oz Jar'),(1625,84,0,74,'Repashy SuperCal MedD - 6 Oz Jar'),(1626,86,0,74,'Repashy SuperCal MedD - 3 Oz Jar MICRO-FINE CALCIUM SUPPLEMENT Micro Fine Calcium Supplement with Medium Levels of Vitamin D. For Species with Normal Vitamin D Requirements. Receiving little UVB Radiation from Natural or Artificial Sunlight. Also for Ther'),(1627,87,0,74,'/s/u/supercalmed6oz_web_weblowres_1.jpg'),(1628,88,0,74,'/s/u/supercalmed6oz_web_weblowres_1.jpg'),(1629,89,0,74,'/s/u/supercalmed6oz_web_weblowres_1.jpg'),(1630,106,0,74,'container2'),(1631,118,0,74,'0'),(1632,121,0,74,'repashy-supercal-medd-6-oz-jar'),(1633,132,0,74,'2'),(1634,133,0,74,'/s/u/supercalmed6oz_web_weblowres_1.jpg'),(1644,73,0,75,'Repashy Superpig - 3 Oz Jar'),(1645,84,0,75,'Repashy Superpig - 3 Oz Jar'),(1646,86,0,75,'Repashy Superpig - 3 Oz Jar Repashy\'s Pigment Enhancement Formula is a Carotenoid Supplement designed to enhance the diet of Reptiles, Fish, Amphibians and Birds. INFORMATION: Contains a “broad spectrum” of Carotenoids including, but not limited to: Astax'),(1647,87,0,75,'/s/u/superpig3oz_weblowres.jpg'),(1648,88,0,75,'/s/u/superpig3oz_weblowres.jpg'),(1649,89,0,75,'/s/u/superpig3oz_weblowres.jpg'),(1650,106,0,75,'container2'),(1651,118,0,75,'0'),(1652,121,0,75,'repashy-superpig-3-oz-jar'),(1653,132,0,75,'2'),(1654,133,0,75,'/s/u/superpig3oz_weblowres.jpg'),(1659,73,0,76,'Repashy Superpig - 6 Oz Jar'),(1660,84,0,76,'Repashy Superpig - 6 Oz Jar'),(1661,86,0,76,'Repashy Superpig - 6 Oz Jar Repashy\'s Pigment Enhancement Formula is a Carotenoid Supplement designed to enhance the diet of Reptiles, Fish, Amphibians and Birds. INFORMATION: Contains a “broad spectrum” of Carotenoids including, but not limited to: Astax'),(1662,87,0,76,'/s/u/superpig6oz_web_weblowres.jpg'),(1663,88,0,76,'/s/u/superpig6oz_web_weblowres.jpg'),(1664,89,0,76,'/s/u/superpig6oz_web_weblowres.jpg'),(1665,106,0,76,'container2'),(1666,118,0,76,'0'),(1667,121,0,76,'repashy-superpig-6-oz-jar'),(1668,132,0,76,'2'),(1669,133,0,76,'/s/u/superpig6oz_web_weblowres.jpg'),(1679,73,0,77,'Repashy SuperVite - 3 Oz Jar'),(1680,84,0,77,'Repashy SuperVite - 3 Oz Jar'),(1681,86,0,77,'Repashy SuperVite - 3 Oz Jar Micro-Fine Vitamin Supplement Supplement powder. Contains both Preformed Vitamin A and Beta Carotene. INFORMATION: SuperVite is the same Vitamin formula that has been the backbone of the SuperFoods line of complete diets and s'),(1682,87,0,77,'/s/u/supervite3oz_web_weblowres.jpg'),(1683,88,0,77,'/s/u/supervite3oz_web_weblowres.jpg'),(1684,89,0,77,'/s/u/supervite3oz_web_weblowres.jpg'),(1685,106,0,77,'container2'),(1686,118,0,77,'0'),(1687,121,0,77,'repashy-supervite-3-oz-jar'),(1688,132,0,77,'2'),(1689,133,0,77,'/s/u/supervite3oz_web_weblowres.jpg'),(1694,73,0,78,'Repashy SuperVite - 6 Oz Jar'),(1695,84,0,78,'Repashy SuperVite - 6 Oz Jar'),(1696,86,0,78,'Repashy SuperVite - 6 Oz Jar Micro-Fine Vitamin Supplement Supplement powder. Contains both Preformed Vitamin A and Beta Carotene. INFORMATION: SuperVite is the same Vitamin formula that has been the backbone of the SuperFoods line of complete diets and s'),(1697,87,0,78,'/s/u/supervite6oz_weblowres.jpg'),(1698,88,0,78,'/s/u/supervite6oz_weblowres.jpg'),(1699,89,0,78,'/s/u/supervite6oz_weblowres.jpg'),(1700,106,0,78,'container2'),(1701,118,0,78,'0'),(1702,121,0,78,'repashy-supervite-6-oz-jar'),(1703,132,0,78,'2'),(1704,133,0,78,'/s/u/supervite6oz_weblowres.jpg'),(1714,73,0,79,'Repashy Vitamin A Plus - 3 Oz Jar'),(1715,84,0,79,'Repashy Vitamin A Plus - 3 Oz Jar'),(1716,86,0,79,'Repashy Vitamin A Plus - 3 Oz Jar Micro Fine Vitamin A Supplement for Reptiles and Amphibians. Contains Preformed Vitamin A as well as natural ingredients which provide beta carotene. INFORMATION: Preformed Vitamin A (Retinol) is an essential fat soluble '),(1717,87,0,79,'/v/i/vitaminaplus3oz_web_weblowres.jpg'),(1718,88,0,79,'/v/i/vitaminaplus3oz_web_weblowres.jpg'),(1719,89,0,79,'/v/i/vitaminaplus3oz_web_weblowres.jpg'),(1720,106,0,79,'container2'),(1721,118,0,79,'0'),(1722,121,0,79,'repashy-vitamin-a-plus-3-oz-jar'),(1723,132,0,79,'2'),(1724,133,0,79,'/v/i/vitaminaplus3oz_web_weblowres.jpg'),(1729,73,0,80,'12\" Finnex Planted+ High Intentisty LED w/ Moonlights'),(1730,84,0,80,'12\" Finnex Planted+ High Intentisty LED w/ Moonlights'),(1731,86,0,80,'12\" Finnex Planted+ High Intentisty LED w/ Moonlights This Contemporary Ultra Slim designed LED fixture features a series of LEDs to promote Marine Refugium &amp; Freshwater growth. Unlike the Ray II which incorporates multiple High Output LEDS pinched to'),(1732,87,0,80,'/p/l/plantedplus.png'),(1733,88,0,80,'/p/l/plantedplus.png'),(1734,89,0,80,'/p/l/plantedplus.png'),(1735,106,0,80,'container2'),(1736,118,0,80,'0'),(1737,121,0,80,'12-finnex-planted-high-intentisty-led-w-moonlights'),(1738,132,0,80,'2'),(1739,133,0,80,'/p/l/plantedplus.png'),(1744,73,0,81,'20\" Finnex Planted+ High Intentisty LED w/ Moonlights'),(1745,84,0,81,'20\" Finnex Planted+ High Intentisty LED w/ Moonlights'),(1746,86,0,81,'20\" Finnex Planted+ High Intentisty LED w/ Moonlights This Contemporary Ultra Slim designed LED fixture features a series of LEDs to promote Marine Refugium &amp; Freshwater growth. Unlike the Ray II which incorporates multiple High Output LEDS pinched to'),(1747,87,0,81,'/p/l/plantedplus_1.png'),(1748,88,0,81,'/p/l/plantedplus_1.png'),(1749,89,0,81,'/p/l/plantedplus_1.png'),(1750,106,0,81,'container2'),(1751,118,0,81,'0'),(1752,121,0,81,'20-finnex-planted-high-intentisty-led-w-moonlights-1'),(1753,132,0,81,'2'),(1754,133,0,81,'/p/l/plantedplus_1.png'),(1791,73,0,83,'24\" Finnex Planted+ High Intentisty LED w/ Moonlights'),(1792,84,0,83,'24\" Finnex Planted+ High Intentisty LED w/ Moonlights'),(1793,86,0,83,'24\" Finnex Planted+ High Intentisty LED w/ Moonlights This Contemporary Ultra Slim designed LED fixture features a series of LEDs to promote Marine Refugium &amp; Freshwater growth. Unlike the Ray II which incorporates multiple High Output LEDS pinched to'),(1794,87,0,83,'/p/l/plantedplus_1_1.png'),(1795,88,0,83,'/p/l/plantedplus_1_1.png'),(1796,89,0,83,'/p/l/plantedplus_1_1.png'),(1797,106,0,83,'container2'),(1798,118,0,83,'0'),(1799,121,0,83,'24-finnex-planted-high-intentisty-led-w-moonlights'),(1800,132,0,83,'2'),(1801,133,0,83,'/p/l/plantedplus_1_1.png'),(1811,73,0,84,'12\" Finnex Stingray LED Light Fixture'),(1812,84,0,84,'12\" Finnex Stingray LED Light Fixture'),(1813,86,0,84,'12\" Finnex Stingray LED Light Fixture The StingRAY LED series features such a slim hood that it is nearly unseen atop an aquarium. The StingRAY offers users three different colors in to their aquarium. 7,000k Daylight LEDs are used to brighten up the enti'),(1814,87,0,84,'/u/n/untitled2_2.png'),(1815,88,0,84,'/u/n/untitled2_2.png'),(1816,89,0,84,'/u/n/untitled2_2.png'),(1817,106,0,84,'container2'),(1818,118,0,84,'0'),(1819,121,0,84,'12-finnex-stingray-led-light-fixture'),(1820,132,0,84,'2'),(1821,133,0,84,'/u/n/untitled2_2.png'),(1826,73,0,85,'20\" Finnex Stingray LED Light Fixture'),(1827,84,0,85,'20\" Finnex Stingray LED Light Fixture'),(1828,86,0,85,'20\" Finnex Stingray LED Light Fixture The StingRAY LED series features such a slim hood that it is nearly unseen atop an aquarium. The StingRAY offers users three different colors in to their aquarium. 7,000k Daylight LEDs are used to brighten up the enti'),(1829,87,0,85,'/u/n/untitled2_2_1.png'),(1830,88,0,85,'/u/n/untitled2_2_1.png'),(1831,89,0,85,'/u/n/untitled2_2_1.png'),(1832,106,0,85,'container2'),(1833,118,0,85,'0'),(1834,121,0,85,'20-finnex-stingray-led-light-fixture'),(1835,132,0,85,'2'),(1836,133,0,85,'/u/n/untitled2_2_1.png'),(1846,73,0,86,'24\" Finnex Stingray LED Light Fixture'),(1847,84,0,86,'24\" Finnex Stingray LED Light Fixture'),(1848,86,0,86,'24\" Finnex Stingray LED Light Fixture The StingRAY LED series features such a slim hood that it is nearly unseen atop an aquarium. The StingRAY offers users three different colors in to their aquarium. 7,000k Daylight LEDs are used to brighten up the enti'),(1849,87,0,86,'/u/n/untitled2_2_1_1.png'),(1850,88,0,86,'/u/n/untitled2_2_1_1.png'),(1851,89,0,86,'/u/n/untitled2_2_1_1.png'),(1852,106,0,86,'container2'),(1853,118,0,86,'0'),(1854,121,0,86,'24-finnex-stingray-led-light-fixture'),(1855,132,0,86,'2'),(1856,133,0,86,'/u/n/untitled2_2_1_1.png'),(1870,73,0,87,'50W Finnex Titanium Heater'),(1871,84,0,87,'50W Finnex Titanium Heater'),(1872,86,0,87,'50W Finnex Titanium Heater The Finnex HMA 50W Titanium heater has a virtually unbreakable titanium tube as well as an external temperature control unit. You can safely burry it under your false bottom and control easily from outside the tank. This compact'),(1873,87,0,87,'/h/m/hma_series_4b8c08598be59_3.jpg'),(1874,88,0,87,'/h/m/hma_series_4b8c08598be59_3.jpg'),(1875,89,0,87,'/h/m/hma_series_4b8c08598be59_3.jpg'),(1876,106,0,87,'container2'),(1877,118,0,87,'0'),(1878,121,0,87,'50w-finnex-titanium-heater'),(1879,132,0,87,'2'),(1880,133,0,87,'/h/m/hma_series_4b8c08598be59_3.jpg'),(1885,73,0,88,'22C (72F) Phase Change Pack (6oz)'),(1886,84,0,88,'22C (72F) Phase Change Pack (6oz)'),(1887,86,0,88,'22C (72F) Phase Change Pack (6oz) Use these Phase 22 Packs to help maintain shipments between 68F-75F degrees. Changing phase from a solid to a liquid or vise versa requires energy. This buffers the temperature of the surroundings at the phase change temp'),(1888,87,0,88,'/i/m/img_4174.jpg'),(1889,88,0,88,'/i/m/img_4174.jpg'),(1890,89,0,88,'/i/m/img_4174.jpg'),(1891,106,0,88,'container2'),(1892,118,0,88,'0'),(1893,121,0,88,'22c-72f-phase-change-pack-6oz'),(1894,132,0,88,'2'),(1895,133,0,88,'/i/m/img_4174.jpg'),(1904,73,0,89,'22C (72F) Phase Change Panel (10.6oz)'),(1905,84,0,89,'22C (72F) Phase Change Panel (10.6oz)'),(1906,86,0,89,'22C (72F) Phase Change Panel (10.6oz) Use these Phase 22 Panels to help maintain shipments between 68F-75F degrees. Changing phase from a solid to a liquid or vise versa requires energy. This buffers the temperature of the surroundings at the phase change'),(1907,87,0,89,'/i/m/img_4169.jpg'),(1908,88,0,89,'/i/m/img_4169.jpg'),(1909,89,0,89,'/i/m/img_4169.jpg'),(1910,106,0,89,'container2'),(1911,118,0,89,'0'),(1912,121,0,89,'22c-72f-phase-change-panel-10-6oz'),(1913,132,0,89,'2'),(1914,133,0,89,'/i/m/img_4169.jpg'),(1919,73,0,90,'8\"x8\"x8\" Shipping Box with 1\" Foam'),(1920,84,0,90,'8\"x8\"x8\" Shipping Box with 1\" Foam'),(1921,86,0,90,'8\"x8\"x8\" Shipping Box with 1\" Foam 8in x 8in x8in boxes come with 1in foam inserts. Dimensional weight of the box is 4lbs. With foam inserts, box holds two 16oz deli cups, three 8oz deli cups, or twelve 4oz deli cups. '),(1922,87,0,90,'/i/m/img_4186.jpg'),(1923,88,0,90,'/i/m/img_4186.jpg'),(1924,89,0,90,'/i/m/img_4186.jpg'),(1925,106,0,90,'container2'),(1926,118,0,90,'0'),(1927,121,0,90,'8-x8-x8-shipping-box-with-1-foam'),(1928,132,0,90,'2'),(1929,133,0,90,'/i/m/img_4186.jpg'),(1934,73,0,91,'10 Gallon Vertical Conversion Kit (Face Only)'),(1935,84,0,91,'10 Gallon Vertical Conversion Kit (Face Only)'),(1936,86,0,91,'10 Gallon Vertical Conversion Kit (Face Only) Directions: Silicone bottom glass flush with frame of tank. Glue hinges to glass door and side of tank while in closed position. Hold each ~30 seconds until glue sets. Glue one magnet inside tank frame and one'),(1937,87,0,91,'/i/m/img_2881.jpg'),(1938,88,0,91,'/i/m/img_2881.jpg'),(1939,89,0,91,'/i/m/img_2881.jpg'),(1940,106,0,91,'container2'),(1941,118,0,91,'0'),(1942,121,0,91,'10-gallon-vertical-conversion-kit-face-only'),(1943,132,0,91,'2'),(1944,133,0,91,'/i/m/img_2881.jpg'),(1949,73,0,92,'10 Gallon Vertical Thumbnail Setup'),(1950,84,0,92,'10 Gallon Vertical Thumbnail Setup'),(1951,86,0,92,'10 Gallon Vertical Thumbnail Setup Includes: 10 Gallon Aqueon Aquarium, Custom Built Glass Door Front w/ Magnetic Closure, 12\" Finnex Stingray LED Light Fixture, Gravel, Substrate Barrier, ABG Substrate, Live Moss, Leaf Litter, Cork Stump and Peat-Covered'),(1952,87,0,92,'/i/m/img_2890_1.jpg'),(1953,88,0,92,'/i/m/img_2890_1.jpg'),(1954,89,0,92,'/i/m/img_2890_1.jpg'),(1955,106,0,92,'container2'),(1956,118,0,92,'0'),(1957,121,0,92,'10-gallon-vertical-thumbnail-setup'),(1958,132,0,92,'2'),(1959,133,0,92,'/i/m/img_2890_1.jpg'),(1964,73,0,93,'Standard Dart Frog Setup'),(1965,84,0,93,'Standard Dart Frog Setup'),(1966,86,0,93,'Standard Dart Frog Setup Includes: Aqueon Aquarium + Glass Canopy, 20\" Fluorescent Light Fixture, Thermometer, Coconut Hut, Gravel/Rocks, Sphagnum Moss, Leaf Litter, Asst. Tropical Plants. Optional Deluxe Setup adds substrate barrier, ABG substrate, live '),(1967,87,0,93,'/i/m/img_1262small.jpg'),(1968,88,0,93,'/i/m/img_1262small.jpg'),(1969,89,0,93,'/i/m/img_1262small.jpg'),(1970,106,0,93,'container2'),(1971,118,0,93,'0'),(1972,121,0,93,'standard-dart-frog-setup'),(1973,132,0,93,'2'),(1974,133,0,93,'/i/m/img_1262small.jpg'),(2187,73,0,94,'Josh\'s Frogs ABG Mix (1 Gal)'),(2188,84,0,94,'Josh\'s Frogs ABG Mix (1 Gal)'),(2189,86,0,94,'Josh\'s Frogs ABG Mix (1 Gal) This ABG mix is made by Josh\'s Frogs, a premium substrate for tropical vivariums. A precise blend of tree fern fiber, charcoal, sphagnum peat, long fiber sphagnum, and fir bark, this substrate is capable of lasting several yea'),(2190,87,0,94,'/a/b/abg_2.jpg'),(2191,88,0,94,'/a/b/abg_2.jpg'),(2192,89,0,94,'/a/b/abg_2.jpg'),(2193,106,0,94,'container2'),(2194,118,0,94,'0'),(2195,121,0,94,'josh-s-frogs-abg-mix-1-gal'),(2196,132,0,94,'2'),(2197,133,0,94,'/a/b/abg_2.jpg'),(2210,73,0,95,'O. Pumilio - Siquirres \"Black Jeans\"'),(2211,84,0,95,'O. Pumilio - Siquirres \"Black Jeans\"'),(2212,86,0,95,'O. Pumilio - Siquirres \"Black Jeans\" Siquirres \"Black Jean\" pumilio, captive bred juveniles. They are from the Kevin Moser line of original imports in the 1990s. These pumilio are from the area of Siquirres Costa Rica. They are the largest of the pumilios'),(2213,87,0,95,'/2/0/20160417_203235330_ios.jpg'),(2214,88,0,95,'/2/0/20160417_203235330_ios.jpg'),(2215,89,0,95,'/2/0/20160417_203235330_ios.jpg'),(2216,106,0,95,'container2'),(2217,118,0,95,'0'),(2218,121,0,95,'o-pumilio-siquirres-black-jeans'),(2219,132,0,95,'2'),(2220,133,0,95,'/2/0/20160417_203235330_ios.jpg'),(2229,73,0,96,'32oz Flightless Drosophila Hydei'),(2230,86,0,96,' 32oz \"Turkish\" Winged Flightless Drosophila Melanogaster. Various culture ages available.  '),(2231,87,0,96,'/i/m/img_1114_1_1_2.jpg'),(2232,88,0,96,'/i/m/img_1114_1_1_2.jpg'),(2233,89,0,96,'/i/m/img_1114_1_1_2.jpg'),(2234,106,0,96,'container2'),(2235,118,0,96,'0'),(2236,121,0,96,'32oz-turkish-winged-flightless-drosophila-melanogaster-1'),(2237,132,0,96,'2'),(2238,133,0,96,'/i/m/img_1114_1_1_2.jpg');
CREATE TABLE `mz0b_catalog_product_frontend_action` (
  `action_id` bigint(20) unsigned NOT NULL AUTO_INCREMENT COMMENT 'Product Action Id',
  `type_id` varchar(64) NOT NULL COMMENT 'Type of product action',
  `visitor_id` int(10) unsigned DEFAULT NULL COMMENT 'Visitor Id',
  `customer_id` int(10) unsigned DEFAULT NULL COMMENT 'Customer Id',
  `product_id` int(10) unsigned NOT NULL COMMENT 'Product Id',
  `added_at` bigint(20) NOT NULL COMMENT 'Added At',
  PRIMARY KEY (`action_id`),
  UNIQUE KEY `MZ0B_CAT_PRD_FRONTEND_ACTION_VISITOR_ID_PRD_ID_TYPE_ID` (`visitor_id`,`product_id`,`type_id`),
  UNIQUE KEY `MZ0B_CAT_PRD_FRONTEND_ACTION_CSTR_ID_PRD_ID_TYPE_ID` (`customer_id`,`product_id`,`type_id`),
  KEY `MZ0B_CAT_PRD_FRONTEND_ACTION_PRD_ID_MZ0B_CAT_PRD_ENTT_ENTT_ID` (`product_id`)
) ENGINE=InnoDB DEFAULT CHARSET=utf8 COMMENT='Catalog Product Frontend Action Table';
CREATE TABLE `mz0b_catalog_product_index_eav` (
  `entity_id` int(10) unsigned NOT NULL COMMENT 'Entity ID',
  `attribute_id` smallint(5) unsigned NOT NULL COMMENT 'Attribute ID',
  `store_id` smallint(5) unsigned NOT NULL COMMENT 'Store ID',
  `value` int(10) unsigned NOT NULL COMMENT 'Value',
  `source_id` int(10) unsigned NOT NULL DEFAULT '0' COMMENT 'Original entity Id for attribute value',
  PRIMARY KEY (`entity_id`,`attribute_id`,`store_id`,`value`,`source_id`),
  KEY `MZ0B_CATALOG_PRODUCT_INDEX_EAV_ATTRIBUTE_ID` (`attribute_id`),
  KEY `MZ0B_CATALOG_PRODUCT_INDEX_EAV_STORE_ID` (`store_id`),
  KEY `MZ0B_CATALOG_PRODUCT_INDEX_EAV_VALUE` (`value`)
) ENGINE=InnoDB DEFAULT CHARSET=utf8 COMMENT='Catalog Product EAV Index Table';
INSERT INTO `mz0b_catalog_product_index_eav` VALUES (1,99,1,4,1),(2,99,1,4,2),(3,99,1,4,3),(4,99,1,4,4),(5,99,1,4,5),(6,99,1,4,6),(7,99,1,4,7),(8,99,1,4,8),(9,99,1,4,9),(10,99,1,4,10),(11,99,1,4,11),(12,99,1,4,12),(13,99,1,4,13),(14,99,1,4,14),(15,99,1,4,15),(16,99,1,4,16),(17,99,1,4,17),(18,99,1,4,18),(19,99,1,4,19),(20,99,1,4,20),(21,99,1,4,21),(22,99,1,4,22),(23,99,1,4,23),(24,99,1,4,24),(25,99,1,4,25),(26,99,1,4,26),(27,99,1,4,27),(28,99,1,4,28),(29,99,1,4,29),(30,99,1,4,30),(31,99,1,4,31),(32,99,1,4,32),(33,99,1,4,33),(34,99,1,4,34),(35,99,1,4,35),(36,99,1,4,36),(37,99,1,4,37),(38,99,1,4,38),(39,99,1,4,39),(40,99,1,4,40),(41,99,1,4,41),(42,99,1,4,42),(43,99,1,4,43),(44,99,1,4,44),(45,99,1,4,45),(46,99,1,4,46),(47,99,1,4,47),(48,99,1,4,48),(49,99,1,4,49),(50,99,1,4,50),(51,99,1,4,51),(52,99,1,4,52),(53,99,1,4,53),(54,99,1,4,54),(55,99,1,4,55),(56,99,1,4,56),(57,99,1,4,57),(58,99,1,4,58),(59,99,1,4,59),(60,99,1,4,60),(61,99,1,4,61),(62,99,1,4,62),(63,99,1,4,63),(64,99,1,4,64),(65,99,1,4,65),(66,99,1,4,66),(67,99,1,4,67),(68,99,1,4,68),(69,99,1,4,69),(70,99,1,4,70),(71,99,1,4,71),(72,99,1,4,72),(73,99,1,4,73),(74,99,1,4,74),(75,99,1,4,75),(76,99,1,4,76),(77,99,1,4,77),(78,99,1,4,78),(79,99,1,4,79),(80,99,1,4,80),(81,99,1,4,81),(83,99,1,4,83),(84,99,1,4,84),(85,99,1,4,85),(86,99,1,4,86),(87,99,1,4,87),(88,99,1,4,88),(89,99,1,4,89),(90,99,1,4,90),(91,99,1,4,91),(92,99,1,4,92),(93,99,1,4,93),(94,99,1,4,94),(95,99,1,4,95),(96,99,1,4,96);
CREATE TABLE `mz0b_catalog_product_index_eav_decimal` (
  `entity_id` int(10) unsigned NOT NULL COMMENT 'Entity ID',
  `attribute_id` smallint(5) unsigned NOT NULL COMMENT 'Attribute ID',
  `store_id` smallint(5) unsigned NOT NULL COMMENT 'Store ID',
  `value` decimal(12,4) NOT NULL COMMENT 'Value',
  `source_id` int(10) unsigned NOT NULL DEFAULT '0' COMMENT 'Original entity Id for attribute value',
  PRIMARY KEY (`entity_id`,`attribute_id`,`store_id`,`value`,`source_id`),
  KEY `MZ0B_CATALOG_PRODUCT_INDEX_EAV_DECIMAL_ATTRIBUTE_ID` (`attribute_id`),
  KEY `MZ0B_CATALOG_PRODUCT_INDEX_EAV_DECIMAL_STORE_ID` (`store_id`),
  KEY `MZ0B_CATALOG_PRODUCT_INDEX_EAV_DECIMAL_VALUE` (`value`)
) ENGINE=InnoDB DEFAULT CHARSET=utf8 COMMENT='Catalog Product EAV Decimal Index Table';
CREATE TABLE `mz0b_catalog_product_index_eav_decimal_idx` (
  `entity_id` int(10) unsigned NOT NULL COMMENT 'Entity ID',
  `attribute_id` smallint(5) unsigned NOT NULL COMMENT 'Attribute ID',
  `store_id` smallint(5) unsigned NOT NULL COMMENT 'Store ID',
  `value` decimal(12,4) NOT NULL COMMENT 'Value',
  `source_id` int(10) unsigned NOT NULL DEFAULT '0' COMMENT 'Original entity Id for attribute value',
  PRIMARY KEY (`entity_id`,`attribute_id`,`store_id`,`value`,`source_id`),
  KEY `MZ0B_CATALOG_PRODUCT_INDEX_EAV_DECIMAL_IDX_ATTRIBUTE_ID` (`attribute_id`),
  KEY `MZ0B_CATALOG_PRODUCT_INDEX_EAV_DECIMAL_IDX_STORE_ID` (`store_id`),
  KEY `MZ0B_CATALOG_PRODUCT_INDEX_EAV_DECIMAL_IDX_VALUE` (`value`)
) ENGINE=InnoDB DEFAULT CHARSET=utf8 COMMENT='Catalog Product EAV Decimal Indexer Index Table';
CREATE TABLE `mz0b_catalog_product_index_eav_decimal_replica` (
  `entity_id` int(10) unsigned NOT NULL COMMENT 'Entity ID',
  `attribute_id` smallint(5) unsigned NOT NULL COMMENT 'Attribute ID',
  `store_id` smallint(5) unsigned NOT NULL COMMENT 'Store ID',
  `value` decimal(12,4) NOT NULL COMMENT 'Value',
  `source_id` int(10) unsigned NOT NULL DEFAULT '0' COMMENT 'Original entity Id for attribute value',
  PRIMARY KEY (`entity_id`,`attribute_id`,`store_id`,`value`,`source_id`),
  KEY `MZ0B_CATALOG_PRODUCT_INDEX_EAV_DECIMAL_ATTRIBUTE_ID` (`attribute_id`),
  KEY `MZ0B_CATALOG_PRODUCT_INDEX_EAV_DECIMAL_STORE_ID` (`store_id`),
  KEY `MZ0B_CATALOG_PRODUCT_INDEX_EAV_DECIMAL_VALUE` (`value`)
) ENGINE=InnoDB DEFAULT CHARSET=utf8 COMMENT='Catalog Product EAV Decimal Index Table';
CREATE TABLE `mz0b_catalog_product_index_eav_decimal_tmp` (
  `entity_id` int(10) unsigned NOT NULL COMMENT 'Entity ID',
  `attribute_id` smallint(5) unsigned NOT NULL COMMENT 'Attribute ID',
  `store_id` smallint(5) unsigned NOT NULL COMMENT 'Store ID',
  `value` decimal(12,4) NOT NULL COMMENT 'Value',
  `source_id` int(10) unsigned NOT NULL DEFAULT '0' COMMENT 'Original entity Id for attribute value',
  PRIMARY KEY (`entity_id`,`attribute_id`,`store_id`,`value`,`source_id`),
  KEY `MZ0B_CATALOG_PRODUCT_INDEX_EAV_DECIMAL_TMP_ATTRIBUTE_ID` (`attribute_id`),
  KEY `MZ0B_CATALOG_PRODUCT_INDEX_EAV_DECIMAL_TMP_STORE_ID` (`store_id`),
  KEY `MZ0B_CATALOG_PRODUCT_INDEX_EAV_DECIMAL_TMP_VALUE` (`value`)
) ENGINE=InnoDB DEFAULT CHARSET=utf8 COMMENT='Catalog Product EAV Decimal Indexer Temp Table';
CREATE TABLE `mz0b_catalog_product_index_eav_idx` (
  `entity_id` int(10) unsigned NOT NULL COMMENT 'Entity ID',
  `attribute_id` smallint(5) unsigned NOT NULL COMMENT 'Attribute ID',
  `store_id` smallint(5) unsigned NOT NULL COMMENT 'Store ID',
  `value` int(10) unsigned NOT NULL COMMENT 'Value',
  `source_id` int(10) unsigned NOT NULL DEFAULT '0' COMMENT 'Original entity Id for attribute value',
  PRIMARY KEY (`entity_id`,`attribute_id`,`store_id`,`value`,`source_id`),
  KEY `MZ0B_CATALOG_PRODUCT_INDEX_EAV_IDX_ATTRIBUTE_ID` (`attribute_id`),
  KEY `MZ0B_CATALOG_PRODUCT_INDEX_EAV_IDX_STORE_ID` (`store_id`),
  KEY `MZ0B_CATALOG_PRODUCT_INDEX_EAV_IDX_VALUE` (`value`)
) ENGINE=InnoDB DEFAULT CHARSET=utf8 COMMENT='Catalog Product EAV Indexer Index Table';
CREATE TABLE `mz0b_catalog_product_index_eav_replica` (
  `entity_id` int(10) unsigned NOT NULL COMMENT 'Entity ID',
  `attribute_id` smallint(5) unsigned NOT NULL COMMENT 'Attribute ID',
  `store_id` smallint(5) unsigned NOT NULL COMMENT 'Store ID',
  `value` int(10) unsigned NOT NULL COMMENT 'Value',
  `source_id` int(10) unsigned NOT NULL DEFAULT '0' COMMENT 'Original entity Id for attribute value',
  PRIMARY KEY (`entity_id`,`attribute_id`,`store_id`,`value`,`source_id`),
  KEY `MZ0B_CATALOG_PRODUCT_INDEX_EAV_ATTRIBUTE_ID` (`attribute_id`),
  KEY `MZ0B_CATALOG_PRODUCT_INDEX_EAV_STORE_ID` (`store_id`),
  KEY `MZ0B_CATALOG_PRODUCT_INDEX_EAV_VALUE` (`value`)
) ENGINE=InnoDB DEFAULT CHARSET=utf8 COMMENT='Catalog Product EAV Index Table';
INSERT INTO `mz0b_catalog_product_index_eav_replica` VALUES (1,99,1,4,1),(2,99,1,4,2),(3,99,1,4,3),(4,99,1,4,4),(5,99,1,4,5),(6,99,1,4,6),(7,99,1,4,7),(8,99,1,4,8),(9,99,1,4,9),(10,99,1,4,10),(11,99,1,4,11),(12,99,1,4,12),(13,99,1,4,13),(14,99,1,4,14),(15,99,1,4,15),(16,99,1,4,16),(17,99,1,4,17),(18,99,1,4,18),(19,99,1,4,19),(20,99,1,4,20),(21,99,1,4,21),(22,99,1,4,22),(23,99,1,4,23),(24,99,1,4,24),(25,99,1,4,25),(26,99,1,4,26),(27,99,1,4,27),(28,99,1,4,28),(29,99,1,4,29),(30,99,1,4,30),(31,99,1,4,31),(32,99,1,4,32),(33,99,1,4,33),(34,99,1,4,34),(35,99,1,4,35),(36,99,1,4,36),(37,99,1,4,37),(38,99,1,4,38),(39,99,1,4,39),(40,99,1,4,40),(41,99,1,4,41),(42,99,1,4,42),(43,99,1,4,43),(44,99,1,4,44),(45,99,1,4,45),(46,99,1,4,46),(47,99,1,4,47),(48,99,1,4,48),(49,99,1,4,49),(50,99,1,4,50),(51,99,1,4,51),(52,99,1,4,52),(53,99,1,4,53),(54,99,1,4,54),(55,99,1,4,55),(56,99,1,4,56),(57,99,1,4,57),(58,99,1,4,58),(59,99,1,4,59),(60,99,1,4,60),(61,99,1,4,61),(62,99,1,4,62),(63,99,1,4,63),(64,99,1,4,64),(65,99,1,4,65),(66,99,1,4,66),(67,99,1,4,67),(68,99,1,4,68),(69,99,1,4,69),(70,99,1,4,70),(71,99,1,4,71),(72,99,1,4,72),(73,99,1,4,73),(74,99,1,4,74),(75,99,1,4,75),(76,99,1,4,76),(77,99,1,4,77),(78,99,1,4,78),(79,99,1,4,79),(80,99,1,4,80),(81,99,1,4,81),(83,99,1,4,83),(84,99,1,4,84),(85,99,1,4,85),(86,99,1,4,86),(87,99,1,4,87),(88,99,1,4,88),(89,99,1,4,89),(90,99,1,4,90),(91,99,1,4,91),(92,99,1,4,92),(93,99,1,4,93),(94,99,1,4,94),(95,99,1,4,95),(96,99,1,4,96);
CREATE TABLE `mz0b_catalog_product_index_eav_tmp` (
  `entity_id` int(10) unsigned NOT NULL COMMENT 'Entity ID',
  `attribute_id` smallint(5) unsigned NOT NULL COMMENT 'Attribute ID',
  `store_id` smallint(5) unsigned NOT NULL COMMENT 'Store ID',
  `value` int(10) unsigned NOT NULL COMMENT 'Value',
  `source_id` int(10) unsigned NOT NULL DEFAULT '0' COMMENT 'Original entity Id for attribute value',
  PRIMARY KEY (`entity_id`,`attribute_id`,`store_id`,`value`,`source_id`),
  KEY `MZ0B_CATALOG_PRODUCT_INDEX_EAV_TMP_ATTRIBUTE_ID` (`attribute_id`),
  KEY `MZ0B_CATALOG_PRODUCT_INDEX_EAV_TMP_STORE_ID` (`store_id`),
  KEY `MZ0B_CATALOG_PRODUCT_INDEX_EAV_TMP_VALUE` (`value`)
) ENGINE=InnoDB DEFAULT CHARSET=utf8 COMMENT='Catalog Product EAV Indexer Temp Table';
CREATE TABLE `mz0b_catalog_product_index_price` (
  `entity_id` int(10) unsigned NOT NULL COMMENT 'Entity ID',
  `customer_group_id` int(10) unsigned NOT NULL COMMENT 'Customer Group ID',
  `website_id` smallint(5) unsigned NOT NULL COMMENT 'Website ID',
  `tax_class_id` smallint(5) unsigned DEFAULT '0' COMMENT 'Tax Class ID',
  `price` decimal(20,6) DEFAULT NULL COMMENT 'Price',
  `final_price` decimal(20,6) DEFAULT NULL COMMENT 'Final Price',
  `min_price` decimal(20,6) DEFAULT NULL COMMENT 'Min Price',
  `max_price` decimal(20,6) DEFAULT NULL COMMENT 'Max Price',
  `tier_price` decimal(20,6) DEFAULT NULL COMMENT 'Tier Price',
  PRIMARY KEY (`entity_id`,`customer_group_id`,`website_id`),
  KEY `MZ0B_CATALOG_PRODUCT_INDEX_PRICE_CUSTOMER_GROUP_ID` (`customer_group_id`),
  KEY `MZ0B_CATALOG_PRODUCT_INDEX_PRICE_MIN_PRICE` (`min_price`),
  KEY `MZ0B_CAT_PRD_IDX_PRICE_WS_ID_CSTR_GROUP_ID_MIN_PRICE` (`website_id`,`customer_group_id`,`min_price`)
) ENGINE=InnoDB DEFAULT CHARSET=utf8 COMMENT='Catalog Product Price Index Table';
INSERT INTO `mz0b_catalog_product_index_price` VALUES (1,0,1,0,45.000000,45.000000,45.000000,45.000000,NULL),(1,1,1,0,45.000000,45.000000,45.000000,45.000000,NULL),(1,2,1,0,45.000000,45.000000,45.000000,45.000000,NULL),(1,3,1,0,45.000000,45.000000,45.000000,45.000000,NULL),(2,0,1,0,20.000000,20.000000,20.000000,20.000000,NULL),(2,1,1,0,20.000000,20.000000,20.000000,20.000000,NULL),(2,2,1,0,20.000000,20.000000,20.000000,20.000000,NULL),(2,3,1,0,20.000000,20.000000,20.000000,20.000000,NULL),(3,0,1,8,25.000000,25.000000,25.000000,100.000000,NULL),(3,1,1,8,25.000000,25.000000,25.000000,100.000000,NULL),(3,2,1,8,25.000000,25.000000,25.000000,100.000000,NULL),(3,3,1,8,25.000000,25.000000,25.000000,100.000000,NULL),(4,0,1,0,40.000000,40.000000,40.000000,40.000000,NULL),(4,1,1,0,40.000000,40.000000,40.000000,40.000000,NULL),(4,2,1,0,40.000000,40.000000,40.000000,40.000000,NULL),(4,3,1,0,40.000000,40.000000,40.000000,40.000000,NULL),(5,0,1,0,90.000000,90.000000,90.000000,90.000000,NULL),(5,1,1,0,90.000000,90.000000,90.000000,90.000000,NULL),(5,2,1,0,90.000000,90.000000,90.000000,90.000000,NULL),(5,3,1,0,90.000000,90.000000,90.000000,90.000000,NULL),(6,0,1,0,80.000000,80.000000,80.000000,80.000000,NULL),(6,1,1,0,80.000000,80.000000,80.000000,80.000000,NULL),(6,2,1,0,80.000000,80.000000,80.000000,80.000000,NULL),(6,3,1,0,80.000000,80.000000,80.000000,80.000000,NULL),(7,0,1,0,90.000000,75.000000,75.000000,75.000000,NULL),(7,1,1,0,90.000000,75.000000,75.000000,75.000000,NULL),(7,2,1,0,90.000000,75.000000,75.000000,75.000000,NULL),(7,3,1,0,90.000000,75.000000,75.000000,75.000000,NULL),(8,0,1,0,25.000000,25.000000,25.000000,25.000000,NULL),(8,1,1,0,25.000000,25.000000,25.000000,25.000000,NULL),(8,2,1,0,25.000000,25.000000,25.000000,25.000000,NULL),(8,3,1,0,25.000000,25.000000,25.000000,25.000000,NULL),(9,0,1,0,60.000000,60.000000,60.000000,60.000000,NULL),(9,1,1,0,60.000000,60.000000,60.000000,60.000000,NULL),(9,2,1,0,60.000000,60.000000,60.000000,60.000000,NULL),(9,3,1,0,60.000000,60.000000,60.000000,60.000000,NULL),(10,0,1,0,25.000000,25.000000,25.000000,25.000000,NULL),(10,1,1,0,25.000000,25.000000,25.000000,25.000000,NULL),(10,2,1,0,25.000000,25.000000,25.000000,25.000000,NULL),(10,3,1,0,25.000000,25.000000,25.000000,25.000000,NULL),(11,0,1,0,20.000000,20.000000,20.000000,20.000000,NULL),(11,1,1,0,20.000000,20.000000,20.000000,20.000000,NULL),(11,2,1,0,20.000000,20.000000,20.000000,20.000000,NULL),(11,3,1,0,20.000000,20.000000,20.000000,20.000000,NULL),(12,0,1,0,35.000000,35.000000,35.000000,35.000000,NULL),(12,1,1,0,35.000000,35.000000,35.000000,35.000000,NULL),(12,2,1,0,35.000000,35.000000,35.000000,35.000000,NULL),(12,3,1,0,35.000000,35.000000,35.000000,35.000000,NULL),(13,0,1,0,45.000000,45.000000,45.000000,45.000000,NULL),(13,1,1,0,45.000000,45.000000,45.000000,45.000000,NULL),(13,2,1,0,45.000000,45.000000,45.000000,45.000000,NULL),(13,3,1,0,45.000000,45.000000,45.000000,45.000000,NULL),(14,0,1,0,60.000000,60.000000,60.000000,60.000000,NULL),(14,1,1,0,60.000000,60.000000,60.000000,60.000000,NULL),(14,2,1,0,60.000000,60.000000,60.000000,60.000000,NULL),(14,3,1,0,60.000000,60.000000,60.000000,60.000000,NULL),(15,0,1,0,65.000000,65.000000,65.000000,65.000000,NULL),(15,1,1,0,65.000000,65.000000,65.000000,65.000000,NULL),(15,2,1,0,65.000000,65.000000,65.000000,65.000000,NULL),(15,3,1,0,65.000000,65.000000,65.000000,65.000000,NULL),(16,0,1,0,50.000000,50.000000,50.000000,50.000000,NULL),(16,1,1,0,50.000000,50.000000,50.000000,50.000000,NULL),(16,2,1,0,50.000000,50.000000,50.000000,50.000000,NULL),(16,3,1,0,50.000000,50.000000,50.000000,50.000000,NULL),(17,0,1,0,30.000000,30.000000,30.000000,30.000000,NULL),(17,1,1,0,30.000000,30.000000,30.000000,30.000000,NULL),(17,2,1,0,30.000000,30.000000,30.000000,30.000000,NULL),(17,3,1,0,30.000000,30.000000,30.000000,30.000000,NULL),(18,0,1,0,110.000000,110.000000,110.000000,110.000000,NULL),(18,1,1,0,110.000000,110.000000,110.000000,110.000000,NULL),(18,2,1,0,110.000000,110.000000,110.000000,110.000000,NULL),(18,3,1,0,110.000000,110.000000,110.000000,110.000000,NULL),(19,0,1,0,250.000000,250.000000,250.000000,250.000000,NULL),(19,1,1,0,250.000000,250.000000,250.000000,250.000000,NULL),(19,2,1,0,250.000000,250.000000,250.000000,250.000000,NULL),(19,3,1,0,250.000000,250.000000,250.000000,250.000000,NULL),(20,0,1,0,35.000000,35.000000,35.000000,35.000000,NULL),(20,1,1,0,35.000000,35.000000,35.000000,35.000000,NULL),(20,2,1,0,35.000000,35.000000,35.000000,35.000000,NULL),(20,3,1,0,35.000000,35.000000,35.000000,35.000000,NULL),(21,0,1,0,85.000000,85.000000,85.000000,85.000000,NULL),(21,1,1,0,85.000000,85.000000,85.000000,85.000000,NULL),(21,2,1,0,85.000000,85.000000,85.000000,85.000000,NULL),(21,3,1,0,85.000000,85.000000,85.000000,85.000000,NULL),(22,0,1,0,80.000000,80.000000,80.000000,80.000000,NULL),(22,1,1,0,80.000000,80.000000,80.000000,80.000000,NULL),(22,2,1,0,80.000000,80.000000,80.000000,80.000000,NULL),(22,3,1,0,80.000000,80.000000,80.000000,80.000000,NULL),(23,0,1,0,75.000000,75.000000,75.000000,75.000000,NULL),(23,1,1,0,75.000000,75.000000,75.000000,75.000000,NULL),(23,2,1,0,75.000000,75.000000,75.000000,75.000000,NULL),(23,3,1,0,75.000000,75.000000,75.000000,75.000000,NULL),(24,0,1,0,70.000000,70.000000,70.000000,70.000000,NULL),(24,1,1,0,70.000000,70.000000,70.000000,70.000000,NULL),(24,2,1,0,70.000000,70.000000,70.000000,70.000000,NULL),(24,3,1,0,70.000000,70.000000,70.000000,70.000000,NULL),(25,0,1,0,75.000000,75.000000,75.000000,75.000000,NULL),(25,1,1,0,75.000000,75.000000,75.000000,75.000000,NULL),(25,2,1,0,75.000000,75.000000,75.000000,75.000000,NULL),(25,3,1,0,75.000000,75.000000,75.000000,75.000000,NULL),(26,0,1,0,75.000000,75.000000,75.000000,75.000000,NULL),(26,1,1,0,75.000000,75.000000,75.000000,75.000000,NULL),(26,2,1,0,75.000000,75.000000,75.000000,75.000000,NULL),(26,3,1,0,75.000000,75.000000,75.000000,75.000000,NULL),(27,0,1,0,85.000000,85.000000,85.000000,85.000000,NULL),(27,1,1,0,85.000000,85.000000,85.000000,85.000000,NULL),(27,2,1,0,85.000000,85.000000,85.000000,85.000000,NULL),(27,3,1,0,85.000000,85.000000,85.000000,85.000000,NULL),(28,0,1,0,5.000000,5.000000,5.000000,5.000000,NULL),(28,1,1,0,5.000000,5.000000,5.000000,5.000000,NULL),(28,2,1,0,5.000000,5.000000,5.000000,5.000000,NULL),(28,3,1,0,5.000000,5.000000,5.000000,5.000000,NULL),(29,0,1,0,5.000000,5.000000,5.000000,5.000000,NULL),(29,1,1,0,5.000000,5.000000,5.000000,5.000000,NULL),(29,2,1,0,5.000000,5.000000,5.000000,5.000000,NULL),(29,3,1,0,5.000000,5.000000,5.000000,5.000000,NULL),(30,0,1,0,5.000000,5.000000,5.000000,5.000000,NULL),(30,1,1,0,5.000000,5.000000,5.000000,5.000000,NULL),(30,2,1,0,5.000000,5.000000,5.000000,5.000000,NULL),(30,3,1,0,5.000000,5.000000,5.000000,5.000000,NULL),(31,0,1,0,5.000000,5.000000,5.000000,5.000000,NULL),(31,1,1,0,5.000000,5.000000,5.000000,5.000000,NULL),(31,2,1,0,5.000000,5.000000,5.000000,5.000000,NULL),(31,3,1,0,5.000000,5.000000,5.000000,5.000000,NULL),(32,0,1,0,5.000000,5.000000,5.000000,5.000000,NULL),(32,1,1,0,5.000000,5.000000,5.000000,5.000000,NULL),(32,2,1,0,5.000000,5.000000,5.000000,5.000000,NULL),(32,3,1,0,5.000000,5.000000,5.000000,5.000000,NULL),(33,0,1,0,8.000000,8.000000,8.000000,8.000000,NULL),(33,1,1,0,8.000000,8.000000,8.000000,8.000000,NULL),(33,2,1,0,8.000000,8.000000,8.000000,8.000000,NULL),(33,3,1,0,8.000000,8.000000,8.000000,8.000000,NULL),(34,0,1,0,8.000000,8.000000,8.000000,8.000000,NULL),(34,1,1,0,8.000000,8.000000,8.000000,8.000000,NULL),(34,2,1,0,8.000000,8.000000,8.000000,8.000000,NULL),(34,3,1,0,8.000000,8.000000,8.000000,8.000000,NULL),(35,0,1,0,8.000000,8.000000,8.000000,8.000000,NULL),(35,1,1,0,8.000000,8.000000,8.000000,8.000000,NULL),(35,2,1,0,8.000000,8.000000,8.000000,8.000000,NULL),(35,3,1,0,8.000000,8.000000,8.000000,8.000000,NULL),(36,0,1,0,20.000000,20.000000,20.000000,20.000000,NULL),(36,1,1,0,20.000000,20.000000,20.000000,20.000000,NULL),(36,2,1,0,20.000000,20.000000,20.000000,20.000000,NULL),(36,3,1,0,20.000000,20.000000,20.000000,20.000000,NULL),(37,0,1,0,20.000000,20.000000,20.000000,20.000000,NULL),(37,1,1,0,20.000000,20.000000,20.000000,20.000000,NULL),(37,2,1,0,20.000000,20.000000,20.000000,20.000000,NULL),(37,3,1,0,20.000000,20.000000,20.000000,20.000000,NULL),(38,0,1,0,20.000000,20.000000,20.000000,20.000000,NULL),(38,1,1,0,20.000000,20.000000,20.000000,20.000000,NULL),(38,2,1,0,20.000000,20.000000,20.000000,20.000000,NULL),(38,3,1,0,20.000000,20.000000,20.000000,20.000000,NULL),(39,0,1,0,9.990000,9.990000,9.990000,9.990000,NULL),(39,1,1,0,9.990000,9.990000,9.990000,9.990000,NULL),(39,2,1,0,9.990000,9.990000,9.990000,9.990000,NULL),(39,3,1,0,9.990000,9.990000,9.990000,9.990000,NULL),(40,0,1,0,14.990000,14.990000,14.990000,14.990000,NULL),(40,1,1,0,14.990000,14.990000,14.990000,14.990000,NULL),(40,2,1,0,14.990000,14.990000,14.990000,14.990000,NULL),(40,3,1,0,14.990000,14.990000,14.990000,14.990000,NULL),(41,0,1,0,9.990000,9.990000,9.990000,9.990000,NULL),(41,1,1,0,9.990000,9.990000,9.990000,9.990000,NULL),(41,2,1,0,9.990000,9.990000,9.990000,9.990000,NULL),(41,3,1,0,9.990000,9.990000,9.990000,9.990000,NULL),(42,0,1,0,8.000000,8.000000,8.000000,8.000000,NULL),(42,1,1,0,8.000000,8.000000,8.000000,8.000000,NULL),(42,2,1,0,8.000000,8.000000,8.000000,8.000000,NULL),(42,3,1,0,8.000000,8.000000,8.000000,8.000000,NULL),(43,0,1,0,8.000000,8.000000,8.000000,8.000000,NULL),(43,1,1,0,8.000000,8.000000,8.000000,8.000000,NULL),(43,2,1,0,8.000000,8.000000,8.000000,8.000000,NULL),(43,3,1,0,8.000000,8.000000,8.000000,8.000000,NULL),(44,0,1,0,8.000000,8.000000,8.000000,8.000000,NULL),(44,1,1,0,8.000000,8.000000,8.000000,8.000000,NULL),(44,2,1,0,8.000000,8.000000,8.000000,8.000000,NULL),(44,3,1,0,8.000000,8.000000,8.000000,8.000000,NULL),(45,0,1,0,8.000000,8.000000,8.000000,8.000000,NULL),(45,1,1,0,8.000000,8.000000,8.000000,8.000000,NULL),(45,2,1,0,8.000000,8.000000,8.000000,8.000000,NULL),(45,3,1,0,8.000000,8.000000,8.000000,8.000000,NULL),(46,0,1,0,20.000000,20.000000,20.000000,20.000000,NULL),(46,1,1,0,20.000000,20.000000,20.000000,20.000000,NULL),(46,2,1,0,20.000000,20.000000,20.000000,20.000000,NULL),(46,3,1,0,20.000000,20.000000,20.000000,20.000000,NULL),(47,0,1,0,50.000000,50.000000,50.000000,135.000000,NULL),(47,1,1,0,50.000000,50.000000,50.000000,135.000000,NULL),(47,2,1,0,50.000000,50.000000,50.000000,135.000000,NULL),(47,3,1,0,50.000000,50.000000,50.000000,135.000000,NULL),(48,0,1,0,50.000000,50.000000,50.000000,135.000000,NULL),(48,1,1,0,50.000000,50.000000,50.000000,135.000000,NULL),(48,2,1,0,50.000000,50.000000,50.000000,135.000000,NULL),(48,3,1,0,50.000000,50.000000,50.000000,135.000000,NULL),(49,0,1,0,0.500000,0.500000,0.500000,5.000000,NULL),(49,1,1,0,0.500000,0.500000,0.500000,5.000000,NULL),(49,2,1,0,0.500000,0.500000,0.500000,5.000000,NULL),(49,3,1,0,0.500000,0.500000,0.500000,5.000000,NULL),(50,0,1,0,6.990000,6.990000,6.990000,6.990000,NULL),(50,1,1,0,6.990000,6.990000,6.990000,6.990000,NULL),(50,2,1,0,6.990000,6.990000,6.990000,6.990000,NULL),(50,3,1,0,6.990000,6.990000,6.990000,6.990000,NULL),(51,0,1,0,6.000000,6.000000,6.000000,10.000000,NULL),(51,1,1,0,6.000000,6.000000,6.000000,10.000000,NULL),(51,2,1,0,6.000000,6.000000,6.000000,10.000000,NULL),(51,3,1,0,6.000000,6.000000,6.000000,10.000000,NULL),(52,0,1,0,1.500000,1.500000,1.500000,1.500000,NULL),(52,1,1,0,1.500000,1.500000,1.500000,1.500000,NULL),(52,2,1,0,1.500000,1.500000,1.500000,1.500000,NULL),(52,3,1,0,1.500000,1.500000,1.500000,1.500000,NULL),(53,0,1,0,1.000000,1.000000,1.000000,1.000000,NULL),(53,1,1,0,1.000000,1.000000,1.000000,1.000000,NULL),(53,2,1,0,1.000000,1.000000,1.000000,1.000000,NULL),(53,3,1,0,1.000000,1.000000,1.000000,1.000000,NULL),(54,0,1,0,5.000000,5.000000,5.000000,5.000000,NULL),(54,1,1,0,5.000000,5.000000,5.000000,5.000000,NULL),(54,2,1,0,5.000000,5.000000,5.000000,5.000000,NULL),(54,3,1,0,5.000000,5.000000,5.000000,5.000000,NULL),(55,0,1,0,20.000000,20.000000,20.000000,20.000000,NULL),(55,1,1,0,20.000000,20.000000,20.000000,20.000000,NULL),(55,2,1,0,20.000000,20.000000,20.000000,20.000000,NULL),(55,3,1,0,20.000000,20.000000,20.000000,20.000000,NULL),(56,0,1,0,8.000000,8.000000,8.000000,8.000000,NULL),(56,1,1,0,8.000000,8.000000,8.000000,8.000000,NULL),(56,2,1,0,8.000000,8.000000,8.000000,8.000000,NULL),(56,3,1,0,8.000000,8.000000,8.000000,8.000000,NULL),(57,0,1,0,8.000000,8.000000,8.000000,8.000000,NULL),(57,1,1,0,8.000000,8.000000,8.000000,8.000000,NULL),(57,2,1,0,8.000000,8.000000,8.000000,8.000000,NULL),(57,3,1,0,8.000000,8.000000,8.000000,8.000000,NULL),(58,0,1,0,8.000000,8.000000,8.000000,8.000000,NULL),(58,1,1,0,8.000000,8.000000,8.000000,8.000000,NULL),(58,2,1,0,8.000000,8.000000,8.000000,8.000000,NULL),(58,3,1,0,8.000000,8.000000,8.000000,8.000000,NULL),(59,0,1,0,8.000000,8.000000,8.000000,8.000000,NULL),(59,1,1,0,8.000000,8.000000,8.000000,8.000000,NULL),(59,2,1,0,8.000000,8.000000,8.000000,8.000000,NULL),(59,3,1,0,8.000000,8.000000,8.000000,8.000000,NULL),(60,0,1,0,8.000000,8.000000,8.000000,8.000000,NULL),(60,1,1,0,8.000000,8.000000,8.000000,8.000000,NULL),(60,2,1,0,8.000000,8.000000,8.000000,8.000000,NULL),(60,3,1,0,8.000000,8.000000,8.000000,8.000000,NULL),(61,0,1,0,5.000000,5.000000,5.000000,5.000000,NULL),(61,1,1,0,5.000000,5.000000,5.000000,5.000000,NULL),(61,2,1,0,5.000000,5.000000,5.000000,5.000000,NULL),(61,3,1,0,5.000000,5.000000,5.000000,5.000000,NULL),(62,0,1,0,8.000000,8.000000,8.000000,8.000000,NULL),(62,1,1,0,8.000000,8.000000,8.000000,8.000000,NULL),(62,2,1,0,8.000000,8.000000,8.000000,8.000000,NULL),(62,3,1,0,8.000000,8.000000,8.000000,8.000000,NULL),(63,0,1,0,12.000000,12.000000,12.000000,12.000000,NULL),(63,1,1,0,12.000000,12.000000,12.000000,12.000000,NULL),(63,2,1,0,12.000000,12.000000,12.000000,12.000000,NULL),(63,3,1,0,12.000000,12.000000,12.000000,12.000000,NULL),(64,0,1,0,8.000000,8.000000,8.000000,8.000000,NULL),(64,1,1,0,8.000000,8.000000,8.000000,8.000000,NULL),(64,2,1,0,8.000000,8.000000,8.000000,8.000000,NULL),(64,3,1,0,8.000000,8.000000,8.000000,8.000000,NULL),(65,0,1,0,8.000000,8.000000,8.000000,8.000000,NULL),(65,1,1,0,8.000000,8.000000,8.000000,8.000000,NULL),(65,2,1,0,8.000000,8.000000,8.000000,8.000000,NULL),(65,3,1,0,8.000000,8.000000,8.000000,8.000000,NULL),(66,0,1,0,20.000000,20.000000,20.000000,20.000000,NULL),(66,1,1,0,20.000000,20.000000,20.000000,20.000000,NULL),(66,2,1,0,20.000000,20.000000,20.000000,20.000000,NULL),(66,3,1,0,20.000000,20.000000,20.000000,20.000000,NULL),(67,0,1,0,10.000000,10.000000,10.000000,10.000000,NULL),(67,1,1,0,10.000000,10.000000,10.000000,10.000000,NULL),(67,2,1,0,10.000000,10.000000,10.000000,10.000000,NULL),(67,3,1,0,10.000000,10.000000,10.000000,10.000000,NULL),(68,0,1,0,5.000000,5.000000,5.000000,5.000000,NULL),(68,1,1,0,5.000000,5.000000,5.000000,5.000000,NULL),(68,2,1,0,5.000000,5.000000,5.000000,5.000000,NULL),(68,3,1,0,5.000000,5.000000,5.000000,5.000000,NULL),(69,0,1,0,9.990000,9.990000,9.990000,9.990000,NULL),(69,1,1,0,9.990000,9.990000,9.990000,9.990000,NULL),(69,2,1,0,9.990000,9.990000,9.990000,9.990000,NULL),(69,3,1,0,9.990000,9.990000,9.990000,9.990000,NULL),(70,0,1,0,25.990000,25.990000,25.990000,25.990000,NULL),(70,1,1,0,25.990000,25.990000,25.990000,25.990000,NULL),(70,2,1,0,25.990000,25.990000,25.990000,25.990000,NULL),(70,3,1,0,25.990000,25.990000,25.990000,25.990000,NULL),(71,0,1,0,9.980000,9.980000,9.980000,9.980000,NULL),(71,1,1,0,9.980000,9.980000,9.980000,9.980000,NULL),(71,2,1,0,9.980000,9.980000,9.980000,9.980000,NULL),(71,3,1,0,9.980000,9.980000,9.980000,9.980000,NULL),(72,0,1,0,13.990000,13.990000,13.990000,13.990000,NULL),(72,1,1,0,13.990000,13.990000,13.990000,13.990000,NULL),(72,2,1,0,13.990000,13.990000,13.990000,13.990000,NULL),(72,3,1,0,13.990000,13.990000,13.990000,13.990000,NULL),(73,0,1,0,5.980000,5.980000,5.980000,5.980000,NULL),(73,1,1,0,5.980000,5.980000,5.980000,5.980000,NULL),(73,2,1,0,5.980000,5.980000,5.980000,5.980000,NULL),(73,3,1,0,5.980000,5.980000,5.980000,5.980000,NULL),(74,0,1,0,9.980000,9.980000,9.980000,9.980000,NULL),(74,1,1,0,9.980000,9.980000,9.980000,9.980000,NULL),(74,2,1,0,9.980000,9.980000,9.980000,9.980000,NULL),(74,3,1,0,9.980000,9.980000,9.980000,9.980000,NULL),(75,0,1,0,11.980000,11.980000,11.980000,11.980000,NULL),(75,1,1,0,11.980000,11.980000,11.980000,11.980000,NULL),(75,2,1,0,11.980000,11.980000,11.980000,11.980000,NULL),(75,3,1,0,11.980000,11.980000,11.980000,11.980000,NULL),(76,0,1,0,19.990000,19.990000,19.990000,19.990000,NULL),(76,1,1,0,19.990000,19.990000,19.990000,19.990000,NULL),(76,2,1,0,19.990000,19.990000,19.990000,19.990000,NULL),(76,3,1,0,19.990000,19.990000,19.990000,19.990000,NULL),(77,0,1,0,9.990000,9.990000,9.990000,9.990000,NULL),(77,1,1,0,9.990000,9.990000,9.990000,9.990000,NULL),(77,2,1,0,9.990000,9.990000,9.990000,9.990000,NULL),(77,3,1,0,9.990000,9.990000,9.990000,9.990000,NULL),(78,0,1,0,14.990000,14.990000,14.990000,14.990000,NULL),(78,1,1,0,14.990000,14.990000,14.990000,14.990000,NULL),(78,2,1,0,14.990000,14.990000,14.990000,14.990000,NULL),(78,3,1,0,14.990000,14.990000,14.990000,14.990000,NULL),(79,0,1,0,9.990000,9.990000,9.990000,9.990000,NULL),(79,1,1,0,9.990000,9.990000,9.990000,9.990000,NULL),(79,2,1,0,9.990000,9.990000,9.990000,9.990000,NULL),(79,3,1,0,9.990000,9.990000,9.990000,9.990000,NULL),(80,0,1,0,39.990000,39.990000,39.990000,39.990000,NULL),(80,1,1,0,39.990000,39.990000,39.990000,39.990000,NULL),(80,2,1,0,39.990000,39.990000,39.990000,39.990000,NULL),(80,3,1,0,39.990000,39.990000,39.990000,39.990000,NULL),(81,0,1,0,62.990000,62.990000,62.990000,62.990000,NULL),(81,1,1,0,62.990000,62.990000,62.990000,62.990000,NULL),(81,2,1,0,62.990000,62.990000,62.990000,62.990000,NULL),(81,3,1,0,62.990000,62.990000,62.990000,62.990000,NULL),(83,0,1,0,69.990000,69.990000,69.990000,69.990000,NULL),(83,1,1,0,69.990000,69.990000,69.990000,69.990000,NULL),(83,2,1,0,69.990000,69.990000,69.990000,69.990000,NULL),(83,3,1,0,69.990000,69.990000,69.990000,69.990000,NULL),(84,0,1,0,29.990000,29.990000,29.990000,29.990000,NULL),(84,1,1,0,29.990000,29.990000,29.990000,29.990000,NULL),(84,2,1,0,29.990000,29.990000,29.990000,29.990000,NULL),(84,3,1,0,29.990000,29.990000,29.990000,29.990000,NULL),(85,0,1,0,39.990000,39.990000,39.990000,39.990000,NULL),(85,1,1,0,39.990000,39.990000,39.990000,39.990000,NULL),(85,2,1,0,39.990000,39.990000,39.990000,39.990000,NULL),(85,3,1,0,39.990000,39.990000,39.990000,39.990000,NULL),(86,0,1,0,45.990000,45.990000,45.990000,45.990000,NULL),(86,1,1,0,45.990000,45.990000,45.990000,45.990000,NULL),(86,2,1,0,45.990000,45.990000,45.990000,45.990000,NULL),(86,3,1,0,45.990000,45.990000,45.990000,45.990000,NULL),(87,0,1,0,24.990000,24.990000,24.990000,24.990000,NULL),(87,1,1,0,24.990000,24.990000,24.990000,24.990000,NULL),(87,2,1,0,24.990000,24.990000,24.990000,24.990000,NULL),(87,3,1,0,24.990000,24.990000,24.990000,24.990000,NULL),(88,0,1,0,4.500000,4.500000,4.500000,4.500000,NULL),(88,1,1,0,4.500000,4.500000,4.500000,4.500000,NULL),(88,2,1,0,4.500000,4.500000,4.500000,4.500000,NULL),(88,3,1,0,4.500000,4.500000,4.500000,4.500000,NULL),(89,0,1,0,7.500000,7.500000,7.500000,7.500000,NULL),(89,1,1,0,7.500000,7.500000,7.500000,7.500000,NULL),(89,2,1,0,7.500000,7.500000,7.500000,7.500000,NULL),(89,3,1,0,7.500000,7.500000,7.500000,7.500000,NULL),(90,0,1,0,5.000000,5.000000,5.000000,5.000000,NULL),(90,1,1,0,5.000000,5.000000,5.000000,5.000000,NULL),(90,2,1,0,5.000000,5.000000,5.000000,5.000000,NULL),(90,3,1,0,5.000000,5.000000,5.000000,5.000000,NULL),(91,0,1,0,45.000000,45.000000,45.000000,45.000000,NULL),(91,1,1,0,45.000000,45.000000,45.000000,45.000000,NULL),(91,2,1,0,45.000000,45.000000,45.000000,45.000000,NULL),(91,3,1,0,45.000000,45.000000,45.000000,45.000000,NULL),(92,0,1,0,130.000000,130.000000,130.000000,130.000000,NULL),(92,1,1,0,130.000000,130.000000,130.000000,130.000000,NULL),(92,2,1,0,130.000000,130.000000,130.000000,130.000000,NULL),(92,3,1,0,130.000000,130.000000,130.000000,130.000000,NULL),(93,0,1,0,80.000000,80.000000,80.000000,535.000000,NULL),(93,1,1,0,80.000000,80.000000,80.000000,535.000000,NULL),(93,2,1,0,80.000000,80.000000,80.000000,535.000000,NULL),(93,3,1,0,80.000000,80.000000,80.000000,535.000000,NULL),(94,0,1,0,8.000000,8.000000,8.000000,8.000000,NULL),(94,1,1,0,8.000000,8.000000,8.000000,8.000000,NULL),(94,2,1,0,8.000000,8.000000,8.000000,8.000000,NULL),(94,3,1,0,8.000000,8.000000,8.000000,8.000000,NULL),(95,0,1,0,95.000000,95.000000,95.000000,95.000000,NULL),(95,1,1,0,95.000000,95.000000,95.000000,95.000000,NULL),(95,2,1,0,95.000000,95.000000,95.000000,95.000000,NULL),(95,3,1,0,95.000000,95.000000,95.000000,95.000000,NULL),(96,0,1,0,5.000000,5.000000,5.000000,5.000000,NULL),(96,1,1,0,5.000000,5.000000,5.000000,5.000000,NULL),(96,2,1,0,5.000000,5.000000,5.000000,5.000000,NULL),(96,3,1,0,5.000000,5.000000,5.000000,5.000000,NULL);
CREATE TABLE `mz0b_catalog_product_index_price_bundle_idx` (
  `entity_id` int(10) unsigned NOT NULL COMMENT 'Entity ID',
  `customer_group_id` int(11) NOT NULL,
  `website_id` smallint(5) unsigned NOT NULL COMMENT 'Website ID',
  `tax_class_id` smallint(5) unsigned DEFAULT '0' COMMENT 'Tax Class ID',
  `price_type` smallint(5) unsigned NOT NULL COMMENT 'Price Type',
  `special_price` decimal(20,6) DEFAULT NULL COMMENT 'Special Price',
  `tier_percent` decimal(20,6) DEFAULT NULL COMMENT 'Tier Percent',
  `orig_price` decimal(20,6) DEFAULT NULL COMMENT 'Orig Price',
  `price` decimal(20,6) DEFAULT NULL COMMENT 'Price',
  `min_price` decimal(20,6) DEFAULT NULL COMMENT 'Min Price',
  `max_price` decimal(20,6) DEFAULT NULL COMMENT 'Max Price',
  `tier_price` decimal(20,6) DEFAULT NULL COMMENT 'Tier Price',
  `base_tier` decimal(20,6) DEFAULT NULL COMMENT 'Base Tier',
  PRIMARY KEY (`entity_id`,`customer_group_id`,`website_id`)
) ENGINE=InnoDB DEFAULT CHARSET=utf8 COMMENT='Catalog Product Index Price Bundle Idx';
CREATE TABLE `mz0b_catalog_product_index_price_bundle_opt_idx` (
  `entity_id` int(10) unsigned NOT NULL COMMENT 'Entity ID',
  `customer_group_id` int(11) NOT NULL,
  `website_id` smallint(5) unsigned NOT NULL COMMENT 'Website ID',
  `option_id` int(10) unsigned NOT NULL DEFAULT '0' COMMENT 'Option Id',
  `min_price` decimal(20,6) DEFAULT NULL COMMENT 'Min Price',
  `alt_price` decimal(20,6) DEFAULT NULL COMMENT 'Alt Price',
  `max_price` decimal(20,6) DEFAULT NULL COMMENT 'Max Price',
  `tier_price` decimal(20,6) DEFAULT NULL COMMENT 'Tier Price',
  `alt_tier_price` decimal(20,6) DEFAULT NULL COMMENT 'Alt Tier Price',
  PRIMARY KEY (`entity_id`,`customer_group_id`,`website_id`,`option_id`)
) ENGINE=InnoDB DEFAULT CHARSET=utf8 COMMENT='Catalog Product Index Price Bundle Opt Idx';
CREATE TABLE `mz0b_catalog_product_index_price_bundle_opt_tmp` (
  `entity_id` int(10) unsigned NOT NULL COMMENT 'Entity ID',
  `customer_group_id` int(11) NOT NULL,
  `website_id` smallint(5) unsigned NOT NULL COMMENT 'Website ID',
  `option_id` int(10) unsigned NOT NULL DEFAULT '0' COMMENT 'Option Id',
  `min_price` decimal(20,6) DEFAULT NULL COMMENT 'Min Price',
  `alt_price` decimal(20,6) DEFAULT NULL COMMENT 'Alt Price',
  `max_price` decimal(20,6) DEFAULT NULL COMMENT 'Max Price',
  `tier_price` decimal(20,6) DEFAULT NULL COMMENT 'Tier Price',
  `alt_tier_price` decimal(20,6) DEFAULT NULL COMMENT 'Alt Tier Price',
  PRIMARY KEY (`entity_id`,`customer_group_id`,`website_id`,`option_id`)
) ENGINE=InnoDB DEFAULT CHARSET=utf8 COMMENT='Catalog Product Index Price Bundle Opt Tmp';
CREATE TABLE `mz0b_catalog_product_index_price_bundle_sel_idx` (
  `entity_id` int(10) unsigned NOT NULL COMMENT 'Entity ID',
  `customer_group_id` int(11) NOT NULL,
  `website_id` smallint(5) unsigned NOT NULL COMMENT 'Website ID',
  `option_id` int(10) unsigned NOT NULL DEFAULT '0' COMMENT 'Option Id',
  `selection_id` int(10) unsigned NOT NULL DEFAULT '0' COMMENT 'Selection Id',
  `group_type` smallint(5) unsigned DEFAULT '0' COMMENT 'Group Type',
  `is_required` smallint(5) unsigned DEFAULT '0' COMMENT 'Is Required',
  `price` decimal(20,6) DEFAULT NULL COMMENT 'Price',
  `tier_price` decimal(20,6) DEFAULT NULL COMMENT 'Tier Price',
  PRIMARY KEY (`entity_id`,`customer_group_id`,`website_id`,`option_id`,`selection_id`)
) ENGINE=InnoDB DEFAULT CHARSET=utf8 COMMENT='Catalog Product Index Price Bundle Sel Idx';
CREATE TABLE `mz0b_catalog_product_index_price_bundle_sel_tmp` (
  `entity_id` int(10) unsigned NOT NULL COMMENT 'Entity ID',
  `customer_group_id` int(11) NOT NULL,
  `website_id` smallint(5) unsigned NOT NULL COMMENT 'Website ID',
  `option_id` int(10) unsigned NOT NULL DEFAULT '0' COMMENT 'Option Id',
  `selection_id` int(10) unsigned NOT NULL DEFAULT '0' COMMENT 'Selection Id',
  `group_type` smallint(5) unsigned DEFAULT '0' COMMENT 'Group Type',
  `is_required` smallint(5) unsigned DEFAULT '0' COMMENT 'Is Required',
  `price` decimal(20,6) DEFAULT NULL COMMENT 'Price',
  `tier_price` decimal(20,6) DEFAULT NULL COMMENT 'Tier Price',
  PRIMARY KEY (`entity_id`,`customer_group_id`,`website_id`,`option_id`,`selection_id`)
) ENGINE=InnoDB DEFAULT CHARSET=utf8 COMMENT='Catalog Product Index Price Bundle Sel Tmp';
CREATE TABLE `mz0b_catalog_product_index_price_bundle_tmp` (
  `entity_id` int(10) unsigned NOT NULL COMMENT 'Entity ID',
  `customer_group_id` int(11) NOT NULL,
  `website_id` smallint(5) unsigned NOT NULL COMMENT 'Website ID',
  `tax_class_id` smallint(5) unsigned DEFAULT '0' COMMENT 'Tax Class ID',
  `price_type` smallint(5) unsigned NOT NULL COMMENT 'Price Type',
  `special_price` decimal(20,6) DEFAULT NULL COMMENT 'Special Price',
  `tier_percent` decimal(20,6) DEFAULT NULL COMMENT 'Tier Percent',
  `orig_price` decimal(20,6) DEFAULT NULL COMMENT 'Orig Price',
  `price` decimal(20,6) DEFAULT NULL COMMENT 'Price',
  `min_price` decimal(20,6) DEFAULT NULL COMMENT 'Min Price',
  `max_price` decimal(20,6) DEFAULT NULL COMMENT 'Max Price',
  `tier_price` decimal(20,6) DEFAULT NULL COMMENT 'Tier Price',
  `base_tier` decimal(20,6) DEFAULT NULL COMMENT 'Base Tier',
  PRIMARY KEY (`entity_id`,`customer_group_id`,`website_id`)
) ENGINE=InnoDB DEFAULT CHARSET=utf8 COMMENT='Catalog Product Index Price Bundle Tmp';
CREATE TABLE `mz0b_catalog_product_index_price_cfg_opt_agr_idx` (
  `parent_id` int(10) unsigned NOT NULL COMMENT 'Parent ID',
  `child_id` int(10) unsigned NOT NULL COMMENT 'Child ID',
  `customer_group_id` int(10) unsigned NOT NULL DEFAULT '0' COMMENT 'Customer Group ID',
  `website_id` smallint(5) unsigned NOT NULL COMMENT 'Website ID',
  `price` decimal(20,6) DEFAULT NULL COMMENT 'Price',
  `tier_price` decimal(20,6) DEFAULT NULL COMMENT 'Tier Price',
  PRIMARY KEY (`parent_id`,`child_id`,`customer_group_id`,`website_id`)
) ENGINE=InnoDB DEFAULT CHARSET=utf8 COMMENT='Catalog Product Price Indexer Config Option Aggregate Index Table';
CREATE TABLE `mz0b_catalog_product_index_price_cfg_opt_agr_tmp` (
  `parent_id` int(10) unsigned NOT NULL COMMENT 'Parent ID',
  `child_id` int(10) unsigned NOT NULL COMMENT 'Child ID',
  `customer_group_id` int(10) unsigned NOT NULL DEFAULT '0' COMMENT 'Customer Group ID',
  `website_id` smallint(5) unsigned NOT NULL COMMENT 'Website ID',
  `price` decimal(20,6) DEFAULT NULL COMMENT 'Price',
  `tier_price` decimal(20,6) DEFAULT NULL COMMENT 'Tier Price',
  PRIMARY KEY (`parent_id`,`child_id`,`customer_group_id`,`website_id`)
) ENGINE=InnoDB DEFAULT CHARSET=utf8 COMMENT='Catalog Product Price Indexer Config Option Aggregate Temp Table';
CREATE TABLE `mz0b_catalog_product_index_price_cfg_opt_idx` (
  `entity_id` int(10) unsigned NOT NULL COMMENT 'Entity ID',
  `customer_group_id` int(10) unsigned NOT NULL DEFAULT '0' COMMENT 'Customer Group ID',
  `website_id` smallint(5) unsigned NOT NULL COMMENT 'Website ID',
  `min_price` decimal(20,6) DEFAULT NULL COMMENT 'Min Price',
  `max_price` decimal(20,6) DEFAULT NULL COMMENT 'Max Price',
  `tier_price` decimal(20,6) DEFAULT NULL COMMENT 'Tier Price',
  PRIMARY KEY (`entity_id`,`customer_group_id`,`website_id`)
) ENGINE=InnoDB DEFAULT CHARSET=utf8 COMMENT='Catalog Product Price Indexer Config Option Index Table';
CREATE TABLE `mz0b_catalog_product_index_price_cfg_opt_tmp` (
  `entity_id` int(10) unsigned NOT NULL COMMENT 'Entity ID',
  `customer_group_id` int(10) unsigned NOT NULL DEFAULT '0' COMMENT 'Customer Group ID',
  `website_id` smallint(5) unsigned NOT NULL COMMENT 'Website ID',
  `min_price` decimal(20,6) DEFAULT NULL COMMENT 'Min Price',
  `max_price` decimal(20,6) DEFAULT NULL COMMENT 'Max Price',
  `tier_price` decimal(20,6) DEFAULT NULL COMMENT 'Tier Price',
  PRIMARY KEY (`entity_id`,`customer_group_id`,`website_id`)
) ENGINE=InnoDB DEFAULT CHARSET=utf8 COMMENT='Catalog Product Price Indexer Config Option Temp Table';
CREATE TABLE `mz0b_catalog_product_index_price_downlod_idx` (
  `entity_id` int(10) unsigned NOT NULL COMMENT 'Entity ID',
  `customer_group_id` int(11) NOT NULL,
  `website_id` smallint(5) unsigned NOT NULL COMMENT 'Website ID',
  `min_price` decimal(20,6) NOT NULL DEFAULT '0.000000' COMMENT 'Minimum price',
  `max_price` decimal(20,6) NOT NULL DEFAULT '0.000000' COMMENT 'Maximum price',
  PRIMARY KEY (`entity_id`,`customer_group_id`,`website_id`)
) ENGINE=InnoDB DEFAULT CHARSET=utf8 COMMENT='Indexer Table for price of downloadable products';
CREATE TABLE `mz0b_catalog_product_index_price_downlod_tmp` (
  `entity_id` int(10) unsigned NOT NULL COMMENT 'Entity ID',
  `customer_group_id` int(11) NOT NULL,
  `website_id` smallint(5) unsigned NOT NULL COMMENT 'Website ID',
  `min_price` decimal(20,6) NOT NULL DEFAULT '0.000000' COMMENT 'Minimum price',
  `max_price` decimal(20,6) NOT NULL DEFAULT '0.000000' COMMENT 'Maximum price',
  PRIMARY KEY (`entity_id`,`customer_group_id`,`website_id`)
) ENGINE=InnoDB DEFAULT CHARSET=utf8 COMMENT='Temporary Indexer Table for price of downloadable products';
CREATE TABLE `mz0b_catalog_product_index_price_final_idx` (
  `entity_id` int(10) unsigned NOT NULL COMMENT 'Entity ID',
  `customer_group_id` int(10) unsigned NOT NULL DEFAULT '0' COMMENT 'Customer Group ID',
  `website_id` smallint(5) unsigned NOT NULL COMMENT 'Website ID',
  `tax_class_id` smallint(5) unsigned DEFAULT '0' COMMENT 'Tax Class ID',
  `orig_price` decimal(20,6) DEFAULT NULL COMMENT 'Original Price',
  `price` decimal(20,6) DEFAULT NULL COMMENT 'Price',
  `min_price` decimal(20,6) DEFAULT NULL COMMENT 'Min Price',
  `max_price` decimal(20,6) DEFAULT NULL COMMENT 'Max Price',
  `tier_price` decimal(20,6) DEFAULT NULL COMMENT 'Tier Price',
  `base_tier` decimal(20,6) DEFAULT NULL COMMENT 'Base Tier',
  PRIMARY KEY (`entity_id`,`customer_group_id`,`website_id`)
) ENGINE=InnoDB DEFAULT CHARSET=utf8 COMMENT='Catalog Product Price Indexer Final Index Table';
CREATE TABLE `mz0b_catalog_product_index_price_final_tmp` (
  `entity_id` int(10) unsigned NOT NULL COMMENT 'Entity ID',
  `customer_group_id` int(10) unsigned NOT NULL DEFAULT '0' COMMENT 'Customer Group ID',
  `website_id` smallint(5) unsigned NOT NULL COMMENT 'Website ID',
  `tax_class_id` smallint(5) unsigned DEFAULT '0' COMMENT 'Tax Class ID',
  `orig_price` decimal(20,6) DEFAULT NULL COMMENT 'Original Price',
  `price` decimal(20,6) DEFAULT NULL COMMENT 'Price',
  `min_price` decimal(20,6) DEFAULT NULL COMMENT 'Min Price',
  `max_price` decimal(20,6) DEFAULT NULL COMMENT 'Max Price',
  `tier_price` decimal(20,6) DEFAULT NULL COMMENT 'Tier Price',
  `base_tier` decimal(20,6) DEFAULT NULL COMMENT 'Base Tier',
  PRIMARY KEY (`entity_id`,`customer_group_id`,`website_id`)
) ENGINE=InnoDB DEFAULT CHARSET=utf8 COMMENT='Catalog Product Price Indexer Final Temp Table';
CREATE TABLE `mz0b_catalog_product_index_price_idx` (
  `entity_id` int(10) unsigned NOT NULL COMMENT 'Entity ID',
  `customer_group_id` int(10) unsigned NOT NULL DEFAULT '0' COMMENT 'Customer Group ID',
  `website_id` smallint(5) unsigned NOT NULL COMMENT 'Website ID',
  `tax_class_id` smallint(5) unsigned DEFAULT '0' COMMENT 'Tax Class ID',
  `price` decimal(20,6) DEFAULT NULL COMMENT 'Price',
  `final_price` decimal(20,6) DEFAULT NULL COMMENT 'Final Price',
  `min_price` decimal(20,6) DEFAULT NULL COMMENT 'Min Price',
  `max_price` decimal(20,6) DEFAULT NULL COMMENT 'Max Price',
  `tier_price` decimal(20,6) DEFAULT NULL COMMENT 'Tier Price',
  PRIMARY KEY (`entity_id`,`customer_group_id`,`website_id`),
  KEY `MZ0B_CATALOG_PRODUCT_INDEX_PRICE_IDX_CUSTOMER_GROUP_ID` (`customer_group_id`),
  KEY `MZ0B_CATALOG_PRODUCT_INDEX_PRICE_IDX_WEBSITE_ID` (`website_id`),
  KEY `MZ0B_CATALOG_PRODUCT_INDEX_PRICE_IDX_MIN_PRICE` (`min_price`)
) ENGINE=InnoDB DEFAULT CHARSET=utf8 COMMENT='Catalog Product Price Indexer Index Table';
CREATE TABLE `mz0b_catalog_product_index_price_opt_agr_idx` (
  `entity_id` int(10) unsigned NOT NULL COMMENT 'Entity ID',
  `customer_group_id` int(10) unsigned NOT NULL DEFAULT '0' COMMENT 'Customer Group ID',
  `website_id` smallint(5) unsigned NOT NULL COMMENT 'Website ID',
  `option_id` int(10) unsigned NOT NULL DEFAULT '0' COMMENT 'Option ID',
  `min_price` decimal(20,6) DEFAULT NULL COMMENT 'Min Price',
  `max_price` decimal(20,6) DEFAULT NULL COMMENT 'Max Price',
  `tier_price` decimal(20,6) DEFAULT NULL COMMENT 'Tier Price',
  PRIMARY KEY (`entity_id`,`customer_group_id`,`website_id`,`option_id`)
) ENGINE=InnoDB DEFAULT CHARSET=utf8 COMMENT='Catalog Product Price Indexer Option Aggregate Index Table';
CREATE TABLE `mz0b_catalog_product_index_price_opt_agr_tmp` (
  `entity_id` int(10) unsigned NOT NULL COMMENT 'Entity ID',
  `customer_group_id` int(10) unsigned NOT NULL DEFAULT '0' COMMENT 'Customer Group ID',
  `website_id` smallint(5) unsigned NOT NULL COMMENT 'Website ID',
  `option_id` int(10) unsigned NOT NULL DEFAULT '0' COMMENT 'Option ID',
  `min_price` decimal(20,6) DEFAULT NULL COMMENT 'Min Price',
  `max_price` decimal(20,6) DEFAULT NULL COMMENT 'Max Price',
  `tier_price` decimal(20,6) DEFAULT NULL COMMENT 'Tier Price',
  PRIMARY KEY (`entity_id`,`customer_group_id`,`website_id`,`option_id`)
) ENGINE=InnoDB DEFAULT CHARSET=utf8 COMMENT='Catalog Product Price Indexer Option Aggregate Temp Table';
CREATE TABLE `mz0b_catalog_product_index_price_opt_idx` (
  `entity_id` int(10) unsigned NOT NULL COMMENT 'Entity ID',
  `customer_group_id` int(10) unsigned NOT NULL DEFAULT '0' COMMENT 'Customer Group ID',
  `website_id` smallint(5) unsigned NOT NULL COMMENT 'Website ID',
  `min_price` decimal(20,6) DEFAULT NULL COMMENT 'Min Price',
  `max_price` decimal(20,6) DEFAULT NULL COMMENT 'Max Price',
  `tier_price` decimal(20,6) DEFAULT NULL COMMENT 'Tier Price',
  PRIMARY KEY (`entity_id`,`customer_group_id`,`website_id`)
) ENGINE=InnoDB DEFAULT CHARSET=utf8 COMMENT='Catalog Product Price Indexer Option Index Table';
CREATE TABLE `mz0b_catalog_product_index_price_opt_tmp` (
  `entity_id` int(10) unsigned NOT NULL COMMENT 'Entity ID',
  `customer_group_id` int(10) unsigned NOT NULL DEFAULT '0' COMMENT 'Customer Group ID',
  `website_id` smallint(5) unsigned NOT NULL COMMENT 'Website ID',
  `min_price` decimal(20,6) DEFAULT NULL COMMENT 'Min Price',
  `max_price` decimal(20,6) DEFAULT NULL COMMENT 'Max Price',
  `tier_price` decimal(20,6) DEFAULT NULL COMMENT 'Tier Price',
  PRIMARY KEY (`entity_id`,`customer_group_id`,`website_id`)
) ENGINE=InnoDB DEFAULT CHARSET=utf8 COMMENT='Catalog Product Price Indexer Option Temp Table';
CREATE TABLE `mz0b_catalog_product_index_price_replica` (
  `entity_id` int(10) unsigned NOT NULL COMMENT 'Entity ID',
  `customer_group_id` int(10) unsigned NOT NULL COMMENT 'Customer Group ID',
  `website_id` smallint(5) unsigned NOT NULL COMMENT 'Website ID',
  `tax_class_id` smallint(5) unsigned DEFAULT '0' COMMENT 'Tax Class ID',
  `price` decimal(20,6) DEFAULT NULL COMMENT 'Price',
  `final_price` decimal(20,6) DEFAULT NULL COMMENT 'Final Price',
  `min_price` decimal(20,6) DEFAULT NULL COMMENT 'Min Price',
  `max_price` decimal(20,6) DEFAULT NULL COMMENT 'Max Price',
  `tier_price` decimal(20,6) DEFAULT NULL COMMENT 'Tier Price',
  PRIMARY KEY (`entity_id`,`customer_group_id`,`website_id`),
  KEY `MZ0B_CATALOG_PRODUCT_INDEX_PRICE_CUSTOMER_GROUP_ID` (`customer_group_id`),
  KEY `MZ0B_CATALOG_PRODUCT_INDEX_PRICE_MIN_PRICE` (`min_price`),
  KEY `MZ0B_CAT_PRD_IDX_PRICE_WS_ID_CSTR_GROUP_ID_MIN_PRICE` (`website_id`,`customer_group_id`,`min_price`)
) ENGINE=InnoDB DEFAULT CHARSET=utf8 COMMENT='Catalog Product Price Index Table';
INSERT INTO `mz0b_catalog_product_index_price_replica` VALUES (1,0,1,0,45.000000,45.000000,45.000000,45.000000,NULL),(1,1,1,0,45.000000,45.000000,45.000000,45.000000,NULL),(1,2,1,0,45.000000,45.000000,45.000000,45.000000,NULL),(1,3,1,0,45.000000,45.000000,45.000000,45.000000,NULL),(2,0,1,0,20.000000,20.000000,20.000000,20.000000,NULL),(2,1,1,0,20.000000,20.000000,20.000000,20.000000,NULL),(2,2,1,0,20.000000,20.000000,20.000000,20.000000,NULL),(2,3,1,0,20.000000,20.000000,20.000000,20.000000,NULL),(3,0,1,8,25.000000,25.000000,25.000000,100.000000,NULL),(3,1,1,8,25.000000,25.000000,25.000000,100.000000,NULL),(3,2,1,8,25.000000,25.000000,25.000000,100.000000,NULL),(3,3,1,8,25.000000,25.000000,25.000000,100.000000,NULL),(4,0,1,0,40.000000,40.000000,40.000000,40.000000,NULL),(4,1,1,0,40.000000,40.000000,40.000000,40.000000,NULL),(4,2,1,0,40.000000,40.000000,40.000000,40.000000,NULL),(4,3,1,0,40.000000,40.000000,40.000000,40.000000,NULL),(5,0,1,0,90.000000,90.000000,90.000000,90.000000,NULL),(5,1,1,0,90.000000,90.000000,90.000000,90.000000,NULL),(5,2,1,0,90.000000,90.000000,90.000000,90.000000,NULL),(5,3,1,0,90.000000,90.000000,90.000000,90.000000,NULL),(6,0,1,0,80.000000,80.000000,80.000000,80.000000,NULL),(6,1,1,0,80.000000,80.000000,80.000000,80.000000,NULL),(6,2,1,0,80.000000,80.000000,80.000000,80.000000,NULL),(6,3,1,0,80.000000,80.000000,80.000000,80.000000,NULL),(7,0,1,0,90.000000,75.000000,75.000000,75.000000,NULL),(7,1,1,0,90.000000,75.000000,75.000000,75.000000,NULL),(7,2,1,0,90.000000,75.000000,75.000000,75.000000,NULL),(7,3,1,0,90.000000,75.000000,75.000000,75.000000,NULL),(8,0,1,0,25.000000,25.000000,25.000000,25.000000,NULL),(8,1,1,0,25.000000,25.000000,25.000000,25.000000,NULL),(8,2,1,0,25.000000,25.000000,25.000000,25.000000,NULL),(8,3,1,0,25.000000,25.000000,25.000000,25.000000,NULL),(9,0,1,0,60.000000,60.000000,60.000000,60.000000,NULL),(9,1,1,0,60.000000,60.000000,60.000000,60.000000,NULL),(9,2,1,0,60.000000,60.000000,60.000000,60.000000,NULL),(9,3,1,0,60.000000,60.000000,60.000000,60.000000,NULL),(10,0,1,0,25.000000,25.000000,25.000000,25.000000,NULL),(10,1,1,0,25.000000,25.000000,25.000000,25.000000,NULL),(10,2,1,0,25.000000,25.000000,25.000000,25.000000,NULL),(10,3,1,0,25.000000,25.000000,25.000000,25.000000,NULL),(11,0,1,0,20.000000,20.000000,20.000000,20.000000,NULL),(11,1,1,0,20.000000,20.000000,20.000000,20.000000,NULL),(11,2,1,0,20.000000,20.000000,20.000000,20.000000,NULL),(11,3,1,0,20.000000,20.000000,20.000000,20.000000,NULL),(12,0,1,0,35.000000,35.000000,35.000000,35.000000,NULL),(12,1,1,0,35.000000,35.000000,35.000000,35.000000,NULL),(12,2,1,0,35.000000,35.000000,35.000000,35.000000,NULL),(12,3,1,0,35.000000,35.000000,35.000000,35.000000,NULL),(13,0,1,0,45.000000,45.000000,45.000000,45.000000,NULL),(13,1,1,0,45.000000,45.000000,45.000000,45.000000,NULL),(13,2,1,0,45.000000,45.000000,45.000000,45.000000,NULL),(13,3,1,0,45.000000,45.000000,45.000000,45.000000,NULL),(14,0,1,0,60.000000,60.000000,60.000000,60.000000,NULL),(14,1,1,0,60.000000,60.000000,60.000000,60.000000,NULL),(14,2,1,0,60.000000,60.000000,60.000000,60.000000,NULL),(14,3,1,0,60.000000,60.000000,60.000000,60.000000,NULL),(15,0,1,0,65.000000,65.000000,65.000000,65.000000,NULL),(15,1,1,0,65.000000,65.000000,65.000000,65.000000,NULL),(15,2,1,0,65.000000,65.000000,65.000000,65.000000,NULL),(15,3,1,0,65.000000,65.000000,65.000000,65.000000,NULL),(16,0,1,0,50.000000,50.000000,50.000000,50.000000,NULL),(16,1,1,0,50.000000,50.000000,50.000000,50.000000,NULL),(16,2,1,0,50.000000,50.000000,50.000000,50.000000,NULL),(16,3,1,0,50.000000,50.000000,50.000000,50.000000,NULL),(17,0,1,0,30.000000,30.000000,30.000000,30.000000,NULL),(17,1,1,0,30.000000,30.000000,30.000000,30.000000,NULL),(17,2,1,0,30.000000,30.000000,30.000000,30.000000,NULL),(17,3,1,0,30.000000,30.000000,30.000000,30.000000,NULL),(18,0,1,0,110.000000,110.000000,110.000000,110.000000,NULL),(18,1,1,0,110.000000,110.000000,110.000000,110.000000,NULL),(18,2,1,0,110.000000,110.000000,110.000000,110.000000,NULL),(18,3,1,0,110.000000,110.000000,110.000000,110.000000,NULL),(19,0,1,0,250.000000,250.000000,250.000000,250.000000,NULL),(19,1,1,0,250.000000,250.000000,250.000000,250.000000,NULL),(19,2,1,0,250.000000,250.000000,250.000000,250.000000,NULL),(19,3,1,0,250.000000,250.000000,250.000000,250.000000,NULL),(20,0,1,0,35.000000,35.000000,35.000000,35.000000,NULL),(20,1,1,0,35.000000,35.000000,35.000000,35.000000,NULL),(20,2,1,0,35.000000,35.000000,35.000000,35.000000,NULL),(20,3,1,0,35.000000,35.000000,35.000000,35.000000,NULL),(21,0,1,0,85.000000,85.000000,85.000000,85.000000,NULL),(21,1,1,0,85.000000,85.000000,85.000000,85.000000,NULL),(21,2,1,0,85.000000,85.000000,85.000000,85.000000,NULL),(21,3,1,0,85.000000,85.000000,85.000000,85.000000,NULL),(22,0,1,0,80.000000,80.000000,80.000000,80.000000,NULL),(22,1,1,0,80.000000,80.000000,80.000000,80.000000,NULL),(22,2,1,0,80.000000,80.000000,80.000000,80.000000,NULL),(22,3,1,0,80.000000,80.000000,80.000000,80.000000,NULL),(23,0,1,0,75.000000,75.000000,75.000000,75.000000,NULL),(23,1,1,0,75.000000,75.000000,75.000000,75.000000,NULL),(23,2,1,0,75.000000,75.000000,75.000000,75.000000,NULL),(23,3,1,0,75.000000,75.000000,75.000000,75.000000,NULL),(24,0,1,0,70.000000,70.000000,70.000000,70.000000,NULL),(24,1,1,0,70.000000,70.000000,70.000000,70.000000,NULL),(24,2,1,0,70.000000,70.000000,70.000000,70.000000,NULL),(24,3,1,0,70.000000,70.000000,70.000000,70.000000,NULL),(25,0,1,0,75.000000,75.000000,75.000000,75.000000,NULL),(25,1,1,0,75.000000,75.000000,75.000000,75.000000,NULL),(25,2,1,0,75.000000,75.000000,75.000000,75.000000,NULL),(25,3,1,0,75.000000,75.000000,75.000000,75.000000,NULL),(26,0,1,0,75.000000,75.000000,75.000000,75.000000,NULL),(26,1,1,0,75.000000,75.000000,75.000000,75.000000,NULL),(26,2,1,0,75.000000,75.000000,75.000000,75.000000,NULL),(26,3,1,0,75.000000,75.000000,75.000000,75.000000,NULL),(27,0,1,0,85.000000,85.000000,85.000000,85.000000,NULL),(27,1,1,0,85.000000,85.000000,85.000000,85.000000,NULL),(27,2,1,0,85.000000,85.000000,85.000000,85.000000,NULL),(27,3,1,0,85.000000,85.000000,85.000000,85.000000,NULL),(28,0,1,0,5.000000,5.000000,5.000000,5.000000,NULL),(28,1,1,0,5.000000,5.000000,5.000000,5.000000,NULL),(28,2,1,0,5.000000,5.000000,5.000000,5.000000,NULL),(28,3,1,0,5.000000,5.000000,5.000000,5.000000,NULL),(29,0,1,0,5.000000,5.000000,5.000000,5.000000,NULL),(29,1,1,0,5.000000,5.000000,5.000000,5.000000,NULL),(29,2,1,0,5.000000,5.000000,5.000000,5.000000,NULL),(29,3,1,0,5.000000,5.000000,5.000000,5.000000,NULL),(30,0,1,0,5.000000,5.000000,5.000000,5.000000,NULL),(30,1,1,0,5.000000,5.000000,5.000000,5.000000,NULL),(30,2,1,0,5.000000,5.000000,5.000000,5.000000,NULL),(30,3,1,0,5.000000,5.000000,5.000000,5.000000,NULL),(31,0,1,0,5.000000,5.000000,5.000000,5.000000,NULL),(31,1,1,0,5.000000,5.000000,5.000000,5.000000,NULL),(31,2,1,0,5.000000,5.000000,5.000000,5.000000,NULL),(31,3,1,0,5.000000,5.000000,5.000000,5.000000,NULL),(32,0,1,0,5.000000,5.000000,5.000000,5.000000,NULL),(32,1,1,0,5.000000,5.000000,5.000000,5.000000,NULL),(32,2,1,0,5.000000,5.000000,5.000000,5.000000,NULL),(32,3,1,0,5.000000,5.000000,5.000000,5.000000,NULL),(33,0,1,0,8.000000,8.000000,8.000000,8.000000,NULL),(33,1,1,0,8.000000,8.000000,8.000000,8.000000,NULL),(33,2,1,0,8.000000,8.000000,8.000000,8.000000,NULL),(33,3,1,0,8.000000,8.000000,8.000000,8.000000,NULL),(34,0,1,0,8.000000,8.000000,8.000000,8.000000,NULL),(34,1,1,0,8.000000,8.000000,8.000000,8.000000,NULL),(34,2,1,0,8.000000,8.000000,8.000000,8.000000,NULL),(34,3,1,0,8.000000,8.000000,8.000000,8.000000,NULL),(35,0,1,0,8.000000,8.000000,8.000000,8.000000,NULL),(35,1,1,0,8.000000,8.000000,8.000000,8.000000,NULL),(35,2,1,0,8.000000,8.000000,8.000000,8.000000,NULL),(35,3,1,0,8.000000,8.000000,8.000000,8.000000,NULL),(36,0,1,0,20.000000,20.000000,20.000000,20.000000,NULL),(36,1,1,0,20.000000,20.000000,20.000000,20.000000,NULL),(36,2,1,0,20.000000,20.000000,20.000000,20.000000,NULL),(36,3,1,0,20.000000,20.000000,20.000000,20.000000,NULL),(37,0,1,0,20.000000,20.000000,20.000000,20.000000,NULL),(37,1,1,0,20.000000,20.000000,20.000000,20.000000,NULL),(37,2,1,0,20.000000,20.000000,20.000000,20.000000,NULL),(37,3,1,0,20.000000,20.000000,20.000000,20.000000,NULL),(38,0,1,0,20.000000,20.000000,20.000000,20.000000,NULL),(38,1,1,0,20.000000,20.000000,20.000000,20.000000,NULL),(38,2,1,0,20.000000,20.000000,20.000000,20.000000,NULL),(38,3,1,0,20.000000,20.000000,20.000000,20.000000,NULL),(39,0,1,0,9.990000,9.990000,9.990000,9.990000,NULL),(39,1,1,0,9.990000,9.990000,9.990000,9.990000,NULL),(39,2,1,0,9.990000,9.990000,9.990000,9.990000,NULL),(39,3,1,0,9.990000,9.990000,9.990000,9.990000,NULL),(40,0,1,0,14.990000,14.990000,14.990000,14.990000,NULL),(40,1,1,0,14.990000,14.990000,14.990000,14.990000,NULL),(40,2,1,0,14.990000,14.990000,14.990000,14.990000,NULL),(40,3,1,0,14.990000,14.990000,14.990000,14.990000,NULL),(41,0,1,0,9.990000,9.990000,9.990000,9.990000,NULL),(41,1,1,0,9.990000,9.990000,9.990000,9.990000,NULL),(41,2,1,0,9.990000,9.990000,9.990000,9.990000,NULL),(41,3,1,0,9.990000,9.990000,9.990000,9.990000,NULL),(42,0,1,0,8.000000,8.000000,8.000000,8.000000,NULL),(42,1,1,0,8.000000,8.000000,8.000000,8.000000,NULL),(42,2,1,0,8.000000,8.000000,8.000000,8.000000,NULL),(42,3,1,0,8.000000,8.000000,8.000000,8.000000,NULL),(43,0,1,0,8.000000,8.000000,8.000000,8.000000,NULL),(43,1,1,0,8.000000,8.000000,8.000000,8.000000,NULL),(43,2,1,0,8.000000,8.000000,8.000000,8.000000,NULL),(43,3,1,0,8.000000,8.000000,8.000000,8.000000,NULL),(44,0,1,0,8.000000,8.000000,8.000000,8.000000,NULL),(44,1,1,0,8.000000,8.000000,8.000000,8.000000,NULL),(44,2,1,0,8.000000,8.000000,8.000000,8.000000,NULL),(44,3,1,0,8.000000,8.000000,8.000000,8.000000,NULL),(45,0,1,0,8.000000,8.000000,8.000000,8.000000,NULL),(45,1,1,0,8.000000,8.000000,8.000000,8.000000,NULL),(45,2,1,0,8.000000,8.000000,8.000000,8.000000,NULL),(45,3,1,0,8.000000,8.000000,8.000000,8.000000,NULL),(46,0,1,0,20.000000,20.000000,20.000000,20.000000,NULL),(46,1,1,0,20.000000,20.000000,20.000000,20.000000,NULL),(46,2,1,0,20.000000,20.000000,20.000000,20.000000,NULL),(46,3,1,0,20.000000,20.000000,20.000000,20.000000,NULL),(47,0,1,0,50.000000,50.000000,50.000000,135.000000,NULL),(47,1,1,0,50.000000,50.000000,50.000000,135.000000,NULL),(47,2,1,0,50.000000,50.000000,50.000000,135.000000,NULL),(47,3,1,0,50.000000,50.000000,50.000000,135.000000,NULL),(48,0,1,0,50.000000,50.000000,50.000000,135.000000,NULL),(48,1,1,0,50.000000,50.000000,50.000000,135.000000,NULL),(48,2,1,0,50.000000,50.000000,50.000000,135.000000,NULL),(48,3,1,0,50.000000,50.000000,50.000000,135.000000,NULL),(49,0,1,0,0.500000,0.500000,0.500000,5.000000,NULL),(49,1,1,0,0.500000,0.500000,0.500000,5.000000,NULL),(49,2,1,0,0.500000,0.500000,0.500000,5.000000,NULL),(49,3,1,0,0.500000,0.500000,0.500000,5.000000,NULL),(50,0,1,0,6.990000,6.990000,6.990000,6.990000,NULL),(50,1,1,0,6.990000,6.990000,6.990000,6.990000,NULL),(50,2,1,0,6.990000,6.990000,6.990000,6.990000,NULL),(50,3,1,0,6.990000,6.990000,6.990000,6.990000,NULL),(51,0,1,0,6.000000,6.000000,6.000000,10.000000,NULL),(51,1,1,0,6.000000,6.000000,6.000000,10.000000,NULL),(51,2,1,0,6.000000,6.000000,6.000000,10.000000,NULL),(51,3,1,0,6.000000,6.000000,6.000000,10.000000,NULL),(52,0,1,0,1.500000,1.500000,1.500000,1.500000,NULL),(52,1,1,0,1.500000,1.500000,1.500000,1.500000,NULL),(52,2,1,0,1.500000,1.500000,1.500000,1.500000,NULL),(52,3,1,0,1.500000,1.500000,1.500000,1.500000,NULL),(53,0,1,0,1.000000,1.000000,1.000000,1.000000,NULL),(53,1,1,0,1.000000,1.000000,1.000000,1.000000,NULL),(53,2,1,0,1.000000,1.000000,1.000000,1.000000,NULL),(53,3,1,0,1.000000,1.000000,1.000000,1.000000,NULL),(54,0,1,0,5.000000,5.000000,5.000000,5.000000,NULL),(54,1,1,0,5.000000,5.000000,5.000000,5.000000,NULL),(54,2,1,0,5.000000,5.000000,5.000000,5.000000,NULL),(54,3,1,0,5.000000,5.000000,5.000000,5.000000,NULL),(55,0,1,0,20.000000,20.000000,20.000000,20.000000,NULL),(55,1,1,0,20.000000,20.000000,20.000000,20.000000,NULL),(55,2,1,0,20.000000,20.000000,20.000000,20.000000,NULL),(55,3,1,0,20.000000,20.000000,20.000000,20.000000,NULL),(56,0,1,0,8.000000,8.000000,8.000000,8.000000,NULL),(56,1,1,0,8.000000,8.000000,8.000000,8.000000,NULL),(56,2,1,0,8.000000,8.000000,8.000000,8.000000,NULL),(56,3,1,0,8.000000,8.000000,8.000000,8.000000,NULL),(57,0,1,0,8.000000,8.000000,8.000000,8.000000,NULL),(57,1,1,0,8.000000,8.000000,8.000000,8.000000,NULL),(57,2,1,0,8.000000,8.000000,8.000000,8.000000,NULL),(57,3,1,0,8.000000,8.000000,8.000000,8.000000,NULL),(58,0,1,0,8.000000,8.000000,8.000000,8.000000,NULL),(58,1,1,0,8.000000,8.000000,8.000000,8.000000,NULL),(58,2,1,0,8.000000,8.000000,8.000000,8.000000,NULL),(58,3,1,0,8.000000,8.000000,8.000000,8.000000,NULL),(59,0,1,0,8.000000,8.000000,8.000000,8.000000,NULL),(59,1,1,0,8.000000,8.000000,8.000000,8.000000,NULL),(59,2,1,0,8.000000,8.000000,8.000000,8.000000,NULL),(59,3,1,0,8.000000,8.000000,8.000000,8.000000,NULL),(60,0,1,0,8.000000,8.000000,8.000000,8.000000,NULL),(60,1,1,0,8.000000,8.000000,8.000000,8.000000,NULL),(60,2,1,0,8.000000,8.000000,8.000000,8.000000,NULL),(60,3,1,0,8.000000,8.000000,8.000000,8.000000,NULL),(61,0,1,0,5.000000,5.000000,5.000000,5.000000,NULL),(61,1,1,0,5.000000,5.000000,5.000000,5.000000,NULL),(61,2,1,0,5.000000,5.000000,5.000000,5.000000,NULL),(61,3,1,0,5.000000,5.000000,5.000000,5.000000,NULL),(62,0,1,0,8.000000,8.000000,8.000000,8.000000,NULL),(62,1,1,0,8.000000,8.000000,8.000000,8.000000,NULL),(62,2,1,0,8.000000,8.000000,8.000000,8.000000,NULL),(62,3,1,0,8.000000,8.000000,8.000000,8.000000,NULL),(63,0,1,0,12.000000,12.000000,12.000000,12.000000,NULL),(63,1,1,0,12.000000,12.000000,12.000000,12.000000,NULL),(63,2,1,0,12.000000,12.000000,12.000000,12.000000,NULL),(63,3,1,0,12.000000,12.000000,12.000000,12.000000,NULL),(64,0,1,0,8.000000,8.000000,8.000000,8.000000,NULL),(64,1,1,0,8.000000,8.000000,8.000000,8.000000,NULL),(64,2,1,0,8.000000,8.000000,8.000000,8.000000,NULL),(64,3,1,0,8.000000,8.000000,8.000000,8.000000,NULL),(65,0,1,0,8.000000,8.000000,8.000000,8.000000,NULL),(65,1,1,0,8.000000,8.000000,8.000000,8.000000,NULL),(65,2,1,0,8.000000,8.000000,8.000000,8.000000,NULL),(65,3,1,0,8.000000,8.000000,8.000000,8.000000,NULL),(66,0,1,0,20.000000,20.000000,20.000000,20.000000,NULL),(66,1,1,0,20.000000,20.000000,20.000000,20.000000,NULL),(66,2,1,0,20.000000,20.000000,20.000000,20.000000,NULL),(66,3,1,0,20.000000,20.000000,20.000000,20.000000,NULL),(67,0,1,0,10.000000,10.000000,10.000000,10.000000,NULL),(67,1,1,0,10.000000,10.000000,10.000000,10.000000,NULL),(67,2,1,0,10.000000,10.000000,10.000000,10.000000,NULL),(67,3,1,0,10.000000,10.000000,10.000000,10.000000,NULL),(68,0,1,0,5.000000,5.000000,5.000000,5.000000,NULL),(68,1,1,0,5.000000,5.000000,5.000000,5.000000,NULL),(68,2,1,0,5.000000,5.000000,5.000000,5.000000,NULL),(68,3,1,0,5.000000,5.000000,5.000000,5.000000,NULL),(69,0,1,0,9.990000,9.990000,9.990000,9.990000,NULL),(69,1,1,0,9.990000,9.990000,9.990000,9.990000,NULL),(69,2,1,0,9.990000,9.990000,9.990000,9.990000,NULL),(69,3,1,0,9.990000,9.990000,9.990000,9.990000,NULL),(70,0,1,0,25.990000,25.990000,25.990000,25.990000,NULL),(70,1,1,0,25.990000,25.990000,25.990000,25.990000,NULL),(70,2,1,0,25.990000,25.990000,25.990000,25.990000,NULL),(70,3,1,0,25.990000,25.990000,25.990000,25.990000,NULL),(71,0,1,0,9.980000,9.980000,9.980000,9.980000,NULL),(71,1,1,0,9.980000,9.980000,9.980000,9.980000,NULL),(71,2,1,0,9.980000,9.980000,9.980000,9.980000,NULL),(71,3,1,0,9.980000,9.980000,9.980000,9.980000,NULL),(72,0,1,0,13.990000,13.990000,13.990000,13.990000,NULL),(72,1,1,0,13.990000,13.990000,13.990000,13.990000,NULL),(72,2,1,0,13.990000,13.990000,13.990000,13.990000,NULL),(72,3,1,0,13.990000,13.990000,13.990000,13.990000,NULL),(73,0,1,0,5.980000,5.980000,5.980000,5.980000,NULL),(73,1,1,0,5.980000,5.980000,5.980000,5.980000,NULL),(73,2,1,0,5.980000,5.980000,5.980000,5.980000,NULL),(73,3,1,0,5.980000,5.980000,5.980000,5.980000,NULL),(74,0,1,0,9.980000,9.980000,9.980000,9.980000,NULL),(74,1,1,0,9.980000,9.980000,9.980000,9.980000,NULL),(74,2,1,0,9.980000,9.980000,9.980000,9.980000,NULL),(74,3,1,0,9.980000,9.980000,9.980000,9.980000,NULL),(75,0,1,0,11.980000,11.980000,11.980000,11.980000,NULL),(75,1,1,0,11.980000,11.980000,11.980000,11.980000,NULL),(75,2,1,0,11.980000,11.980000,11.980000,11.980000,NULL),(75,3,1,0,11.980000,11.980000,11.980000,11.980000,NULL),(76,0,1,0,19.990000,19.990000,19.990000,19.990000,NULL),(76,1,1,0,19.990000,19.990000,19.990000,19.990000,NULL),(76,2,1,0,19.990000,19.990000,19.990000,19.990000,NULL),(76,3,1,0,19.990000,19.990000,19.990000,19.990000,NULL),(77,0,1,0,9.990000,9.990000,9.990000,9.990000,NULL),(77,1,1,0,9.990000,9.990000,9.990000,9.990000,NULL),(77,2,1,0,9.990000,9.990000,9.990000,9.990000,NULL),(77,3,1,0,9.990000,9.990000,9.990000,9.990000,NULL),(78,0,1,0,14.990000,14.990000,14.990000,14.990000,NULL),(78,1,1,0,14.990000,14.990000,14.990000,14.990000,NULL),(78,2,1,0,14.990000,14.990000,14.990000,14.990000,NULL),(78,3,1,0,14.990000,14.990000,14.990000,14.990000,NULL),(79,0,1,0,9.990000,9.990000,9.990000,9.990000,NULL),(79,1,1,0,9.990000,9.990000,9.990000,9.990000,NULL),(79,2,1,0,9.990000,9.990000,9.990000,9.990000,NULL),(79,3,1,0,9.990000,9.990000,9.990000,9.990000,NULL),(80,0,1,0,39.990000,39.990000,39.990000,39.990000,NULL),(80,1,1,0,39.990000,39.990000,39.990000,39.990000,NULL),(80,2,1,0,39.990000,39.990000,39.990000,39.990000,NULL),(80,3,1,0,39.990000,39.990000,39.990000,39.990000,NULL),(81,0,1,0,62.990000,62.990000,62.990000,62.990000,NULL),(81,1,1,0,62.990000,62.990000,62.990000,62.990000,NULL),(81,2,1,0,62.990000,62.990000,62.990000,62.990000,NULL),(81,3,1,0,62.990000,62.990000,62.990000,62.990000,NULL),(83,0,1,0,69.990000,69.990000,69.990000,69.990000,NULL),(83,1,1,0,69.990000,69.990000,69.990000,69.990000,NULL),(83,2,1,0,69.990000,69.990000,69.990000,69.990000,NULL),(83,3,1,0,69.990000,69.990000,69.990000,69.990000,NULL),(84,0,1,0,29.990000,29.990000,29.990000,29.990000,NULL),(84,1,1,0,29.990000,29.990000,29.990000,29.990000,NULL),(84,2,1,0,29.990000,29.990000,29.990000,29.990000,NULL),(84,3,1,0,29.990000,29.990000,29.990000,29.990000,NULL),(85,0,1,0,39.990000,39.990000,39.990000,39.990000,NULL),(85,1,1,0,39.990000,39.990000,39.990000,39.990000,NULL),(85,2,1,0,39.990000,39.990000,39.990000,39.990000,NULL),(85,3,1,0,39.990000,39.990000,39.990000,39.990000,NULL),(86,0,1,0,45.990000,45.990000,45.990000,45.990000,NULL),(86,1,1,0,45.990000,45.990000,45.990000,45.990000,NULL),(86,2,1,0,45.990000,45.990000,45.990000,45.990000,NULL),(86,3,1,0,45.990000,45.990000,45.990000,45.990000,NULL),(87,0,1,0,24.990000,24.990000,24.990000,24.990000,NULL),(87,1,1,0,24.990000,24.990000,24.990000,24.990000,NULL),(87,2,1,0,24.990000,24.990000,24.990000,24.990000,NULL),(87,3,1,0,24.990000,24.990000,24.990000,24.990000,NULL),(88,0,1,0,4.500000,4.500000,4.500000,4.500000,NULL),(88,1,1,0,4.500000,4.500000,4.500000,4.500000,NULL),(88,2,1,0,4.500000,4.500000,4.500000,4.500000,NULL),(88,3,1,0,4.500000,4.500000,4.500000,4.500000,NULL),(89,0,1,0,7.500000,7.500000,7.500000,7.500000,NULL),(89,1,1,0,7.500000,7.500000,7.500000,7.500000,NULL),(89,2,1,0,7.500000,7.500000,7.500000,7.500000,NULL),(89,3,1,0,7.500000,7.500000,7.500000,7.500000,NULL),(90,0,1,0,5.000000,5.000000,5.000000,5.000000,NULL),(90,1,1,0,5.000000,5.000000,5.000000,5.000000,NULL),(90,2,1,0,5.000000,5.000000,5.000000,5.000000,NULL),(90,3,1,0,5.000000,5.000000,5.000000,5.000000,NULL),(91,0,1,0,45.000000,45.000000,45.000000,45.000000,NULL),(91,1,1,0,45.000000,45.000000,45.000000,45.000000,NULL),(91,2,1,0,45.000000,45.000000,45.000000,45.000000,NULL),(91,3,1,0,45.000000,45.000000,45.000000,45.000000,NULL),(92,0,1,0,130.000000,130.000000,130.000000,130.000000,NULL),(92,1,1,0,130.000000,130.000000,130.000000,130.000000,NULL),(92,2,1,0,130.000000,130.000000,130.000000,130.000000,NULL),(92,3,1,0,130.000000,130.000000,130.000000,130.000000,NULL),(93,0,1,0,80.000000,80.000000,80.000000,535.000000,NULL),(93,1,1,0,80.000000,80.000000,80.000000,535.000000,NULL),(93,2,1,0,80.000000,80.000000,80.000000,535.000000,NULL),(93,3,1,0,80.000000,80.000000,80.000000,535.000000,NULL),(94,0,1,0,8.000000,8.000000,8.000000,8.000000,NULL),(94,1,1,0,8.000000,8.000000,8.000000,8.000000,NULL),(94,2,1,0,8.000000,8.000000,8.000000,8.000000,NULL),(94,3,1,0,8.000000,8.000000,8.000000,8.000000,NULL),(95,0,1,0,95.000000,95.000000,95.000000,95.000000,NULL),(95,1,1,0,95.000000,95.000000,95.000000,95.000000,NULL),(95,2,1,0,95.000000,95.000000,95.000000,95.000000,NULL),(95,3,1,0,95.000000,95.000000,95.000000,95.000000,NULL),(96,0,1,0,5.000000,5.000000,5.000000,5.000000,NULL),(96,1,1,0,5.000000,5.000000,5.000000,5.000000,NULL),(96,2,1,0,5.000000,5.000000,5.000000,5.000000,NULL),(96,3,1,0,5.000000,5.000000,5.000000,5.000000,NULL);
CREATE TABLE `mz0b_catalog_product_index_price_tmp` (
  `entity_id` int(10) unsigned NOT NULL COMMENT 'Entity ID',
  `customer_group_id` int(10) unsigned NOT NULL DEFAULT '0' COMMENT 'Customer Group ID',
  `website_id` smallint(5) unsigned NOT NULL COMMENT 'Website ID',
  `tax_class_id` smallint(5) unsigned DEFAULT '0' COMMENT 'Tax Class ID',
  `price` decimal(20,6) DEFAULT NULL COMMENT 'Price',
  `final_price` decimal(20,6) DEFAULT NULL COMMENT 'Final Price',
  `min_price` decimal(20,6) DEFAULT NULL COMMENT 'Min Price',
  `max_price` decimal(20,6) DEFAULT NULL COMMENT 'Max Price',
  `tier_price` decimal(20,6) DEFAULT NULL COMMENT 'Tier Price',
  PRIMARY KEY (`entity_id`,`customer_group_id`,`website_id`),
  KEY `MZ0B_CATALOG_PRODUCT_INDEX_PRICE_TMP_CUSTOMER_GROUP_ID` (`customer_group_id`),
  KEY `MZ0B_CATALOG_PRODUCT_INDEX_PRICE_TMP_WEBSITE_ID` (`website_id`),
  KEY `MZ0B_CATALOG_PRODUCT_INDEX_PRICE_TMP_MIN_PRICE` (`min_price`)
) ENGINE=InnoDB DEFAULT CHARSET=utf8 COMMENT='Catalog Product Price Indexer Temp Table';
CREATE TABLE `mz0b_catalog_product_index_tier_price` (
  `entity_id` int(10) unsigned NOT NULL COMMENT 'Entity ID',
  `customer_group_id` int(10) unsigned NOT NULL COMMENT 'Customer Group ID',
  `website_id` smallint(5) unsigned NOT NULL COMMENT 'Website ID',
  `min_price` decimal(20,6) DEFAULT NULL COMMENT 'Min Price',
  PRIMARY KEY (`entity_id`,`customer_group_id`,`website_id`),
  KEY `MZ0B_CATALOG_PRODUCT_INDEX_TIER_PRICE_CUSTOMER_GROUP_ID` (`customer_group_id`),
  KEY `MZ0B_CATALOG_PRODUCT_INDEX_TIER_PRICE_WEBSITE_ID` (`website_id`)
) ENGINE=InnoDB DEFAULT CHARSET=utf8 COMMENT='Catalog Product Tier Price Index Table';
CREATE TABLE `mz0b_catalog_product_index_website` (
  `website_id` smallint(5) unsigned NOT NULL COMMENT 'Website ID',
  `default_store_id` smallint(5) unsigned NOT NULL COMMENT 'Default store id for website',
  `website_date` date DEFAULT NULL COMMENT 'Website Date',
  `rate` float DEFAULT '1' COMMENT 'Rate',
  PRIMARY KEY (`website_id`),
  KEY `MZ0B_CATALOG_PRODUCT_INDEX_WEBSITE_WEBSITE_DATE` (`website_date`)
) ENGINE=InnoDB DEFAULT CHARSET=utf8 COMMENT='Catalog Product Website Index Table';
INSERT INTO `mz0b_catalog_product_index_website` VALUES (1,1,'2019-11-15',1);
CREATE TABLE `mz0b_catalog_product_link` (
  `link_id` int(10) unsigned NOT NULL AUTO_INCREMENT COMMENT 'Link ID',
  `product_id` int(10) unsigned NOT NULL DEFAULT '0' COMMENT 'Product ID',
  `linked_product_id` int(10) unsigned NOT NULL DEFAULT '0' COMMENT 'Linked Product ID',
  `link_type_id` smallint(5) unsigned NOT NULL DEFAULT '0' COMMENT 'Link Type ID',
  PRIMARY KEY (`link_id`),
  UNIQUE KEY `MZ0B_CAT_PRD_LNK_LNK_TYPE_ID_PRD_ID_LNKED_PRD_ID` (`link_type_id`,`product_id`,`linked_product_id`),
  KEY `MZ0B_CATALOG_PRODUCT_LINK_PRODUCT_ID` (`product_id`),
  KEY `MZ0B_CATALOG_PRODUCT_LINK_LINKED_PRODUCT_ID` (`linked_product_id`)
) ENGINE=InnoDB AUTO_INCREMENT=37 DEFAULT CHARSET=utf8 COMMENT='Catalog Product To Product Linkage Table';
INSERT INTO `mz0b_catalog_product_link` VALUES (16,28,29,1),(15,28,30,1),(21,29,28,1),(22,29,30,1),(27,30,28,1),(28,30,29,1),(35,31,41,1),(36,31,44,1),(20,28,36,4),(26,29,38,4),(32,30,37,4),(6,54,36,4),(7,54,37,4),(8,54,38,4),(5,54,55,4),(19,28,51,5),(17,28,53,5),(18,28,54,5),(25,29,51,5),(24,29,53,5),(23,29,54,5),(31,30,51,5),(30,30,53,5),(29,30,54,5);
CREATE TABLE `mz0b_catalog_product_link_attribute` (
  `product_link_attribute_id` smallint(5) unsigned NOT NULL AUTO_INCREMENT COMMENT 'Product Link Attribute ID',
  `link_type_id` smallint(5) unsigned NOT NULL DEFAULT '0' COMMENT 'Link Type ID',
  `product_link_attribute_code` varchar(32) DEFAULT NULL COMMENT 'Product Link Attribute Code',
  `data_type` varchar(32) DEFAULT NULL COMMENT 'Data Type',
  PRIMARY KEY (`product_link_attribute_id`),
  KEY `MZ0B_CATALOG_PRODUCT_LINK_ATTRIBUTE_LINK_TYPE_ID` (`link_type_id`)
) ENGINE=InnoDB AUTO_INCREMENT=6 DEFAULT CHARSET=utf8 COMMENT='Catalog Product Link Attribute Table';
INSERT INTO `mz0b_catalog_product_link_attribute` VALUES (1,1,'position','int'),(2,4,'position','int'),(3,5,'position','int'),(4,3,'position','int'),(5,3,'qty','decimal');
CREATE TABLE `mz0b_catalog_product_link_attribute_decimal` (
  `value_id` int(10) unsigned NOT NULL AUTO_INCREMENT COMMENT 'Value ID',
  `product_link_attribute_id` smallint(5) unsigned DEFAULT NULL COMMENT 'Product Link Attribute ID',
  `link_id` int(10) unsigned NOT NULL COMMENT 'Link ID',
  `value` decimal(20,6) NOT NULL DEFAULT '0.000000' COMMENT 'Value',
  PRIMARY KEY (`value_id`),
  UNIQUE KEY `MZ0B_CAT_PRD_LNK_ATTR_DEC_PRD_LNK_ATTR_ID_LNK_ID` (`product_link_attribute_id`,`link_id`),
  KEY `MZ0B_CATALOG_PRODUCT_LINK_ATTRIBUTE_DECIMAL_LINK_ID` (`link_id`)
) ENGINE=InnoDB DEFAULT CHARSET=utf8 COMMENT='Catalog Product Link Decimal Attribute Table';
CREATE TABLE `mz0b_catalog_product_link_attribute_int` (
  `value_id` int(10) unsigned NOT NULL AUTO_INCREMENT COMMENT 'Value ID',
  `product_link_attribute_id` smallint(5) unsigned DEFAULT NULL COMMENT 'Product Link Attribute ID',
  `link_id` int(10) unsigned NOT NULL COMMENT 'Link ID',
  `value` int(11) NOT NULL DEFAULT '0' COMMENT 'Value',
  PRIMARY KEY (`value_id`),
  UNIQUE KEY `MZ0B_CAT_PRD_LNK_ATTR_INT_PRD_LNK_ATTR_ID_LNK_ID` (`product_link_attribute_id`,`link_id`),
  KEY `MZ0B_CATALOG_PRODUCT_LINK_ATTRIBUTE_INT_LINK_ID` (`link_id`)
) ENGINE=InnoDB AUTO_INCREMENT=37 DEFAULT CHARSET=utf8 COMMENT='Catalog Product Link Integer Attribute Table';
INSERT INTO `mz0b_catalog_product_link_attribute_int` VALUES (5,2,5,1),(6,2,6,2),(7,2,7,3),(8,2,8,4),(15,1,15,1),(16,1,16,2),(17,3,17,1),(18,3,18,2),(19,3,19,3),(20,2,20,1),(21,1,21,1),(22,1,22,2),(23,3,23,1),(24,3,24,2),(25,3,25,3),(26,2,26,1),(27,1,27,1),(28,1,28,2),(29,3,29,1),(30,3,30,2),(31,3,31,3),(32,2,32,1),(35,1,35,1),(36,1,36,2);
CREATE TABLE `mz0b_catalog_product_link_attribute_varchar` (
  `value_id` int(10) unsigned NOT NULL AUTO_INCREMENT COMMENT 'Value ID',
  `product_link_attribute_id` smallint(5) unsigned NOT NULL DEFAULT '0' COMMENT 'Product Link Attribute ID',
  `link_id` int(10) unsigned NOT NULL COMMENT 'Link ID',
  `value` varchar(255) DEFAULT NULL COMMENT 'Value',
  PRIMARY KEY (`value_id`),
  UNIQUE KEY `MZ0B_CAT_PRD_LNK_ATTR_VCHR_PRD_LNK_ATTR_ID_LNK_ID` (`product_link_attribute_id`,`link_id`),
  KEY `MZ0B_CATALOG_PRODUCT_LINK_ATTRIBUTE_VARCHAR_LINK_ID` (`link_id`)
) ENGINE=InnoDB DEFAULT CHARSET=utf8 COMMENT='Catalog Product Link Varchar Attribute Table';
CREATE TABLE `mz0b_catalog_product_link_type` (
  `link_type_id` smallint(5) unsigned NOT NULL AUTO_INCREMENT COMMENT 'Link Type ID',
  `code` varchar(32) DEFAULT NULL COMMENT 'Code',
  PRIMARY KEY (`link_type_id`)
) ENGINE=InnoDB AUTO_INCREMENT=6 DEFAULT CHARSET=utf8 COMMENT='Catalog Product Link Type Table';
INSERT INTO `mz0b_catalog_product_link_type` VALUES (1,'relation'),(3,'super'),(4,'up_sell'),(5,'cross_sell');
CREATE TABLE `mz0b_catalog_product_option` (
  `option_id` int(10) unsigned NOT NULL AUTO_INCREMENT COMMENT 'Option ID',
  `product_id` int(10) unsigned NOT NULL DEFAULT '0' COMMENT 'Product ID',
  `type` varchar(50) DEFAULT NULL COMMENT 'Type',
  `is_require` smallint(6) NOT NULL DEFAULT '1' COMMENT 'Is Required',
  `sku` varchar(64) DEFAULT NULL COMMENT 'SKU',
  `max_characters` int(10) unsigned DEFAULT NULL COMMENT 'Max Characters',
  `file_extension` varchar(50) DEFAULT NULL COMMENT 'File Extension',
  `image_size_x` smallint(5) unsigned DEFAULT NULL COMMENT 'Image Size X',
  `image_size_y` smallint(5) unsigned DEFAULT NULL COMMENT 'Image Size Y',
  `sort_order` int(10) unsigned NOT NULL DEFAULT '0' COMMENT 'Sort Order',
  PRIMARY KEY (`option_id`),
  KEY `MZ0B_CATALOG_PRODUCT_OPTION_PRODUCT_ID` (`product_id`)
) ENGINE=InnoDB AUTO_INCREMENT=28 DEFAULT CHARSET=utf8 COMMENT='Catalog Product Option Table';
INSERT INTO `mz0b_catalog_product_option` VALUES (1,3,'radio',1,NULL,0,NULL,0,0,1),(2,28,'checkbox',1,NULL,0,NULL,0,0,1),(3,28,'field',0,NULL,200,NULL,0,0,2),(4,29,'checkbox',1,NULL,0,NULL,0,0,1),(5,29,'field',0,NULL,200,NULL,0,0,2),(6,30,'checkbox',1,NULL,0,NULL,0,0,1),(7,30,'field',0,NULL,200,NULL,0,0,2),(18,47,'checkbox',1,NULL,0,NULL,0,0,1),(19,48,'checkbox',1,NULL,0,NULL,0,0,1),(20,49,'checkbox',1,NULL,0,NULL,0,0,1),(21,51,'checkbox',1,NULL,0,NULL,0,0,1),(23,93,'checkbox',1,NULL,0,NULL,0,0,1),(24,93,'checkbox',1,NULL,0,NULL,0,0,2),(25,93,'checkbox',1,NULL,0,NULL,0,0,3),(26,96,'checkbox',1,NULL,0,NULL,0,0,1),(27,96,'field',1,NULL,200,NULL,0,0,2);
CREATE TABLE `mz0b_catalog_product_option_price` (
  `option_price_id` int(10) unsigned NOT NULL AUTO_INCREMENT COMMENT 'Option Price ID',
  `option_id` int(10) unsigned NOT NULL DEFAULT '0' COMMENT 'Option ID',
  `store_id` smallint(5) unsigned NOT NULL DEFAULT '0' COMMENT 'Store ID',
  `price` decimal(20,6) NOT NULL DEFAULT '0.000000' COMMENT 'Price',
  `price_type` varchar(7) NOT NULL DEFAULT 'fixed' COMMENT 'Price Type',
  PRIMARY KEY (`option_price_id`),
  UNIQUE KEY `MZ0B_CATALOG_PRODUCT_OPTION_PRICE_OPTION_ID_STORE_ID` (`option_id`,`store_id`),
  KEY `MZ0B_CATALOG_PRODUCT_OPTION_PRICE_STORE_ID` (`store_id`)
) ENGINE=InnoDB AUTO_INCREMENT=10 DEFAULT CHARSET=utf8 COMMENT='Catalog Product Option Price Table';
INSERT INTO `mz0b_catalog_product_option_price` VALUES (1,3,0,0.000000,'fixed'),(2,5,0,0.000000,'fixed'),(3,7,0,0.000000,'fixed'),(9,27,0,0.000000,'fixed');
CREATE TABLE `mz0b_catalog_product_option_title` (
  `option_title_id` int(10) unsigned NOT NULL AUTO_INCREMENT COMMENT 'Option Title ID',
  `option_id` int(10) unsigned NOT NULL DEFAULT '0' COMMENT 'Option ID',
  `store_id` smallint(5) unsigned NOT NULL DEFAULT '0' COMMENT 'Store ID',
  `title` varchar(255) DEFAULT NULL COMMENT 'Title',
  PRIMARY KEY (`option_title_id`),
  UNIQUE KEY `MZ0B_CATALOG_PRODUCT_OPTION_TITLE_OPTION_ID_STORE_ID` (`option_id`,`store_id`),
  KEY `MZ0B_CATALOG_PRODUCT_OPTION_TITLE_STORE_ID` (`store_id`)
) ENGINE=InnoDB AUTO_INCREMENT=28 DEFAULT CHARSET=utf8 COMMENT='Catalog Product Option Title Table';
INSERT INTO `mz0b_catalog_product_option_title` VALUES (1,1,0,'Amount'),(2,2,0,'*Select Desired Culture Ages'),(3,3,0,'(Optional) Specify How to Divide Ages Among Qty Ordered '),(4,4,0,'*Select Desired Culture Ages'),(5,5,0,'(Optional) Specify How to Divide Ages Among Qty Ordered '),(6,6,0,'*Select Desired Culture Ages'),(7,7,0,'(Optional) Specify How to Divide Ages Among Qty Ordered '),(18,18,0,'Species'),(19,19,0,'Species'),(20,20,0,'Size'),(21,21,0,'Size'),(23,23,0,'Tank Size'),(24,24,0,'Deluxe Option'),(25,25,0,'LED Fixture Upgrade'),(26,26,0,'*Select Desired Culture Ages'),(27,27,0,'(Optional) Specify How to Divide Ages Among Qty Ordered ');
CREATE TABLE `mz0b_catalog_product_option_type_price` (
  `option_type_price_id` int(10) unsigned NOT NULL AUTO_INCREMENT COMMENT 'Option Type Price ID',
  `option_type_id` int(10) unsigned NOT NULL DEFAULT '0' COMMENT 'Option Type ID',
  `store_id` smallint(5) unsigned NOT NULL DEFAULT '0' COMMENT 'Store ID',
  `price` decimal(20,6) NOT NULL DEFAULT '0.000000' COMMENT 'Price',
  `price_type` varchar(7) NOT NULL DEFAULT 'fixed' COMMENT 'Price Type',
  PRIMARY KEY (`option_type_price_id`),
  UNIQUE KEY `MZ0B_CATALOG_PRODUCT_OPTION_TYPE_PRICE_OPTION_TYPE_ID_STORE_ID` (`option_type_id`,`store_id`),
  KEY `MZ0B_CATALOG_PRODUCT_OPTION_TYPE_PRICE_STORE_ID` (`store_id`)
) ENGINE=InnoDB AUTO_INCREMENT=62 DEFAULT CHARSET=utf8 COMMENT='Catalog Product Option Type Price Table';
INSERT INTO `mz0b_catalog_product_option_type_price` VALUES (1,1,0,0.000000,'fixed'),(2,2,0,25.000000,'fixed'),(3,3,0,75.000000,'fixed'),(4,4,0,0.000000,'fixed'),(5,5,0,0.000000,'fixed'),(6,6,0,0.000000,'fixed'),(7,7,0,0.000000,'fixed'),(8,8,0,0.000000,'fixed'),(9,9,0,0.000000,'fixed'),(10,10,0,0.000000,'fixed'),(11,11,0,0.000000,'fixed'),(12,12,0,0.000000,'fixed'),(28,28,0,0.000000,'fixed'),(29,29,0,0.000000,'fixed'),(30,30,0,10.000000,'fixed'),(31,31,0,10.000000,'fixed'),(32,32,0,25.000000,'fixed'),(33,33,0,40.000000,'fixed'),(34,34,0,0.000000,'fixed'),(35,35,0,0.000000,'fixed'),(36,36,0,10.000000,'fixed'),(37,37,0,10.000000,'fixed'),(38,38,0,25.000000,'fixed'),(39,39,0,40.000000,'fixed'),(40,40,0,0.000000,'fixed'),(41,41,0,4.500000,'fixed'),(42,42,0,0.000000,'fixed'),(43,43,0,4.000000,'fixed'),(46,46,0,0.000000,'fixed'),(47,47,0,50.000000,'fixed'),(48,48,0,50.000000,'fixed'),(49,49,0,100.000000,'fixed'),(50,50,0,0.000000,'fixed'),(51,51,0,20.000000,'fixed'),(52,52,0,0.000000,'fixed'),(53,53,0,20.000000,'fixed'),(54,54,0,45.000000,'fixed'),(55,55,0,30.000000,'fixed'),(56,56,0,50.000000,'fixed'),(57,57,0,55.000000,'fixed'),(58,58,0,35.000000,'fixed'),(59,59,0,0.000000,'fixed'),(60,60,0,0.000000,'fixed'),(61,61,0,0.000000,'fixed');
CREATE TABLE `mz0b_catalog_product_option_type_title` (
  `option_type_title_id` int(10) unsigned NOT NULL AUTO_INCREMENT COMMENT 'Option Type Title ID',
  `option_type_id` int(10) unsigned NOT NULL DEFAULT '0' COMMENT 'Option Type ID',
  `store_id` smallint(5) unsigned NOT NULL DEFAULT '0' COMMENT 'Store ID',
  `title` varchar(255) DEFAULT NULL COMMENT 'Title',
  PRIMARY KEY (`option_type_title_id`),
  UNIQUE KEY `MZ0B_CATALOG_PRODUCT_OPTION_TYPE_TITLE_OPTION_TYPE_ID_STORE_ID` (`option_type_id`,`store_id`),
  KEY `MZ0B_CATALOG_PRODUCT_OPTION_TYPE_TITLE_STORE_ID` (`store_id`)
) ENGINE=InnoDB AUTO_INCREMENT=62 DEFAULT CHARSET=utf8 COMMENT='Catalog Product Option Type Title Table';
INSERT INTO `mz0b_catalog_product_option_type_title` VALUES (1,1,0,'$25'),(2,2,0,'$50'),(3,3,0,'$100'),(4,4,0,'0-7 Days '),(5,5,0,'7-10 Days '),(6,6,0,'11-14 Days Ready-To-Feed '),(7,7,0,'0-7 Days '),(8,8,0,'7-10 Days '),(9,9,0,'11-14 Days Ready-To-Feed '),(10,10,0,'0-7 Days '),(11,11,0,'7-10 Days '),(12,12,0,'11-14 Days Ready-To-Feed '),(28,28,0,'Green/Black Auratus (Panamanian)'),(29,29,0,'E. Anthonyi Santa Isabel'),(30,30,0,'Blue/Black Auratus (Panamanian)'),(31,31,0,'P. Vittatus'),(32,32,0,'D. Leucomelas (Standard)'),(33,33,0,'D. Azureus '),(34,34,0,'Green/Black Auratus (Panamanian)'),(35,35,0,'E. Anthonyi Santa Isabel'),(36,36,0,'Blue/Black Auratus (Panamanian)'),(37,37,0,'P. Vittatus'),(38,38,0,'D. Leucomelas (Standard)'),(39,39,0,'D. Azureus '),(40,40,0,'10g (makes 4 cups)'),(41,41,0,'100g (makes 2.5 gallons) '),(42,42,0,'16 Oz'),(43,43,0,'32 Oz'),(46,46,0,'10 Gallon'),(47,47,0,'20 Gallon Long'),(48,48,0,'20 Galoon Hight'),(49,49,0,'29 Gallon High'),(50,50,0,'Standard Setup'),(51,51,0,'Deluxe Setup'),(52,52,0,'Aqeon Fluorescent Fixture '),(53,53,0,'20\" Finnex Singray (for 10g Setup) '),(54,54,0,'20\" Finnex Planted+ (for 10g Setup) '),(55,55,0,'24\" Finnex Stingray (for 20g High Setup) '),(56,56,0,'24\" Finnex Planted+ (for 20g High Setup) '),(57,57,0,'30\" Finnex Planted+ (for 20g Long or 29g Setup) '),(58,58,0,'30\" Finnex Stingray (for 20g Long or 29g High Setup) '),(59,59,0,'0-7 Days '),(60,60,0,'7-10 Days '),(61,61,0,'11-14 Days Ready-To-Feed ');
CREATE TABLE `mz0b_catalog_product_option_type_value` (
  `option_type_id` int(10) unsigned NOT NULL AUTO_INCREMENT COMMENT 'Option Type ID',
  `option_id` int(10) unsigned NOT NULL DEFAULT '0' COMMENT 'Option ID',
  `sku` varchar(64) DEFAULT NULL COMMENT 'SKU',
  `sort_order` int(10) unsigned NOT NULL DEFAULT '0' COMMENT 'Sort Order',
  PRIMARY KEY (`option_type_id`),
  KEY `MZ0B_CATALOG_PRODUCT_OPTION_TYPE_VALUE_OPTION_ID` (`option_id`)
) ENGINE=InnoDB AUTO_INCREMENT=62 DEFAULT CHARSET=utf8 COMMENT='Catalog Product Option Type Value Table';
INSERT INTO `mz0b_catalog_product_option_type_value` VALUES (1,1,NULL,1),(2,1,NULL,2),(3,1,NULL,3),(4,2,NULL,1),(5,2,NULL,2),(6,2,NULL,3),(7,4,NULL,1),(8,4,NULL,2),(9,4,NULL,3),(10,6,NULL,1),(11,6,NULL,2),(12,6,NULL,3),(28,18,NULL,1),(29,18,NULL,2),(30,18,NULL,3),(31,18,NULL,4),(32,18,NULL,5),(33,18,NULL,6),(34,19,NULL,1),(35,19,NULL,2),(36,19,NULL,3),(37,19,NULL,4),(38,19,NULL,5),(39,19,NULL,6),(40,20,NULL,1),(41,20,NULL,2),(42,21,NULL,1),(43,21,NULL,2),(46,23,NULL,1),(47,23,NULL,2),(48,23,NULL,3),(49,23,NULL,4),(50,24,NULL,1),(51,24,NULL,2),(52,25,NULL,1),(53,25,NULL,2),(54,25,NULL,3),(55,25,NULL,4),(56,25,NULL,5),(57,25,NULL,7),(58,25,NULL,6),(59,26,NULL,1),(60,26,NULL,2),(61,26,NULL,3);
CREATE TABLE `mz0b_catalog_product_relation` (
  `parent_id` int(10) unsigned NOT NULL COMMENT 'Parent ID',
  `child_id` int(10) unsigned NOT NULL COMMENT 'Child ID',
  PRIMARY KEY (`parent_id`,`child_id`),
  KEY `MZ0B_CATALOG_PRODUCT_RELATION_CHILD_ID` (`child_id`)
) ENGINE=InnoDB DEFAULT CHARSET=utf8 COMMENT='Catalog Product Relation Table';
CREATE TABLE `mz0b_catalog_product_super_attribute` (
  `product_super_attribute_id` int(10) unsigned NOT NULL AUTO_INCREMENT COMMENT 'Product Super Attribute ID',
  `product_id` int(10) unsigned NOT NULL DEFAULT '0' COMMENT 'Product ID',
  `attribute_id` smallint(5) unsigned NOT NULL DEFAULT '0' COMMENT 'Attribute ID',
  `position` smallint(5) unsigned NOT NULL DEFAULT '0' COMMENT 'Position',
  PRIMARY KEY (`product_super_attribute_id`),
  UNIQUE KEY `MZ0B_CATALOG_PRODUCT_SUPER_ATTRIBUTE_PRODUCT_ID_ATTRIBUTE_ID` (`product_id`,`attribute_id`)
) ENGINE=InnoDB DEFAULT CHARSET=utf8 COMMENT='Catalog Product Super Attribute Table';
CREATE TABLE `mz0b_catalog_product_super_attribute_label` (
  `value_id` int(10) unsigned NOT NULL AUTO_INCREMENT COMMENT 'Value ID',
  `product_super_attribute_id` int(10) unsigned NOT NULL DEFAULT '0' COMMENT 'Product Super Attribute ID',
  `store_id` smallint(5) unsigned NOT NULL DEFAULT '0' COMMENT 'Store ID',
  `use_default` smallint(5) unsigned DEFAULT '0' COMMENT 'Use Default Value',
  `value` varchar(255) DEFAULT NULL COMMENT 'Value',
  PRIMARY KEY (`value_id`),
  UNIQUE KEY `MZ0B_CAT_PRD_SPR_ATTR_LBL_PRD_SPR_ATTR_ID_STORE_ID` (`product_super_attribute_id`,`store_id`),
  KEY `MZ0B_CATALOG_PRODUCT_SUPER_ATTRIBUTE_LABEL_STORE_ID` (`store_id`)
) ENGINE=InnoDB DEFAULT CHARSET=utf8 COMMENT='Catalog Product Super Attribute Label Table';
CREATE TABLE `mz0b_catalog_product_super_link` (
  `link_id` int(10) unsigned NOT NULL AUTO_INCREMENT COMMENT 'Link ID',
  `product_id` int(10) unsigned NOT NULL DEFAULT '0' COMMENT 'Product ID',
  `parent_id` int(10) unsigned NOT NULL DEFAULT '0' COMMENT 'Parent ID',
  PRIMARY KEY (`link_id`),
  UNIQUE KEY `MZ0B_CATALOG_PRODUCT_SUPER_LINK_PRODUCT_ID_PARENT_ID` (`product_id`,`parent_id`),
  KEY `MZ0B_CATALOG_PRODUCT_SUPER_LINK_PARENT_ID` (`parent_id`)
) ENGINE=InnoDB DEFAULT CHARSET=utf8 COMMENT='Catalog Product Super Link Table';
CREATE TABLE `mz0b_catalog_product_website` (
  `product_id` int(10) unsigned NOT NULL COMMENT 'Product ID',
  `website_id` smallint(5) unsigned NOT NULL COMMENT 'Website ID',
  PRIMARY KEY (`product_id`,`website_id`),
  KEY `MZ0B_CATALOG_PRODUCT_WEBSITE_WEBSITE_ID` (`website_id`)
) ENGINE=InnoDB DEFAULT CHARSET=utf8 COMMENT='Catalog Product To Website Linkage Table';
INSERT INTO `mz0b_catalog_product_website` VALUES (1,1),(2,1),(3,1),(4,1),(5,1),(6,1),(7,1),(8,1),(9,1),(10,1),(11,1),(12,1),(13,1),(14,1),(15,1),(16,1),(17,1),(18,1),(19,1),(20,1),(21,1),(22,1),(23,1),(24,1),(25,1),(26,1),(27,1),(28,1),(29,1),(30,1),(31,1),(32,1),(33,1),(34,1),(35,1),(36,1),(37,1),(38,1),(39,1),(40,1),(41,1),(42,1),(43,1),(44,1),(45,1),(46,1),(47,1),(48,1),(49,1),(50,1),(51,1),(52,1),(53,1),(54,1),(55,1),(56,1),(57,1),(58,1),(59,1),(60,1),(61,1),(62,1),(63,1),(64,1),(65,1),(66,1),(67,1),(68,1),(69,1),(70,1),(71,1),(72,1),(73,1),(74,1),(75,1),(76,1),(77,1),(78,1),(79,1),(80,1),(81,1),(83,1),(84,1),(85,1),(86,1),(87,1),(88,1),(89,1),(90,1),(91,1),(92,1),(93,1),(94,1),(95,1),(96,1);
CREATE TABLE `mz0b_catalog_url_rewrite_product_category` (
  `url_rewrite_id` int(10) unsigned NOT NULL COMMENT 'url_rewrite_id',
  `category_id` int(10) unsigned NOT NULL COMMENT 'category_id',
  `product_id` int(10) unsigned NOT NULL COMMENT 'product_id',
  KEY `MZ0B_CAT_URL_REWRITE_PRD_CTGR_PRD_ID_MZ0B_CAT_PRD_ENTT_ENTT_ID` (`product_id`),
  KEY `FK_45A9E90403055CC908E913B1C0166FAC` (`url_rewrite_id`),
  KEY `MZ0B_CATALOG_URL_REWRITE_PRODUCT_CATEGORY_CATEGORY_ID_PRODUCT_ID` (`category_id`,`product_id`)
) ENGINE=InnoDB DEFAULT CHARSET=utf8 COMMENT='url_rewrite_relation';
INSERT INTO `mz0b_catalog_url_rewrite_product_category` VALUES (53,4,1),(54,6,1),(57,3,1),(58,5,1),(61,4,2),(62,6,2),(64,3,2),(65,5,2),(78,3,3),(76,5,3),(77,19,3),(202,3,28),(200,5,28),(201,11,28),(276,3,38),(273,5,38),(275,18,38),(274,11,38),(290,3,42),(288,5,42),(289,14,42),(319,3,47),(318,18,47),(317,5,47),(414,3,52),(409,5,52),(410,12,52),(422,3,51),(418,12,51),(417,5,51),(432,3,50),(426,12,50),(425,5,50),(427,13,50),(440,3,49),(436,12,49),(435,5,49),(448,3,48),(444,18,48),(443,5,48),(456,3,46),(451,5,46),(452,14,46),(464,3,45),(459,5,45),(460,14,45),(474,3,44),(469,12,44),(467,5,44),(468,14,44),(482,3,43),(477,5,43),(478,14,43),(494,3,41),(488,12,41),(486,11,41),(487,13,41),(485,5,41),(506,3,40),(500,12,40),(498,11,40),(499,13,40),(497,5,40),(518,3,39),(512,12,39),(510,11,39),(511,13,39),(509,5,39),(528,3,37),(523,18,37),(522,11,37),(521,5,37),(538,3,36),(533,18,36),(532,11,36),(531,5,36),(546,3,35),(541,5,35),(542,11,35),(554,3,34),(549,5,34),(550,11,34),(562,3,33),(557,5,33),(558,11,33),(570,3,32),(565,5,32),(566,11,32),(578,3,31),(573,5,31),(574,11,31),(586,3,30),(581,5,30),(582,11,30),(594,3,29),(589,5,29),(590,11,29),(616,3,53),(614,5,53),(615,12,53),(620,3,54),(619,12,54),(618,5,54),(631,3,55),(627,12,55),(626,5,55),(636,3,56),(634,5,56),(635,7,56),(640,3,57),(638,5,57),(639,7,57),(644,3,58),(642,5,58),(643,7,58),(648,3,59),(646,5,59),(647,7,59),(652,3,60),(650,5,60),(651,7,60),(656,3,61),(654,5,61),(655,7,61),(660,3,62),(658,5,62),(659,7,62),(664,3,63),(662,5,63),(663,7,63),(668,3,64),(666,5,64),(667,7,64),(672,3,65),(671,7,65),(670,5,65),(676,3,66),(675,7,66),(674,5,66),(680,3,67),(679,13,67),(678,5,67),(685,3,69),(683,5,69),(684,13,69),(689,3,70),(688,13,70),(687,5,70),(693,3,71),(692,13,71),(691,5,71),(704,3,72),(700,13,72),(699,5,72),(709,3,73),(708,13,73),(707,5,73),(720,3,74),(716,13,74),(715,5,74),(725,3,75),(724,13,75),(723,5,75),(736,3,76),(732,13,76),(731,5,76),(741,3,77),(740,13,77),(739,5,77),(752,3,78),(748,13,78),(747,5,78),(757,3,79),(756,13,79),(755,5,79),(761,3,80),(759,5,80),(760,16,80),(772,3,81),(767,5,81),(768,16,81),(788,3,83),(783,5,83),(784,16,83),(793,3,84),(791,5,84),(792,16,84),(804,3,85),(799,5,85),(800,16,85),(816,3,86),(811,5,86),(812,16,86),(821,3,87),(819,5,87),(820,16,87),(825,3,88),(823,5,88),(824,17,88),(829,3,89),(827,5,89),(828,17,89),(833,3,90),(831,5,90),(832,17,90),(837,3,91),(835,5,91),(836,15,91),(841,3,92),(839,5,92),(840,15,92),(845,3,93),(843,5,93),(844,15,93),(852,3,27),(847,4,27),(848,6,27),(853,5,27),(862,3,26),(857,4,26),(858,6,26),(863,5,26),(872,3,25),(867,4,25),(868,6,25),(873,5,25),(882,3,24),(877,4,24),(878,6,24),(883,5,24),(892,3,23),(887,4,23),(888,6,23),(893,5,23),(902,3,22),(897,4,22),(898,6,22),(903,5,22),(912,3,21),(907,4,21),(908,6,21),(913,5,21),(922,3,20),(917,4,20),(918,6,20),(923,5,20),(932,3,19),(927,4,19),(928,6,19),(933,5,19),(942,3,18),(937,4,18),(938,6,18),(943,5,18),(952,3,17),(947,4,17),(953,5,17),(948,6,17),(962,3,16),(957,4,16),(963,5,16),(958,6,16),(972,3,15),(967,4,15),(973,5,15),(968,6,15),(982,3,14),(977,4,14),(983,5,14),(978,6,14),(992,3,13),(987,4,13),(993,5,13),(988,6,13),(1002,3,12),(997,4,12),(1003,5,12),(998,6,12),(1012,3,11),(1007,4,11),(1013,5,11),(1008,6,11),(1022,3,10),(1017,4,10),(1023,5,10),(1018,6,10),(1032,3,9),(1027,4,9),(1033,5,9),(1028,6,9),(1042,3,8),(1037,4,8),(1043,5,8),(1038,6,8),(1052,3,7),(1047,4,7),(1053,5,7),(1048,6,7),(1062,3,6),(1057,4,6),(1063,5,6),(1058,6,6),(1072,3,5),(1067,4,5),(1073,5,5),(1068,6,5),(1082,3,4),(1077,4,4),(1083,5,4),(1078,6,4),(1089,3,94),(1087,5,94),(1088,14,94),(1092,3,95),(1091,4,95),(1096,3,96),(1094,5,96),(1095,11,96),(1100,3,68),(1098,5,68),(1099,13,68);
CREATE TABLE `mz0b_cataloginventory_stock` (
  `stock_id` smallint(5) unsigned NOT NULL AUTO_INCREMENT COMMENT 'Stock Id',
  `website_id` smallint(5) unsigned NOT NULL COMMENT 'Website Id',
  `stock_name` varchar(255) DEFAULT NULL COMMENT 'Stock Name',
  PRIMARY KEY (`stock_id`),
  KEY `MZ0B_CATALOGINVENTORY_STOCK_WEBSITE_ID` (`website_id`)
) ENGINE=InnoDB AUTO_INCREMENT=2 DEFAULT CHARSET=utf8 COMMENT='Cataloginventory Stock';
INSERT INTO `mz0b_cataloginventory_stock` VALUES (1,0,'Default');
CREATE TABLE `mz0b_cataloginventory_stock_item` (
  `item_id` int(10) unsigned NOT NULL AUTO_INCREMENT COMMENT 'Item Id',
  `product_id` int(10) unsigned NOT NULL DEFAULT '0' COMMENT 'Product Id',
  `stock_id` smallint(5) unsigned NOT NULL DEFAULT '0' COMMENT 'Stock Id',
  `qty` decimal(12,4) DEFAULT NULL COMMENT 'Qty',
  `min_qty` decimal(12,4) NOT NULL DEFAULT '0.0000' COMMENT 'Min Qty',
  `use_config_min_qty` smallint(5) unsigned NOT NULL DEFAULT '1' COMMENT 'Use Config Min Qty',
  `is_qty_decimal` smallint(5) unsigned NOT NULL DEFAULT '0' COMMENT 'Is Qty Decimal',
  `backorders` smallint(5) unsigned NOT NULL DEFAULT '0' COMMENT 'Backorders',
  `use_config_backorders` smallint(5) unsigned NOT NULL DEFAULT '1' COMMENT 'Use Config Backorders',
  `min_sale_qty` decimal(12,4) NOT NULL DEFAULT '1.0000' COMMENT 'Min Sale Qty',
  `use_config_min_sale_qty` smallint(5) unsigned NOT NULL DEFAULT '1' COMMENT 'Use Config Min Sale Qty',
  `max_sale_qty` decimal(12,4) NOT NULL DEFAULT '0.0000' COMMENT 'Max Sale Qty',
  `use_config_max_sale_qty` smallint(5) unsigned NOT NULL DEFAULT '1' COMMENT 'Use Config Max Sale Qty',
  `is_in_stock` smallint(5) unsigned NOT NULL DEFAULT '0' COMMENT 'Is In Stock',
  `low_stock_date` timestamp NULL DEFAULT NULL COMMENT 'Low Stock Date',
  `notify_stock_qty` decimal(12,4) DEFAULT NULL COMMENT 'Notify Stock Qty',
  `use_config_notify_stock_qty` smallint(5) unsigned NOT NULL DEFAULT '1' COMMENT 'Use Config Notify Stock Qty',
  `manage_stock` smallint(5) unsigned NOT NULL DEFAULT '0' COMMENT 'Manage Stock',
  `use_config_manage_stock` smallint(5) unsigned NOT NULL DEFAULT '1' COMMENT 'Use Config Manage Stock',
  `stock_status_changed_auto` smallint(5) unsigned NOT NULL DEFAULT '0' COMMENT 'Stock Status Changed Automatically',
  `use_config_qty_increments` smallint(5) unsigned NOT NULL DEFAULT '1' COMMENT 'Use Config Qty Increments',
  `qty_increments` decimal(12,4) NOT NULL DEFAULT '0.0000' COMMENT 'Qty Increments',
  `use_config_enable_qty_inc` smallint(5) unsigned NOT NULL DEFAULT '1' COMMENT 'Use Config Enable Qty Increments',
  `enable_qty_increments` smallint(5) unsigned NOT NULL DEFAULT '0' COMMENT 'Enable Qty Increments',
  `is_decimal_divided` smallint(5) unsigned NOT NULL DEFAULT '0' COMMENT 'Is Divided into Multiple Boxes for Shipping',
  `website_id` smallint(5) unsigned NOT NULL DEFAULT '0' COMMENT 'Website ID',
  PRIMARY KEY (`item_id`),
  UNIQUE KEY `MZ0B_CATALOGINVENTORY_STOCK_ITEM_PRODUCT_ID_STOCK_ID` (`product_id`,`stock_id`),
  KEY `MZ0B_CATALOGINVENTORY_STOCK_ITEM_WEBSITE_ID` (`website_id`),
  KEY `MZ0B_CATALOGINVENTORY_STOCK_ITEM_STOCK_ID` (`stock_id`)
) ENGINE=InnoDB AUTO_INCREMENT=97 DEFAULT CHARSET=utf8 COMMENT='Cataloginventory Stock Item';
INSERT INTO `mz0b_cataloginventory_stock_item` VALUES (1,1,1,16.0000,0.0000,1,0,0,1,1.0000,1,10000.0000,1,1,NULL,1.0000,1,1,1,0,1,1.0000,1,0,0,0),(2,2,1,14.0000,0.0000,1,0,0,1,1.0000,1,10000.0000,1,1,NULL,1.0000,1,1,1,0,1,1.0000,1,0,0,0),(3,3,1,0.0000,0.0000,1,0,0,1,1.0000,1,10000.0000,1,1,'2019-08-27 23:01:57',1.0000,1,0,0,0,1,1.0000,1,0,0,0),(4,4,1,10.0000,0.0000,1,0,0,1,1.0000,1,10000.0000,1,1,NULL,1.0000,1,1,1,0,1,1.0000,1,0,0,0),(5,5,1,3.0000,0.0000,1,0,0,1,1.0000,1,10000.0000,1,1,NULL,1.0000,1,1,1,0,1,1.0000,1,0,0,0),(6,6,1,8.0000,0.0000,1,0,0,1,1.0000,1,10000.0000,1,1,NULL,1.0000,1,1,1,0,1,1.0000,1,0,0,0),(7,7,1,4.0000,0.0000,1,0,0,1,1.0000,1,10000.0000,1,1,NULL,1.0000,1,1,1,0,1,1.0000,1,0,0,0),(8,8,1,4.0000,0.0000,1,0,0,1,1.0000,1,10000.0000,1,1,NULL,1.0000,1,1,1,0,1,1.0000,1,0,0,0),(9,9,1,0.0000,0.0000,1,0,0,1,1.0000,1,10000.0000,1,0,'2019-09-22 22:54:09',1.0000,1,1,1,1,1,1.0000,1,0,0,0),(10,10,1,7.0000,0.0000,1,0,0,1,1.0000,1,10000.0000,1,1,NULL,1.0000,1,1,1,0,1,1.0000,1,0,0,0),(11,11,1,12.0000,0.0000,1,0,0,1,1.0000,1,10000.0000,1,1,NULL,1.0000,1,1,1,0,1,1.0000,1,0,0,0),(12,12,1,4.0000,0.0000,1,0,0,1,1.0000,1,10000.0000,1,1,NULL,1.0000,1,1,1,0,1,1.0000,1,0,0,0),(13,13,1,0.0000,0.0000,1,0,0,1,1.0000,1,10000.0000,1,0,'2019-10-24 21:14:26',1.0000,1,1,1,1,1,1.0000,1,0,0,0),(14,14,1,6.0000,0.0000,1,0,0,1,1.0000,1,10000.0000,1,1,NULL,1.0000,1,1,1,0,1,1.0000,1,0,0,0),(15,15,1,10.0000,0.0000,1,0,0,1,1.0000,1,10000.0000,1,1,NULL,1.0000,1,1,1,0,1,1.0000,1,0,0,0),(16,16,1,4.0000,0.0000,1,0,0,1,1.0000,1,10000.0000,1,1,NULL,1.0000,1,1,1,0,1,1.0000,1,0,0,0),(17,17,1,9.0000,0.0000,1,0,0,1,1.0000,1,10000.0000,1,1,NULL,1.0000,1,1,1,0,1,1.0000,1,0,0,0),(18,18,1,0.0000,0.0000,1,0,0,1,1.0000,1,10000.0000,1,0,'2019-09-08 08:21:12',1.0000,1,1,1,1,1,1.0000,1,0,0,0),(19,19,1,5.0000,0.0000,1,0,0,1,1.0000,1,10000.0000,1,1,NULL,1.0000,1,1,1,0,1,1.0000,1,0,0,0),(20,20,1,12.0000,0.0000,1,0,0,1,1.0000,1,10000.0000,1,1,NULL,1.0000,1,1,1,0,1,1.0000,1,0,0,0),(21,21,1,10.0000,0.0000,1,0,0,1,1.0000,1,10000.0000,1,1,NULL,1.0000,1,1,1,0,1,1.0000,1,0,0,0),(22,22,1,2.0000,0.0000,1,0,0,1,1.0000,1,10000.0000,1,1,NULL,1.0000,1,1,1,0,1,1.0000,1,0,0,0),(23,23,1,2.0000,0.0000,1,0,0,1,1.0000,1,10000.0000,1,1,NULL,1.0000,1,1,1,0,1,1.0000,1,0,0,0),(24,24,1,3.0000,0.0000,1,0,0,1,1.0000,1,10000.0000,1,1,NULL,1.0000,1,1,1,0,1,1.0000,1,0,0,0),(25,25,1,0.0000,0.0000,1,0,0,1,1.0000,1,10000.0000,1,0,'2019-09-08 08:26:16',1.0000,1,1,1,1,1,1.0000,1,0,0,0),(26,26,1,1.0000,0.0000,1,0,0,1,1.0000,1,10000.0000,1,1,NULL,1.0000,1,1,1,0,1,1.0000,1,0,0,0),(27,27,1,0.0000,0.0000,1,0,0,1,1.0000,1,10000.0000,1,0,'2019-09-08 08:25:27',1.0000,1,1,1,1,1,1.0000,1,0,0,0),(28,28,1,0.0000,0.0000,1,0,0,1,1.0000,1,6.0000,0,1,'2019-09-29 22:02:46',1.0000,1,0,0,0,1,1.0000,1,0,0,0),(29,29,1,12.0000,0.0000,1,0,0,1,1.0000,1,12.0000,0,1,NULL,1.0000,1,0,0,0,1,1.0000,1,0,0,0),(30,30,1,6.0000,0.0000,1,0,0,1,1.0000,1,6.0000,0,1,NULL,1.0000,1,0,0,0,1,1.0000,1,0,0,0),(31,31,1,6.0000,0.0000,1,0,0,1,1.0000,1,6.0000,0,1,NULL,1.0000,1,0,0,0,1,1.0000,1,0,0,0),(32,32,1,6.0000,0.0000,1,0,0,1,1.0000,1,4.0000,0,1,NULL,1.0000,1,0,0,0,1,1.0000,1,0,0,0),(33,33,1,0.0000,0.0000,1,0,0,1,1.0000,1,10000.0000,1,0,'2019-10-04 22:32:45',1.0000,1,1,1,1,1,1.0000,1,0,0,0),(34,34,1,0.0000,0.0000,1,0,0,1,1.0000,1,10000.0000,1,0,'2019-10-04 22:33:19',1.0000,1,1,1,1,1,1.0000,1,0,0,0),(35,35,1,0.0000,0.0000,1,0,0,1,1.0000,1,10000.0000,1,0,'2019-10-04 22:33:47',1.0000,1,1,1,1,1,1.0000,1,0,0,0),(36,36,1,0.0000,0.0000,1,0,0,1,1.0000,1,10000.0000,1,1,'2019-08-29 22:47:41',1.0000,1,0,0,0,1,1.0000,1,0,0,0),(37,37,1,6.0000,0.0000,1,0,0,1,1.0000,1,10000.0000,1,1,NULL,1.0000,1,0,0,0,1,1.0000,1,0,0,0),(38,38,1,12.0000,0.0000,1,0,0,1,1.0000,1,10000.0000,1,1,NULL,1.0000,1,0,0,0,1,1.0000,1,0,0,0),(39,39,1,1.0000,0.0000,1,0,0,1,1.0000,1,10000.0000,1,1,NULL,1.0000,1,1,1,0,1,1.0000,1,0,0,0),(40,40,1,1.0000,0.0000,1,0,0,1,1.0000,1,10000.0000,1,1,NULL,1.0000,1,1,1,0,1,1.0000,1,0,0,0),(41,41,1,1.0000,0.0000,1,0,0,1,1.0000,1,10000.0000,1,1,NULL,1.0000,1,1,1,0,1,1.0000,1,0,0,0),(42,42,1,10.0000,0.0000,1,0,0,1,1.0000,1,10000.0000,1,1,NULL,1.0000,1,1,1,0,1,1.0000,1,0,0,0),(43,43,1,10.0000,0.0000,1,0,0,1,1.0000,1,10000.0000,1,1,NULL,1.0000,1,1,1,0,1,1.0000,1,0,0,0),(44,44,1,10.0000,0.0000,1,0,0,1,1.0000,1,10000.0000,1,1,NULL,1.0000,1,1,1,0,1,1.0000,1,0,0,0),(45,45,1,10.0000,0.0000,1,0,0,1,1.0000,1,10000.0000,1,1,NULL,1.0000,1,1,1,0,1,1.0000,1,0,0,0),(46,46,1,20.0000,0.0000,1,0,0,1,1.0000,1,10000.0000,1,1,NULL,1.0000,1,1,1,0,1,1.0000,1,0,0,0),(47,47,1,2.0000,0.0000,1,0,0,1,1.0000,1,10000.0000,1,1,NULL,1.0000,1,1,1,0,1,1.0000,1,0,0,0),(48,48,1,2.0000,0.0000,1,0,0,1,1.0000,1,10000.0000,1,1,NULL,1.0000,1,1,1,0,1,1.0000,1,0,0,0),(49,49,1,100.0000,0.0000,1,0,0,1,1.0000,1,10000.0000,1,1,NULL,1.0000,1,1,1,0,1,1.0000,1,0,0,0),(50,50,1,10.0000,0.0000,1,0,0,1,1.0000,1,10000.0000,1,1,NULL,1.0000,1,1,1,0,1,1.0000,1,0,0,0),(51,51,1,100.0000,0.0000,1,0,0,1,1.0000,1,10000.0000,1,1,NULL,1.0000,1,1,1,0,1,1.0000,1,0,0,0),(52,52,1,100.0000,0.0000,1,0,0,1,1.0000,1,10000.0000,1,1,NULL,1.0000,1,1,1,0,1,1.0000,1,0,0,0),(53,53,1,975.0000,0.0000,1,0,0,1,1.0000,1,10000.0000,1,1,NULL,1.0000,1,1,1,0,1,1.0000,1,0,0,0),(54,54,1,100.0000,0.0000,1,0,0,1,1.0000,1,10000.0000,1,1,NULL,1.0000,1,0,0,0,1,1.0000,1,0,0,0),(55,55,1,100.0000,0.0000,1,0,0,1,1.0000,1,10000.0000,1,1,NULL,1.0000,1,0,0,0,1,1.0000,1,0,0,0),(56,56,1,2.0000,0.0000,1,0,0,1,1.0000,1,10000.0000,1,1,NULL,1.0000,1,1,1,0,1,1.0000,1,0,0,0),(57,57,1,2.0000,0.0000,1,0,0,1,1.0000,1,2.0000,0,1,NULL,1.0000,1,0,0,0,1,1.0000,1,0,0,0),(58,58,1,9.0000,0.0000,1,0,0,1,1.0000,1,10000.0000,1,1,NULL,1.0000,1,1,1,0,1,1.0000,1,0,0,0),(59,59,1,10.0000,0.0000,1,0,0,1,1.0000,1,2.0000,0,1,NULL,1.0000,1,0,0,0,1,1.0000,1,0,0,0),(60,60,1,2.0000,0.0000,1,0,0,1,1.0000,1,2.0000,0,1,NULL,1.0000,1,0,0,0,1,1.0000,1,0,0,0),(61,61,1,4.0000,0.0000,1,0,0,1,1.0000,1,4.0000,0,1,NULL,1.0000,1,0,0,0,1,1.0000,1,0,0,0),(62,62,1,2.0000,0.0000,1,0,0,1,1.0000,1,2.0000,0,1,NULL,1.0000,1,0,0,0,1,1.0000,1,0,0,0),(63,63,1,0.0000,0.0000,1,0,0,1,1.0000,1,10000.0000,1,0,'2019-09-06 13:23:59',1.0000,1,1,1,1,1,1.0000,1,0,0,0),(64,64,1,2.0000,0.0000,1,0,0,1,1.0000,1,2.0000,0,1,NULL,1.0000,1,0,0,0,1,1.0000,1,0,0,0),(65,65,1,2.0000,0.0000,1,0,0,1,1.0000,1,2.0000,0,0,NULL,1.0000,1,1,0,0,1,1.0000,1,0,0,0),(66,66,1,2.0000,0.0000,1,0,0,1,1.0000,1,2.0000,0,1,NULL,1.0000,1,0,0,0,1,1.0000,1,0,0,0),(67,67,1,97.0000,0.0000,1,0,0,1,1.0000,1,10000.0000,1,1,NULL,1.0000,1,1,1,0,1,1.0000,1,0,0,0),(68,68,1,997.0000,0.0000,1,0,0,1,1.0000,1,10000.0000,1,1,NULL,1.0000,1,1,1,0,1,1.0000,1,0,0,0),(69,69,1,10.0000,0.0000,1,0,0,1,1.0000,1,10000.0000,1,1,NULL,1.0000,1,1,1,0,1,1.0000,1,0,0,0),(70,70,1,1.0000,0.0000,1,0,0,1,1.0000,1,10000.0000,1,1,NULL,1.0000,1,1,1,0,1,1.0000,1,0,0,0),(71,71,1,12.0000,0.0000,1,0,0,1,1.0000,1,10000.0000,1,1,NULL,1.0000,1,1,1,0,1,1.0000,1,0,0,0),(72,72,1,12.0000,0.0000,1,0,0,1,1.0000,1,10000.0000,1,1,NULL,1.0000,1,1,1,0,1,1.0000,1,0,0,0),(73,73,1,5.0000,0.0000,1,0,0,1,1.0000,1,10000.0000,1,1,NULL,1.0000,1,1,1,0,1,1.0000,1,0,0,0),(74,74,1,5.0000,0.0000,1,0,0,1,1.0000,1,10000.0000,1,1,NULL,1.0000,1,1,1,0,1,1.0000,1,0,0,0),(75,75,1,5.0000,0.0000,1,0,0,1,1.0000,1,10000.0000,1,1,NULL,1.0000,1,1,1,0,1,1.0000,1,0,0,0),(76,76,1,5.0000,0.0000,1,0,0,1,1.0000,1,10000.0000,1,1,NULL,1.0000,1,1,1,0,1,1.0000,1,0,0,0),(77,77,1,3.0000,0.0000,1,0,0,1,1.0000,1,10000.0000,1,1,NULL,1.0000,1,1,1,0,1,1.0000,1,0,0,0),(78,78,1,3.0000,0.0000,1,0,0,1,1.0000,1,10000.0000,1,1,NULL,1.0000,1,1,1,0,1,1.0000,1,0,0,0),(79,79,1,10.0000,0.0000,1,0,0,1,1.0000,1,10000.0000,1,1,NULL,1.0000,1,1,1,0,1,1.0000,1,0,0,0),(80,80,1,2.0000,0.0000,1,0,0,1,1.0000,1,10000.0000,1,1,NULL,1.0000,1,1,1,0,1,1.0000,1,0,0,0),(81,81,1,2.0000,0.0000,1,0,0,1,1.0000,1,10000.0000,1,1,NULL,1.0000,1,1,1,0,1,1.0000,1,0,0,0),(83,83,1,0.0000,0.0000,1,0,0,1,1.0000,1,10000.0000,1,0,'2019-09-06 16:20:37',1.0000,1,1,1,1,1,1.0000,1,0,0,0),(84,84,1,4.0000,0.0000,1,0,0,1,1.0000,1,10000.0000,1,1,NULL,1.0000,1,1,1,0,1,1.0000,1,0,0,0),(85,85,1,4.0000,0.0000,1,0,0,1,1.0000,1,10000.0000,1,1,NULL,1.0000,1,1,1,0,1,1.0000,1,0,0,0),(86,86,1,0.0000,0.0000,1,0,0,1,1.0000,1,10000.0000,1,0,'2019-09-06 16:27:20',1.0000,1,1,1,1,1,1.0000,1,0,0,0),(87,87,1,2.0000,0.0000,1,0,0,1,1.0000,1,10000.0000,1,1,NULL,1.0000,1,1,1,0,1,1.0000,1,0,0,0),(88,88,1,12.0000,0.0000,1,0,0,1,1.0000,1,10000.0000,1,1,NULL,1.0000,1,1,1,0,1,1.0000,1,0,0,0),(89,89,1,15.0000,0.0000,1,0,0,1,1.0000,1,10000.0000,1,1,NULL,1.0000,1,1,1,0,1,1.0000,1,0,0,0),(90,90,1,9.0000,0.0000,1,0,0,1,1.0000,1,10000.0000,1,1,NULL,1.0000,1,1,1,0,1,1.0000,1,0,0,0),(91,91,1,6.0000,0.0000,1,0,0,1,1.0000,1,10000.0000,1,1,NULL,1.0000,1,1,1,0,1,1.0000,1,0,0,0),(92,92,1,2.0000,0.0000,1,0,0,1,1.0000,1,10000.0000,1,1,NULL,1.0000,1,0,0,0,1,1.0000,1,0,0,0),(93,93,1,2.0000,0.0000,1,0,0,1,1.0000,1,2.0000,0,1,NULL,1.0000,1,0,0,0,1,1.0000,1,0,0,0),(94,94,1,12.0000,0.0000,1,0,0,1,1.0000,1,10000.0000,1,1,NULL,1.0000,1,1,1,0,1,1.0000,1,0,0,0),(95,95,1,0.0000,0.0000,1,0,0,1,1.0000,1,10000.0000,1,0,'2019-09-12 22:17:37',1.0000,1,1,1,1,1,1.0000,1,0,0,0),(96,96,1,0.0000,0.0000,1,0,0,1,1.0000,1,10000.0000,1,0,'2019-09-12 22:32:52',1.0000,1,1,1,1,1,1.0000,1,0,0,0);
CREATE TABLE `mz0b_cataloginventory_stock_status` (
  `product_id` int(10) unsigned NOT NULL COMMENT 'Product Id',
  `website_id` smallint(5) unsigned NOT NULL COMMENT 'Website Id',
  `stock_id` smallint(5) unsigned NOT NULL COMMENT 'Stock Id',
  `qty` decimal(12,4) NOT NULL DEFAULT '0.0000' COMMENT 'Qty',
  `stock_status` smallint(5) unsigned NOT NULL COMMENT 'Stock Status',
  PRIMARY KEY (`product_id`,`website_id`,`stock_id`),
  KEY `MZ0B_CATALOGINVENTORY_STOCK_STATUS_STOCK_ID` (`stock_id`),
  KEY `MZ0B_CATALOGINVENTORY_STOCK_STATUS_WEBSITE_ID` (`website_id`),
  KEY `MZ0B_CATALOGINVENTORY_STOCK_STATUS_STOCK_STATUS` (`stock_status`)
) ENGINE=InnoDB DEFAULT CHARSET=utf8 COMMENT='Cataloginventory Stock Status';
INSERT INTO `mz0b_cataloginventory_stock_status` VALUES (1,0,1,16.0000,1),(2,0,1,14.0000,1),(3,0,1,0.0000,1),(4,0,1,10.0000,1),(5,0,1,3.0000,1),(6,0,1,8.0000,1),(7,0,1,4.0000,1),(8,0,1,4.0000,1),(9,0,1,0.0000,0),(10,0,1,7.0000,1),(11,0,1,12.0000,1),(12,0,1,4.0000,1),(13,0,1,0.0000,0),(14,0,1,6.0000,1),(15,0,1,10.0000,1),(16,0,1,4.0000,1),(17,0,1,9.0000,1),(18,0,1,0.0000,0),(19,0,1,5.0000,1),(20,0,1,12.0000,1),(21,0,1,10.0000,1),(22,0,1,2.0000,1),(23,0,1,2.0000,1),(24,0,1,3.0000,1),(25,0,1,0.0000,0),(26,0,1,1.0000,1),(27,0,1,0.0000,0),(28,0,1,0.0000,1),(29,0,1,12.0000,1),(30,0,1,6.0000,1),(31,0,1,6.0000,1),(32,0,1,6.0000,1),(33,0,1,0.0000,0),(34,0,1,0.0000,0),(35,0,1,0.0000,0),(36,0,1,0.0000,1),(37,0,1,6.0000,1),(38,0,1,12.0000,1),(39,0,1,1.0000,1),(40,0,1,1.0000,1),(41,0,1,1.0000,1),(42,0,1,10.0000,1),(43,0,1,10.0000,1),(44,0,1,10.0000,1),(45,0,1,10.0000,1),(46,0,1,20.0000,1),(47,0,1,2.0000,1),(48,0,1,2.0000,1),(49,0,1,100.0000,1),(50,0,1,10.0000,1),(51,0,1,100.0000,1),(52,0,1,100.0000,1),(53,0,1,975.0000,1),(54,0,1,100.0000,1),(55,0,1,100.0000,1),(56,0,1,2.0000,1),(57,0,1,2.0000,1),(58,0,1,9.0000,1),(59,0,1,10.0000,1),(60,0,1,2.0000,1),(61,0,1,4.0000,1),(62,0,1,2.0000,1),(63,0,1,0.0000,0),(64,0,1,2.0000,1),(65,0,1,2.0000,0),(66,0,1,2.0000,1),(67,0,1,97.0000,1),(68,0,1,997.0000,1),(69,0,1,10.0000,1),(70,0,1,1.0000,1),(71,0,1,12.0000,1),(72,0,1,12.0000,1),(73,0,1,5.0000,1),(74,0,1,5.0000,1),(75,0,1,5.0000,1),(76,0,1,5.0000,1),(77,0,1,3.0000,1),(78,0,1,3.0000,1),(79,0,1,10.0000,1),(80,0,1,2.0000,1),(81,0,1,2.0000,1),(83,0,1,0.0000,0),(84,0,1,4.0000,1),(85,0,1,4.0000,1),(86,0,1,0.0000,0),(87,0,1,2.0000,1),(88,0,1,12.0000,1),(89,0,1,15.0000,1),(90,0,1,9.0000,1),(91,0,1,6.0000,1),(92,0,1,2.0000,1),(93,0,1,2.0000,1),(94,0,1,12.0000,1),(95,0,1,0.0000,0),(96,0,1,0.0000,0);
CREATE TABLE `mz0b_cataloginventory_stock_status_idx` (
  `product_id` int(10) unsigned NOT NULL COMMENT 'Product Id',
  `website_id` smallint(5) unsigned NOT NULL COMMENT 'Website Id',
  `stock_id` smallint(5) unsigned NOT NULL COMMENT 'Stock Id',
  `qty` decimal(12,4) NOT NULL DEFAULT '0.0000' COMMENT 'Qty',
  `stock_status` smallint(5) unsigned NOT NULL COMMENT 'Stock Status',
  PRIMARY KEY (`product_id`,`website_id`,`stock_id`),
  KEY `MZ0B_CATALOGINVENTORY_STOCK_STATUS_IDX_STOCK_ID` (`stock_id`),
  KEY `MZ0B_CATALOGINVENTORY_STOCK_STATUS_IDX_WEBSITE_ID` (`website_id`)
) ENGINE=InnoDB DEFAULT CHARSET=utf8 COMMENT='Cataloginventory Stock Status Indexer Idx';
CREATE TABLE `mz0b_cataloginventory_stock_status_replica` (
  `product_id` int(10) unsigned NOT NULL COMMENT 'Product Id',
  `website_id` smallint(5) unsigned NOT NULL COMMENT 'Website Id',
  `stock_id` smallint(5) unsigned NOT NULL COMMENT 'Stock Id',
  `qty` decimal(12,4) NOT NULL DEFAULT '0.0000' COMMENT 'Qty',
  `stock_status` smallint(5) unsigned NOT NULL COMMENT 'Stock Status',
  PRIMARY KEY (`product_id`,`website_id`,`stock_id`),
  KEY `MZ0B_CATALOGINVENTORY_STOCK_STATUS_STOCK_ID` (`stock_id`),
  KEY `MZ0B_CATALOGINVENTORY_STOCK_STATUS_WEBSITE_ID` (`website_id`),
  KEY `MZ0B_CATALOGINVENTORY_STOCK_STATUS_STOCK_STATUS` (`stock_status`)
) ENGINE=InnoDB DEFAULT CHARSET=utf8 COMMENT='Cataloginventory Stock Status';
INSERT INTO `mz0b_cataloginventory_stock_status_replica` VALUES (1,0,1,16.0000,1),(2,0,1,14.0000,1),(3,0,1,0.0000,1),(4,0,1,10.0000,1),(5,0,1,3.0000,1),(6,0,1,8.0000,1),(7,0,1,4.0000,1),(8,0,1,4.0000,1),(9,0,1,0.0000,0),(10,0,1,7.0000,1),(11,0,1,12.0000,1),(12,0,1,4.0000,1),(13,0,1,0.0000,0),(14,0,1,6.0000,1),(15,0,1,10.0000,1),(16,0,1,4.0000,1),(17,0,1,9.0000,1),(18,0,1,0.0000,0),(19,0,1,5.0000,1),(20,0,1,12.0000,1),(21,0,1,10.0000,1),(22,0,1,2.0000,1),(23,0,1,2.0000,1),(24,0,1,3.0000,1),(25,0,1,0.0000,0),(26,0,1,1.0000,1),(27,0,1,0.0000,0),(28,0,1,0.0000,1),(29,0,1,12.0000,1),(30,0,1,6.0000,1),(31,0,1,6.0000,1),(32,0,1,6.0000,1),(33,0,1,0.0000,0),(34,0,1,0.0000,0),(35,0,1,0.0000,0),(36,0,1,0.0000,1),(37,0,1,6.0000,1),(38,0,1,12.0000,1),(39,0,1,1.0000,1),(40,0,1,1.0000,1),(41,0,1,1.0000,1),(42,0,1,10.0000,1),(43,0,1,10.0000,1),(44,0,1,10.0000,1),(45,0,1,10.0000,1),(46,0,1,20.0000,1),(47,0,1,2.0000,1),(48,0,1,2.0000,1),(49,0,1,100.0000,1),(50,0,1,10.0000,1),(51,0,1,100.0000,1),(52,0,1,100.0000,1),(53,0,1,975.0000,1),(54,0,1,100.0000,1),(55,0,1,100.0000,1),(56,0,1,2.0000,1),(57,0,1,2.0000,1),(58,0,1,9.0000,1),(59,0,1,10.0000,1),(60,0,1,2.0000,1),(61,0,1,4.0000,1),(62,0,1,2.0000,1),(63,0,1,0.0000,0),(64,0,1,2.0000,1),(65,0,1,2.0000,0),(66,0,1,2.0000,1),(67,0,1,97.0000,1),(68,0,1,997.0000,1),(69,0,1,10.0000,1),(70,0,1,1.0000,1),(71,0,1,12.0000,1),(72,0,1,12.0000,1),(73,0,1,5.0000,1),(74,0,1,5.0000,1),(75,0,1,5.0000,1),(76,0,1,5.0000,1),(77,0,1,3.0000,1),(78,0,1,3.0000,1),(79,0,1,10.0000,1),(80,0,1,2.0000,1),(81,0,1,2.0000,1),(83,0,1,0.0000,0),(84,0,1,4.0000,1),(85,0,1,4.0000,1),(86,0,1,0.0000,0),(87,0,1,2.0000,1),(88,0,1,12.0000,1),(89,0,1,15.0000,1),(90,0,1,9.0000,1),(91,0,1,6.0000,1),(92,0,1,2.0000,1),(93,0,1,2.0000,1),(94,0,1,12.0000,1),(95,0,1,0.0000,0),(96,0,1,0.0000,0);
CREATE TABLE `mz0b_cataloginventory_stock_status_tmp` (
  `product_id` int(10) unsigned NOT NULL COMMENT 'Product Id',
  `website_id` smallint(5) unsigned NOT NULL COMMENT 'Website Id',
  `stock_id` smallint(5) unsigned NOT NULL COMMENT 'Stock Id',
  `qty` decimal(12,4) NOT NULL DEFAULT '0.0000' COMMENT 'Qty',
  `stock_status` smallint(5) unsigned NOT NULL COMMENT 'Stock Status',
  PRIMARY KEY (`product_id`,`website_id`,`stock_id`),
  KEY `MZ0B_CATALOGINVENTORY_STOCK_STATUS_TMP_STOCK_ID` (`stock_id`),
  KEY `MZ0B_CATALOGINVENTORY_STOCK_STATUS_TMP_WEBSITE_ID` (`website_id`)
) ENGINE=InnoDB DEFAULT CHARSET=utf8 COMMENT='Cataloginventory Stock Status Indexer Tmp';
CREATE TABLE `mz0b_catalogrule` (
  `rule_id` int(10) unsigned NOT NULL AUTO_INCREMENT COMMENT 'Entity ID',
  `name` varchar(255) DEFAULT NULL COMMENT 'Name',
  `description` text COMMENT 'Description',
  `from_date` date DEFAULT NULL COMMENT 'From',
  `to_date` date DEFAULT NULL COMMENT 'To',
  `is_active` smallint(6) NOT NULL DEFAULT '0' COMMENT 'Is Active',
  `conditions_serialized` mediumtext COMMENT 'Conditions Serialized',
  `actions_serialized` mediumtext COMMENT 'Actions Serialized',
  `stop_rules_processing` smallint(6) NOT NULL DEFAULT '1' COMMENT 'Stop Rules Processing',
  `sort_order` int(10) unsigned NOT NULL DEFAULT '0' COMMENT 'Sort Order',
  `simple_action` varchar(32) DEFAULT NULL COMMENT 'Simple Action',
  `discount_amount` decimal(20,6) NOT NULL DEFAULT '0.000000' COMMENT 'Discount Amount',
  PRIMARY KEY (`rule_id`),
  KEY `MZ0B_CATALOGRULE_IS_ACTIVE_SORT_ORDER_TO_DATE_FROM_DATE` (`is_active`,`sort_order`,`to_date`,`from_date`)
) ENGINE=InnoDB DEFAULT CHARSET=utf8 COMMENT='CatalogRule';
CREATE TABLE `mz0b_catalogrule_customer_group` (
  `rule_id` int(10) unsigned NOT NULL COMMENT 'Rule ID',
  `customer_group_id` int(10) unsigned NOT NULL COMMENT 'Customer Group Id',
  PRIMARY KEY (`rule_id`,`customer_group_id`),
  KEY `MZ0B_CATALOGRULE_CUSTOMER_GROUP_CUSTOMER_GROUP_ID` (`customer_group_id`)
) ENGINE=InnoDB DEFAULT CHARSET=utf8 COMMENT='Catalog Rules To Customer Groups Relations';
CREATE TABLE `mz0b_catalogrule_group_website` (
  `rule_id` int(10) unsigned NOT NULL DEFAULT '0' COMMENT 'Rule ID',
  `customer_group_id` int(10) unsigned NOT NULL DEFAULT '0' COMMENT 'Customer Group Id',
  `website_id` smallint(5) unsigned NOT NULL DEFAULT '0' COMMENT 'Website Id',
  PRIMARY KEY (`rule_id`,`customer_group_id`,`website_id`),
  KEY `MZ0B_CATALOGRULE_GROUP_WEBSITE_CUSTOMER_GROUP_ID` (`customer_group_id`),
  KEY `MZ0B_CATALOGRULE_GROUP_WEBSITE_WEBSITE_ID` (`website_id`)
) ENGINE=InnoDB DEFAULT CHARSET=utf8 COMMENT='CatalogRule Group Website';
CREATE TABLE `mz0b_catalogrule_group_website_replica` (
  `rule_id` int(10) unsigned NOT NULL DEFAULT '0' COMMENT 'Rule ID',
  `customer_group_id` int(10) unsigned NOT NULL DEFAULT '0' COMMENT 'Customer Group Id',
  `website_id` smallint(5) unsigned NOT NULL DEFAULT '0' COMMENT 'Website Id',
  PRIMARY KEY (`rule_id`,`customer_group_id`,`website_id`),
  KEY `MZ0B_CATALOGRULE_GROUP_WEBSITE_CUSTOMER_GROUP_ID` (`customer_group_id`),
  KEY `MZ0B_CATALOGRULE_GROUP_WEBSITE_WEBSITE_ID` (`website_id`)
) ENGINE=InnoDB DEFAULT CHARSET=utf8 COMMENT='CatalogRule Group Website';
CREATE TABLE `mz0b_catalogrule_product` (
  `rule_product_id` int(10) unsigned NOT NULL AUTO_INCREMENT COMMENT 'Rule Product Id',
  `rule_id` int(10) unsigned NOT NULL DEFAULT '0' COMMENT 'Rule ID',
  `from_time` int(10) unsigned NOT NULL DEFAULT '0' COMMENT 'From Time',
  `to_time` int(10) unsigned NOT NULL DEFAULT '0' COMMENT 'To time',
  `customer_group_id` int(11) DEFAULT NULL,
  `product_id` int(10) unsigned NOT NULL DEFAULT '0' COMMENT 'Product Id',
  `action_operator` varchar(10) DEFAULT 'to_fixed' COMMENT 'Action Operator',
  `action_amount` decimal(20,6) NOT NULL DEFAULT '0.000000' COMMENT 'Action Amount',
  `action_stop` smallint(6) NOT NULL DEFAULT '0' COMMENT 'Action Stop',
  `sort_order` int(10) unsigned NOT NULL DEFAULT '0' COMMENT 'Sort Order',
  `website_id` smallint(5) unsigned NOT NULL COMMENT 'Website Id',
  PRIMARY KEY (`rule_product_id`),
  UNIQUE KEY `UNQ_CEB7D61968EA5DAA1ACB93C351F0A668` (`rule_id`,`from_time`,`to_time`,`website_id`,`customer_group_id`,`product_id`,`sort_order`),
  KEY `MZ0B_CATALOGRULE_PRODUCT_CUSTOMER_GROUP_ID` (`customer_group_id`),
  KEY `MZ0B_CATALOGRULE_PRODUCT_WEBSITE_ID` (`website_id`),
  KEY `MZ0B_CATALOGRULE_PRODUCT_FROM_TIME` (`from_time`),
  KEY `MZ0B_CATALOGRULE_PRODUCT_TO_TIME` (`to_time`),
  KEY `MZ0B_CATALOGRULE_PRODUCT_PRODUCT_ID` (`product_id`)
) ENGINE=InnoDB DEFAULT CHARSET=utf8 COMMENT='CatalogRule Product';
CREATE TABLE `mz0b_catalogrule_product_price` (
  `rule_product_price_id` int(10) unsigned NOT NULL AUTO_INCREMENT COMMENT 'Rule Product PriceId',
  `rule_date` date NOT NULL COMMENT 'Rule Date',
  `customer_group_id` int(11) DEFAULT NULL,
  `product_id` int(10) unsigned NOT NULL DEFAULT '0' COMMENT 'Product Id',
  `rule_price` decimal(20,6) NOT NULL DEFAULT '0.000000' COMMENT 'Rule Price',
  `website_id` smallint(5) unsigned NOT NULL COMMENT 'Website Id',
  `latest_start_date` date DEFAULT NULL COMMENT 'Latest StartDate',
  `earliest_end_date` date DEFAULT NULL COMMENT 'Earliest EndDate',
  PRIMARY KEY (`rule_product_price_id`),
  UNIQUE KEY `MZ0B_CATRULE_PRD_PRICE_RULE_DATE_WS_ID_CSTR_GROUP_ID_PRD_ID` (`rule_date`,`website_id`,`customer_group_id`,`product_id`),
  KEY `MZ0B_CATALOGRULE_PRODUCT_PRICE_CUSTOMER_GROUP_ID` (`customer_group_id`),
  KEY `MZ0B_CATALOGRULE_PRODUCT_PRICE_WEBSITE_ID` (`website_id`),
  KEY `MZ0B_CATALOGRULE_PRODUCT_PRICE_PRODUCT_ID` (`product_id`)
) ENGINE=InnoDB DEFAULT CHARSET=utf8 COMMENT='CatalogRule Product Price';
CREATE TABLE `mz0b_catalogrule_product_price_replica` (
  `rule_product_price_id` int(10) unsigned NOT NULL AUTO_INCREMENT COMMENT 'Rule Product PriceId',
  `rule_date` date NOT NULL COMMENT 'Rule Date',
  `customer_group_id` int(11) DEFAULT NULL,
  `product_id` int(10) unsigned NOT NULL DEFAULT '0' COMMENT 'Product Id',
  `rule_price` decimal(20,6) NOT NULL DEFAULT '0.000000' COMMENT 'Rule Price',
  `website_id` smallint(5) unsigned NOT NULL COMMENT 'Website Id',
  `latest_start_date` date DEFAULT NULL COMMENT 'Latest StartDate',
  `earliest_end_date` date DEFAULT NULL COMMENT 'Earliest EndDate',
  PRIMARY KEY (`rule_product_price_id`),
  UNIQUE KEY `MZ0B_CATRULE_PRD_PRICE_RULE_DATE_WS_ID_CSTR_GROUP_ID_PRD_ID` (`rule_date`,`website_id`,`customer_group_id`,`product_id`),
  KEY `MZ0B_CATALOGRULE_PRODUCT_PRICE_CUSTOMER_GROUP_ID` (`customer_group_id`),
  KEY `MZ0B_CATALOGRULE_PRODUCT_PRICE_WEBSITE_ID` (`website_id`),
  KEY `MZ0B_CATALOGRULE_PRODUCT_PRICE_PRODUCT_ID` (`product_id`)
) ENGINE=InnoDB DEFAULT CHARSET=utf8 COMMENT='CatalogRule Product Price';
CREATE TABLE `mz0b_catalogrule_product_replica` (
  `rule_product_id` int(10) unsigned NOT NULL AUTO_INCREMENT COMMENT 'Rule Product Id',
  `rule_id` int(10) unsigned NOT NULL DEFAULT '0' COMMENT 'Rule ID',
  `from_time` int(10) unsigned NOT NULL DEFAULT '0' COMMENT 'From Time',
  `to_time` int(10) unsigned NOT NULL DEFAULT '0' COMMENT 'To time',
  `customer_group_id` int(11) DEFAULT NULL,
  `product_id` int(10) unsigned NOT NULL DEFAULT '0' COMMENT 'Product Id',
  `action_operator` varchar(10) DEFAULT 'to_fixed' COMMENT 'Action Operator',
  `action_amount` decimal(20,6) NOT NULL DEFAULT '0.000000' COMMENT 'Action Amount',
  `action_stop` smallint(6) NOT NULL DEFAULT '0' COMMENT 'Action Stop',
  `sort_order` int(10) unsigned NOT NULL DEFAULT '0' COMMENT 'Sort Order',
  `website_id` smallint(5) unsigned NOT NULL COMMENT 'Website Id',
  PRIMARY KEY (`rule_product_id`),
  UNIQUE KEY `UNQ_CEB7D61968EA5DAA1ACB93C351F0A668` (`rule_id`,`from_time`,`to_time`,`website_id`,`customer_group_id`,`product_id`,`sort_order`),
  KEY `MZ0B_CATALOGRULE_PRODUCT_CUSTOMER_GROUP_ID` (`customer_group_id`),
  KEY `MZ0B_CATALOGRULE_PRODUCT_WEBSITE_ID` (`website_id`),
  KEY `MZ0B_CATALOGRULE_PRODUCT_FROM_TIME` (`from_time`),
  KEY `MZ0B_CATALOGRULE_PRODUCT_TO_TIME` (`to_time`),
  KEY `MZ0B_CATALOGRULE_PRODUCT_PRODUCT_ID` (`product_id`)
) ENGINE=InnoDB DEFAULT CHARSET=utf8 COMMENT='CatalogRule Product';
CREATE TABLE `mz0b_catalogrule_website` (
  `rule_id` int(10) unsigned NOT NULL COMMENT 'Rule ID',
  `website_id` smallint(5) unsigned NOT NULL COMMENT 'Website Id',
  PRIMARY KEY (`rule_id`,`website_id`),
  KEY `MZ0B_CATALOGRULE_WEBSITE_WEBSITE_ID` (`website_id`)
) ENGINE=InnoDB DEFAULT CHARSET=utf8 COMMENT='Catalog Rules To Websites Relations';
CREATE TABLE `mz0b_catalogsearch_fulltext_scope1` (
  `entity_id` int(10) unsigned NOT NULL COMMENT 'Entity ID',
  `attribute_id` int(10) unsigned NOT NULL COMMENT 'Attribute_id',
  `data_index` longtext COMMENT 'Data index',
  PRIMARY KEY (`entity_id`,`attribute_id`),
  FULLTEXT KEY `FTI_FULLTEXT_DATA_INDEX` (`data_index`)
) ENGINE=InnoDB DEFAULT CHARSET=utf8 COMMENT='mz0b_catalogsearch_fulltext_scope1';
INSERT INTO `mz0b_catalogsearch_fulltext_scope1` VALUES (1,73,'D. Azureus'),(1,74,'D. Azureus'),(1,75,'The dendrobates tinctorius azureus morph is found in the forests surrounded by the Sipaliwini savannah in southern Suriname and Brazil. It is a mainland animal, but stays close to water sources. Besides being large (4-5 cm) and visually appealing, D. azureus is both a hardy frog and easy to breed. They are highly recommended for beginner hobbyists, especially given that they are extremely bold. They are somewhat aggressive frogs, and are best kept in pairs. Parents are from 2 of 3 independent lines.'),(1,76,'Dendrobates tinctorius azureus. Froglets available are 3-5 months otw. Parents are from 2 of 3 independent lines.'),(1,97,'Enabled'),(1,134,'None'),(2,73,'D. Auratus - Green/Black'),(2,74,'D. Auratus - Green/Black'),(2,75,'Dendrobates auratus can be found in Central and South America, from Nicaragua and Costa Rica to southeastern Brazil and Bolivia. They were also introduced in Hawaii by humans, and have flourished there. These are the Panamanian morph. D. Auratus are 3-4 cm, very hearty, mature quickly and are easy to breed. They are a common frog for beginners due to availability and cost. However, it should be noted that these are shy frogs, and we recommend starting out with more bold varieties (such as azureus, tinctorius, leucomelas) which make better display specimens and will be more satisfying for the beginning hobbyist.'),(2,76,'Froglets available are 2+ months otw. Parents are from 2 independent lines.'),(2,97,'Enabled'),(2,134,'None'),(3,73,'Gift Card'),(3,74,'Gift Card'),(3,75,'You will receive a printable (pdf) card by email once your order processes. Card valid for online purchases or for in-person payment. No expiration.'),(3,76,'Printable gift card sent by email'),(3,97,'Enabled'),(3,134,'Printed Gift Card'),(4,73,'A. Galactonotus - Lemon Morph'),(4,74,'A. Galactonotus - Lemon Morph'),(4,75,'The splashed back dart frog is a good-sized dart frog (~4-5 cm) from the Brazilian tropical lowland forests south of the Amazon river. They are bold and do well in groups. Breeding can be sporadic for this frog with seasonal lapses. Our parents have solid lemon yellow on their backs, and solid black on their legs and bellies. All-in-all a vibrant addition to any frog collection!'),(4,76,' A. Galactonotus - lemon morph. Froglets are 2+ months ootw.'),(4,97,'Enabled'),(4,134,'None'),(5,73,'A. Galactonotus - Orange Morph'),(5,74,'A. Galactonotus - Orange Morph'),(5,75,'The splashed back dart frog is a good-sized dart frog (~4-5 cm) from the Brazilian tropical lowland forests south of the Amazon river. They are bold and do well in groups. Despite anecdotal reports of this being a shy morph, our line is very bold and active. They have bright orange on their backs and occasionally on the back legs. Otherwise legs and bellies are solid deep black. Breeding can be sporadic for this frog with seasonal lapses. All-in-all a vibrant addition to any frog collection!'),(5,76,' A. Galactonotus - orange morph. Froglets are 2+ months ootw.'),(5,97,'Enabled'),(5,134,'None'),(6,73,'A. Galactonotus - Red Morph'),(6,74,'A. Galactonotus - Red Morph'),(6,75,'The splashed back dart frog is a good-sized dart frog (~4-5 cm) from the Brazilian tropical lowland forests south of the Amazon river. They are bold and do well in groups. Despite anecdotal reports of this being a shy morph, our line is very bold and active. They have bright to deep red on their backs and occasionally on the back legs. Otherwise legs and bellies are solid deep black. Red coloration in galacts tends to darken with age. Supplementing with Repashy SuperPig helps maintain brighter red colors. Breeding can be sporadic for this frog with seasonal lapses. All-in-all a vibrant addition to any frog collection!'),(6,76,' A. Galactonotus - red morph. Froglets are 2+ months ootw.'),(6,97,'Enabled'),(6,134,'None'),(7,73,'Ameerega Bassleri - Chrome'),(7,74,'Ameerega Bassleri - Chrome'),(7,75,'Ameerega Bassleri are found mostly in rocky stream beds in Peru. The chrome morph is especially rare in the wild due to deforestation. Male calls sound similar to spring peepers. This species is capable of long jumps and as well as medium sized food items like bean beetles and small crickets. Bassleri lay large sporadic clutches of 20-30 eggs. Our frogs are offspring of Understory Enterprises imports.'),(7,76,' Froglets are 2+ months ootw. Understory Line '),(7,97,'Enabled'),(7,134,'None'),(8,73,'D. Auratus - Blue/Black'),(8,74,'D. Auratus - Blue/Black'),(8,75,'This stunning and less common variety of auratus is very similar to the Panamanian green/black except they are blue. Also from Panama, we find our line slightly more bold than their green/black cousins. Offspring coloring ranges from turquoise to bright blue.'),(8,76,' Froglets are 2+ months ootw. '),(8,97,'Enabled'),(8,134,'None'),(9,73,'D. Tinctorius - Matecho Morph'),(9,74,'D. Tinctorius - Matecho Morph'),(9,75,'Also known as the dyeing dart frog, d. tinctorius are large (4-6 cm), bold, hardy, and easy to breed. They spend most of the time close to the forest floor, in the front of the aquarium. Tinctorius come in many color varieties. Metecho\'s are one of the largest morphs of tinctorius and one of our favorites sporting their clean lined yellow/black \'tuxedos\'. Combined with their size, boldness and hardiness, cobalts make an excellent species for both the beginning and experienced hobbyist alike.'),(9,76,' Froglets are 2+ months ootw. '),(9,97,'Enabled'),(9,134,'None'),(10,73,'D. Auratus - Reticulated'),(10,74,'D. Auratus - Reticulated'),(10,75,'Froglets available are 2+ months otw.'),(10,76,'This is our favorite auratus morph because they are very bold for this species. Our parents always stay visible. They are from Panamanian island of Taboga. We find them more arboreal than other auratus we’ve worked with, and they like to rest in the foliage. This morph is a goldish-green on bronze-black, and the patterning is finer (reticulated) compared to the standard morphs. They are also quite a bit smaller than the typical auratus morphs.'),(10,97,'Enabled'),(10,134,'None'),(11,73,'D. Azureus Tadpole'),(11,74,'D. Azureus-Tadpole'),(11,75,'Dendrobates azureus is found in the forests surrounded by the Sipaliwini savannah in southern Suriname and Brazil. It is a mainland animal, but stays close to water sources. Besides being large (4-5 cm) and visually appealing, D. azureus is both a hardy frog and easy to breed. They are highly recommended for beginner hobbyists, especially given that they are extremely bold. They are somewhat aggressive frogs, and are best kept in pairs. Parents are from 2 of 3 independent lines.'),(11,76,'Parents are from 2 of 3 independent lines.'),(11,97,'Enabled'),(11,134,'None'),(12,73,'D. Leucomelas - Standard'),(12,74,'D. Leucomelas'),(12,75,'Dendrobates leucomelas are found in the neotropical region in northern South America. Their range includes Venezuela, northern Brazil, Guyana and southeastern Colombia. They are 3-4 cm. They are not shy, and spend time both on the ground and climbing in the foliage. They are hearty, mature very quickly and are easy to breed; a great beginner frog. Males call with a distinctive and pleasant trill. Parents are from 3 independent lines.'),(12,76,'Parents are from 2 of 3 independent lines. Froglets available are 2+ months ootw'),(12,97,'Enabled'),(12,134,'None'),(13,73,'D. Leucomelas - Banded'),(13,74,'D. Leucomelas - Banded'),(13,75,'Dendrobates leucomelas are found in the neotropical region in northern South America. Their range includes Venezuela, northern Brazil, Guyana and southeastern Colombia. They are 3-4 cm. They are not shy, and spend time both on the ground and climbing in the foliage. They are hearty, mature very quickly and are easy to breed; a great beginner frog. Males call with a distinctive and pleasant trill.'),(13,76,'This variety had solid bands or yellow across the back. Froglets available are 2+ months ootw'),(13,97,'Enabled'),(13,134,'None'),(14,73,'D. Tinctorius - Patricia Morph'),(14,74,'D. Tinctorius - Patricia Morph'),(14,75,'Also known as the dyeing dart frog, d. tinctorius are large (4-6 cm), bold, hardy, and easy to breed. They spend most of the time close to the forest floor, in the front of the aquarium. Tinctorius come in many color varieties. The Patricia morph sports lovely pastel yellow and blue on deep black. Combined with their size, boldness and hardiness, they make an excellent species for both the beginning and experienced hobbyist alike.'),(14,76,' Froglets are 2+ months ootw. '),(14,97,'Enabled'),(14,134,'None'),(15,73,'D. Tinctorius - Robertus Morph'),(15,74,'D. Tinctorius - Robertus Morph'),(15,75,'Also known as the dyeing dart frog, d. tinctorius are large (4-6 cm), bold, hardy, and easy to breed. They spend most of the time close to the forest floor, in the front of the aquarium. Tinctorius come in many color varieties. Combined with their size, boldness and hardiness, they make an excellent species for both the beginning and experienced hobbyist alike.'),(15,76,' Froglets are 2+ months ootw. '),(15,97,'Enabled'),(15,134,'None'),(16,73,'D. Tinctorius - Suiname Cobalt Morph'),(16,74,'D. Tinctorius - Suiname Cobalt Morph'),(16,75,'Also known as the dyeing dart frog, d. tinctorius are large (4-6 cm), bold, hardy, and easy to breed. They spend most of the time close to the forest floor, in the front of the aquarium. Tinctorius come in many color varieties. The Suriname cobalt (from Suriname) is popular in the hobby due to its striking coloration. Combined with their size, boldness and hardiness, cobalts make an excellent species for both the beginning and experienced hobbyist alike.'),(16,76,' Froglets are 2+ months ootw. '),(16,97,'Enabled'),(16,134,'None'),(17,73,'E. Anthonyi - Santa Isabel'),(17,74,'E. Anthonyi - Santa Isabel'),(17,75,'Epipedobates Anthonyi is a medium-sized dart frog (~2.5cm) from Ecuador. The Santa Isabel morph is cherry red with lime green stripes. They are quite bold and males frequently make pleasant and easily audible trills. They do well in groups and are prolific breeders with large clutch sizes. However, raising healthy, colorful froglets is relatively difficult, and we thus classify husbandry of these frogs as intermediate difficulty. The parents are from two independent high red lines, females are 2009 European imports.'),(17,76,' Froglets are 2+ months ootw. '),(17,97,'Enabled'),(17,134,'None'),(18,73,'O. Pumilio - Cayo De Agua'),(18,74,'O. Pumilio - Cayo De Agua'),(18,75,'Oophaga pumilio \"Cayo De Agua\" are a medium sized and relatively bold pumilio. These frogs have striking bright solid yellow bellies and olive green backs.'),(18,76,' Froglets are 2+ months ootw. '),(18,97,'Enabled'),(18,134,'None'),(19,73,'O. Pumilio - Red Frog Beach Bastimentos'),(19,74,'O. Pumilio - Red Frog Beach Bastimentos'),(19,75,'Oophaga Pumilio Bastimentos \"Red Frog Beach\" are the redest of the bastis. Some solid, some with black spots, and white bellies. Our favorite pumilio by far!'),(19,76,' Froglets are 2+ months ootw. '),(19,97,'Enabled'),(19,134,'None'),(20,73,'P. Vittatus'),(20,74,'P. Vittatus'),(20,75,'Phylobates Vittatus is from western Costa Rica. It is a bold, hearty species and makes a good beginner frog. Males frequently make pleasant and easily audible trills. P. Vittatus will except a variety of food items, including bean beetles and small crickets despite their moderate (~3 cm) size. They are prolific breeders with large clutch sizes.'),(20,76,' Froglets are 2+ months ootw. From 1 of 2 independent pairs.'),(20,97,'Enabled'),(20,134,'None'),(21,73,'R. Amazonica \"Arena Blanca\"'),(21,74,'R. Amazonica \"Arena Blanca\"'),(21,75,'Ranitomeya Amazonica \"Arena Blanca\" morph. U.E. line.'),(21,76,' Froglets are 2+ months ootw.'),(21,97,'Enabled'),(21,134,'None'),(22,73,'R. Benedicta'),(22,74,'R. Benedicta'),(22,75,'Ranitomeya Benedicta This striking frog was just discovered in 2005 and described as a new species in 2008. They are found throughout the Pampas del Sacramento and predominantly arboreal species although eggs are laid in the leaf litter. 4-5 can be housed comfortably per 10 gallons.'),(22,76,' Froglets are 2+ months ootw.'),(22,97,'Enabled'),(22,134,'None'),(23,73,'R. Imitator - Banded'),(23,74,'R. Imitator - Banded'),(23,75,'Banded Ranitomeya Imitator. This morph occurs in the middle of Huallaga Peru and tends to inhabit areas that are somewhat drier than many imitator habitats. It is a mimic of Ranitomeya summersi. We find our bandeds especially active and bold compared with other Ranits. They do well in pairs or small groups. Banding pattern varies from stripes to more random lines.'),(23,76,' Froglets are 2+ months ootw. Phil Tan line.'),(23,97,'Enabled'),(23,134,'None'),(24,73,'R. Imitator - Varadero'),(24,74,'R. Imitator - Varadero'),(24,75,'Ranitomeya imitator -Varadero This is our favorite Peruvian imitator morph - the electric orange and blue is absolutely stunning! These are great introductory thumbnails as they are hardy, bold, breed readily and are relatively easy to raise. They are very visible despite their size - always out front stuck to the glass. They are not obligate egg layers, but moms will self feed tadpoles unfertilized eggs. Alternatively tads can be raised separately on a typical diet of dried food. 2-3 can be housed comfortably per 10 gallons.'),(24,76,' Froglets are 2+ months ootw. UE Line.'),(24,97,'Enabled'),(24,134,'None'),(25,73,'R. Vanzolini'),(25,74,'R. Vanzolini'),(25,75,'Ranitomeya Vanzolini \'Vanzis\', as we like to call them, are from east central Peru and adjacent areas of western Brazil. Their consistent yellow spotted pattern on deep back backs is very striking and unique for a dart frog, making this a fascinating species to own. They look completely different from underneath - more striated than spotted, going from bright yellow under the chin and upper belly to florescent blue on the lower and legs.'),(25,76,' Froglets are 2+ months ootw. UE Line.'),(25,97,'Enabled'),(25,134,'None'),(26,73,'R. Variabilis - Southern'),(26,74,'R. Variabilis - Southern'),(26,75,'Ranitomeya Variabilis - Southern. By far our favorite Variabilis, the fluorescent coloring on the southern morph needs to be seen to believe! They are from the forest regions southwest of the Tarapoto valley. Variabilis are one of the best beginner thumbnail frogs. They can be kept in small groups and remain visible throughout the day. They are on the larger size for thumbnails, and lay large clutches.'),(26,76,' Froglets are 2+ months ootw.'),(26,97,'Enabled'),(26,134,'None'),(27,73,'R. Sirensis - Northern'),(27,74,'R. Sirensis - Northern'),(27,75,'Ranitomeya Sirensis - Northern'),(27,76,' Froglets are 2+ months ootw.'),(27,97,'Enabled'),(27,134,'None'),(28,73,'32oz \"Golden Delicious\" Wingless Drosophila Melanogaster'),(28,74,'32oz \"Golden Delicious\" Wingless Drosophila Melanogaster'),(28,75,'32oz \"Golden Delicious\" Wingless Drosophila Melanogaster. Various culture ages available. Smaller than winged varieties, a good choice for newly hatched froglets.'),(28,76,'32oz \"Golden Delicious\" Wingless Drosophila Melanogaster. Various culture ages available. Smaller than winged varieties, a good choice for newly hatched froglets.'),(28,97,'Enabled'),(28,134,'None'),(29,73,'32oz \"Jumpy\" Winged Flightless Drosophila Melanogaster'),(29,74,'32oz \"Jumpy\" Winged Flightless Drosophila Melanogaster'),(29,75,'32oz \"Jumpy\" Winged Flightless Drosophila Melanogaster. Various culture ages available. Our own line selected for rapid and maximal production. This line produces flies quicker and more flies per culture than the Turkish line. Flies like to hop livening up feeding time. This line is the staple insect for all our frogs.'),(29,76,'32oz \"Jumpy\" Winged Flightless Drosophila Melanogaster. Various culture ages available. Our own line selected for rapid and maximal production. This line produces flies quicker and more flies per culture than the Turkish line. Flies like to hop livening up feeding time. This line is the staple insect for all our frogs.'),(29,97,'Enabled'),(29,134,'None'),(30,73,'32oz \"Turkish\" Winged Flightless Drosophila Melanogaster'),(30,74,'32oz \"Turkish\" Winged Flightless Drosophila Melanogaster'),(30,75,'32oz \"Turkish\" Winged Flightless Drosophila Melanogaster. Various culture ages available. This line is well known for its fast, plentifully production.'),(30,76,'32oz \"Turkish\" Winged Flightless Drosophila Melanogaster. Various culture ages available. This line is well known for its fast, plentifully production.'),(30,97,'Enabled'),(30,134,'None'),(31,73,'16oz Tropical Springtail Culture'),(31,74,'16oz Tropical Springtail Culture'),(31,75,'Tropical springtails. 16 oz well started cultures.'),(31,76,'Tropical springtails. 16 oz well started cultures.'),(31,97,'Enabled'),(31,134,'None'),(32,73,'32oz Bean Beetle (Callosobruchus Maculatus) Culture'),(32,74,'32oz Bean Beetle (Callosobruchus Maculatus) Culture'),(32,75,'Bean Beetles are VERY easy to culture and are an excellent food source for larger frogs such as adult tinctorius and phylobates. See our Resource page for culturing and feeding instructions.'),(32,76,'Bean Beetles are VERY easy to culture and are an excellent food source for larger frogs such as adult tinctorius and phylobates. See our Resource page for culturing and feeding instructions.'),(32,97,'Enabled'),(32,134,'None'),(33,73,'16oz Isopod (Armadillidium Vulgare) Culture - Dwarf Striped Gray'),(33,74,'16oz Isopod (Armadillidium Vulgare) Culture - Dwarf Striped Gray'),(33,75,'Isopods are an excellent supplemental food source. Juveniles are very small and great for newly hatched froglets or thumbs. Dwarf striped gray adults are ~4mm and are valued for cleaning up debris in the terrarium.'),(33,76,'Dwarf striped gray isopods. 32 oz well started cultures.'),(33,97,'Enabled'),(33,134,'None'),(34,73,'16oz Isopod (Armadillidium Vulgare) Culture - Dwarf White'),(34,74,'16oz Isopod (Armadillidium Vulgare) Culture - Dwarf White'),(34,75,'Isopods are an excellent supplemental food source. Juveniles are very small and great for newly hatched froglets or thumbs. Dwarf white adults are ~3mm and are valued for cleaning up debris in the terrarium.'),(34,76,'Dwarf white gray isopods. 32 oz well started cultures.'),(34,97,'Enabled'),(34,134,'None'),(35,73,'16oz Isopod (Armadillidium Vulgare) Culture -Blue Giant'),(35,74,'16oz Isopod (Armadillidium Vulgare) Culture -Blue Giant'),(35,75,'Isopods are an excellent supplemental food source. Juveniles are very small and great for newly hatched froglets or thumbs. Blue giant adults are ~8mm and are valued for cleaning up debris in the terrarium.'),(35,76,'Blue giant isopods. 32 oz well started cultures.'),(35,97,'Enabled'),(35,134,'None'),(36,73,'Fruit Fly Starter Kit - \"Golden Delicious\" Wingless Drosophila Melanogaster'),(36,74,'Fruit Fly Starter Kit - \"Golden Delicious\"'),(36,75,'32oz \"Turkish\" Winged Flightless Drosophila Melanogaster. Various culture ages available. Smaller than winged varieties, a good choice for newly hatched frogFruit Fly Starter Kit - $5 savings over individually purchased items. Our fly starter kits are designed to get you up and running with fly production. No need to get flies before you buy frogs. Simply add one of these kits to your frog purchase and you are good to go! Includes all of the following: One 0-6 day old 32 Oz culture One 7-10 day old 32 Oz culture One 11-14 day old ready-to-feed 32 oz culture One quart FNT\'s optimized culture media Five 32 Oz Insect Culture Containers Smaller than winged varieties, \"Golden Delicious\" melanos are a good choice for newly hatched froglets.lets.'),(36,76,'Fruit Fly Starter Kit - $5 savings over individually purchased items. Our fly starter kits are designed to get you up and running with fly production. No need to get flies before you buy frogs. Simply add one of these kits to your frog purchase and you are good to go! Smaller than winged varieties, \"Golden Delicious\" melanos are a good choice for newly hatched froglets.'),(36,97,'Enabled'),(36,134,'None'),(37,73,'Fruit Fly Starter Kit - \"Turkish\" Winged Flightless Drosophila Melanogaster'),(37,74,'Fruit Fly Starter Kit - \"Turkish\"'),(37,75,'Fruit Fly Starter Kit - $5 savings over individually purchased items. Our fly starter kits are designed to get you up and running with fly production. No need to get flies before you buy frogs. Simply add one of these kits to your frog purchase and you are good to go! Includes all of the following: One 0-6 day old 32 Oz culture One 7-10 day old 32 Oz culture One 11-14 day old ready-to-feed 32 oz culture One quart FNT\'s optimized culture media Five 32 Oz Insect Culture Containers This line is well known for its fast, plentifully production.'),(37,76,'Fruit Fly Starter Kit - $5 savings over individually purchased items. Our fly starter kits are designed to get you up and running with fly production. No need to get flies before you buy frogs. Simply add one of these kits to your frog purchase and you are good to go! This line is well known for its fast, plentifully production.'),(37,97,'Enabled'),(37,134,'None'),(38,73,'Fruit Fly Starter Kit - \"Jumpy\" Winged Flightless Drosophila Melanogaster'),(38,74,'Fruit Fly Starter Kit - \"Jumpy\"'),(38,75,'3Fruit Fly Starter Kit - $5 savings over individually purchased items. Our fly starter kits are designed to get you up and running with fly production. No need to get flies before you buy frogs. Simply add one of these kits to your frog purchase and you are good to go! Includes all of the following: One 0-6 day old 32 Oz culture One 7-10 day old 32 Oz culture One 11-14 day old ready-to-feed 32 oz culture One quart FNT\'s optimized culture media Five 32 Oz Insect Culture Containers Our own line selected for rapid and maximal production. This line produces flies quicker and more flies per culture than the Turkish line. Flies like to hop livening up feeding time. This line is the staple insect for all our frogs.'),(38,76,'Fruit Fly Starter Kit - $5 savings over individually purchased items. Our fly starter kits are designed to get you up and running with fly production. No need to get flies before you buy frogs. Simply add one of these kits to your frog purchase and you are good to go! Our own line selected for rapid and maximal production. This line produces flies quicker and more flies per culture than the Turkish line. Flies like to hop livening up feeding time. This line is the staple insect for all our frogs.'),(38,97,'Enabled'),(38,134,'None'),(39,73,'Repashy Morning Wood - 3 Oz Jar'),(39,74,'Repashy Morning Wood - 3 Oz Jar'),(39,75,'Morning Wood Arthropod Food Xylivore Gel Premix Arthropods love Morning Wood as a complete food source. INGREDIENTS: Cellulose Powder, Dried Seaweed Meal, Alfalfa Leaf Meal, Spirulina Algae, Rice Protein Concentrate, Pea Protein Isolate, Stabilized Rice Bran, Dried Brewer’s Yeast, Dried Kelp, Stinging Nettle, Locust Bean Gum, Calcium Carbonate, Potassium Citrate, Malic Acid, Taurine, Garlic, Watermelon, RoseHips, Hibiscus Flower, Calendula Flower, Marigold Flower, Paprika, Turmeric, Salt, Calcium Propionate and Potassium Sorbate (as preservatives), Magnesium Amino Acid Chelate, Zinc Methionine Hydroxy Analogue Chelate, Manganese Methionine Hydroxy Analogue Chelate, Copper Methionine Hydroxy Analogue Chelate, Selenium Yeast. Vitamins: (Vitamin A Supplement, Vitamin D Supplement, Choline Chloride, Calcium L-Ascorbyl-2-Monophosphate, Vitamin E Supplement, Niacin, Beta Carotene, Pantothenic Acid, Riboflavin, Pyridoxine Hydrochloride, Thiamine Mononitrate, Folic Acid, Biotin, Vitamin B-12 Supplement, Menadione Sodium Bisulfite Complex). Guaranteed Analysis: Crude Protein min. 20%, Crude Fat min. 3%, Crude Fat max. 5%, Crude Fiber max. 50%, Moisture max. 8%, Ash max. 15%. DIRECTIONS: To prepare one cup of product, add ¼ cup of powder into ¾ cup of cold water and stir until blended. Microwave until it starts to boil (typically 2-3 minutes), remove and stir. Alternatively, bring water to a boil on stove, remove from heat, and stir in powder. Immediately pour into a storage container or mold, and let sit at room temp until firm. The finished gel can be cut into cubes, shredded, or used as a whole slab. Whatever is not used immediately should be treated as fresh food. It can be stored sealed in refrigerator for up to two weeks, and in freezer for up to six months. To adjust firmness of gel, use more or less water as desired. Refrigeration will extend freshness NOT FOR HUMAN CONSUMPTION'),(39,76,'Arthropods love Morning Wood as a complete food source.'),(39,97,'Enabled'),(39,134,'None'),(40,73,'Repashy Morning Wood - 6 Oz Jar'),(40,74,'Repashy Morning Wood - 6 Oz Jar-'),(40,75,'Morning Wood Arthropod Food Xylivore Gel Premix Arthropods love Morning Wood as a complete food source. INGREDIENTS: Cellulose Powder, Dried Seaweed Meal, Alfalfa Leaf Meal, Spirulina Algae, Rice Protein Concentrate, Pea Protein Isolate, Stabilized Rice Bran, Dried Brewer’s Yeast, Dried Kelp, Stinging Nettle, Locust Bean Gum, Calcium Carbonate, Potassium Citrate, Malic Acid, Taurine, Garlic, Watermelon, RoseHips, Hibiscus Flower, Calendula Flower, Marigold Flower, Paprika, Turmeric, Salt, Calcium Propionate and Potassium Sorbate (as preservatives), Magnesium Amino Acid Chelate, Zinc Methionine Hydroxy Analogue Chelate, Manganese Methionine Hydroxy Analogue Chelate, Copper Methionine Hydroxy Analogue Chelate, Selenium Yeast. Vitamins: (Vitamin A Supplement, Vitamin D Supplement, Choline Chloride, Calcium L-Ascorbyl-2-Monophosphate, Vitamin E Supplement, Niacin, Beta Carotene, Pantothenic Acid, Riboflavin, Pyridoxine Hydrochloride, Thiamine Mononitrate, Folic Acid, Biotin, Vitamin B-12 Supplement, Menadione Sodium Bisulfite Complex). Guaranteed Analysis: Crude Protein min. 20%, Crude Fat min. 3%, Crude Fat max. 5%, Crude Fiber max. 50%, Moisture max. 8%, Ash max. 15%. DIRECTIONS: To prepare one cup of product, add ¼ cup of powder into ¾ cup of cold water and stir until blended. Microwave until it starts to boil (typically 2-3 minutes), remove and stir. Alternatively, bring water to a boil on stove, remove from heat, and stir in powder. Immediately pour into a storage container or mold, and let sit at room temp until firm. The finished gel can be cut into cubes, shredded, or used as a whole slab. Whatever is not used immediately should be treated as fresh food. It can be stored sealed in refrigerator for up to two weeks, and in freezer for up to six months. To adjust firmness of gel, use more or less water as desired. Refrigeration will extend freshness NOT FOR HUMAN CONSUMPTION'),(40,76,'Arthropods love Morning Wood as a complete food source.'),(40,97,'Enabled'),(40,134,'None'),(41,73,'Springtail Food (5 oz)'),(41,74,'Springtail Food (5 oz)'),(41,75,'An all natural and easy to use complete diet for culturing springtails. It provides carbohydrates, trace minerals and proteins that are essential to the growth and production of springtails. It\'s powder form allows for maximum springtail production.'),(41,76,'An all natural and easy to use complete diet for culturing springtails.'),(41,97,'Enabled'),(41,134,'None'),(42,73,'Dried Mood Moss (1 Gal)'),(42,74,'Dried Mood Moss (1 Gal)'),(42,75,'The moss is supplied in its dormant dried state. This moss should be placed on top of a damp planting substrate, such as sphagnum moss, ABG mix, or potting soil. You can also attach this moss to wood or rock.'),(42,76,'Puffy clumps of dried dark green mood moss.'),(42,97,'Enabled'),(42,134,'None'),(43,73,'Dried Sheat Moss (1 Gal)'),(43,74,'Dried Sheat Moss (1 Gal)'),(43,75,'The moss is supplied in its dormant dried state. This moss should be placed on top of a damp planting substrate, such as sphagnum moss, ABG mix, or potting soil. You can also attach this moss to wood or rock.'),(43,76,'Flat sheets of dried green moss. '),(43,97,'Enabled'),(43,134,'None'),(44,73,'Horticultural Charcoal (1 Gal)'),(44,74,'Horticultural Charcoal (1 Gal)'),(44,75,'The moss is supplied in its dormant dried state. This moss should be placed on top of a damp planting substrate, such as sphagnum moss, ABG mix, or potting soil. You can alsoHorticultural charcoal is used to culture spring tails and as an aggregate ingredient in soil mixes to create drainage and prevent dampness. It helps to minimize odors and toxins in the soil. For spring tail culture place rinsed charcoal into a sealed container with 0.5-1cm of purified water on the bottom. Open container several times a week to exchange air. attach this moss to wood or rock.'),(44,76,'Horticultural charcoal is used to culture spring tails and as an aggregate ingredient in soil mixes minimize odors and toxins in the soil.'),(44,97,'Enabled'),(44,134,'None'),(45,73,'New Zealand Long Fiber Sphagnum Moss 150g (3.2Gal; 12L)'),(45,74,'New Zealand Long Fiber Sphagnum Moss 150g (3.2Gal; 12L)'),(45,75,'Grade AAA dehydrated long fiber New Zealand sphagnum moss (S. cristatum) by Besgrow is of the highest quality, light brown/cream color with some green tips. 150g expands to 3.2 US gallons when hydrated. Long fiber sphagnum moss is an ideal substrate for dart frogs. It holds a lot of water to maintain humidity while staying aerated and not soggy for months. Besgrow\'s New Zealand moss is the highest quality sphagnum available. It is void of sharp fibers and other debris, has exceptional durability, and is a beautiful golden brown. Compare this product to the Zoo Med version. It\'s is better quality at 1/2 the price! Given proper drainage via a layer of gravel underneath, this sphagnum moss will last for at least 4-6 months. It should be replaced when it becomes soggy and begins to beak down to maintain a healthy flooring for the frogs. Sphagnum is also an excellent substrate for growing orchids and other epiphytic plants.'),(45,76,'Grade AAA dehydrated long fiber New Zealand sphagnum moss (S. cristatum) by Besgrow is of the highest quality, light brown/cream color with some green tips. 150g expands to 3.2 US gallons when hydrated.'),(45,97,'Enabled'),(45,134,'None'),(46,73,'New Zealand Long Fiber Sphagnum Moss 500g (10.6Gal; 40L)'),(46,74,'New Zealand Long Fiber Sphagnum Moss 500g (10.6Gal; 40L)'),(46,75,'Grade AAA dehydrated long fiber New Zealand sphagnum moss (S. cristatum) by Besgrow is of the highest quality, light brown/cream color with some green tips. 500g expands to 10.6 US gallons when hydrated. Long fiber sphagnum moss is an ideal substrate for dart frogs. It holds a lot of water to maintain humidity while staying aerated and not soggy for months. Besgrow\'s New Zealand moss is the highest quality sphagnum available. It is void of sharp fibers and other debris, has exceptional durability, and is a beautiful golden brown. Compare this product to the Zoo Med version. It\'s is better quality at 1/2 the price! Given proper drainage via a layer of gravel underneath, this sphagnum moss will last for at least 4-6 months. It should be replaced when it becomes soggy and begins to beak down to maintain a healthy flooring for the frogs. Sphagnum is also an excellent substrate for growing orchids and other epiphytic plants.'),(46,76,'Grade AAA dehydrated long fiber New Zealand sphagnum moss (S. cristatum) by Besgrow is of the highest quality, light brown/cream color with some green tips. 500g expands to 10.6 US gallons when hydrated.'),(46,97,'Enabled'),(46,134,'None'),(47,73,'Hobby Starter Kit'),(47,74,'Hobby Starter Kit'),(47,75,'$10-$20 savings depending on species chosen. Includes all of the following: 2 froglets 2x32 oz melanogaster cultures (1wk,3wk) 1 qt enhanced culture media 5x32oz containers'),(47,76,'$10-$20 savings depending on species chosen. Includes all of the following: 2 froglets 2x32 oz melanogaster cultures (1wk,3wk) 1 qt enhanced culture media 5x32oz containers'),(47,97,'Enabled'),(47,134,'None'),(48,73,'Science Project Kit'),(48,74,'Science Project Kit'),(48,75,'$10-$20 savings depending on species chosen. Observe the various stages of frog metamorphosis! Includes all of the following: 2 tadpoles, 1 froglet, 2x32 oz melanogaster cultures, 1 qt enhanced culture media, 5x32oz containers, 1 tbs fortified tadpole chow'),(48,76,'$10-$30 savings depending on species chosen. Includes all of the following: 2 tadpoles 1 froglet 2x32 oz melanogaster cultures (1wk,3wk) 1 qt enhanced culture media 5x32oz containers 1tbs fortified tadpole chow'),(48,97,'Enabled'),(48,134,'None'),(49,73,'F&T\'s Insect Water Crystals'),(49,74,'Insect Water Crystals'),(49,75,'Discover the easy way to provide feeder insects with fresh, clean water. Crickets and worms need a source of moisture in order to live, and water crystals allow you to avoid the spills, smells, and drowning that occur with water dishes or watering sponges. Ingredients: Anionic polyacrylamide. Easy Water DOES NOT contain any dyes, additives, or preservatives. Directions for Use: For 10g size, add all of the supplied crystals to 4 cups (32 fl oz) of water. Alternatively, weigh out 2.5g of crystals per desired cup of final hydrated product. Add 1 cup of water per 2.5g of crystals.'),(49,76,'Non-hydrated cricket water crystals. Simply add specified volume of water. Compare to Fluker\'s Cricket Quencher. Blue color is for illustration purposes only. Product does DOES NOT contain any dyes, additives, or preservatives.'),(49,97,'Enabled'),(49,134,'None'),(50,73,'F&T\'s Fortified Tadpole Chow - Pro, 1.0oz'),(50,74,'F&T\'s Fortified Tadpole Chow - Pro, 1.0oz'),(50,75,'F&amp;T\'s Fortified Tadpole Chow - Pro is our new and improved recipe. A complete, fortified nutrition source for healthy pdf tadpole development, proven for even difficult to raise species. Includes color enhancers to optimize color of froglets, such as Santa Isabels.'),(50,76,'A complete, fortified nutrition source for healthy pdf tadpole development, proven for even difficult to raise species. Includes color enhancers to optimize color of froglets, such as Santa Isabels.'),(50,97,'Enabled'),(50,134,'None'),(51,73,'Debittered Brewer\'s Yeast'),(51,74,'Debittered Brewer\'s Yeast'),(51,75,'Brewer\'s Yeast is used to add essential proteins to drosophila media in order to maximize fly production. This is a highest quality, fine powder spray dried product that we use in our media with excellent results! TYPICAL ANALYSIS Crude Protein -47.1% Crude Fat -2.68% Crude Fiber -0.65% Ash -6.49%'),(51,76,'Fine powder brewer\'s yeast'),(51,97,'Enabled'),(51,134,'None'),(52,73,'Black Film Canister with Suction Cup'),(52,74,'Black Film Canister with Suction Cup'),(52,75,'Black film canisters with suction cup. Thumbnail species love to rear their tads in these canisters. Fill 1/2 way with water, and suction to tank wall on an angle near foliage. Frogs will deposit their tadpoles and unfertilized eggs to feed them!'),(52,76,'Black film canisters with suction cup.'),(52,97,'Enabled'),(52,134,'None'),(53,73,'32 Oz Disposable Insect Culture Containers'),(53,74,'32 Oz Disposable Insect Culture Containers'),(53,75,'32oz Insect Containers with cloth lids. Use for fruit flies, isopods and bean beetles.'),(53,76,'32oz Insect Containers with cloth lids. Use for fruit flies, isopods and bean beetles.'),(53,97,'Enabled'),(53,134,'None'),(54,73,'F&T\'s Optimized Drosophila Culture Media - 1 Quart'),(54,74,'F&T\'s Optimized Drosophila Culture Media - 1 Quart'),(54,75,'Our own mix optimized for maximal production. Just add water and cider vinegar. 1 packet of instant yeast included. 1 Qt - sufficient for 16 x 32 oz cultures See our Culturing Fruit Flies for usage instructions.'),(54,76,'Our own mix optimized for maximal production Just add water and cider vinegar (1 packet of instant yeast included) 1 Qt - sufficient for 16 x 32 oz cultures'),(54,97,'Enabled'),(54,134,'None'),(55,73,'F&T\'s Optimized Drosophila Culture Media - 1 Gallon'),(55,74,'F&T\'s Optimized Drosophila Culture Media - 1 Gallon'),(55,75,'Our own mix optimized for maximal production. Just add water and cider vinegar. 1 packet of instant yeast included. 1 gallon - sufficient for 64 x 32 oz cultures See our Culturing Fruit Flies for usage instructions.'),(55,76,'Our own mix optimized for maximal production Just add water and cider vinegar (1 packet of instant yeast included) 1 gallon - sufficient for 64 x 32 oz cultures'),(55,97,'Enabled'),(55,134,'None'),(56,73,'Begonia Glabra'),(56,74,'Begonia Glabra'),(56,75,'Begonia glabra is a fast growing and one of the easiest begonias to grow in the viv. It is a climbing vine with bright green shiny leaves and red under tones.'),(56,76,'Begonia glabra is a fast growing vine.'),(56,97,'Enabled'),(56,134,'None'),(57,73,'Begonia Pigskin'),(57,74,'Begonia Pigskin'),(57,75,'Begonia Pigskin is a large begonia, best suited for &gt;18in tall vivs. The large wrinkled fuzzy leaves are dark green with purplish highlights on top. Produces small white flowers. Red stems and underneath leaves add striking color highlights to the viv.'),(57,76,'Begonia Pigskin is a broad leafed, fast growing hardy begonia'),(57,97,'Enabled'),(57,134,'None'),(58,73,'Bromeliad Neoregelia'),(58,74,'Bromeliad Neoregelia'),(58,75,'A variety of select 5-6in colorful mini Neoregelias, suitable for terrarium culture'),(58,76,'A variety of select 5-6in colorful mini Neoregelias, suitable for terrarium culture'),(58,97,'Enabled'),(58,134,'None'),(59,73,'Episcia \"Silver Skies\"'),(59,74,'Episcia \"Silver Skies\"'),(59,75,'This episcia hybrid has large strikingly silver leaves. Episcia are found in the tropical regions of Central America and South America, and numerous cultivars have been produced, primarily by selection and hybridization of the species E. cupreata and E. reptans. Plant cutting into moist substrate. They grow rapidly and spread via runners.'),(59,76,'his episcia hybrid has large strikingly silver leaves.'),(59,97,'Enabled'),(59,134,'None'),(60,73,'Ficus Radicans'),(60,74,'Ficus Radicans'),(60,75,'Ficus Radicans, aka Ficus sagittata, is a sturdy trailer with 5-8cm (2-3 inch) long, leathery, lanced-shaped, green leaves and wiry stems. It is native to warm temperate and tropical regions of Asia. It is a fast grower, but not too invasive.'),(60,76,'Ficus Radicans, aka Ficus sagittata, is a sturdy trailer with 5-8cm (2-3 inch) long, leathery, lanced-shaped, green leaves and wiry stems.'),(60,97,'Enabled'),(60,134,'None'),(61,73,'Monocostus Uniflorus'),(61,74,'Monocostus Uniflorus'),(61,75,'Monocostus Uniflorus grows in a vertical spiralling fashion. Hardy and fast gowing, but easy to maintain via trimming. Large sturdy overlapping leaves provide great perches and egg laying spots. '),(61,76,'Monocostus Uniflorus is a fast growing climbing vine'),(61,97,'Enabled'),(61,134,'None'),(62,73,'Pellionia Repens'),(62,74,'Pellionia Repens'),(62,75,'Pellionia repens is an easy to grow plant with forest green oval crenated leaves are accented with a silvery overlay and purple/brown with red veins on trialing succulent stems. Trailing Watermelon Begonia is the common name. The plant grows like a vine and will shingle up tank walls if damp or humid enough. For the initial planting, simply lay down a clump of plants where you would like it to spread and keep wet.'),(62,76,'Pellionia repens is an easy to grow plant with forest green oval crenated leaves are accented with a silvery overlay and purple/brown with red veins on trialing succulent stems.'),(62,97,'Enabled'),(62,134,'None'),(63,73,'Philodendron Wend-Imbe'),(63,74,'Philodendron Wend-Imbe'),(63,75,'Philodendron ‘Wend-imbe’ is a cross between P. wendlandii and P. imbe. It is a small growing, clumping cultivar well suited for terrariums. Leaves typically will not exceed 6” in length, and only up to an inch in width. Clumps can be easily split to propagate. It grows well even when propped up on branches or in small amounts of soil.'),(63,76,'Philodendron ‘Wend-imbe’ is a nice emerald green dwarf variety of philodendron. Its small clumping nature makes it a superb plant for vivaria.'),(63,97,'Enabled'),(63,134,'None'),(64,73,'Pilea Nummulariifolia'),(64,74,'Pilea Nummulariifolia'),(64,75,'Creeping Charlie is a fast growing vine that has small, crinkly green foliage with silver accents and pink stems. A low, trailing or creeping herbaceous perennial, it is native to tropical South America and the West Indies. The sprawling, fleshy stems root at nodes where they come in contact with moist soil. It can be easily propagated from cuttings.'),(64,76,'Pilea Nummulariifolia \"Creeping Charlie\"'),(64,97,'Enabled'),(64,134,'None'),(65,73,'Syngonium Rayii'),(65,74,'Syngonium Rayii'),(65,75,' Syngonium rayii, also called the Arrowhead Vine, is easy to grow in the vivarium. The leaves are typically dark green to almost black with a white vein running down the center. Typically the leaves range in size from 3-5” in length and 2-4” in width. Low growing, it sends out wiry runners that sprout new plants where they land. Excellent for moist tanks.'),(65,76,'Syngonium rayii, also called the Arrowhead Vine has dark green to almost black arrowhead shaped leaves with a white vein running down the center.'),(65,97,'Enabled'),(65,134,'None'),(66,73,'Tropical Plant Starter Pack'),(66,74,'Tropical Plant Starter Pack'),(66,75,'Pack contains cuttings from 6 different types of plants that will thrive in a dart frog setup. Types include a mixture of vines and ground plants, specific species depending on current availability, Each pack is sufficient for plating a 10 gal vivarium.'),(66,76,'Variety pack of cuttings from 6 different tropical plants'),(66,97,'Enabled'),(66,134,'None'),(67,73,'Isotonic Amphibian’s Ringer Solids (Makes 1/2 Gal Soln)'),(67,74,'Isotonic Amphibian’s Ringer Solids (Makes 1/2 Gal Soln)'),(67,75,'Dissolve solids in 1/2 gallon distilled water. Frogs are hypertonic (contain more dissolved salts in body fluids) compared to their environment. They must actively counter osmotic pressure to maintain proper osmolarity and this requires energy. Soaking a sick or weakened frog in isotonic Ringer’s solution enables them to spend their energy instead on getting well. Bloat results from a failure to osmoregulate, and ringer solution is thus an effective treatment for bloat. Conversely, it is used to rehydrate frogs (eg: escapees!). Soak frog in solution for 1-3 hrs and repeat as needed. Solution is stable indefinitely at room temp if kept sterile. Discard if particulates or growth is evident.'),(67,76,'Dissolve solids in 1/2 gallon distilled water.'),(67,97,'Enabled'),(67,134,'None'),(68,73,'2% Calcium Gluconate 8 ml'),(68,74,'2% Calcium Gluconate 8 ml'),(68,75,'Calcium gluconate is used to provide an energy boost to weakened and/or anorexic frogs. Supplied solids can be stored at room temperature indefinitely. Before use, dissolve solids by filling supplied dropper to top with pure water. Mix until dissolved. Add several drops of the solution to the frog’s back. This can be repeated several times a day. Store solution in the refrigerator during use. Freeze solution for long term storage. Discard if growth is evident. Note: substrate should be changed frequently during treatment as the glucose promotes bacterial and fungal growth.'),(68,76,'Calcium gluconate is used to provide an energy boost to weakened and/or anorexic frogs.'),(68,97,'Enabled'),(68,134,'None'),(69,73,'Dendrocare - 100g Jar'),(69,74,'Dendrocare - 100g Jar'),(69,75,'Dendrocare was developed after years of research into the ultimate combination of vitamins and minerals for dendrobates. Dendrocare is highly valued worldwide for its benefits. An absolutely optimized dietary supplement. DIRECTIONS: Use with every insect feeding, or in rotation with Repashy Calcium Plus. Best applied by placing insects in a plastic bag or container with Dendrocare and shake to lightly coat insects. Feed insects to your reptiles shortly thereafter. Once it has been opened, provided it is kept dry and properly sealed in its original packaging, Dendrocare has a shelf-life of 6 months.Refrigeration will extend product life. Content per kilogram: vitamin A 450,000 IU, vitamin D3 120,000 IU, vitamin E 10,200 mg, vitamin B1 36 mg, vitamin B2 165 mg, pantothenic acid 270 mg (approx.), nicotinamide 570 mg, vitamin B6 78 mg, CU 120 mg, I 82 mg, FE 1,650 mg, MN 72 mg, ZN 273 mg, CO 63mg, protein 10.1%, fat 1.8%, fibres 0.19%, ash 47%, moisture 1.9 %, CA 22%, P 8.8%, NA 1.4%, MG 0.2%, K 0.43%. About the discoverer: In the early 2000s Chris van der Lingen made a study into vitamin use in poison dart frogs. By listening to some of the problems where different frog farmers ran into, such as the emergence of the spindle leg syndrome, sudden death of adult animals etc and after a lengthy comparison study between food animals in nature and food animals we farm ourselves, it turned out as expected that there were some differences in vitamins and minerals. Vitamins created by the sun, vitamin E and D3, are hardly found in our farmed food animals. Vitamin D3 ensures proper absorption of calcium, needed for proper bone development and vitamin E helps maintaining a health endocrine system and thus good farming results. Chris has developed a balanced combination of vitamin thoroughly testing it on the frogs he farmed himself, noticing farming results significantly improving almost immediately. The frogs behaved much livelier, producing healthier eggs and young frogs proved much healthier, and there were no signs of spindle leg syndromes or other anomalies anymore. Time was ripe to market this vitamin combination, bringing about Dendrocare.'),(69,76,'\"All-in-One\" supplement developed specifically for poison dart frogs.'),(69,97,'Enabled'),(69,134,'None'),(70,73,'Repashy Calcium Plus - 17.6 Oz (500g)'),(70,74,'Repashy Calcium Plus - 17.6 Oz (500g)'),(70,75,'“All-in-One” Insect Dusting Powder provides essential vitamins, minerals and trace elements. Featuring both Retinol and Carotenoids as sources of Vitamin A. INFORMATION: Calcium Plus was developed to increase the nutritional value of insects as they are fed to all insectivores, transforming insects into a food item that has an optimal calcium/phosphorus ratio, as well as balanced levels of vitamins, minerals, and trace elements. INGREDIENTS: Calcium Carbonate, Dried Kelp, Cellulose (as carrier), Brewer’s Yeast, RoseHips, Calendula Flower, Marigold Flower Extract, Phaffia Rhodozyma Yeast, Paprika Extract, Spirulina Algae, Turmeric, Salt, Potassium Citrate, Magnesium Gluconate, Canthaxanthin, Calcium Propionate and Potassium Sorbate (as mold inhibitors), Natural Flavoring, Lecithin, Rosemary Extract and Mixed Tocopherols (as preservatives), Vitamins (Vitamin A Supplement, Vitamin D Supplement, Choline Chloride, Ascorbic Acid, Vitamin E Supplement, Niacin, Beta Carotene, Pantothenic Acid, Riboflavin, Pyridoxine Hydrochloride, Thiamine Mononitrate, Menadione Sodium Bisulfite Complex, Folic Acid, Biotin, Vitamin B-12 Supplement). GUARANTEED ANALYSIS: Crude Protein min. 2%, Crude Fat min. 0.2%, Crude Fat max. 0.6%, Crude Fiber max. 1%, Moisture max. 8%, Ash max. 35%, Calcium min. 17%, Calcium max. 20%, Phosphorus min. 0.6%, Vitamin E min. 2,000 IU/lb, Vitamin D min. 20,000 IU/lb, Vitamin A min. 200,000 IU/lb. Total Carotenoids min. 500 mg/lb. DIRECTIONS: Use with every insect feeding. Best applied by placing insects in a plastic bag or container with Calcium Plus and shake to lightly coat insects. Feed insects to your reptiles shortly thereafter. To maximize the nutritional value of insects, use this product with Repashy’s SuperLoad and Repashy’s HydroLoad. Refrigeration will extend product life. MADE IN USA'),(70,76,'\"All-in-One\" formula takes the guesswork out of supplementing nutrients. We recommend using CalciumPlus for every feeding. Alternatively, you can use SuperCal and SuperVite every other feeding. Contains Vitamin A which is important for viable froglets.'),(70,97,'Enabled'),(70,134,'None'),(71,73,'Repashy Calcium Plus - 3 Oz Jar'),(71,74,'Repashy Calcium Plus - 3 Oz Jar'),(71,75,'“All-in-One” Insect Dusting Powder provides essential vitamins, minerals and trace elements. Featuring both Retinol and Carotenoids as sources of Vitamin A. INFORMATION: Calcium Plus was developed to increase the nutritional value of insects as they are fed to all insectivores, transforming insects into a food item that has an optimal calcium/phosphorus ratio, as well as balanced levels of vitamins, minerals, and trace elements. INGREDIENTS: Calcium Carbonate, Dried Kelp, Cellulose (as carrier), Brewer’s Yeast, RoseHips, Calendula Flower, Marigold Flower Extract, Phaffia Rhodozyma Yeast, Paprika Extract, Spirulina Algae, Turmeric, Salt, Potassium Citrate, Magnesium Gluconate, Canthaxanthin, Calcium Propionate and Potassium Sorbate (as mold inhibitors), Natural Flavoring, Lecithin, Rosemary Extract and Mixed Tocopherols (as preservatives), Vitamins (Vitamin A Supplement, Vitamin D Supplement, Choline Chloride, Ascorbic Acid, Vitamin E Supplement, Niacin, Beta Carotene, Pantothenic Acid, Riboflavin, Pyridoxine Hydrochloride, Thiamine Mononitrate, Menadione Sodium Bisulfite Complex, Folic Acid, Biotin, Vitamin B-12 Supplement). GUARANTEED ANALYSIS: Crude Protein min. 2%, Crude Fat min. 0.2%, Crude Fat max. 0.6%, Crude Fiber max. 1%, Moisture max. 8%, Ash max. 35%, Calcium min. 17%, Calcium max. 20%, Phosphorus min. 0.6%, Vitamin E min. 2,000 IU/lb, Vitamin D min. 20,000 IU/lb, Vitamin A min. 200,000 IU/lb. Total Carotenoids min. 500 mg/lb. DIRECTIONS: Use with every insect feeding. Best applied by placing insects in a plastic bag or container with Calcium Plus and shake to lightly coat insects. Feed insects to your reptiles shortly thereafter. To maximize the nutritional value of insects, use this product with Repashy’s SuperLoad and Repashy’s HydroLoad. Refrigeration will extend product life. MADE IN USA'),(71,76,'\"All-in-One\" formula takes the guesswork out of supplementing nutrients. Contains Vitamin A which is important for viable froglets.'),(71,97,'Enabled'),(71,134,'None'),(72,73,'Repashy Calcium Plus - 6 Oz Jar'),(72,74,'Repashy Calcium Plus - 6 Oz Jar'),(72,75,'“All-in-One” Insect Dusting Powder provides essential vitamins, minerals and trace elements. Featuring both Retinol and Carotenoids as sources of Vitamin A. INFORMATION: Calcium Plus was developed to increase the nutritional value of insects as they are fed to all insectivores, transforming insects into a food item that has an optimal calcium/phosphorus ratio, as well as balanced levels of vitamins, minerals, and trace elements. INGREDIENTS: Calcium Carbonate, Dried Kelp, Cellulose (as carrier), Brewer’s Yeast, RoseHips, Calendula Flower, Marigold Flower Extract, Phaffia Rhodozyma Yeast, Paprika Extract, Spirulina Algae, Turmeric, Salt, Potassium Citrate, Magnesium Gluconate, Canthaxanthin, Calcium Propionate and Potassium Sorbate (as mold inhibitors), Natural Flavoring, Lecithin, Rosemary Extract and Mixed Tocopherols (as preservatives), Vitamins (Vitamin A Supplement, Vitamin D Supplement, Choline Chloride, Ascorbic Acid, Vitamin E Supplement, Niacin, Beta Carotene, Pantothenic Acid, Riboflavin, Pyridoxine Hydrochloride, Thiamine Mononitrate, Menadione Sodium Bisulfite Complex, Folic Acid, Biotin, Vitamin B-12 Supplement). GUARANTEED ANALYSIS: Crude Protein min. 2%, Crude Fat min. 0.2%, Crude Fat max. 0.6%, Crude Fiber max. 1%, Moisture max. 8%, Ash max. 35%, Calcium min. 17%, Calcium max. 20%, Phosphorus min. 0.6%, Vitamin E min. 2,000 IU/lb, Vitamin D min. 20,000 IU/lb, Vitamin A min. 200,000 IU/lb. Total Carotenoids min. 500 mg/lb. DIRECTIONS: Use with every insect feeding. Best applied by placing insects in a plastic bag or container with Calcium Plus and shake to lightly coat insects. Feed insects to your reptiles shortly thereafter. To maximize the nutritional value of insects, use this product with Repashy’s SuperLoad and Repashy’s HydroLoad. Refrigeration will extend product life. MADE IN USA'),(72,76,'\"All-in-One\" formula takes the guesswork out of supplementing nutrients. Contains Vitamin A which is important for viable froglets.'),(72,97,'Enabled'),(72,134,'None'),(73,73,'Repashy SuperCal MedD - 3 Oz Jar'),(73,74,'Repashy SuperCal MedD - 3 Oz Jar'),(73,75,'MICRO-FINE CALCIUM SUPPLEMENT Micro Fine Calcium Supplement with Medium Levels of Vitamin D. For Species with Normal Vitamin D Requirements. Receiving little UVB Radiation from Natural or Artificial Sunlight. Also for Therapeutic Use. DIRECTIONS: Dust insects by placing in a plastic bag and shaking lightly to coat insects with powder before feeding to animals. For supplementing fresh fruit and vegetables, use 1 heaping Teaspoon per Pound. INFORMATION: Our Calcium Carbonate is mined from the Mohave Desert in California, where it was deposited 300 million years ago during the Mississippian Age as a large graveyard of marine animals. Our calcium is micro ground to an average size of 3.5 microns, and provides the ultimate “stick” when dusted onto insects. INGREDIENTS: Calcium Carbonate, Vitamins: (Vitamin D Supplement). Guaranteed Analysis: Moisture max. 6%, Calcium min. 30%, Vitamin D 25,000 IU/lb. Refrigeration will extend freshness'),(73,76,'Micro Fine Calcium Supplement with Medium Levels of Vitamin D. We recommend using SuperCal every other feeding with Repashy SuperVite in between. Alternatively, product can be mixed 1:1 with SuperVite and used every feeding.'),(73,97,'Enabled'),(73,134,'None'),(74,73,'Repashy SuperCal MedD - 6 Oz Jar'),(74,74,'Repashy SuperCal MedD - 6 Oz Jar'),(74,75,'MICRO-FINE CALCIUM SUPPLEMENT Micro Fine Calcium Supplement with Medium Levels of Vitamin D. For Species with Normal Vitamin D Requirements. Receiving little UVB Radiation from Natural or Artificial Sunlight. Also for Therapeutic Use. DIRECTIONS: Dust insects by placing in a plastic bag and shaking lightly to coat insects with powder before feeding to animals. For supplementing fresh fruit and vegetables, use 1 heaping Teaspoon per Pound. INFORMATION: Our Calcium Carbonate is mined from the Mohave Desert in California, where it was deposited 300 million years ago during the Mississippian Age as a large graveyard of marine animals. Our calcium is micro ground to an average size of 3.5 microns, and provides the ultimate “stick” when dusted onto insects. INGREDIENTS: Calcium Carbonate, Vitamins: (Vitamin D Supplement). Guaranteed Analysis: Moisture max. 6%, Calcium min. 30%, Vitamin D 25,000 IU/lb. Refrigeration will extend freshness'),(74,76,'Micro Fine Calcium Supplement with Medium Levels of Vitamin D. We recommend using SuperCal every other feeding with Repashy SuperVite in between. Alternatively, product can be mixed 1:1 with SuperVite and used every feeding.'),(74,97,'Enabled'),(74,134,'None'),(75,73,'Repashy Superpig - 3 Oz Jar'),(75,74,'Repashy Superpig - 3 Oz Jar'),(75,75,'Repashy\'s Pigment Enhancement Formula is a Carotenoid Supplement designed to enhance the diet of Reptiles, Fish, Amphibians and Birds. INFORMATION: Contains a “broad spectrum” of Carotenoids including, but not limited to: Astaxanthin, Capsanthin, Capsorubin, Beta-Carotene, Alpha Carotene, Beta Cryptoxanthin, Zeaxanthin, Neoaxanthin, Cucurbitaxanthin, Violaxanthin, Lutein, Echineone, Canthaxanthin and Lycopene. INGREDIENTS: Calendula Flower, Pfaffia Yeast, Paprika, Marigold Flower, Algae Meal (Chlorella), RoseHips, Hibiscus Flower, Turmeric. Guaranteed Analysis: Crude Protein min. 6%, Crude Fat min. 1%, Crude Fiber max. 10%, Moisture max. 8%, Ash max. 8%. DIRECTIONS: Mix into complete feeds at up to a 4% (dry weight basis) inclusion level (providing 50 ppm astaxanthin). Refrigeration will extend freshness NOT FOR HUMAN CONSUMPTION ï Made in USA'),(75,76,'Mix Superpig into your supplementation routine to enhance the red coloring of your pdfs'),(75,97,'Enabled'),(75,134,'None'),(76,73,'Repashy Superpig - 6 Oz Jar'),(76,74,'Repashy Superpig - 6 Oz Jar'),(76,75,'Repashy\'s Pigment Enhancement Formula is a Carotenoid Supplement designed to enhance the diet of Reptiles, Fish, Amphibians and Birds. INFORMATION: Contains a “broad spectrum” of Carotenoids including, but not limited to: Astaxanthin, Capsanthin, Capsorubin, Beta-Carotene, Alpha Carotene, Beta Cryptoxanthin, Zeaxanthin, Neoaxanthin, Cucurbitaxanthin, Violaxanthin, Lutein, Echineone, Canthaxanthin and Lycopene. INGREDIENTS: Calendula Flower, Pfaffia Yeast, Paprika, Marigold Flower, Algae Meal (Chlorella), RoseHips, Hibiscus Flower, Turmeric. Guaranteed Analysis: Crude Protein min. 6%, Crude Fat min. 1%, Crude Fiber max. 10%, Moisture max. 8%, Ash max. 8%. DIRECTIONS: Mix into complete feeds at up to a 4% (dry weight basis) inclusion level (providing 50 ppm astaxanthin). Refrigeration will extend freshness NOT FOR HUMAN CONSUMPTION ï Made in USA'),(76,76,'Mix Superpig into your supplementation routine to enhance the red coloring of your pdfs'),(76,97,'Enabled'),(76,134,'None'),(77,73,'Repashy SuperVite - 3 Oz Jar'),(77,74,'Repashy SuperVite - 3 Oz Jar'),(77,75,'Micro-Fine Vitamin Supplement Supplement powder. Contains both Preformed Vitamin A and Beta Carotene. INFORMATION: SuperVite is the same Vitamin formula that has been the backbone of the SuperFoods line of complete diets and supplements. INGREDIENTS: Cellulose Powder and Calcium Carbonate (as carriers), Vitamins: (, L-ascorbyl-2-polyphosphate, Vitamin A Supplement, Vitamin D3 Supplement, Vitamin E Supplement, Niacin, Beta Carotene, Pantothenic Acid, Riboflavin, Pyridoxine Hydrochloride, Thiamine Mononitrate, Menadione Sodium Bisulfite Complex, Folic Acid, Biotin, Vitamin B-12 Supplement). GUARANTEED ANALYSIS: Vitamin A 200,000 IU/lb, Vitamin D 20,000 IU/lb, Vitamin E 2,000 IU/lb, Vitamin K (Metadione) 30 mg/lb, Vitamin C (L-ascorbyl-2-polyphosphate) 2,500 mg/lb, Vitamin B1 (Thiamine HCL) 40 mg/lb, Vitamin B2 (Riboflavin) 70 mg/lb, Vitamin B5 (Patothenic Acid) 130 mg/lb, Niacin 450 mg/lb, Vitamin B6 (Pyridoxine HCL) 55 mg/lb, Vitamin B12 .4 mg/lb, Folic Acid 20 mg/lb, Biotin 2 mg/lb, Choline 5,000 mg/lb, Beta Carotene 500 mg/lb. DIRECTIONS: This product can be used as a stand-alone supplement, or combined with the SuperCal series of Calcium supplements to balance both vitamin and mineral requirements. For insects, dust using the “shake and bake” method. For fresh fruit and vegetables, mix one heaping teaspoon per Pound. Refrigeration will extend freshness NOT FOR HUMAN CONSUMPTION ï Made in USA'),(77,76,'Micro Fine Vitamin Supplement with both Preformed Vitamin A and Beta Carotene. We recommend using SuperVite every other feeding with Repashy SuperCal in between. Alternatively, product can be mixed 1:1 with SuperCal and used every feeding.'),(77,97,'Enabled'),(77,134,'None'),(78,73,'Repashy SuperVite - 6 Oz Jar'),(78,74,'Repashy SuperVite - 6 Oz Jar'),(78,75,'Micro-Fine Vitamin Supplement Supplement powder. Contains both Preformed Vitamin A and Beta Carotene. INFORMATION: SuperVite is the same Vitamin formula that has been the backbone of the SuperFoods line of complete diets and supplements. INGREDIENTS: Cellulose Powder and Calcium Carbonate (as carriers), Vitamins: (, L-ascorbyl-2-polyphosphate, Vitamin A Supplement, Vitamin D3 Supplement, Vitamin E Supplement, Niacin, Beta Carotene, Pantothenic Acid, Riboflavin, Pyridoxine Hydrochloride, Thiamine Mononitrate, Menadione Sodium Bisulfite Complex, Folic Acid, Biotin, Vitamin B-12 Supplement). GUARANTEED ANALYSIS: Vitamin A 200,000 IU/lb, Vitamin D 20,000 IU/lb, Vitamin E 2,000 IU/lb, Vitamin K (Metadione) 30 mg/lb, Vitamin C (L-ascorbyl-2-polyphosphate) 2,500 mg/lb, Vitamin B1 (Thiamine HCL) 40 mg/lb, Vitamin B2 (Riboflavin) 70 mg/lb, Vitamin B5 (Patothenic Acid) 130 mg/lb, Niacin 450 mg/lb, Vitamin B6 (Pyridoxine HCL) 55 mg/lb, Vitamin B12 .4 mg/lb, Folic Acid 20 mg/lb, Biotin 2 mg/lb, Choline 5,000 mg/lb, Beta Carotene 500 mg/lb. DIRECTIONS: This product can be used as a stand-alone supplement, or combined with the SuperCal series of Calcium supplements to balance both vitamin and mineral requirements. For insects, dust using the “shake and bake” method. For fresh fruit and vegetables, mix one heaping teaspoon per Pound. Refrigeration will extend freshness NOT FOR HUMAN CONSUMPTION ï Made in USA'),(78,76,'Micro Fine Vitamin Supplement with both Preformed Vitamin A and Beta Carotene. We recommend using SuperVite every other feeding with Repashy SuperCal in between. Alternatively, product can be mixed 1:1 with SuperCal and used every feeding.'),(78,97,'Enabled'),(78,134,'None'),(79,73,'Repashy Vitamin A Plus - 3 Oz Jar'),(79,74,'Repashy Vitamin A Plus - 3 Oz Jar'),(79,75,'Micro Fine Vitamin A Supplement for Reptiles and Amphibians. Contains Preformed Vitamin A as well as natural ingredients which provide beta carotene. INFORMATION: Preformed Vitamin A (Retinol) is an essential fat soluble vitamin that in nature comes from animal sources only. Plant sources of Vitamin A such as Beta Carotene and other Carotenoids must be converted into this active animal form to be utilized by the body. Carotenoids can be converted into Retinol by some species given optimal conditions but it has been shown that deficiencies can develop if Preformed Vitamin A is not directly provided in the Retinol form. This Supplement provides preformed Vitamin A in the form of a spray dried water dispersible Retinyl Acetate powder in combination with natural sources of Beta Carotene derived from algae. INGREDIENTS: Calcium Carbonate, Fructose Powder, Cellulose Powder (as carriers), Chlorella Algae, Spirulina Algae, Calcium Propionate, Retinyl Acetate, Rosemary and Mixed Tocopherols (as preservatives). Guaranteed Analysis: Vitamin A (as Retinyl Acetate) 2,000,000 IU/lb. DIRECTIONS: This product contains high levels of preformed Vitamin A (Retinol). As a regular supplement, it should not be used more than once per month by “dusting” insects. It can be used therapeutically in higher or more frequent doses to reverse Vitamin A deficiency (Hypovitamintosis A) under Veterinary prescription. Retinol and other fat soluble vitamins such as Vitamin E and Vitamin D3 can build up in the body. Prolonged over supplementation can lead to toxicity (Hypervitamintosis A) and overdose or kill your specimens. MADE IN USA'),(79,76,'VITAMIN A PLUS MICRO-FINE VITAMIN A SUPPLEMENT. Use once a month to reduce malformations (like SLS) in offspring from young or frequently breeding parents.'),(79,97,'Enabled'),(79,134,'None'),(80,73,'12\" Finnex Planted+ High Intentisty LED w/ Moonlights'),(80,74,'12\" Finnex Planted+ High Intentisty LED w/ Moonlights'),(80,75,'This Contemporary Ultra Slim designed LED fixture features a series of LEDs to promote Marine Refugium &amp; Freshwater growth. Unlike the Ray II which incorporates multiple High Output LEDS pinched together for high light output, the FugeRay features a more evenly spaced LED alignment ideal for refugium purposes as well as low-medium light needy aquariums. The FugeRay also features moonlights on a separate switch, which can be activated during the evening to give the aquarium a pleasant moonlight tone. All models feature a moisture resistant PC Splash Guard to protect against water mishaps. Differentiating itself from the original Finnex FugeRAY LED, the Planted+ series offers true 660nm red LEDs. Unlike competiting LED fixtures offering a cheaper and mass produced labeled \'RED\' LED, the Finnex Planted+ has incorporated TRUE 660nm RED LEDs- which studies have found to be one of the most efficient wavelengths for plant photosynthesis. The true 660nm red LEDs also offer a warmer tone throughout one\'s aquarium. Such as the Original Finnex FugeRAY LED, the FugeRAY Planted+ also has the blue LED moonlight feature. The durable high output LED bulbs are built to last 40,000+ hours. With a LED spread of 120 degrees, this slim LED bar lights up the largest of aquariums. A unique leg fixture allows this LED light to mount on various sized aquariums and sump setups. To extend LED bulb longevity, the circuit boards are built with high quality aluminum and the fixture itself acts as the heat sync to allow ample cooling and superior heat dissipation.'),(80,76,'• 12\" Unibody Ultra Slim High Output Planted LED • TRUE 660nm intensive photosynthesis RED LEDs • (44) 7000k + (24) 660nm RED + (4) Blue Moonlights • 8.9 Watts'),(80,97,'Enabled'),(80,134,'None'),(81,73,'20\" Finnex Planted+ High Intentisty LED w/ Moonlights'),(81,74,'20\" Finnex Planted+ High Intentisty LED w/ Moonlights'),(81,75,'This Contemporary Ultra Slim designed LED fixture features a series of LEDs to promote Marine Refugium &amp; Freshwater growth. Unlike the Ray II which incorporates multiple High Output LEDS pinched together for high light output, the FugeRay features a more evenly spaced LED alignment ideal for refugium purposes as well as low-medium light needy aquariums. The FugeRay also features moonlights on a separate switch, which can be activated during the evening to give the aquarium a pleasant moonlight tone. All models feature a moisture resistant PC Splash Guard to protect against water mishaps. Differentiating itself from the original Finnex FugeRAY LED, the Planted+ series offers true 660nm red LEDs. Unlike competiting LED fixtures offering a cheaper and mass produced labeled \'RED\' LED, the Finnex Planted+ has incorporated TRUE 660nm RED LEDs- which studies have found to be one of the most efficient wavelengths for plant photosynthesis. The true 660nm red LEDs also offer a warmer tone throughout one\'s aquarium. Such as the Original Finnex FugeRAY LED, the FugeRAY Planted+ also has the blue LED moonlight feature. The durable high output LED bulbs are built to last 40,000+ hours. With a LED spread of 120 degrees, this slim LED bar lights up the largest of aquariums. A unique leg fixture allows this LED light to mount on various sized aquariums and sump setups. To extend LED bulb longevity, the circuit boards are built with high quality aluminum and the fixture itself acts as the heat sync to allow ample cooling and superior heat dissipation.');
INSERT INTO `mz0b_catalogsearch_fulltext_scope1` VALUES (81,76,'• 20\" Unibody Ultra Slim High Output Planted LED • TRUE 660nm intensive photosynthesis RED LEDs • (72) 7000k + (40) 660nm RED + (8) Blue Moonlights • 14.7 Watts'),(81,97,'Enabled'),(81,134,'None'),(83,73,'24\" Finnex Planted+ High Intentisty LED w/ Moonlights'),(83,74,'24\" Finnex Planted+ High Intentisty LED w/ Moonlights'),(83,75,'This Contemporary Ultra Slim designed LED fixture features a series of LEDs to promote Marine Refugium &amp; Freshwater growth. Unlike the Ray II which incorporates multiple High Output LEDS pinched together for high light output, the FugeRay features a more evenly spaced LED alignment ideal for refugium purposes as well as low-medium light needy aquariums. The FugeRay also features moonlights on a separate switch, which can be activated during the evening to give the aquarium a pleasant moonlight tone. All models feature a moisture resistant PC Splash Guard to protect against water mishaps. Differentiating itself from the original Finnex FugeRAY LED, the Planted+ series offers true 660nm red LEDs. Unlike competiting LED fixtures offering a cheaper and mass produced labeled \'RED\' LED, the Finnex Planted+ has incorporated TRUE 660nm RED LEDs- which studies have found to be one of the most efficient wavelengths for plant photosynthesis. The true 660nm red LEDs also offer a warmer tone throughout one\'s aquarium. Such as the Original Finnex FugeRAY LED, the FugeRAY Planted+ also has the blue LED moonlight feature. The durable high output LED bulbs are built to last 40,000+ hours. With a LED spread of 120 degrees, this slim LED bar lights up the largest of aquariums. A unique leg fixture allows this LED light to mount on various sized aquariums and sump setups. To extend LED bulb longevity, the circuit boards are built with high quality aluminum and the fixture itself acts as the heat sync to allow ample cooling and superior heat dissipation.'),(83,76,'• 24\" Unibody Ultra Slim High Output Planted LED • TRUE 660nm intensive photosynthesis RED LEDs • (88) 7000k + (48) 660nm RED + (8) Blue Moonlights • 17.8 Watts'),(83,97,'Enabled'),(83,134,'None'),(84,73,'12\" Finnex Stingray LED Light Fixture'),(84,74,'12\" Finnex Stingray LED Light Fixture'),(84,75,'The StingRAY LED series features such a slim hood that it is nearly unseen atop an aquarium. The StingRAY offers users three different colors in to their aquarium. 7,000k Daylight LEDs are used to brighten up the entire aquarium. In addition, 660nm RED LEDs and Actinic Blue LEDs are incorporated to highlight colors throughout the aquarium, in addition to providing basic aquatic life support. The true 660nm RED LEDs also efficiently peak photosynthesis activity. Included with the StingRAY are clear plastic legs and a pair of mounting clips if the users would like to easily attach their fixture inside a canopy. MODEL LEDs WATTS 12 Inch Stingray 12 x 7000k, 3 x 660nm True Red, 3 x Actinic Blue 4 Watts 16 Inch Stingray 20 x 7000k, 4 x 660nm True Red, 4 x Actinic Blue 10 Watts 20 Inch Stingray 23 x 7000k, 5 x 660nm True Red, 4 x Actinic Blue 11 Watts 24 Inch Stingray 27 x 7000k, 5 x 660nm True Red, 4 x Actinic Blue 13 Watts 30 Inch Stingray 32 x 7000k, 8 x 660nm True Red, 8 x Actinic Blue 16 Watts 36 Inch Stingray 40 x 7000k, 8 x 660nm True Red, 8 x Actinic Blue 20 Watts 48 Inch Stingray 56 x 7000k, 8 x 660nm True Red, 8 x Actinic Blue 27 Watts .'),(84,76,'• Finnex Pencil Thin LED: 12\" • Perfect size for 10 gallon vertical setups • Tri- Color Blend: 7k White, 660nm True Red, Actinic Blue • (18) total LEDs'),(84,97,'Enabled'),(84,134,'None'),(85,73,'20\" Finnex Stingray LED Light Fixture'),(85,74,'20\" Finnex Stingray LED Light Fixture'),(85,75,'The StingRAY LED series features such a slim hood that it is nearly unseen atop an aquarium. The StingRAY offers users three different colors in to their aquarium. 7,000k Daylight LEDs are used to brighten up the entire aquarium. In addition, 660nm RED LEDs and Actinic Blue LEDs are incorporated to highlight colors throughout the aquarium, in addition to providing basic aquatic life support. The true 660nm RED LEDs also efficiently peak photosynthesis activity. Included with the StingRAY are clear plastic legs and a pair of mounting clips if the users would like to easily attach their fixture inside a canopy. MODEL LEDs WATTS 12 Inch Stingray 12 x 7000k, 3 x 660nm True Red, 3 x Actinic Blue 4 Watts 16 Inch Stingray 20 x 7000k, 4 x 660nm True Red, 4 x Actinic Blue 10 Watts 20 Inch Stingray 23 x 7000k, 5 x 660nm True Red, 4 x Actinic Blue 11 Watts 24 Inch Stingray 27 x 7000k, 5 x 660nm True Red, 4 x Actinic Blue 13 Watts 30 Inch Stingray 32 x 7000k, 8 x 660nm True Red, 8 x Actinic Blue 16 Watts 36 Inch Stingray 40 x 7000k, 8 x 660nm True Red, 8 x Actinic Blue 20 Watts 48 Inch Stingray 56 x 7000k, 8 x 660nm True Red, 8 x Actinic Blue 27 Watts .'),(85,76,'• Finnex Pencil Thin LED: 20\" • Tri- Color Blend: 7k White, 660nm True Red, Actinic Blue • (32) total LEDs'),(85,97,'Enabled'),(85,134,'None'),(86,73,'24\" Finnex Stingray LED Light Fixture'),(86,74,'24\" Finnex Stingray LED Light Fixture-1'),(86,75,'The StingRAY LED series features such a slim hood that it is nearly unseen atop an aquarium. The StingRAY offers users three different colors in to their aquarium. 7,000k Daylight LEDs are used to brighten up the entire aquarium. In addition, 660nm RED LEDs and Actinic Blue LEDs are incorporated to highlight colors throughout the aquarium, in addition to providing basic aquatic life support. The true 660nm RED LEDs also efficiently peak photosynthesis activity. Included with the StingRAY are clear plastic legs and a pair of mounting clips if the users would like to easily attach their fixture inside a canopy. MODEL LEDs WATTS 12 Inch Stingray 12 x 7000k, 3 x 660nm True Red, 3 x Actinic Blue 4 Watts 16 Inch Stingray 20 x 7000k, 4 x 660nm True Red, 4 x Actinic Blue 10 Watts 20 Inch Stingray 23 x 7000k, 5 x 660nm True Red, 4 x Actinic Blue 11 Watts 24 Inch Stingray 27 x 7000k, 5 x 660nm True Red, 4 x Actinic Blue 13 Watts 30 Inch Stingray 32 x 7000k, 8 x 660nm True Red, 8 x Actinic Blue 16 Watts 36 Inch Stingray 40 x 7000k, 8 x 660nm True Red, 8 x Actinic Blue 20 Watts 48 Inch Stingray 56 x 7000k, 8 x 660nm True Red, 8 x Actinic Blue 27 Watts .'),(86,76,'• Finnex Pencil Thin LED: 24\" • Tri- Color Blend: 7k White, 660nm True Red, Actinic Blue • (36) total LEDs'),(86,97,'Enabled'),(86,134,'None'),(87,73,'50W Finnex Titanium Heater'),(87,74,'50W Finnex Titanium Heater'),(87,75,'The Finnex HMA 50W Titanium heater has a virtually unbreakable titanium tube as well as an external temperature control unit. You can safely burry it under your false bottom and control easily from outside the tank. This compact unit is only 14.3 cm long to fit easily into small water features. Set to 78F to maintain air temperatures in the mid 70s during the winter months. • Precise electronic control • Control Range: 68ºF-92ºF • Tube Length 14.3 cm'),(87,76,'The Finnex HMA 50W Titanium heater has a virtually unbreakable titanium tube as well as an external temperature control unit. • Precise electronic control • Control Range: 68ºF-92ºF • Tube Length 14.3 cm'),(87,97,'Enabled'),(87,134,'None'),(88,73,'22C (72F) Phase Change Pack (6oz)'),(88,74,'22C (72F) Phase Change Pack (6oz)'),(88,75,'Use these Phase 22 Packs to help maintain shipments between 68F-75F degrees. Changing phase from a solid to a liquid or vise versa requires energy. This buffers the temperature of the surroundings at the phase change temperature. Water-based ice packs change phase at 0C (32F), and are thus great for maintaining shipments near 0C (32F). Not so great for dart frogs however. Phase 22 Packs contain a material that changes phase at 22C (72F), and are thus very efficient at maintaining the perfect shipping temperature for dart frogs and many other amphibians. Shipping during hot weather? Cool pack in refrigerator until all solid before shipping. Shipping during cold weather? Warm pack in hot water until all liquid before shipping. Shipping from a cold to hot location or vise versa? Add a pack in the liquid phase and another in the solid phase.'),(88,76,'Use these Phase 22 Packs to help keep shipments between 68F-75F degrees. 6oz bags can be wrapped around shipping containers. Re-use packs indefinitely.'),(88,97,'Enabled'),(88,134,'None'),(89,73,'22C (72F) Phase Change Panel (10.6oz)'),(89,74,'22C (72F) Phase Change Panel (10.6oz)'),(89,75,'Use these Phase 22 Panels to help maintain shipments between 68F-75F degrees. Changing phase from a solid to a liquid or vise versa requires energy. This buffers the temperature of the surroundings at the phase change temperature. Water-based ice packs change phase at 0C (32F), and are thus great for maintaining shipments near 0C (32F). Not so great for dart frogs however. Phase 22 Panels contain a material that changes phase at 22C (72F), and are thus very efficient at maintaining the perfect shipping temperature for dart frogs and many other amphibians. Shipping during hot weather? Cool panel in refrigerator until all solid before shipping. Shipping during cold weather? Warm panel in hot water until all liquid before shipping. Shipping from a cold to hot location or vise versa? Add a panel in the liquid phase and another in the solid phase.'),(89,76,'Use these Phase 22 Panels to help keep shipments between 68F-75F degrees. 10.6oz hard shell panels are very durable and can be re-used indefinitely.'),(89,97,'Enabled'),(89,134,'None'),(90,73,'8\"x8\"x8\" Shipping Box with 1\" Foam'),(90,74,'8\"x8\"x8\" Shipping Box with 1\" Foam'),(90,75,'8in x 8in x8in boxes come with 1in foam inserts. Dimensional weight of the box is 4lbs. With foam inserts, box holds two 16oz deli cups, three 8oz deli cups, or twelve 4oz deli cups.'),(90,76,'8in x 8in x8in boxes come with 1in foam inserts. Dimensional weight of the box is 4lbs.'),(90,97,'Enabled'),(90,134,'None'),(91,73,'10 Gallon Vertical Conversion Kit (Face Only)'),(91,74,'10 Gallon Vertical Conversion Kit'),(91,75,'Directions: Silicone bottom glass flush with frame of tank. Glue hinges to glass door and side of tank while in closed position. Hold each ~30 seconds until glue sets. Glue one magnet inside tank frame and one juxtaposed on outside of the glass. Door should sit flush against the tank frame and bottom glass. Remove protective covers from adhesive tape, and press corner protectors onto bottom two glass corners for the tank.'),(91,76,'Includes: Professionally Cut and Beveled 1/8\" Glass Door and Bottom Glass 3 Acrylic Hinges 3 1/4\" Nd Magnet Cubes Fast Air Drying Glass Glue 2 Bottom Corner Protectors This custom vertical conversion kit allows un-impeded views and easy access. Easy and quick door assembly with included glass glue. Ultra strong Nd magnets keep the door secure while allowing easy opening. Corner protectors prevent chipping of bottom tank corners (which happens easily when the exposed sides of a standard tank become the base when placed in the vertical position). The professionally beveled 1/8th glass, while accounting for the majority of the kit cost, is stronger and much safer than hardware store cut glass. It is the same quality of glass used in Aqueon\'s glass canopies. See below for assembly directions. Required: 10g Aqueon aquarium, 100% silicone sealant.'),(91,97,'Enabled'),(91,134,'None'),(92,73,'10 Gallon Vertical Thumbnail Setup'),(92,74,'10 Gallon Vertical Thumbnail Setup'),(92,75,'Includes: 10 Gallon Aqueon Aquarium, Custom Built Glass Door Front w/ Magnetic Closure, 12\" Finnex Stingray LED Light Fixture, Gravel, Substrate Barrier, ABG Substrate, Live Moss, Leaf Litter, Cork Stump and Peat-Covered Back, 2 Film Canisters, Thermometer. We use this same setup for our thumbnails. The custom built front allows un-impeded views and easy access. Ultra strong Nd magnets keep the door secure while allowing easy opening.'),(92,76,'We use this same setup for our thumbnails. The custom built front allows un-impeded views and easy access. Please allow 2 week production period for custom tank orders Includes: 10 Gallon Aqueon Aquarium Custom Built Glass Door Front w/ Magnetic Closure 12\" Finnex Stingray LED Light Fixture Gravel, Substrate Barrier, ABG Substrate, Live Moss, Leaf Litter Cork Stump and Peat-Covered Back 2 Film Canisters Thermometer'),(92,97,'Enabled'),(92,134,'None'),(93,73,'Standard Dart Frog Setup'),(93,74,'Standard Dart Frog Setup'),(93,75,'Includes: Aqueon Aquarium + Glass Canopy, 20\" Fluorescent Light Fixture, Thermometer, Coconut Hut, Gravel/Rocks, Sphagnum Moss, Leaf Litter, Asst. Tropical Plants. Optional Deluxe Setup adds substrate barrier, ABG substrate, sheet/mood moss and additional plant variety Optional Light Upgrade: Finnex Stingray or Planted+ LED Light Fixture. Upgrade from the Finnex Stingray to Planted+ fixture for &gt;3x increased brightness and paramount plant growth. We use this same setup for our non-thumbnail dart frog breeding setups.'),(93,76,'Includes: Aqueon Aquarium + Glass Canopy 20\" Fluorescent Light Fixture, Thermometer Coconut Hut, Gravel/Rocks, Sphagnum Moss, Leaf Litter, Asst. Tropical Plants Optional Deluxe Setup adds substrate barrier, ABG substrate, lsheet/mood moss and additional plant variety Optional Light Upgrade: Finnex Stingray or Planted+ LED Light Fixture'),(93,97,'Enabled'),(93,134,'None'),(94,73,'Josh\'s Frogs ABG Mix (1 Gal)'),(94,74,'Josh\'s Frogs ABG Mix (1 Gal)'),(94,75,'This ABG mix is made by Josh\'s Frogs, a premium substrate for tropical vivariums. A precise blend of tree fern fiber, charcoal, sphagnum peat, long fiber sphagnum, and fir bark, this substrate is capable of lasting several years when used properly. Originally perfected by the Atlanta Botanical Gardens of Atlanta, Georgia, this substrate will support a sizable population of microfauna while allowing plants to thrive. It is a good idea to wet the substrate before placing it in the vivarium.'),(94,76,'A premium substrate for tropical vivariums.'),(94,97,'Enabled'),(94,134,'None'),(95,73,'O. Pumilio - Siquirres \"Black Jeans\"'),(95,74,'O. Pumilio - Siquirres \"Black Jeans\"'),(95,75,'Siquirres \"Black Jean\" pumilio, captive bred juveniles. They are from the Kevin Moser line of original imports in the 1990s. These pumilio are from the area of Siquirres Costa Rica. They are the largest of the pumilios and are bold, making them a great choice. They have bright red bodies with some amount of black speckling and black legs.'),(95,76,'Siquirres \"Black Jean\" pumilio, captive bred juveniles. Kevin Moser line.'),(95,97,'Enabled'),(95,134,'None'),(96,73,'32oz Flightless Drosophila Hydei'),(96,74,'32oz Flightless Drosophila Hydei'),(96,75,'Hydei are larger (about 2x) than melanogaster. Great for larger frogs. Note their life cycle is slower than melanos - about 3 weeks per generation. We recommend doubling the amount of media (use 1/2 cup/32 oz culture) for optimal production.'),(96,76,'Hydei are larger (about 2x) than melanogaster. Great for larger frogs..'),(96,97,'Enabled'),(96,134,'None');
